I20260713 09:08:39.180706 22164 raft_consensus.cc:2468] T 5e5a7a59b7c542dbaab48e34e92ba086 P c261c7dfc99c47439c0801865686fc74 [term 3 FOLLOWER]: Leader election vote request: Granting yes vote for candidate 43a46a3b53614a0385b7d3419cf4a88b in term 3.
I20260713 09:08:39.181855 22203 leader_election.cc:304] T 5e5a7a59b7c542dbaab48e34e92ba086 P 43a46a3b53614a0385b7d3419cf4a88b [CANDIDATE]: Term 3 election: Election decided. Result: candidate won. Election summary: received 2 responses out of 3 voters: 2 yes votes; 0 no votes. yes voters: 43a46a3b53614a0385b7d3419cf4a88b, c261c7dfc99c47439c0801865686fc74; no voters: 
I20260713 09:08:39.182725 22438 raft_consensus.cc:2804] T 5e5a7a59b7c542dbaab48e34e92ba086 P 43a46a3b53614a0385b7d3419cf4a88b [term 3 FOLLOWER]: Leader election won for term 3
I20260713 09:08:39.183113 22438 raft_consensus.cc:697] T 5e5a7a59b7c542dbaab48e34e92ba086 P 43a46a3b53614a0385b7d3419cf4a88b [term 3 LEADER]: Becoming Leader. State: Replica: 43a46a3b53614a0385b7d3419cf4a88b, State: Running, Role: LEADER
I20260713 09:08:39.183267 22312 raft_consensus.cc:2468] T 5e5a7a59b7c542dbaab48e34e92ba086 P e65ee4acada1436aba102d8ba7173842 [term 3 FOLLOWER]: Leader election vote request: Granting yes vote for candidate 43a46a3b53614a0385b7d3419cf4a88b in term 3.
I20260713 09:08:39.183938 22438 consensus_queue.cc:237] T 5e5a7a59b7c542dbaab48e34e92ba086 P 43a46a3b53614a0385b7d3419cf4a88b [LEADER]: Queue going to LEADER mode. State: All replicated index: 0, Majority replicated index: 2, Committed index: 2, Last appended: 2.2, Last appended by leader: 2, Current term: 3, Majority size: 2, State: 0, Mode: LEADER, active raft config: opid_index: -1 OBSOLETE_local: false peers { permanent_uuid: "c261c7dfc99c47439c0801865686fc74" member_type: VOTER last_known_addr { host: "127.21.131.65" port: 40525 } } peers { permanent_uuid: "43a46a3b53614a0385b7d3419cf4a88b" member_type: VOTER last_known_addr { host: "127.21.131.66" port: 34611 } } peers { permanent_uuid: "e65ee4acada1436aba102d8ba7173842" member_type: VOTER last_known_addr { host: "127.21.131.67" port: 43643 } }
I20260713 09:08:39.190249 22059 catalog_manager.cc:5697] T 5e5a7a59b7c542dbaab48e34e92ba086 P 43a46a3b53614a0385b7d3419cf4a88b reported cstate change: term changed from 2 to 3, leader changed from e65ee4acada1436aba102d8ba7173842 (127.21.131.67) to 43a46a3b53614a0385b7d3419cf4a88b (127.21.131.66). New cstate: current_term: 3 leader_uuid: "43a46a3b53614a0385b7d3419cf4a88b" committed_config { opid_index: -1 OBSOLETE_local: false peers { permanent_uuid: "c261c7dfc99c47439c0801865686fc74" member_type: VOTER last_known_addr { host: "127.21.131.65" port: 40525 } health_report { overall_health: UNKNOWN } } peers { permanent_uuid: "43a46a3b53614a0385b7d3419cf4a88b" member_type: VOTER last_known_addr { host: "127.21.131.66" port: 34611 } health_report { overall_health: HEALTHY } } peers { permanent_uuid: "e65ee4acada1436aba102d8ba7173842" member_type: VOTER last_known_addr { host: "127.21.131.67" port: 43643 } health_report { overall_health: UNKNOWN } } }
I20260713 09:08:39.208806 22386 raft_consensus.cc:993] T 5c07a0b76ab44a1ba56264f9a05601c0 P c261c7dfc99c47439c0801865686fc74: : Instructing follower 43a46a3b53614a0385b7d3419cf4a88b to start an election
I20260713 09:08:39.209226 22464 raft_consensus.cc:1081] T 5c07a0b76ab44a1ba56264f9a05601c0 P c261c7dfc99c47439c0801865686fc74 [term 2 LEADER]: Signalling peer 43a46a3b53614a0385b7d3419cf4a88b to start an election
I20260713 09:08:39.210757 22237 tablet_service.cc:2044] Received Run Leader Election RPC: tablet_id: "5c07a0b76ab44a1ba56264f9a05601c0"
dest_uuid: "43a46a3b53614a0385b7d3419cf4a88b"
 from {username='slave'} at 127.0.0.1:37022
I20260713 09:08:39.211184 22237 raft_consensus.cc:493] T 5c07a0b76ab44a1ba56264f9a05601c0 P 43a46a3b53614a0385b7d3419cf4a88b [term 2 FOLLOWER]: Starting forced leader election (received explicit request)
I20260713 09:08:39.211581 22237 raft_consensus.cc:3060] T 5c07a0b76ab44a1ba56264f9a05601c0 P 43a46a3b53614a0385b7d3419cf4a88b [term 2 FOLLOWER]: Advancing to term 3
I20260713 09:08:39.217022 22237 raft_consensus.cc:515] T 5c07a0b76ab44a1ba56264f9a05601c0 P 43a46a3b53614a0385b7d3419cf4a88b [term 3 FOLLOWER]: Starting forced leader election with config: opid_index: -1 OBSOLETE_local: false peers { permanent_uuid: "43a46a3b53614a0385b7d3419cf4a88b" member_type: VOTER last_known_addr { host: "127.21.131.66" port: 34611 } } peers { permanent_uuid: "c261c7dfc99c47439c0801865686fc74" member_type: VOTER last_known_addr { host: "127.21.131.65" port: 40525 } } peers { permanent_uuid: "e65ee4acada1436aba102d8ba7173842" member_type: VOTER last_known_addr { host: "127.21.131.67" port: 43643 } }
I20260713 09:08:39.218544 22237 leader_election.cc:290] T 5c07a0b76ab44a1ba56264f9a05601c0 P 43a46a3b53614a0385b7d3419cf4a88b [CANDIDATE]: Term 3 election: Requested vote from peers c261c7dfc99c47439c0801865686fc74 (127.21.131.65:40525), e65ee4acada1436aba102d8ba7173842 (127.21.131.67:43643)
I20260713 09:08:39.219262 22164 tablet_service.cc:1917] Received RequestConsensusVote() RPC: tablet_id: "5c07a0b76ab44a1ba56264f9a05601c0" candidate_uuid: "43a46a3b53614a0385b7d3419cf4a88b" candidate_term: 3 candidate_status { last_received { term: 2 index: 2 } } ignore_live_leader: true dest_uuid: "c261c7dfc99c47439c0801865686fc74"
I20260713 09:08:39.219532 22312 tablet_service.cc:1917] Received RequestConsensusVote() RPC: tablet_id: "5c07a0b76ab44a1ba56264f9a05601c0" candidate_uuid: "43a46a3b53614a0385b7d3419cf4a88b" candidate_term: 3 candidate_status { last_received { term: 2 index: 2 } } ignore_live_leader: true dest_uuid: "e65ee4acada1436aba102d8ba7173842"
I20260713 09:08:39.219858 22164 raft_consensus.cc:3055] T 5c07a0b76ab44a1ba56264f9a05601c0 P c261c7dfc99c47439c0801865686fc74 [term 2 LEADER]: Stepping down as leader of term 2
I20260713 09:08:39.220058 22312 raft_consensus.cc:3060] T 5c07a0b76ab44a1ba56264f9a05601c0 P e65ee4acada1436aba102d8ba7173842 [term 2 FOLLOWER]: Advancing to term 3
I20260713 09:08:39.220199 22164 raft_consensus.cc:740] T 5c07a0b76ab44a1ba56264f9a05601c0 P c261c7dfc99c47439c0801865686fc74 [term 2 LEADER]: Becoming Follower/Learner. State: Replica: c261c7dfc99c47439c0801865686fc74, State: Running, Role: LEADER
I20260713 09:08:39.220990 22164 consensus_queue.cc:260] T 5c07a0b76ab44a1ba56264f9a05601c0 P c261c7dfc99c47439c0801865686fc74 [NON_LEADER]: Queue going to NON_LEADER mode. State: All replicated index: 0, Majority replicated index: 2, Committed index: 2, Last appended: 2.2, Last appended by leader: 2, Current term: 2, Majority size: -1, State: 0, Mode: NON_LEADER, active raft config: opid_index: -1 OBSOLETE_local: false peers { permanent_uuid: "43a46a3b53614a0385b7d3419cf4a88b" member_type: VOTER last_known_addr { host: "127.21.131.66" port: 34611 } } peers { permanent_uuid: "c261c7dfc99c47439c0801865686fc74" member_type: VOTER last_known_addr { host: "127.21.131.65" port: 40525 } } peers { permanent_uuid: "e65ee4acada1436aba102d8ba7173842" member_type: VOTER last_known_addr { host: "127.21.131.67" port: 43643 } }
I20260713 09:08:39.221874 22164 raft_consensus.cc:3060] T 5c07a0b76ab44a1ba56264f9a05601c0 P c261c7dfc99c47439c0801865686fc74 [term 2 FOLLOWER]: Advancing to term 3
I20260713 09:08:39.224385 22312 raft_consensus.cc:2468] T 5c07a0b76ab44a1ba56264f9a05601c0 P e65ee4acada1436aba102d8ba7173842 [term 3 FOLLOWER]: Leader election vote request: Granting yes vote for candidate 43a46a3b53614a0385b7d3419cf4a88b in term 3.
I20260713 09:08:39.225263 22205 leader_election.cc:304] T 5c07a0b76ab44a1ba56264f9a05601c0 P 43a46a3b53614a0385b7d3419cf4a88b [CANDIDATE]: Term 3 election: Election decided. Result: candidate won. Election summary: received 2 responses out of 3 voters: 2 yes votes; 0 no votes. yes voters: 43a46a3b53614a0385b7d3419cf4a88b, e65ee4acada1436aba102d8ba7173842; no voters: 
I20260713 09:08:39.226121 22438 raft_consensus.cc:2804] T 5c07a0b76ab44a1ba56264f9a05601c0 P 43a46a3b53614a0385b7d3419cf4a88b [term 3 FOLLOWER]: Leader election won for term 3
I20260713 09:08:39.226490 22438 raft_consensus.cc:697] T 5c07a0b76ab44a1ba56264f9a05601c0 P 43a46a3b53614a0385b7d3419cf4a88b [term 3 LEADER]: Becoming Leader. State: Replica: 43a46a3b53614a0385b7d3419cf4a88b, State: Running, Role: LEADER
I20260713 09:08:39.226522 22164 raft_consensus.cc:2468] T 5c07a0b76ab44a1ba56264f9a05601c0 P c261c7dfc99c47439c0801865686fc74 [term 3 FOLLOWER]: Leader election vote request: Granting yes vote for candidate 43a46a3b53614a0385b7d3419cf4a88b in term 3.
I20260713 09:08:39.227249 22438 consensus_queue.cc:237] T 5c07a0b76ab44a1ba56264f9a05601c0 P 43a46a3b53614a0385b7d3419cf4a88b [LEADER]: Queue going to LEADER mode. State: All replicated index: 0, Majority replicated index: 2, Committed index: 2, Last appended: 2.2, Last appended by leader: 2, Current term: 3, Majority size: 2, State: 0, Mode: LEADER, active raft config: opid_index: -1 OBSOLETE_local: false peers { permanent_uuid: "43a46a3b53614a0385b7d3419cf4a88b" member_type: VOTER last_known_addr { host: "127.21.131.66" port: 34611 } } peers { permanent_uuid: "c261c7dfc99c47439c0801865686fc74" member_type: VOTER last_known_addr { host: "127.21.131.65" port: 40525 } } peers { permanent_uuid: "e65ee4acada1436aba102d8ba7173842" member_type: VOTER last_known_addr { host: "127.21.131.67" port: 43643 } }
I20260713 09:08:39.234169 22059 catalog_manager.cc:5697] T 5c07a0b76ab44a1ba56264f9a05601c0 P 43a46a3b53614a0385b7d3419cf4a88b reported cstate change: term changed from 2 to 3, leader changed from c261c7dfc99c47439c0801865686fc74 (127.21.131.65) to 43a46a3b53614a0385b7d3419cf4a88b (127.21.131.66). New cstate: current_term: 3 leader_uuid: "43a46a3b53614a0385b7d3419cf4a88b" committed_config { opid_index: -1 OBSOLETE_local: false peers { permanent_uuid: "43a46a3b53614a0385b7d3419cf4a88b" member_type: VOTER last_known_addr { host: "127.21.131.66" port: 34611 } health_report { overall_health: HEALTHY } } peers { permanent_uuid: "c261c7dfc99c47439c0801865686fc74" member_type: VOTER last_known_addr { host: "127.21.131.65" port: 40525 } health_report { overall_health: UNKNOWN } } peers { permanent_uuid: "e65ee4acada1436aba102d8ba7173842" member_type: VOTER last_known_addr { host: "127.21.131.67" port: 43643 } health_report { overall_health: UNKNOWN } } }
I20260713 09:08:39.583272 22164 raft_consensus.cc:1275] T 12ece70dd232468fb4b6923132e73643 P c261c7dfc99c47439c0801865686fc74 [term 4 FOLLOWER]: Refusing update from remote peer 43a46a3b53614a0385b7d3419cf4a88b: Log matching property violated. Preceding OpId in replica: term: 3 index: 3. Preceding OpId from leader: term: 4 index: 4. (index mismatch)
I20260713 09:08:39.583650 22311 raft_consensus.cc:1275] T 516b50de2c5a4439a4621cafb4874c56 P e65ee4acada1436aba102d8ba7173842 [term 3 FOLLOWER]: Refusing update from remote peer 43a46a3b53614a0385b7d3419cf4a88b: Log matching property violated. Preceding OpId in replica: term: 2 index: 2. Preceding OpId from leader: term: 3 index: 3. (index mismatch)
I20260713 09:08:39.584553 22386 raft_consensus.cc:993] T 5470e6289192403dbe9296c59681091a P c261c7dfc99c47439c0801865686fc74: : Instructing follower 43a46a3b53614a0385b7d3419cf4a88b to start an election
I20260713 09:08:39.585011 22464 raft_consensus.cc:1081] T 5470e6289192403dbe9296c59681091a P c261c7dfc99c47439c0801865686fc74 [term 1 LEADER]: Signalling peer 43a46a3b53614a0385b7d3419cf4a88b to start an election
I20260713 09:08:39.585080 22438 consensus_queue.cc:1048] T 516b50de2c5a4439a4621cafb4874c56 P 43a46a3b53614a0385b7d3419cf4a88b [LEADER]: Connected to new peer: Peer: permanent_uuid: "e65ee4acada1436aba102d8ba7173842" member_type: VOTER last_known_addr { host: "127.21.131.67" port: 43643 }, Status: LMP_MISMATCH, Last received: 0.0, Next index: 3, Last known committed idx: 2, Time since last communication: 0.000s
I20260713 09:08:39.586493 22237 tablet_service.cc:2044] Received Run Leader Election RPC: tablet_id: "5470e6289192403dbe9296c59681091a"
dest_uuid: "43a46a3b53614a0385b7d3419cf4a88b"
 from {username='slave'} at 127.0.0.1:37022
I20260713 09:08:39.587015 22237 raft_consensus.cc:493] T 5470e6289192403dbe9296c59681091a P 43a46a3b53614a0385b7d3419cf4a88b [term 1 FOLLOWER]: Starting forced leader election (received explicit request)
I20260713 09:08:39.587399 22237 raft_consensus.cc:3060] T 5470e6289192403dbe9296c59681091a P 43a46a3b53614a0385b7d3419cf4a88b [term 1 FOLLOWER]: Advancing to term 2
I20260713 09:08:39.587739 22438 consensus_queue.cc:1048] T 12ece70dd232468fb4b6923132e73643 P 43a46a3b53614a0385b7d3419cf4a88b [LEADER]: Connected to new peer: Peer: permanent_uuid: "c261c7dfc99c47439c0801865686fc74" member_type: VOTER last_known_addr { host: "127.21.131.65" port: 40525 }, Status: LMP_MISMATCH, Last received: 0.0, Next index: 4, Last known committed idx: 3, Time since last communication: 0.000s
I20260713 09:08:39.589900 22312 raft_consensus.cc:1275] T 5e5a7a59b7c542dbaab48e34e92ba086 P e65ee4acada1436aba102d8ba7173842 [term 3 FOLLOWER]: Refusing update from remote peer 43a46a3b53614a0385b7d3419cf4a88b: Log matching property violated. Preceding OpId in replica: term: 2 index: 2. Preceding OpId from leader: term: 3 index: 3. (index mismatch)
I20260713 09:08:39.591328 22438 consensus_queue.cc:1048] T 5e5a7a59b7c542dbaab48e34e92ba086 P 43a46a3b53614a0385b7d3419cf4a88b [LEADER]: Connected to new peer: Peer: permanent_uuid: "e65ee4acada1436aba102d8ba7173842" member_type: VOTER last_known_addr { host: "127.21.131.67" port: 43643 }, Status: LMP_MISMATCH, Last received: 0.0, Next index: 3, Last known committed idx: 2, Time since last communication: 0.000s
I20260713 09:08:39.606016 22237 raft_consensus.cc:515] T 5470e6289192403dbe9296c59681091a P 43a46a3b53614a0385b7d3419cf4a88b [term 2 FOLLOWER]: Starting forced leader election with config: opid_index: -1 OBSOLETE_local: false peers { permanent_uuid: "c261c7dfc99c47439c0801865686fc74" member_type: VOTER last_known_addr { host: "127.21.131.65" port: 40525 } } peers { permanent_uuid: "43a46a3b53614a0385b7d3419cf4a88b" member_type: VOTER last_known_addr { host: "127.21.131.66" port: 34611 } } peers { permanent_uuid: "e65ee4acada1436aba102d8ba7173842" member_type: VOTER last_known_addr { host: "127.21.131.67" port: 43643 } }
I20260713 09:08:39.608538 22237 leader_election.cc:290] T 5470e6289192403dbe9296c59681091a P 43a46a3b53614a0385b7d3419cf4a88b [CANDIDATE]: Term 2 election: Requested vote from peers c261c7dfc99c47439c0801865686fc74 (127.21.131.65:40525), e65ee4acada1436aba102d8ba7173842 (127.21.131.67:43643)
I20260713 09:08:39.610453 22312 tablet_service.cc:1917] Received RequestConsensusVote() RPC: tablet_id: "5470e6289192403dbe9296c59681091a" candidate_uuid: "43a46a3b53614a0385b7d3419cf4a88b" candidate_term: 2 candidate_status { last_received { term: 1 index: 1 } } ignore_live_leader: true dest_uuid: "e65ee4acada1436aba102d8ba7173842"
I20260713 09:08:39.610976 22312 raft_consensus.cc:3060] T 5470e6289192403dbe9296c59681091a P e65ee4acada1436aba102d8ba7173842 [term 1 FOLLOWER]: Advancing to term 2
I20260713 09:08:39.611446 22162 tablet_service.cc:1917] Received RequestConsensusVote() RPC: tablet_id: "5470e6289192403dbe9296c59681091a" candidate_uuid: "43a46a3b53614a0385b7d3419cf4a88b" candidate_term: 2 candidate_status { last_received { term: 1 index: 1 } } ignore_live_leader: true dest_uuid: "c261c7dfc99c47439c0801865686fc74"
I20260713 09:08:39.613665 22162 raft_consensus.cc:3055] T 5470e6289192403dbe9296c59681091a P c261c7dfc99c47439c0801865686fc74 [term 1 LEADER]: Stepping down as leader of term 1
I20260713 09:08:39.614084 22162 raft_consensus.cc:740] T 5470e6289192403dbe9296c59681091a P c261c7dfc99c47439c0801865686fc74 [term 1 LEADER]: Becoming Follower/Learner. State: Replica: c261c7dfc99c47439c0801865686fc74, State: Running, Role: LEADER
I20260713 09:08:39.615056 22162 consensus_queue.cc:260] T 5470e6289192403dbe9296c59681091a P c261c7dfc99c47439c0801865686fc74 [NON_LEADER]: Queue going to NON_LEADER mode. State: All replicated index: 0, Majority replicated index: 1, Committed index: 1, Last appended: 1.1, Last appended by leader: 1, Current term: 1, Majority size: -1, State: 0, Mode: NON_LEADER, active raft config: opid_index: -1 OBSOLETE_local: false peers { permanent_uuid: "c261c7dfc99c47439c0801865686fc74" member_type: VOTER last_known_addr { host: "127.21.131.65" port: 40525 } } peers { permanent_uuid: "43a46a3b53614a0385b7d3419cf4a88b" member_type: VOTER last_known_addr { host: "127.21.131.66" port: 34611 } } peers { permanent_uuid: "e65ee4acada1436aba102d8ba7173842" member_type: VOTER last_known_addr { host: "127.21.131.67" port: 43643 } }
I20260713 09:08:39.616487 22162 raft_consensus.cc:3060] T 5470e6289192403dbe9296c59681091a P c261c7dfc99c47439c0801865686fc74 [term 1 FOLLOWER]: Advancing to term 2
I20260713 09:08:39.623240 22312 raft_consensus.cc:2468] T 5470e6289192403dbe9296c59681091a P e65ee4acada1436aba102d8ba7173842 [term 2 FOLLOWER]: Leader election vote request: Granting yes vote for candidate 43a46a3b53614a0385b7d3419cf4a88b in term 2.
I20260713 09:08:39.625155 22205 leader_election.cc:304] T 5470e6289192403dbe9296c59681091a P 43a46a3b53614a0385b7d3419cf4a88b [CANDIDATE]: Term 2 election: Election decided. Result: candidate won. Election summary: received 2 responses out of 3 voters: 2 yes votes; 0 no votes. yes voters: 43a46a3b53614a0385b7d3419cf4a88b, e65ee4acada1436aba102d8ba7173842; no voters: 
I20260713 09:08:39.641773 22498 raft_consensus.cc:2804] T 5470e6289192403dbe9296c59681091a P 43a46a3b53614a0385b7d3419cf4a88b [term 2 FOLLOWER]: Leader election won for term 2
I20260713 09:08:39.642275 22498 raft_consensus.cc:697] T 5470e6289192403dbe9296c59681091a P 43a46a3b53614a0385b7d3419cf4a88b [term 2 LEADER]: Becoming Leader. State: Replica: 43a46a3b53614a0385b7d3419cf4a88b, State: Running, Role: LEADER
I20260713 09:08:39.643395 22498 consensus_queue.cc:237] T 5470e6289192403dbe9296c59681091a P 43a46a3b53614a0385b7d3419cf4a88b [LEADER]: Queue going to LEADER mode. State: All replicated index: 0, Majority replicated index: 1, Committed index: 1, Last appended: 1.1, Last appended by leader: 1, Current term: 2, Majority size: 2, State: 0, Mode: LEADER, active raft config: opid_index: -1 OBSOLETE_local: false peers { permanent_uuid: "c261c7dfc99c47439c0801865686fc74" member_type: VOTER last_known_addr { host: "127.21.131.65" port: 40525 } } peers { permanent_uuid: "43a46a3b53614a0385b7d3419cf4a88b" member_type: VOTER last_known_addr { host: "127.21.131.66" port: 34611 } } peers { permanent_uuid: "e65ee4acada1436aba102d8ba7173842" member_type: VOTER last_known_addr { host: "127.21.131.67" port: 43643 } }
I20260713 09:08:39.645008 22163 raft_consensus.cc:1275] T 516b50de2c5a4439a4621cafb4874c56 P c261c7dfc99c47439c0801865686fc74 [term 3 FOLLOWER]: Refusing update from remote peer 43a46a3b53614a0385b7d3419cf4a88b: Log matching property violated. Preceding OpId in replica: term: 2 index: 2. Preceding OpId from leader: term: 3 index: 3. (index mismatch)
I20260713 09:08:39.646876 22499 consensus_queue.cc:1048] T 516b50de2c5a4439a4621cafb4874c56 P 43a46a3b53614a0385b7d3419cf4a88b [LEADER]: Connected to new peer: Peer: permanent_uuid: "c261c7dfc99c47439c0801865686fc74" member_type: VOTER last_known_addr { host: "127.21.131.65" port: 40525 }, Status: LMP_MISMATCH, Last received: 0.0, Next index: 3, Last known committed idx: 2, Time since last communication: 0.000s
I20260713 09:08:39.650823 22162 raft_consensus.cc:2468] T 5470e6289192403dbe9296c59681091a P c261c7dfc99c47439c0801865686fc74 [term 2 FOLLOWER]: Leader election vote request: Granting yes vote for candidate 43a46a3b53614a0385b7d3419cf4a88b in term 2.
I20260713 09:08:39.665594 22162 raft_consensus.cc:1275] T 5e5a7a59b7c542dbaab48e34e92ba086 P c261c7dfc99c47439c0801865686fc74 [term 3 FOLLOWER]: Refusing update from remote peer 43a46a3b53614a0385b7d3419cf4a88b: Log matching property violated. Preceding OpId in replica: term: 2 index: 2. Preceding OpId from leader: term: 3 index: 3. (index mismatch)
I20260713 09:08:39.668972 22499 consensus_queue.cc:1048] T 5e5a7a59b7c542dbaab48e34e92ba086 P 43a46a3b53614a0385b7d3419cf4a88b [LEADER]: Connected to new peer: Peer: permanent_uuid: "c261c7dfc99c47439c0801865686fc74" member_type: VOTER last_known_addr { host: "127.21.131.65" port: 40525 }, Status: LMP_MISMATCH, Last received: 0.0, Next index: 3, Last known committed idx: 2, Time since last communication: 0.001s
I20260713 09:08:39.675132 22059 catalog_manager.cc:5697] T 5470e6289192403dbe9296c59681091a P 43a46a3b53614a0385b7d3419cf4a88b reported cstate change: term changed from 1 to 2, leader changed from c261c7dfc99c47439c0801865686fc74 (127.21.131.65) to 43a46a3b53614a0385b7d3419cf4a88b (127.21.131.66). New cstate: current_term: 2 leader_uuid: "43a46a3b53614a0385b7d3419cf4a88b" committed_config { opid_index: -1 OBSOLETE_local: false peers { permanent_uuid: "c261c7dfc99c47439c0801865686fc74" member_type: VOTER last_known_addr { host: "127.21.131.65" port: 40525 } health_report { overall_health: UNKNOWN } } peers { permanent_uuid: "43a46a3b53614a0385b7d3419cf4a88b" member_type: VOTER last_known_addr { host: "127.21.131.66" port: 34611 } health_report { overall_health: HEALTHY } } peers { permanent_uuid: "e65ee4acada1436aba102d8ba7173842" member_type: VOTER last_known_addr { host: "127.21.131.67" port: 43643 } health_report { overall_health: UNKNOWN } } }
W20260713 09:08:39.695948 22205 outbound_call.cc:321] RPC callback for RPC call kudu.consensus.ConsensusService.RequestConsensusVote -> {remote=127.21.131.67:43643, user_credentials={real_user=slave}} blocked reactor thread for 70851.4us
I20260713 09:08:39.704805 22312 raft_consensus.cc:1275] T 12ece70dd232468fb4b6923132e73643 P e65ee4acada1436aba102d8ba7173842 [term 4 FOLLOWER]: Refusing update from remote peer 43a46a3b53614a0385b7d3419cf4a88b: Log matching property violated. Preceding OpId in replica: term: 3 index: 3. Preceding OpId from leader: term: 4 index: 4. (index mismatch)
I20260713 09:08:39.706115 22500 consensus_queue.cc:1048] T 12ece70dd232468fb4b6923132e73643 P 43a46a3b53614a0385b7d3419cf4a88b [LEADER]: Connected to new peer: Peer: permanent_uuid: "e65ee4acada1436aba102d8ba7173842" member_type: VOTER last_known_addr { host: "127.21.131.67" port: 43643 }, Status: LMP_MISMATCH, Last received: 0.0, Next index: 4, Last known committed idx: 3, Time since last communication: 0.000s
I20260713 09:08:39.824222 22161 raft_consensus.cc:1275] T 5c07a0b76ab44a1ba56264f9a05601c0 P c261c7dfc99c47439c0801865686fc74 [term 3 FOLLOWER]: Refusing update from remote peer 43a46a3b53614a0385b7d3419cf4a88b: Log matching property violated. Preceding OpId in replica: term: 2 index: 2. Preceding OpId from leader: term: 3 index: 3. (index mismatch)
I20260713 09:08:39.825610 22493 consensus_queue.cc:1048] T 5c07a0b76ab44a1ba56264f9a05601c0 P 43a46a3b53614a0385b7d3419cf4a88b [LEADER]: Connected to new peer: Peer: permanent_uuid: "c261c7dfc99c47439c0801865686fc74" member_type: VOTER last_known_addr { host: "127.21.131.65" port: 40525 }, Status: LMP_MISMATCH, Last received: 0.0, Next index: 3, Last known committed idx: 2, Time since last communication: 0.000s
I20260713 09:08:39.834611 22312 raft_consensus.cc:1275] T 5c07a0b76ab44a1ba56264f9a05601c0 P e65ee4acada1436aba102d8ba7173842 [term 3 FOLLOWER]: Refusing update from remote peer 43a46a3b53614a0385b7d3419cf4a88b: Log matching property violated. Preceding OpId in replica: term: 2 index: 2. Preceding OpId from leader: term: 3 index: 3. (index mismatch)
I20260713 09:08:39.836642 22493 consensus_queue.cc:1048] T 5c07a0b76ab44a1ba56264f9a05601c0 P 43a46a3b53614a0385b7d3419cf4a88b [LEADER]: Connected to new peer: Peer: permanent_uuid: "e65ee4acada1436aba102d8ba7173842" member_type: VOTER last_known_addr { host: "127.21.131.67" port: 43643 }, Status: LMP_MISMATCH, Last received: 0.0, Next index: 3, Last known committed idx: 2, Time since last communication: 0.000s
I20260713 09:08:40.030328 22312 raft_consensus.cc:1275] T 5470e6289192403dbe9296c59681091a P e65ee4acada1436aba102d8ba7173842 [term 2 FOLLOWER]: Refusing update from remote peer 43a46a3b53614a0385b7d3419cf4a88b: Log matching property violated. Preceding OpId in replica: term: 1 index: 1. Preceding OpId from leader: term: 2 index: 2. (index mismatch)
I20260713 09:08:40.031672 22501 consensus_queue.cc:1048] T 5470e6289192403dbe9296c59681091a P 43a46a3b53614a0385b7d3419cf4a88b [LEADER]: Connected to new peer: Peer: permanent_uuid: "e65ee4acada1436aba102d8ba7173842" member_type: VOTER last_known_addr { host: "127.21.131.67" port: 43643 }, Status: LMP_MISMATCH, Last received: 0.0, Next index: 2, Last known committed idx: 1, Time since last communication: 0.001s
I20260713 09:08:40.040634 22163 raft_consensus.cc:1275] T 5470e6289192403dbe9296c59681091a P c261c7dfc99c47439c0801865686fc74 [term 2 FOLLOWER]: Refusing update from remote peer 43a46a3b53614a0385b7d3419cf4a88b: Log matching property violated. Preceding OpId in replica: term: 1 index: 1. Preceding OpId from leader: term: 2 index: 2. (index mismatch)
I20260713 09:08:40.042156 22501 consensus_queue.cc:1048] T 5470e6289192403dbe9296c59681091a P 43a46a3b53614a0385b7d3419cf4a88b [LEADER]: Connected to new peer: Peer: permanent_uuid: "c261c7dfc99c47439c0801865686fc74" member_type: VOTER last_known_addr { host: "127.21.131.65" port: 40525 }, Status: LMP_MISMATCH, Last received: 0.0, Next index: 2, Last known committed idx: 1, Time since last communication: 0.000s
I20260713 09:08:42.625316 22513 raft_consensus.cc:493] T 4eaf0935e1074d8997138dd7a22a5487 P 43a46a3b53614a0385b7d3419cf4a88b [term 1 FOLLOWER]: Starting pre-election (detected failure of leader e65ee4acada1436aba102d8ba7173842)
I20260713 09:08:42.626628 22513 raft_consensus.cc:515] T 4eaf0935e1074d8997138dd7a22a5487 P 43a46a3b53614a0385b7d3419cf4a88b [term 1 FOLLOWER]: Starting pre-election with config: opid_index: -1 OBSOLETE_local: false peers { permanent_uuid: "c261c7dfc99c47439c0801865686fc74" member_type: VOTER last_known_addr { host: "127.21.131.65" port: 40525 } } peers { permanent_uuid: "43a46a3b53614a0385b7d3419cf4a88b" member_type: VOTER last_known_addr { host: "127.21.131.66" port: 34611 } } peers { permanent_uuid: "e65ee4acada1436aba102d8ba7173842" member_type: VOTER last_known_addr { host: "127.21.131.67" port: 43643 } }
I20260713 09:08:42.634711 22513 leader_election.cc:290] T 4eaf0935e1074d8997138dd7a22a5487 P 43a46a3b53614a0385b7d3419cf4a88b [CANDIDATE]: Term 2 pre-election: Requested pre-vote from peers c261c7dfc99c47439c0801865686fc74 (127.21.131.65:40525), e65ee4acada1436aba102d8ba7173842 (127.21.131.67:43643)
I20260713 09:08:42.635684 22161 tablet_service.cc:1917] Received RequestConsensusVote() RPC: tablet_id: "4eaf0935e1074d8997138dd7a22a5487" candidate_uuid: "43a46a3b53614a0385b7d3419cf4a88b" candidate_term: 2 candidate_status { last_received { term: 1 index: 1 } } ignore_live_leader: false dest_uuid: "c261c7dfc99c47439c0801865686fc74" is_pre_election: true
I20260713 09:08:42.701123 22517 raft_consensus.cc:493] T 9c0aa9db0c3d428d8a112d156bb4c36c P e65ee4acada1436aba102d8ba7173842 [term 2 FOLLOWER]: Starting pre-election (detected failure of leader 43a46a3b53614a0385b7d3419cf4a88b)
I20260713 09:08:42.705542 22518 raft_consensus.cc:493] T bdfd4aa0252245cabc102cb6d41032cd P e65ee4acada1436aba102d8ba7173842 [term 2 FOLLOWER]: Starting pre-election (detected failure of leader 43a46a3b53614a0385b7d3419cf4a88b)
I20260713 09:08:42.715049 22518 raft_consensus.cc:515] T bdfd4aa0252245cabc102cb6d41032cd P e65ee4acada1436aba102d8ba7173842 [term 2 FOLLOWER]: Starting pre-election with config: opid_index: -1 OBSOLETE_local: false peers { permanent_uuid: "c261c7dfc99c47439c0801865686fc74" member_type: VOTER last_known_addr { host: "127.21.131.65" port: 40525 } } peers { permanent_uuid: "43a46a3b53614a0385b7d3419cf4a88b" member_type: VOTER last_known_addr { host: "127.21.131.66" port: 34611 } } peers { permanent_uuid: "e65ee4acada1436aba102d8ba7173842" member_type: VOTER last_known_addr { host: "127.21.131.67" port: 43643 } }
I20260713 09:08:42.701927 22517 raft_consensus.cc:515] T 9c0aa9db0c3d428d8a112d156bb4c36c P e65ee4acada1436aba102d8ba7173842 [term 2 FOLLOWER]: Starting pre-election with config: opid_index: -1 OBSOLETE_local: false peers { permanent_uuid: "c261c7dfc99c47439c0801865686fc74" member_type: VOTER last_known_addr { host: "127.21.131.65" port: 40525 } } peers { permanent_uuid: "43a46a3b53614a0385b7d3419cf4a88b" member_type: VOTER last_known_addr { host: "127.21.131.66" port: 34611 } } peers { permanent_uuid: "e65ee4acada1436aba102d8ba7173842" member_type: VOTER last_known_addr { host: "127.21.131.67" port: 43643 } }
I20260713 09:08:42.726194 22237 tablet_service.cc:1917] Received RequestConsensusVote() RPC: tablet_id: "bdfd4aa0252245cabc102cb6d41032cd" candidate_uuid: "e65ee4acada1436aba102d8ba7173842" candidate_term: 3 candidate_status { last_received { term: 2 index: 2 } } ignore_live_leader: false dest_uuid: "43a46a3b53614a0385b7d3419cf4a88b" is_pre_election: true
I20260713 09:08:42.728686 22521 raft_consensus.cc:493] T 5e5a7a59b7c542dbaab48e34e92ba086 P e65ee4acada1436aba102d8ba7173842 [term 3 FOLLOWER]: Starting pre-election (detected failure of leader 43a46a3b53614a0385b7d3419cf4a88b)
I20260713 09:08:42.729117 22519 raft_consensus.cc:493] T 12ece70dd232468fb4b6923132e73643 P e65ee4acada1436aba102d8ba7173842 [term 4 FOLLOWER]: Starting pre-election (detected failure of leader 43a46a3b53614a0385b7d3419cf4a88b)
I20260713 09:08:42.723587 22518 leader_election.cc:290] T bdfd4aa0252245cabc102cb6d41032cd P e65ee4acada1436aba102d8ba7173842 [CANDIDATE]: Term 3 pre-election: Requested pre-vote from peers c261c7dfc99c47439c0801865686fc74 (127.21.131.65:40525), 43a46a3b53614a0385b7d3419cf4a88b (127.21.131.66:34611)
I20260713 09:08:42.729406 22521 raft_consensus.cc:515] T 5e5a7a59b7c542dbaab48e34e92ba086 P e65ee4acada1436aba102d8ba7173842 [term 3 FOLLOWER]: Starting pre-election with config: opid_index: -1 OBSOLETE_local: false peers { permanent_uuid: "c261c7dfc99c47439c0801865686fc74" member_type: VOTER last_known_addr { host: "127.21.131.65" port: 40525 } } peers { permanent_uuid: "43a46a3b53614a0385b7d3419cf4a88b" member_type: VOTER last_known_addr { host: "127.21.131.66" port: 34611 } } peers { permanent_uuid: "e65ee4acada1436aba102d8ba7173842" member_type: VOTER last_known_addr { host: "127.21.131.67" port: 43643 } }
I20260713 09:08:42.733214 22163 tablet_service.cc:1917] Received RequestConsensusVote() RPC: tablet_id: "bdfd4aa0252245cabc102cb6d41032cd" candidate_uuid: "e65ee4acada1436aba102d8ba7173842" candidate_term: 3 candidate_status { last_received { term: 2 index: 2 } } ignore_live_leader: false dest_uuid: "c261c7dfc99c47439c0801865686fc74" is_pre_election: true
I20260713 09:08:42.734913 22237 tablet_service.cc:1917] Received RequestConsensusVote() RPC: tablet_id: "9c0aa9db0c3d428d8a112d156bb4c36c" candidate_uuid: "e65ee4acada1436aba102d8ba7173842" candidate_term: 3 candidate_status { last_received { term: 2 index: 2 } } ignore_live_leader: false dest_uuid: "43a46a3b53614a0385b7d3419cf4a88b" is_pre_election: true
I20260713 09:08:42.736305 22521 leader_election.cc:290] T 5e5a7a59b7c542dbaab48e34e92ba086 P e65ee4acada1436aba102d8ba7173842 [CANDIDATE]: Term 4 pre-election: Requested pre-vote from peers c261c7dfc99c47439c0801865686fc74 (127.21.131.65:40525), 43a46a3b53614a0385b7d3419cf4a88b (127.21.131.66:34611)
I20260713 09:08:42.734030 22517 leader_election.cc:290] T 9c0aa9db0c3d428d8a112d156bb4c36c P e65ee4acada1436aba102d8ba7173842 [CANDIDATE]: Term 3 pre-election: Requested pre-vote from peers c261c7dfc99c47439c0801865686fc74 (127.21.131.65:40525), 43a46a3b53614a0385b7d3419cf4a88b (127.21.131.66:34611)
I20260713 09:08:42.738493 22237 tablet_service.cc:1917] Received RequestConsensusVote() RPC: tablet_id: "5e5a7a59b7c542dbaab48e34e92ba086" candidate_uuid: "e65ee4acada1436aba102d8ba7173842" candidate_term: 4 candidate_status { last_received { term: 3 index: 3 } } ignore_live_leader: false dest_uuid: "43a46a3b53614a0385b7d3419cf4a88b" is_pre_election: true
I20260713 09:08:42.738615 22312 tablet_service.cc:1917] Received RequestConsensusVote() RPC: tablet_id: "4eaf0935e1074d8997138dd7a22a5487" candidate_uuid: "43a46a3b53614a0385b7d3419cf4a88b" candidate_term: 2 candidate_status { last_received { term: 1 index: 1 } } ignore_live_leader: false dest_uuid: "e65ee4acada1436aba102d8ba7173842" is_pre_election: true
I20260713 09:08:42.741473 22517 raft_consensus.cc:493] T 5c07a0b76ab44a1ba56264f9a05601c0 P e65ee4acada1436aba102d8ba7173842 [term 3 FOLLOWER]: Starting pre-election (detected failure of leader 43a46a3b53614a0385b7d3419cf4a88b)
I20260713 09:08:42.731514 22519 raft_consensus.cc:515] T 12ece70dd232468fb4b6923132e73643 P e65ee4acada1436aba102d8ba7173842 [term 4 FOLLOWER]: Starting pre-election with config: opid_index: -1 OBSOLETE_local: false peers { permanent_uuid: "c261c7dfc99c47439c0801865686fc74" member_type: VOTER last_known_addr { host: "127.21.131.65" port: 40525 } } peers { permanent_uuid: "43a46a3b53614a0385b7d3419cf4a88b" member_type: VOTER last_known_addr { host: "127.21.131.66" port: 34611 } } peers { permanent_uuid: "e65ee4acada1436aba102d8ba7173842" member_type: VOTER last_known_addr { host: "127.21.131.67" port: 43643 } }
I20260713 09:08:42.742403 22517 raft_consensus.cc:515] T 5c07a0b76ab44a1ba56264f9a05601c0 P e65ee4acada1436aba102d8ba7173842 [term 3 FOLLOWER]: Starting pre-election with config: opid_index: -1 OBSOLETE_local: false peers { permanent_uuid: "43a46a3b53614a0385b7d3419cf4a88b" member_type: VOTER last_known_addr { host: "127.21.131.66" port: 34611 } } peers { permanent_uuid: "c261c7dfc99c47439c0801865686fc74" member_type: VOTER last_known_addr { host: "127.21.131.65" port: 40525 } } peers { permanent_uuid: "e65ee4acada1436aba102d8ba7173842" member_type: VOTER last_known_addr { host: "127.21.131.67" port: 43643 } }
I20260713 09:08:42.744611 22517 leader_election.cc:290] T 5c07a0b76ab44a1ba56264f9a05601c0 P e65ee4acada1436aba102d8ba7173842 [CANDIDATE]: Term 4 pre-election: Requested pre-vote from peers 43a46a3b53614a0385b7d3419cf4a88b (127.21.131.66:34611), c261c7dfc99c47439c0801865686fc74 (127.21.131.65:40525)
I20260713 09:08:42.745110 22163 tablet_service.cc:1917] Received RequestConsensusVote() RPC: tablet_id: "9c0aa9db0c3d428d8a112d156bb4c36c" candidate_uuid: "e65ee4acada1436aba102d8ba7173842" candidate_term: 3 candidate_status { last_received { term: 2 index: 2 } } ignore_live_leader: false dest_uuid: "c261c7dfc99c47439c0801865686fc74" is_pre_election: true
I20260713 09:08:42.745769 22237 tablet_service.cc:1917] Received RequestConsensusVote() RPC: tablet_id: "5c07a0b76ab44a1ba56264f9a05601c0" candidate_uuid: "e65ee4acada1436aba102d8ba7173842" candidate_term: 4 candidate_status { last_received { term: 3 index: 3 } } ignore_live_leader: false dest_uuid: "43a46a3b53614a0385b7d3419cf4a88b" is_pre_election: true
I20260713 09:08:42.746124 22519 leader_election.cc:290] T 12ece70dd232468fb4b6923132e73643 P e65ee4acada1436aba102d8ba7173842 [CANDIDATE]: Term 5 pre-election: Requested pre-vote from peers c261c7dfc99c47439c0801865686fc74 (127.21.131.65:40525), 43a46a3b53614a0385b7d3419cf4a88b (127.21.131.66:34611)
I20260713 09:08:42.746937 22238 tablet_service.cc:1917] Received RequestConsensusVote() RPC: tablet_id: "12ece70dd232468fb4b6923132e73643" candidate_uuid: "e65ee4acada1436aba102d8ba7173842" candidate_term: 5 candidate_status { last_received { term: 4 index: 4 } } ignore_live_leader: false dest_uuid: "43a46a3b53614a0385b7d3419cf4a88b" is_pre_election: true
I20260713 09:08:42.747987 22163 tablet_service.cc:1917] Received RequestConsensusVote() RPC: tablet_id: "5e5a7a59b7c542dbaab48e34e92ba086" candidate_uuid: "e65ee4acada1436aba102d8ba7173842" candidate_term: 4 candidate_status { last_received { term: 3 index: 3 } } ignore_live_leader: false dest_uuid: "c261c7dfc99c47439c0801865686fc74" is_pre_election: true
I20260713 09:08:42.749919 22205 leader_election.cc:304] T 4eaf0935e1074d8997138dd7a22a5487 P 43a46a3b53614a0385b7d3419cf4a88b [CANDIDATE]: Term 2 pre-election: Election decided. Result: candidate lost. Election summary: received 3 responses out of 3 voters: 1 yes votes; 2 no votes. yes voters: 43a46a3b53614a0385b7d3419cf4a88b; no voters: c261c7dfc99c47439c0801865686fc74, e65ee4acada1436aba102d8ba7173842
I20260713 09:08:42.750710 22277 leader_election.cc:304] T bdfd4aa0252245cabc102cb6d41032cd P e65ee4acada1436aba102d8ba7173842 [CANDIDATE]: Term 3 pre-election: Election decided. Result: candidate lost. Election summary: received 3 responses out of 3 voters: 1 yes votes; 2 no votes. yes voters: e65ee4acada1436aba102d8ba7173842; no voters: 43a46a3b53614a0385b7d3419cf4a88b, c261c7dfc99c47439c0801865686fc74
I20260713 09:08:42.751317 22512 raft_consensus.cc:2749] T 4eaf0935e1074d8997138dd7a22a5487 P 43a46a3b53614a0385b7d3419cf4a88b [term 1 FOLLOWER]: Leader pre-election lost for term 2. Reason: could not achieve majority
I20260713 09:08:42.751559 22519 raft_consensus.cc:2749] T bdfd4aa0252245cabc102cb6d41032cd P e65ee4acada1436aba102d8ba7173842 [term 2 FOLLOWER]: Leader pre-election lost for term 3. Reason: could not achieve majority
I20260713 09:08:42.751986 22277 leader_election.cc:304] T 9c0aa9db0c3d428d8a112d156bb4c36c P e65ee4acada1436aba102d8ba7173842 [CANDIDATE]: Term 3 pre-election: Election decided. Result: candidate lost. Election summary: received 3 responses out of 3 voters: 1 yes votes; 2 no votes. yes voters: e65ee4acada1436aba102d8ba7173842; no voters: 43a46a3b53614a0385b7d3419cf4a88b, c261c7dfc99c47439c0801865686fc74
I20260713 09:08:42.752825 22519 raft_consensus.cc:2749] T 9c0aa9db0c3d428d8a112d156bb4c36c P e65ee4acada1436aba102d8ba7173842 [term 2 FOLLOWER]: Leader pre-election lost for term 3. Reason: could not achieve majority
I20260713 09:08:42.753270 22277 leader_election.cc:304] T 5e5a7a59b7c542dbaab48e34e92ba086 P e65ee4acada1436aba102d8ba7173842 [CANDIDATE]: Term 4 pre-election: Election decided. Result: candidate lost. Election summary: received 3 responses out of 3 voters: 1 yes votes; 2 no votes. yes voters: e65ee4acada1436aba102d8ba7173842; no voters: 43a46a3b53614a0385b7d3419cf4a88b, c261c7dfc99c47439c0801865686fc74
I20260713 09:08:42.754052 22519 raft_consensus.cc:2749] T 5e5a7a59b7c542dbaab48e34e92ba086 P e65ee4acada1436aba102d8ba7173842 [term 3 FOLLOWER]: Leader pre-election lost for term 4. Reason: could not achieve majority
I20260713 09:08:42.755860 22163 tablet_service.cc:1917] Received RequestConsensusVote() RPC: tablet_id: "5c07a0b76ab44a1ba56264f9a05601c0" candidate_uuid: "e65ee4acada1436aba102d8ba7173842" candidate_term: 4 candidate_status { last_received { term: 3 index: 3 } } ignore_live_leader: false dest_uuid: "c261c7dfc99c47439c0801865686fc74" is_pre_election: true
I20260713 09:08:42.756372 22164 tablet_service.cc:1917] Received RequestConsensusVote() RPC: tablet_id: "12ece70dd232468fb4b6923132e73643" candidate_uuid: "e65ee4acada1436aba102d8ba7173842" candidate_term: 5 candidate_status { last_received { term: 4 index: 4 } } ignore_live_leader: false dest_uuid: "c261c7dfc99c47439c0801865686fc74" is_pre_election: true
I20260713 09:08:42.757136 22277 leader_election.cc:304] T 5c07a0b76ab44a1ba56264f9a05601c0 P e65ee4acada1436aba102d8ba7173842 [CANDIDATE]: Term 4 pre-election: Election decided. Result: candidate lost. Election summary: received 3 responses out of 3 voters: 1 yes votes; 2 no votes. yes voters: e65ee4acada1436aba102d8ba7173842; no voters: 43a46a3b53614a0385b7d3419cf4a88b, c261c7dfc99c47439c0801865686fc74
I20260713 09:08:42.757822 22517 raft_consensus.cc:2749] T 5c07a0b76ab44a1ba56264f9a05601c0 P e65ee4acada1436aba102d8ba7173842 [term 3 FOLLOWER]: Leader pre-election lost for term 4. Reason: could not achieve majority
I20260713 09:08:42.758404 22277 leader_election.cc:304] T 12ece70dd232468fb4b6923132e73643 P e65ee4acada1436aba102d8ba7173842 [CANDIDATE]: Term 5 pre-election: Election decided. Result: candidate lost. Election summary: received 3 responses out of 3 voters: 1 yes votes; 2 no votes. yes voters: e65ee4acada1436aba102d8ba7173842; no voters: 43a46a3b53614a0385b7d3419cf4a88b, c261c7dfc99c47439c0801865686fc74
I20260713 09:08:42.759096 22517 raft_consensus.cc:2749] T 12ece70dd232468fb4b6923132e73643 P e65ee4acada1436aba102d8ba7173842 [term 4 FOLLOWER]: Leader pre-election lost for term 5. Reason: could not achieve majority
I20260713 09:08:43.269172 22029 auto_leader_rebalancer.cc:141] leader rebalance for table test-workload
I20260713 09:08:43.276793 22238 tablet_service.cc:2072] Received LeaderStepDown RPC: tablet_id: "12ece70dd232468fb4b6923132e73643"
dest_uuid: "43a46a3b53614a0385b7d3419cf4a88b"
mode: GRACEFUL
new_leader_uuid: "c261c7dfc99c47439c0801865686fc74"
 from {username='slave'} at 127.0.0.1:37042
I20260713 09:08:43.277392 22238 raft_consensus.cc:606] T 12ece70dd232468fb4b6923132e73643 P 43a46a3b53614a0385b7d3419cf4a88b [term 4 LEADER]: Received request to transfer leadership to TS c261c7dfc99c47439c0801865686fc74
I20260713 09:08:43.280014 22238 tablet_service.cc:2072] Received LeaderStepDown RPC: tablet_id: "516b50de2c5a4439a4621cafb4874c56"
dest_uuid: "43a46a3b53614a0385b7d3419cf4a88b"
mode: GRACEFUL
new_leader_uuid: "c261c7dfc99c47439c0801865686fc74"
 from {username='slave'} at 127.0.0.1:37042
I20260713 09:08:43.280433 22238 raft_consensus.cc:606] T 516b50de2c5a4439a4621cafb4874c56 P 43a46a3b53614a0385b7d3419cf4a88b [term 3 LEADER]: Received request to transfer leadership to TS c261c7dfc99c47439c0801865686fc74
I20260713 09:08:43.282835 22238 tablet_service.cc:2072] Received LeaderStepDown RPC: tablet_id: "5470e6289192403dbe9296c59681091a"
dest_uuid: "43a46a3b53614a0385b7d3419cf4a88b"
mode: GRACEFUL
new_leader_uuid: "c261c7dfc99c47439c0801865686fc74"
 from {username='slave'} at 127.0.0.1:37042
I20260713 09:08:43.283298 22238 raft_consensus.cc:606] T 5470e6289192403dbe9296c59681091a P 43a46a3b53614a0385b7d3419cf4a88b [term 2 LEADER]: Received request to transfer leadership to TS c261c7dfc99c47439c0801865686fc74
I20260713 09:08:43.285959 22238 tablet_service.cc:2072] Received LeaderStepDown RPC: tablet_id: "5c07a0b76ab44a1ba56264f9a05601c0"
dest_uuid: "43a46a3b53614a0385b7d3419cf4a88b"
mode: GRACEFUL
new_leader_uuid: "e65ee4acada1436aba102d8ba7173842"
 from {username='slave'} at 127.0.0.1:37042
I20260713 09:08:43.286563 22238 raft_consensus.cc:606] T 5c07a0b76ab44a1ba56264f9a05601c0 P 43a46a3b53614a0385b7d3419cf4a88b [term 3 LEADER]: Received request to transfer leadership to TS e65ee4acada1436aba102d8ba7173842
I20260713 09:08:43.289028 22238 tablet_service.cc:2072] Received LeaderStepDown RPC: tablet_id: "ba53a39b4dbd4034bc09021cdd5cb410"
dest_uuid: "43a46a3b53614a0385b7d3419cf4a88b"
mode: GRACEFUL
new_leader_uuid: "e65ee4acada1436aba102d8ba7173842"
 from {username='slave'} at 127.0.0.1:37042
I20260713 09:08:43.289433 22238 raft_consensus.cc:606] T ba53a39b4dbd4034bc09021cdd5cb410 P 43a46a3b53614a0385b7d3419cf4a88b [term 1 LEADER]: Received request to transfer leadership to TS e65ee4acada1436aba102d8ba7173842
I20260713 09:08:43.290535 22029 auto_leader_rebalancer.cc:479] table: test-workload, leader rebalance finish, leader transfer count: 5
I20260713 09:08:43.290941 22029 auto_leader_rebalancer.cc:554] All tables' leader rebalancing finished this round
I20260713 09:08:43.583662 22515 raft_consensus.cc:993] T ba53a39b4dbd4034bc09021cdd5cb410 P 43a46a3b53614a0385b7d3419cf4a88b: : Instructing follower e65ee4acada1436aba102d8ba7173842 to start an election
I20260713 09:08:43.584105 22524 raft_consensus.cc:1081] T ba53a39b4dbd4034bc09021cdd5cb410 P 43a46a3b53614a0385b7d3419cf4a88b [term 1 LEADER]: Signalling peer e65ee4acada1436aba102d8ba7173842 to start an election
I20260713 09:08:43.585665 22313 tablet_service.cc:2044] Received Run Leader Election RPC: tablet_id: "ba53a39b4dbd4034bc09021cdd5cb410"
dest_uuid: "e65ee4acada1436aba102d8ba7173842"
 from {username='slave'} at 127.0.0.1:52018
I20260713 09:08:43.586118 22313 raft_consensus.cc:493] T ba53a39b4dbd4034bc09021cdd5cb410 P e65ee4acada1436aba102d8ba7173842 [term 1 FOLLOWER]: Starting forced leader election (received explicit request)
I20260713 09:08:43.586411 22313 raft_consensus.cc:3060] T ba53a39b4dbd4034bc09021cdd5cb410 P e65ee4acada1436aba102d8ba7173842 [term 1 FOLLOWER]: Advancing to term 2
I20260713 09:08:43.592530 22313 raft_consensus.cc:515] T ba53a39b4dbd4034bc09021cdd5cb410 P e65ee4acada1436aba102d8ba7173842 [term 2 FOLLOWER]: Starting forced leader election with config: opid_index: -1 OBSOLETE_local: false peers { permanent_uuid: "c261c7dfc99c47439c0801865686fc74" member_type: VOTER last_known_addr { host: "127.21.131.65" port: 40525 } } peers { permanent_uuid: "43a46a3b53614a0385b7d3419cf4a88b" member_type: VOTER last_known_addr { host: "127.21.131.66" port: 34611 } } peers { permanent_uuid: "e65ee4acada1436aba102d8ba7173842" member_type: VOTER last_known_addr { host: "127.21.131.67" port: 43643 } }
I20260713 09:08:43.593192 22515 raft_consensus.cc:993] T 5c07a0b76ab44a1ba56264f9a05601c0 P 43a46a3b53614a0385b7d3419cf4a88b: : Instructing follower e65ee4acada1436aba102d8ba7173842 to start an election
I20260713 09:08:43.593842 22524 raft_consensus.cc:1081] T 5c07a0b76ab44a1ba56264f9a05601c0 P 43a46a3b53614a0385b7d3419cf4a88b [term 3 LEADER]: Signalling peer e65ee4acada1436aba102d8ba7173842 to start an election
I20260713 09:08:43.594961 22313 leader_election.cc:290] T ba53a39b4dbd4034bc09021cdd5cb410 P e65ee4acada1436aba102d8ba7173842 [CANDIDATE]: Term 2 election: Requested vote from peers c261c7dfc99c47439c0801865686fc74 (127.21.131.65:40525), 43a46a3b53614a0385b7d3419cf4a88b (127.21.131.66:34611)
I20260713 09:08:43.595820 22164 tablet_service.cc:1917] Received RequestConsensusVote() RPC: tablet_id: "ba53a39b4dbd4034bc09021cdd5cb410" candidate_uuid: "e65ee4acada1436aba102d8ba7173842" candidate_term: 2 candidate_status { last_received { term: 1 index: 1 } } ignore_live_leader: true dest_uuid: "c261c7dfc99c47439c0801865686fc74"
I20260713 09:08:43.596096 22312 tablet_service.cc:2044] Received Run Leader Election RPC: tablet_id: "5c07a0b76ab44a1ba56264f9a05601c0"
dest_uuid: "e65ee4acada1436aba102d8ba7173842"
 from {username='slave'} at 127.0.0.1:52018
I20260713 09:08:43.596148 22238 tablet_service.cc:1917] Received RequestConsensusVote() RPC: tablet_id: "ba53a39b4dbd4034bc09021cdd5cb410" candidate_uuid: "e65ee4acada1436aba102d8ba7173842" candidate_term: 2 candidate_status { last_received { term: 1 index: 1 } } ignore_live_leader: true dest_uuid: "43a46a3b53614a0385b7d3419cf4a88b"
I20260713 09:08:43.596453 22164 raft_consensus.cc:3060] T ba53a39b4dbd4034bc09021cdd5cb410 P c261c7dfc99c47439c0801865686fc74 [term 1 FOLLOWER]: Advancing to term 2
I20260713 09:08:43.596843 22312 raft_consensus.cc:493] T 5c07a0b76ab44a1ba56264f9a05601c0 P e65ee4acada1436aba102d8ba7173842 [term 3 FOLLOWER]: Starting forced leader election (received explicit request)
I20260713 09:08:43.596884 22238 raft_consensus.cc:3055] T ba53a39b4dbd4034bc09021cdd5cb410 P 43a46a3b53614a0385b7d3419cf4a88b [term 1 LEADER]: Stepping down as leader of term 1
I20260713 09:08:43.597311 22312 raft_consensus.cc:3060] T 5c07a0b76ab44a1ba56264f9a05601c0 P e65ee4acada1436aba102d8ba7173842 [term 3 FOLLOWER]: Advancing to term 4
I20260713 09:08:43.597332 22238 raft_consensus.cc:740] T ba53a39b4dbd4034bc09021cdd5cb410 P 43a46a3b53614a0385b7d3419cf4a88b [term 1 LEADER]: Becoming Follower/Learner. State: Replica: 43a46a3b53614a0385b7d3419cf4a88b, State: Running, Role: LEADER
I20260713 09:08:43.598392 22238 consensus_queue.cc:260] T ba53a39b4dbd4034bc09021cdd5cb410 P 43a46a3b53614a0385b7d3419cf4a88b [NON_LEADER]: Queue going to NON_LEADER mode. State: All replicated index: 0, Majority replicated index: 1, Committed index: 1, Last appended: 1.1, Last appended by leader: 1, Current term: 1, Majority size: -1, State: 0, Mode: NON_LEADER, active raft config: opid_index: -1 OBSOLETE_local: false peers { permanent_uuid: "c261c7dfc99c47439c0801865686fc74" member_type: VOTER last_known_addr { host: "127.21.131.65" port: 40525 } } peers { permanent_uuid: "43a46a3b53614a0385b7d3419cf4a88b" member_type: VOTER last_known_addr { host: "127.21.131.66" port: 34611 } } peers { permanent_uuid: "e65ee4acada1436aba102d8ba7173842" member_type: VOTER last_known_addr { host: "127.21.131.67" port: 43643 } }
I20260713 09:08:43.599725 22238 raft_consensus.cc:3060] T ba53a39b4dbd4034bc09021cdd5cb410 P 43a46a3b53614a0385b7d3419cf4a88b [term 1 FOLLOWER]: Advancing to term 2
I20260713 09:08:43.602324 22312 raft_consensus.cc:515] T 5c07a0b76ab44a1ba56264f9a05601c0 P e65ee4acada1436aba102d8ba7173842 [term 4 FOLLOWER]: Starting forced leader election with config: opid_index: -1 OBSOLETE_local: false peers { permanent_uuid: "43a46a3b53614a0385b7d3419cf4a88b" member_type: VOTER last_known_addr { host: "127.21.131.66" port: 34611 } } peers { permanent_uuid: "c261c7dfc99c47439c0801865686fc74" member_type: VOTER last_known_addr { host: "127.21.131.65" port: 40525 } } peers { permanent_uuid: "e65ee4acada1436aba102d8ba7173842" member_type: VOTER last_known_addr { host: "127.21.131.67" port: 43643 } }
I20260713 09:08:43.604240 22312 leader_election.cc:290] T 5c07a0b76ab44a1ba56264f9a05601c0 P e65ee4acada1436aba102d8ba7173842 [CANDIDATE]: Term 4 election: Requested vote from peers 43a46a3b53614a0385b7d3419cf4a88b (127.21.131.66:34611), c261c7dfc99c47439c0801865686fc74 (127.21.131.65:40525)
I20260713 09:08:43.605506 22237 tablet_service.cc:1917] Received RequestConsensusVote() RPC: tablet_id: "5c07a0b76ab44a1ba56264f9a05601c0" candidate_uuid: "e65ee4acada1436aba102d8ba7173842" candidate_term: 4 candidate_status { last_received { term: 3 index: 3 } } ignore_live_leader: true dest_uuid: "43a46a3b53614a0385b7d3419cf4a88b"
I20260713 09:08:43.604043 22164 raft_consensus.cc:2468] T ba53a39b4dbd4034bc09021cdd5cb410 P c261c7dfc99c47439c0801865686fc74 [term 2 FOLLOWER]: Leader election vote request: Granting yes vote for candidate e65ee4acada1436aba102d8ba7173842 in term 2.
