I20260713 09:08:54.194576 23006 raft_consensus.cc:493] T e8b1b748436246fd84b74d98e89b25fb P 9431e1833ed14bae8b106cf9b0d61cf8 [term 0 FOLLOWER]: Starting pre-election (no leader contacted us within the election timeout)
I20260713 09:08:54.194927 22975 tablet_bootstrap.cc:492] T 6cf9f09e78c446e586ce62198f7dae7a P 2c21020b341e4d37b54022e518f5c3eb: Bootstrap starting.
I20260713 09:08:54.197727 22976 tablet_bootstrap.cc:654] T eef58b1d80fc46ef97ef4612ac514fa1 P 9431e1833ed14bae8b106cf9b0d61cf8: Neither blocks nor log segments found. Creating new log.
I20260713 09:08:54.200414 22975 tablet_bootstrap.cc:654] T 6cf9f09e78c446e586ce62198f7dae7a P 2c21020b341e4d37b54022e518f5c3eb: Neither blocks nor log segments found. Creating new log.
I20260713 09:08:54.194990 23006 raft_consensus.cc:515] T e8b1b748436246fd84b74d98e89b25fb P 9431e1833ed14bae8b106cf9b0d61cf8 [term 0 FOLLOWER]: Starting pre-election with config: opid_index: -1 OBSOLETE_local: false peers { permanent_uuid: "2c21020b341e4d37b54022e518f5c3eb" member_type: VOTER last_known_addr { host: "127.21.42.1" port: 35145 } } peers { permanent_uuid: "a1ea61bd9fcc48488c15c6fc903c2716" member_type: VOTER last_known_addr { host: "127.21.42.2" port: 43023 } } peers { permanent_uuid: "9431e1833ed14bae8b106cf9b0d61cf8" member_type: VOTER last_known_addr { host: "127.21.42.3" port: 43101 } }
I20260713 09:08:54.205142 22974 tablet_bootstrap.cc:492] T 6cf9f09e78c446e586ce62198f7dae7a P a1ea61bd9fcc48488c15c6fc903c2716: No bootstrap required, opened a new log
I20260713 09:08:54.205379 23006 leader_election.cc:290] T e8b1b748436246fd84b74d98e89b25fb P 9431e1833ed14bae8b106cf9b0d61cf8 [CANDIDATE]: Term 1 pre-election: Requested pre-vote from peers 2c21020b341e4d37b54022e518f5c3eb (127.21.42.1:35145), a1ea61bd9fcc48488c15c6fc903c2716 (127.21.42.2:43023)
I20260713 09:08:54.205561 22974 ts_tablet_manager.cc:1403] T 6cf9f09e78c446e586ce62198f7dae7a P a1ea61bd9fcc48488c15c6fc903c2716: Time spent bootstrapping tablet: real 0.031s	user 0.005s	sys 0.013s
I20260713 09:08:54.208123 22785 tablet_service.cc:1917] Received RequestConsensusVote() RPC: tablet_id: "e8b1b748436246fd84b74d98e89b25fb" candidate_uuid: "9431e1833ed14bae8b106cf9b0d61cf8" candidate_term: 1 candidate_status { last_received { term: 0 index: 0 } } ignore_live_leader: false dest_uuid: "2c21020b341e4d37b54022e518f5c3eb" is_pre_election: true
I20260713 09:08:54.208606 22974 raft_consensus.cc:359] T 6cf9f09e78c446e586ce62198f7dae7a P a1ea61bd9fcc48488c15c6fc903c2716 [term 0 FOLLOWER]: Replica starting. Triggering 0 pending ops. Active config: opid_index: -1 OBSOLETE_local: false peers { permanent_uuid: "2c21020b341e4d37b54022e518f5c3eb" member_type: VOTER last_known_addr { host: "127.21.42.1" port: 35145 } } peers { permanent_uuid: "a1ea61bd9fcc48488c15c6fc903c2716" member_type: VOTER last_known_addr { host: "127.21.42.2" port: 43023 } } peers { permanent_uuid: "9431e1833ed14bae8b106cf9b0d61cf8" member_type: VOTER last_known_addr { host: "127.21.42.3" port: 43101 } }
I20260713 09:08:54.209323 22974 raft_consensus.cc:385] T 6cf9f09e78c446e586ce62198f7dae7a P a1ea61bd9fcc48488c15c6fc903c2716 [term 0 FOLLOWER]: Consensus starting up: Expiring failure detector timer to make a prompt election more likely
I20260713 09:08:54.209575 22974 raft_consensus.cc:740] T 6cf9f09e78c446e586ce62198f7dae7a P a1ea61bd9fcc48488c15c6fc903c2716 [term 0 FOLLOWER]: Becoming Follower/Learner. State: Replica: a1ea61bd9fcc48488c15c6fc903c2716, State: Initialized, Role: FOLLOWER
I20260713 09:08:54.210177 22974 consensus_queue.cc:260] T 6cf9f09e78c446e586ce62198f7dae7a P a1ea61bd9fcc48488c15c6fc903c2716 [NON_LEADER]: Queue going to NON_LEADER mode. State: All replicated index: 0, Majority replicated index: 0, Committed index: 0, Last appended: 0.0, Last appended by leader: 0, Current term: 0, Majority size: -1, State: 0, Mode: NON_LEADER, active raft config: opid_index: -1 OBSOLETE_local: false peers { permanent_uuid: "2c21020b341e4d37b54022e518f5c3eb" member_type: VOTER last_known_addr { host: "127.21.42.1" port: 35145 } } peers { permanent_uuid: "a1ea61bd9fcc48488c15c6fc903c2716" member_type: VOTER last_known_addr { host: "127.21.42.2" port: 43023 } } peers { permanent_uuid: "9431e1833ed14bae8b106cf9b0d61cf8" member_type: VOTER last_known_addr { host: "127.21.42.3" port: 43101 } }
I20260713 09:08:54.208673 22785 raft_consensus.cc:2468] T e8b1b748436246fd84b74d98e89b25fb P 2c21020b341e4d37b54022e518f5c3eb [term 0 FOLLOWER]: Leader pre-election vote request: Granting yes vote for candidate 9431e1833ed14bae8b106cf9b0d61cf8 in term 0.
I20260713 09:08:54.213390 22900 leader_election.cc:304] T e8b1b748436246fd84b74d98e89b25fb P 9431e1833ed14bae8b106cf9b0d61cf8 [CANDIDATE]: Term 1 pre-election: Election decided. Result: candidate won. Election summary: received 2 responses out of 3 voters: 2 yes votes; 0 no votes. yes voters: 2c21020b341e4d37b54022e518f5c3eb, 9431e1833ed14bae8b106cf9b0d61cf8; no voters: 
I20260713 09:08:54.214247 22982 consensus_queue.cc:1048] T 71f722c1c1734f30b9a453bac4370c4a P 9431e1833ed14bae8b106cf9b0d61cf8 [LEADER]: Connected to new peer: Peer: permanent_uuid: "a1ea61bd9fcc48488c15c6fc903c2716" member_type: VOTER last_known_addr { host: "127.21.42.2" port: 43023 }, Status: LMP_MISMATCH, Last received: 0.0, Next index: 1, Last known committed idx: 0, Time since last communication: 0.000s
I20260713 09:08:54.214630 23007 raft_consensus.cc:493] T 0503d449ec87422989991c891f179401 P 9431e1833ed14bae8b106cf9b0d61cf8 [term 0 FOLLOWER]: Starting pre-election (no leader contacted us within the election timeout)
I20260713 09:08:54.215293 22974 ts_tablet_manager.cc:1434] T 6cf9f09e78c446e586ce62198f7dae7a P a1ea61bd9fcc48488c15c6fc903c2716: Time spent starting tablet: real 0.009s	user 0.006s	sys 0.001s
I20260713 09:08:54.215600 22982 raft_consensus.cc:2804] T e8b1b748436246fd84b74d98e89b25fb P 9431e1833ed14bae8b106cf9b0d61cf8 [term 0 FOLLOWER]: Leader pre-election won for term 1
I20260713 09:08:54.215987 22982 raft_consensus.cc:493] T e8b1b748436246fd84b74d98e89b25fb P 9431e1833ed14bae8b106cf9b0d61cf8 [term 0 FOLLOWER]: Starting leader election (no leader contacted us within the election timeout)
I20260713 09:08:54.216259 22974 tablet_bootstrap.cc:492] T 3604b5167dc04627a0aac5bb5edfe073 P a1ea61bd9fcc48488c15c6fc903c2716: Bootstrap starting.
I20260713 09:08:54.216334 22982 raft_consensus.cc:3060] T e8b1b748436246fd84b74d98e89b25fb P 9431e1833ed14bae8b106cf9b0d61cf8 [term 0 FOLLOWER]: Advancing to term 1
I20260713 09:08:54.222328 22974 tablet_bootstrap.cc:654] T 3604b5167dc04627a0aac5bb5edfe073 P a1ea61bd9fcc48488c15c6fc903c2716: Neither blocks nor log segments found. Creating new log.
I20260713 09:08:54.224126 22982 raft_consensus.cc:515] T e8b1b748436246fd84b74d98e89b25fb P 9431e1833ed14bae8b106cf9b0d61cf8 [term 1 FOLLOWER]: Starting leader election with config: opid_index: -1 OBSOLETE_local: false peers { permanent_uuid: "2c21020b341e4d37b54022e518f5c3eb" member_type: VOTER last_known_addr { host: "127.21.42.1" port: 35145 } } peers { permanent_uuid: "a1ea61bd9fcc48488c15c6fc903c2716" member_type: VOTER last_known_addr { host: "127.21.42.2" port: 43023 } } peers { permanent_uuid: "9431e1833ed14bae8b106cf9b0d61cf8" member_type: VOTER last_known_addr { host: "127.21.42.3" port: 43101 } }
I20260713 09:08:54.226030 22982 leader_election.cc:290] T e8b1b748436246fd84b74d98e89b25fb P 9431e1833ed14bae8b106cf9b0d61cf8 [CANDIDATE]: Term 1 election: Requested vote from peers 2c21020b341e4d37b54022e518f5c3eb (127.21.42.1:35145), a1ea61bd9fcc48488c15c6fc903c2716 (127.21.42.2:43023)
I20260713 09:08:54.228039 22785 tablet_service.cc:1917] Received RequestConsensusVote() RPC: tablet_id: "e8b1b748436246fd84b74d98e89b25fb" candidate_uuid: "9431e1833ed14bae8b106cf9b0d61cf8" candidate_term: 1 candidate_status { last_received { term: 0 index: 0 } } ignore_live_leader: false dest_uuid: "2c21020b341e4d37b54022e518f5c3eb"
I20260713 09:08:54.228595 22785 raft_consensus.cc:3060] T e8b1b748436246fd84b74d98e89b25fb P 2c21020b341e4d37b54022e518f5c3eb [term 0 FOLLOWER]: Advancing to term 1
I20260713 09:08:54.215035 23007 raft_consensus.cc:515] T 0503d449ec87422989991c891f179401 P 9431e1833ed14bae8b106cf9b0d61cf8 [term 0 FOLLOWER]: Starting pre-election with config: opid_index: -1 OBSOLETE_local: false peers { permanent_uuid: "2c21020b341e4d37b54022e518f5c3eb" member_type: VOTER last_known_addr { host: "127.21.42.1" port: 35145 } } peers { permanent_uuid: "a1ea61bd9fcc48488c15c6fc903c2716" member_type: VOTER last_known_addr { host: "127.21.42.2" port: 43023 } } peers { permanent_uuid: "9431e1833ed14bae8b106cf9b0d61cf8" member_type: VOTER last_known_addr { host: "127.21.42.3" port: 43101 } }
I20260713 09:08:54.230350 22858 tablet_service.cc:1917] Received RequestConsensusVote() RPC: tablet_id: "e8b1b748436246fd84b74d98e89b25fb" candidate_uuid: "9431e1833ed14bae8b106cf9b0d61cf8" candidate_term: 1 candidate_status { last_received { term: 0 index: 0 } } ignore_live_leader: false dest_uuid: "a1ea61bd9fcc48488c15c6fc903c2716" is_pre_election: true
I20260713 09:08:54.236054 23007 leader_election.cc:290] T 0503d449ec87422989991c891f179401 P 9431e1833ed14bae8b106cf9b0d61cf8 [CANDIDATE]: Term 1 pre-election: Requested pre-vote from peers 2c21020b341e4d37b54022e518f5c3eb (127.21.42.1:35145), a1ea61bd9fcc48488c15c6fc903c2716 (127.21.42.2:43023)
I20260713 09:08:54.237353 22783 tablet_service.cc:1917] Received RequestConsensusVote() RPC: tablet_id: "0503d449ec87422989991c891f179401" candidate_uuid: "9431e1833ed14bae8b106cf9b0d61cf8" candidate_term: 1 candidate_status { last_received { term: 0 index: 0 } } ignore_live_leader: false dest_uuid: "2c21020b341e4d37b54022e518f5c3eb" is_pre_election: true
I20260713 09:08:54.237933 22783 raft_consensus.cc:2468] T 0503d449ec87422989991c891f179401 P 2c21020b341e4d37b54022e518f5c3eb [term 0 FOLLOWER]: Leader pre-election vote request: Granting yes vote for candidate 9431e1833ed14bae8b106cf9b0d61cf8 in term 0.
I20260713 09:08:54.239041 22900 leader_election.cc:304] T 0503d449ec87422989991c891f179401 P 9431e1833ed14bae8b106cf9b0d61cf8 [CANDIDATE]: Term 1 pre-election: Election decided. Result: candidate won. Election summary: received 2 responses out of 3 voters: 2 yes votes; 0 no votes. yes voters: 2c21020b341e4d37b54022e518f5c3eb, 9431e1833ed14bae8b106cf9b0d61cf8; no voters: 
I20260713 09:08:54.239732 22785 raft_consensus.cc:2468] T e8b1b748436246fd84b74d98e89b25fb P 2c21020b341e4d37b54022e518f5c3eb [term 1 FOLLOWER]: Leader election vote request: Granting yes vote for candidate 9431e1833ed14bae8b106cf9b0d61cf8 in term 1.
I20260713 09:08:54.230965 22858 raft_consensus.cc:2468] T e8b1b748436246fd84b74d98e89b25fb P a1ea61bd9fcc48488c15c6fc903c2716 [term 0 FOLLOWER]: Leader pre-election vote request: Granting yes vote for candidate 9431e1833ed14bae8b106cf9b0d61cf8 in term 0.
I20260713 09:08:54.240376 22857 tablet_service.cc:1917] Received RequestConsensusVote() RPC: tablet_id: "e8b1b748436246fd84b74d98e89b25fb" candidate_uuid: "9431e1833ed14bae8b106cf9b0d61cf8" candidate_term: 1 candidate_status { last_received { term: 0 index: 0 } } ignore_live_leader: false dest_uuid: "a1ea61bd9fcc48488c15c6fc903c2716"
I20260713 09:08:54.240679 22860 tablet_service.cc:1917] Received RequestConsensusVote() RPC: tablet_id: "0503d449ec87422989991c891f179401" candidate_uuid: "9431e1833ed14bae8b106cf9b0d61cf8" candidate_term: 1 candidate_status { last_received { term: 0 index: 0 } } ignore_live_leader: false dest_uuid: "a1ea61bd9fcc48488c15c6fc903c2716" is_pre_election: true
I20260713 09:08:54.242645 22857 raft_consensus.cc:3060] T e8b1b748436246fd84b74d98e89b25fb P a1ea61bd9fcc48488c15c6fc903c2716 [term 0 FOLLOWER]: Advancing to term 1
W20260713 09:08:54.244335 22897 leader_election.cc:343] T 0503d449ec87422989991c891f179401 P 9431e1833ed14bae8b106cf9b0d61cf8 [CANDIDATE]: Term 1 pre-election: Tablet error from VoteRequest() call to peer a1ea61bd9fcc48488c15c6fc903c2716 (127.21.42.2:43023): Illegal state: must be running to vote when last-logged opid is not known
I20260713 09:08:54.247989 22900 leader_election.cc:304] T e8b1b748436246fd84b74d98e89b25fb P 9431e1833ed14bae8b106cf9b0d61cf8 [CANDIDATE]: Term 1 election: Election decided. Result: candidate won. Election summary: received 2 responses out of 3 voters: 2 yes votes; 0 no votes. yes voters: 2c21020b341e4d37b54022e518f5c3eb, 9431e1833ed14bae8b106cf9b0d61cf8; no voters: 
I20260713 09:08:54.248750 22982 raft_consensus.cc:2804] T e8b1b748436246fd84b74d98e89b25fb P 9431e1833ed14bae8b106cf9b0d61cf8 [term 1 FOLLOWER]: Leader election won for term 1
I20260713 09:08:54.249253 22982 raft_consensus.cc:697] T e8b1b748436246fd84b74d98e89b25fb P 9431e1833ed14bae8b106cf9b0d61cf8 [term 1 LEADER]: Becoming Leader. State: Replica: 9431e1833ed14bae8b106cf9b0d61cf8, State: Running, Role: LEADER
I20260713 09:08:54.250128 22982 consensus_queue.cc:237] T e8b1b748436246fd84b74d98e89b25fb P 9431e1833ed14bae8b106cf9b0d61cf8 [LEADER]: Queue going to LEADER mode. State: All replicated index: 0, Majority replicated index: 0, Committed index: 0, Last appended: 0.0, Last appended by leader: 0, Current term: 1, Majority size: 2, State: 0, Mode: LEADER, active raft config: opid_index: -1 OBSOLETE_local: false peers { permanent_uuid: "2c21020b341e4d37b54022e518f5c3eb" member_type: VOTER last_known_addr { host: "127.21.42.1" port: 35145 } } peers { permanent_uuid: "a1ea61bd9fcc48488c15c6fc903c2716" member_type: VOTER last_known_addr { host: "127.21.42.2" port: 43023 } } peers { permanent_uuid: "9431e1833ed14bae8b106cf9b0d61cf8" member_type: VOTER last_known_addr { host: "127.21.42.3" port: 43101 } }
I20260713 09:08:54.251168 23006 raft_consensus.cc:493] T 361dfc56482f41579aad7408d4854498 P 9431e1833ed14bae8b106cf9b0d61cf8 [term 0 FOLLOWER]: Starting pre-election (no leader contacted us within the election timeout)
I20260713 09:08:54.251597 23006 raft_consensus.cc:515] T 361dfc56482f41579aad7408d4854498 P 9431e1833ed14bae8b106cf9b0d61cf8 [term 0 FOLLOWER]: Starting pre-election with config: opid_index: -1 OBSOLETE_local: false peers { permanent_uuid: "2c21020b341e4d37b54022e518f5c3eb" member_type: VOTER last_known_addr { host: "127.21.42.1" port: 35145 } } peers { permanent_uuid: "a1ea61bd9fcc48488c15c6fc903c2716" member_type: VOTER last_known_addr { host: "127.21.42.2" port: 43023 } } peers { permanent_uuid: "9431e1833ed14bae8b106cf9b0d61cf8" member_type: VOTER last_known_addr { host: "127.21.42.3" port: 43101 } }
I20260713 09:08:54.254125 23006 leader_election.cc:290] T 361dfc56482f41579aad7408d4854498 P 9431e1833ed14bae8b106cf9b0d61cf8 [CANDIDATE]: Term 1 pre-election: Requested pre-vote from peers 2c21020b341e4d37b54022e518f5c3eb (127.21.42.1:35145), a1ea61bd9fcc48488c15c6fc903c2716 (127.21.42.2:43023)
I20260713 09:08:54.255479 22785 tablet_service.cc:1917] Received RequestConsensusVote() RPC: tablet_id: "361dfc56482f41579aad7408d4854498" candidate_uuid: "9431e1833ed14bae8b106cf9b0d61cf8" candidate_term: 1 candidate_status { last_received { term: 0 index: 0 } } ignore_live_leader: false dest_uuid: "2c21020b341e4d37b54022e518f5c3eb" is_pre_election: true
I20260713 09:08:54.256366 22785 raft_consensus.cc:2393] T 361dfc56482f41579aad7408d4854498 P 2c21020b341e4d37b54022e518f5c3eb [term 1 FOLLOWER]: Leader pre-election vote request: Denying vote to candidate 9431e1833ed14bae8b106cf9b0d61cf8 in current term 1: Already voted for candidate a1ea61bd9fcc48488c15c6fc903c2716 in this term.
I20260713 09:08:54.257751 22859 tablet_service.cc:1917] Received RequestConsensusVote() RPC: tablet_id: "361dfc56482f41579aad7408d4854498" candidate_uuid: "9431e1833ed14bae8b106cf9b0d61cf8" candidate_term: 1 candidate_status { last_received { term: 0 index: 0 } } ignore_live_leader: false dest_uuid: "a1ea61bd9fcc48488c15c6fc903c2716" is_pre_election: true
I20260713 09:08:54.239817 23007 raft_consensus.cc:2804] T 0503d449ec87422989991c891f179401 P 9431e1833ed14bae8b106cf9b0d61cf8 [term 0 FOLLOWER]: Leader pre-election won for term 1
I20260713 09:08:54.259821 23007 raft_consensus.cc:493] T 0503d449ec87422989991c891f179401 P 9431e1833ed14bae8b106cf9b0d61cf8 [term 0 FOLLOWER]: Starting leader election (no leader contacted us within the election timeout)
I20260713 09:08:54.260447 23007 raft_consensus.cc:3060] T 0503d449ec87422989991c891f179401 P 9431e1833ed14bae8b106cf9b0d61cf8 [term 0 FOLLOWER]: Advancing to term 1
I20260713 09:08:54.263443 22897 leader_election.cc:304] T 361dfc56482f41579aad7408d4854498 P 9431e1833ed14bae8b106cf9b0d61cf8 [CANDIDATE]: Term 1 pre-election: Election decided. Result: candidate lost. Election summary: received 3 responses out of 3 voters: 1 yes votes; 2 no votes. yes voters: 9431e1833ed14bae8b106cf9b0d61cf8; no voters: 2c21020b341e4d37b54022e518f5c3eb, a1ea61bd9fcc48488c15c6fc903c2716
I20260713 09:08:54.265223 23006 raft_consensus.cc:3060] T 361dfc56482f41579aad7408d4854498 P 9431e1833ed14bae8b106cf9b0d61cf8 [term 0 FOLLOWER]: Advancing to term 1
I20260713 09:08:54.269210 22974 tablet_bootstrap.cc:492] T 3604b5167dc04627a0aac5bb5edfe073 P a1ea61bd9fcc48488c15c6fc903c2716: No bootstrap required, opened a new log
I20260713 09:08:54.276279 22974 ts_tablet_manager.cc:1403] T 3604b5167dc04627a0aac5bb5edfe073 P a1ea61bd9fcc48488c15c6fc903c2716: Time spent bootstrapping tablet: real 0.060s	user 0.017s	sys 0.005s
I20260713 09:08:54.278882 23007 raft_consensus.cc:515] T 0503d449ec87422989991c891f179401 P 9431e1833ed14bae8b106cf9b0d61cf8 [term 1 FOLLOWER]: Starting leader election with config: opid_index: -1 OBSOLETE_local: false peers { permanent_uuid: "2c21020b341e4d37b54022e518f5c3eb" member_type: VOTER last_known_addr { host: "127.21.42.1" port: 35145 } } peers { permanent_uuid: "a1ea61bd9fcc48488c15c6fc903c2716" member_type: VOTER last_known_addr { host: "127.21.42.2" port: 43023 } } peers { permanent_uuid: "9431e1833ed14bae8b106cf9b0d61cf8" member_type: VOTER last_known_addr { host: "127.21.42.3" port: 43101 } }
I20260713 09:08:54.281283 23007 leader_election.cc:290] T 0503d449ec87422989991c891f179401 P 9431e1833ed14bae8b106cf9b0d61cf8 [CANDIDATE]: Term 1 election: Requested vote from peers 2c21020b341e4d37b54022e518f5c3eb (127.21.42.1:35145), a1ea61bd9fcc48488c15c6fc903c2716 (127.21.42.2:43023)
I20260713 09:08:54.283388 23075 raft_consensus.cc:493] T bc006cbf32ba416f846c0110d54bd475 P 9431e1833ed14bae8b106cf9b0d61cf8 [term 0 FOLLOWER]: Starting pre-election (no leader contacted us within the election timeout)
I20260713 09:08:54.283887 23075 raft_consensus.cc:515] T bc006cbf32ba416f846c0110d54bd475 P 9431e1833ed14bae8b106cf9b0d61cf8 [term 0 FOLLOWER]: Starting pre-election with config: opid_index: -1 OBSOLETE_local: false peers { permanent_uuid: "2c21020b341e4d37b54022e518f5c3eb" member_type: VOTER last_known_addr { host: "127.21.42.1" port: 35145 } } peers { permanent_uuid: "a1ea61bd9fcc48488c15c6fc903c2716" member_type: VOTER last_known_addr { host: "127.21.42.2" port: 43023 } } peers { permanent_uuid: "9431e1833ed14bae8b106cf9b0d61cf8" member_type: VOTER last_known_addr { host: "127.21.42.3" port: 43101 } }
I20260713 09:08:54.285779 23075 leader_election.cc:290] T bc006cbf32ba416f846c0110d54bd475 P 9431e1833ed14bae8b106cf9b0d61cf8 [CANDIDATE]: Term 1 pre-election: Requested pre-vote from peers 2c21020b341e4d37b54022e518f5c3eb (127.21.42.1:35145), a1ea61bd9fcc48488c15c6fc903c2716 (127.21.42.2:43023)
I20260713 09:08:54.289760 22974 raft_consensus.cc:359] T 3604b5167dc04627a0aac5bb5edfe073 P a1ea61bd9fcc48488c15c6fc903c2716 [term 0 FOLLOWER]: Replica starting. Triggering 0 pending ops. Active config: opid_index: -1 OBSOLETE_local: false peers { permanent_uuid: "2c21020b341e4d37b54022e518f5c3eb" member_type: VOTER last_known_addr { host: "127.21.42.1" port: 35145 } } peers { permanent_uuid: "a1ea61bd9fcc48488c15c6fc903c2716" member_type: VOTER last_known_addr { host: "127.21.42.2" port: 43023 } } peers { permanent_uuid: "9431e1833ed14bae8b106cf9b0d61cf8" member_type: VOTER last_known_addr { host: "127.21.42.3" port: 43101 } }
I20260713 09:08:54.292958 22974 raft_consensus.cc:385] T 3604b5167dc04627a0aac5bb5edfe073 P a1ea61bd9fcc48488c15c6fc903c2716 [term 0 FOLLOWER]: Consensus starting up: Expiring failure detector timer to make a prompt election more likely
I20260713 09:08:54.293228 22974 raft_consensus.cc:740] T 3604b5167dc04627a0aac5bb5edfe073 P a1ea61bd9fcc48488c15c6fc903c2716 [term 0 FOLLOWER]: Becoming Follower/Learner. State: Replica: a1ea61bd9fcc48488c15c6fc903c2716, State: Initialized, Role: FOLLOWER
I20260713 09:08:54.293776 22974 consensus_queue.cc:260] T 3604b5167dc04627a0aac5bb5edfe073 P a1ea61bd9fcc48488c15c6fc903c2716 [NON_LEADER]: Queue going to NON_LEADER mode. State: All replicated index: 0, Majority replicated index: 0, Committed index: 0, Last appended: 0.0, Last appended by leader: 0, Current term: 0, Majority size: -1, State: 0, Mode: NON_LEADER, active raft config: opid_index: -1 OBSOLETE_local: false peers { permanent_uuid: "2c21020b341e4d37b54022e518f5c3eb" member_type: VOTER last_known_addr { host: "127.21.42.1" port: 35145 } } peers { permanent_uuid: "a1ea61bd9fcc48488c15c6fc903c2716" member_type: VOTER last_known_addr { host: "127.21.42.2" port: 43023 } } peers { permanent_uuid: "9431e1833ed14bae8b106cf9b0d61cf8" member_type: VOTER last_known_addr { host: "127.21.42.3" port: 43101 } }
I20260713 09:08:54.295192 22974 ts_tablet_manager.cc:1434] T 3604b5167dc04627a0aac5bb5edfe073 P a1ea61bd9fcc48488c15c6fc903c2716: Time spent starting tablet: real 0.018s	user 0.003s	sys 0.000s
I20260713 09:08:54.295732 23006 raft_consensus.cc:2749] T 361dfc56482f41579aad7408d4854498 P 9431e1833ed14bae8b106cf9b0d61cf8 [term 1 FOLLOWER]: Leader pre-election lost for term 1. Reason: could not achieve majority
I20260713 09:08:54.303468 22974 tablet_bootstrap.cc:492] T 8cd5b7f49c6d438a87686993e2d2ebed P a1ea61bd9fcc48488c15c6fc903c2716: Bootstrap starting.
I20260713 09:08:54.537524 22982 raft_consensus.cc:493] T 187c0e826e8b458e8944f0848cf11c7c P 9431e1833ed14bae8b106cf9b0d61cf8 [term 0 FOLLOWER]: Starting pre-election (no leader contacted us within the election timeout)
I20260713 09:08:54.546036 22975 tablet_bootstrap.cc:492] T 6cf9f09e78c446e586ce62198f7dae7a P 2c21020b341e4d37b54022e518f5c3eb: No bootstrap required, opened a new log
I20260713 09:08:54.546417 22975 ts_tablet_manager.cc:1403] T 6cf9f09e78c446e586ce62198f7dae7a P 2c21020b341e4d37b54022e518f5c3eb: Time spent bootstrapping tablet: real 0.352s	user 0.006s	sys 0.025s
I20260713 09:08:54.564854 22976 tablet_bootstrap.cc:492] T eef58b1d80fc46ef97ef4612ac514fa1 P 9431e1833ed14bae8b106cf9b0d61cf8: No bootstrap required, opened a new log
I20260713 09:08:54.565310 22976 ts_tablet_manager.cc:1403] T eef58b1d80fc46ef97ef4612ac514fa1 P 9431e1833ed14bae8b106cf9b0d61cf8: Time spent bootstrapping tablet: real 0.373s	user 0.038s	sys 0.037s
I20260713 09:08:54.544119 22982 raft_consensus.cc:515] T 187c0e826e8b458e8944f0848cf11c7c P 9431e1833ed14bae8b106cf9b0d61cf8 [term 0 FOLLOWER]: Starting pre-election with config: opid_index: -1 OBSOLETE_local: false peers { permanent_uuid: "2c21020b341e4d37b54022e518f5c3eb" member_type: VOTER last_known_addr { host: "127.21.42.1" port: 35145 } } peers { permanent_uuid: "a1ea61bd9fcc48488c15c6fc903c2716" member_type: VOTER last_known_addr { host: "127.21.42.2" port: 43023 } } peers { permanent_uuid: "9431e1833ed14bae8b106cf9b0d61cf8" member_type: VOTER last_known_addr { host: "127.21.42.3" port: 43101 } }
I20260713 09:08:54.571597 22982 leader_election.cc:290] T 187c0e826e8b458e8944f0848cf11c7c P 9431e1833ed14bae8b106cf9b0d61cf8 [CANDIDATE]: Term 1 pre-election: Requested pre-vote from peers 2c21020b341e4d37b54022e518f5c3eb (127.21.42.1:35145), a1ea61bd9fcc48488c15c6fc903c2716 (127.21.42.2:43023)
I20260713 09:08:54.573407 22975 raft_consensus.cc:359] T 6cf9f09e78c446e586ce62198f7dae7a P 2c21020b341e4d37b54022e518f5c3eb [term 0 FOLLOWER]: Replica starting. Triggering 0 pending ops. Active config: opid_index: -1 OBSOLETE_local: false peers { permanent_uuid: "2c21020b341e4d37b54022e518f5c3eb" member_type: VOTER last_known_addr { host: "127.21.42.1" port: 35145 } } peers { permanent_uuid: "a1ea61bd9fcc48488c15c6fc903c2716" member_type: VOTER last_known_addr { host: "127.21.42.2" port: 43023 } } peers { permanent_uuid: "9431e1833ed14bae8b106cf9b0d61cf8" member_type: VOTER last_known_addr { host: "127.21.42.3" port: 43101 } }
I20260713 09:08:54.573840 22975 raft_consensus.cc:385] T 6cf9f09e78c446e586ce62198f7dae7a P 2c21020b341e4d37b54022e518f5c3eb [term 0 FOLLOWER]: Consensus starting up: Expiring failure detector timer to make a prompt election more likely
I20260713 09:08:54.573999 22975 raft_consensus.cc:740] T 6cf9f09e78c446e586ce62198f7dae7a P 2c21020b341e4d37b54022e518f5c3eb [term 0 FOLLOWER]: Becoming Follower/Learner. State: Replica: 2c21020b341e4d37b54022e518f5c3eb, State: Initialized, Role: FOLLOWER
I20260713 09:08:54.574589 22975 consensus_queue.cc:260] T 6cf9f09e78c446e586ce62198f7dae7a P 2c21020b341e4d37b54022e518f5c3eb [NON_LEADER]: Queue going to NON_LEADER mode. State: All replicated index: 0, Majority replicated index: 0, Committed index: 0, Last appended: 0.0, Last appended by leader: 0, Current term: 0, Majority size: -1, State: 0, Mode: NON_LEADER, active raft config: opid_index: -1 OBSOLETE_local: false peers { permanent_uuid: "2c21020b341e4d37b54022e518f5c3eb" member_type: VOTER last_known_addr { host: "127.21.42.1" port: 35145 } } peers { permanent_uuid: "a1ea61bd9fcc48488c15c6fc903c2716" member_type: VOTER last_known_addr { host: "127.21.42.2" port: 43023 } } peers { permanent_uuid: "9431e1833ed14bae8b106cf9b0d61cf8" member_type: VOTER last_known_addr { host: "127.21.42.3" port: 43101 } }
I20260713 09:08:54.576437 22975 ts_tablet_manager.cc:1434] T 6cf9f09e78c446e586ce62198f7dae7a P 2c21020b341e4d37b54022e518f5c3eb: Time spent starting tablet: real 0.030s	user 0.004s	sys 0.000s
I20260713 09:08:54.577103 22975 tablet_bootstrap.cc:492] T 3604b5167dc04627a0aac5bb5edfe073 P 2c21020b341e4d37b54022e518f5c3eb: Bootstrap starting.
I20260713 09:08:54.578696 22974 tablet_bootstrap.cc:654] T 8cd5b7f49c6d438a87686993e2d2ebed P a1ea61bd9fcc48488c15c6fc903c2716: Neither blocks nor log segments found. Creating new log.
I20260713 09:08:54.580819 22976 raft_consensus.cc:359] T eef58b1d80fc46ef97ef4612ac514fa1 P 9431e1833ed14bae8b106cf9b0d61cf8 [term 0 FOLLOWER]: Replica starting. Triggering 0 pending ops. Active config: opid_index: -1 OBSOLETE_local: false peers { permanent_uuid: "2c21020b341e4d37b54022e518f5c3eb" member_type: VOTER last_known_addr { host: "127.21.42.1" port: 35145 } } peers { permanent_uuid: "a1ea61bd9fcc48488c15c6fc903c2716" member_type: VOTER last_known_addr { host: "127.21.42.2" port: 43023 } } peers { permanent_uuid: "9431e1833ed14bae8b106cf9b0d61cf8" member_type: VOTER last_known_addr { host: "127.21.42.3" port: 43101 } }
I20260713 09:08:54.581688 22976 raft_consensus.cc:385] T eef58b1d80fc46ef97ef4612ac514fa1 P 9431e1833ed14bae8b106cf9b0d61cf8 [term 0 FOLLOWER]: Consensus starting up: Expiring failure detector timer to make a prompt election more likely
I20260713 09:08:54.581938 22976 raft_consensus.cc:740] T eef58b1d80fc46ef97ef4612ac514fa1 P 9431e1833ed14bae8b106cf9b0d61cf8 [term 0 FOLLOWER]: Becoming Follower/Learner. State: Replica: 9431e1833ed14bae8b106cf9b0d61cf8, State: Initialized, Role: FOLLOWER
I20260713 09:08:54.582535 22976 consensus_queue.cc:260] T eef58b1d80fc46ef97ef4612ac514fa1 P 9431e1833ed14bae8b106cf9b0d61cf8 [NON_LEADER]: Queue going to NON_LEADER mode. State: All replicated index: 0, Majority replicated index: 0, Committed index: 0, Last appended: 0.0, Last appended by leader: 0, Current term: 0, Majority size: -1, State: 0, Mode: NON_LEADER, active raft config: opid_index: -1 OBSOLETE_local: false peers { permanent_uuid: "2c21020b341e4d37b54022e518f5c3eb" member_type: VOTER last_known_addr { host: "127.21.42.1" port: 35145 } } peers { permanent_uuid: "a1ea61bd9fcc48488c15c6fc903c2716" member_type: VOTER last_known_addr { host: "127.21.42.2" port: 43023 } } peers { permanent_uuid: "9431e1833ed14bae8b106cf9b0d61cf8" member_type: VOTER last_known_addr { host: "127.21.42.3" port: 43101 } }
I20260713 09:08:54.585952 22976 ts_tablet_manager.cc:1434] T eef58b1d80fc46ef97ef4612ac514fa1 P 9431e1833ed14bae8b106cf9b0d61cf8: Time spent starting tablet: real 0.020s	user 0.003s	sys 0.001s
I20260713 09:08:54.586720 22976 tablet_bootstrap.cc:492] T 03a3b9bf82ff4439b313183132541d7e P 9431e1833ed14bae8b106cf9b0d61cf8: Bootstrap starting.
I20260713 09:08:54.588056 22975 tablet_bootstrap.cc:654] T 3604b5167dc04627a0aac5bb5edfe073 P 2c21020b341e4d37b54022e518f5c3eb: Neither blocks nor log segments found. Creating new log.
I20260713 09:08:54.592550 22976 tablet_bootstrap.cc:654] T 03a3b9bf82ff4439b313183132541d7e P 9431e1833ed14bae8b106cf9b0d61cf8: Neither blocks nor log segments found. Creating new log.
I20260713 09:08:54.596279 23015 consensus_queue.cc:1048] T a5a3d58078f64242b7595c428bfbee1d P 2c21020b341e4d37b54022e518f5c3eb [LEADER]: Connected to new peer: Peer: permanent_uuid: "9431e1833ed14bae8b106cf9b0d61cf8" member_type: VOTER last_known_addr { host: "127.21.42.3" port: 43101 }, Status: LMP_MISMATCH, Last received: 0.0, Next index: 1, Last known committed idx: 0, Time since last communication: 0.000s
I20260713 09:08:54.606958 22975 tablet_bootstrap.cc:492] T 3604b5167dc04627a0aac5bb5edfe073 P 2c21020b341e4d37b54022e518f5c3eb: No bootstrap required, opened a new log
I20260713 09:08:54.607376 22975 ts_tablet_manager.cc:1403] T 3604b5167dc04627a0aac5bb5edfe073 P 2c21020b341e4d37b54022e518f5c3eb: Time spent bootstrapping tablet: real 0.030s	user 0.011s	sys 0.003s
I20260713 09:08:54.608583 22976 tablet_bootstrap.cc:492] T 03a3b9bf82ff4439b313183132541d7e P 9431e1833ed14bae8b106cf9b0d61cf8: No bootstrap required, opened a new log
I20260713 09:08:54.608994 22976 ts_tablet_manager.cc:1403] T 03a3b9bf82ff4439b313183132541d7e P 9431e1833ed14bae8b106cf9b0d61cf8: Time spent bootstrapping tablet: real 0.022s	user 0.009s	sys 0.005s
I20260713 09:08:54.610059 22975 raft_consensus.cc:359] T 3604b5167dc04627a0aac5bb5edfe073 P 2c21020b341e4d37b54022e518f5c3eb [term 0 FOLLOWER]: Replica starting. Triggering 0 pending ops. Active config: opid_index: -1 OBSOLETE_local: false peers { permanent_uuid: "2c21020b341e4d37b54022e518f5c3eb" member_type: VOTER last_known_addr { host: "127.21.42.1" port: 35145 } } peers { permanent_uuid: "a1ea61bd9fcc48488c15c6fc903c2716" member_type: VOTER last_known_addr { host: "127.21.42.2" port: 43023 } } peers { permanent_uuid: "9431e1833ed14bae8b106cf9b0d61cf8" member_type: VOTER last_known_addr { host: "127.21.42.3" port: 43101 } }
I20260713 09:08:54.610668 22975 raft_consensus.cc:385] T 3604b5167dc04627a0aac5bb5edfe073 P 2c21020b341e4d37b54022e518f5c3eb [term 0 FOLLOWER]: Consensus starting up: Expiring failure detector timer to make a prompt election more likely
I20260713 09:08:54.610942 22975 raft_consensus.cc:740] T 3604b5167dc04627a0aac5bb5edfe073 P 2c21020b341e4d37b54022e518f5c3eb [term 0 FOLLOWER]: Becoming Follower/Learner. State: Replica: 2c21020b341e4d37b54022e518f5c3eb, State: Initialized, Role: FOLLOWER
I20260713 09:08:54.611222 22782 tablet_service.cc:1917] Received RequestConsensusVote() RPC: tablet_id: "bc006cbf32ba416f846c0110d54bd475" candidate_uuid: "9431e1833ed14bae8b106cf9b0d61cf8" candidate_term: 1 candidate_status { last_received { term: 0 index: 0 } } ignore_live_leader: false dest_uuid: "2c21020b341e4d37b54022e518f5c3eb" is_pre_election: true
I20260713 09:08:54.611359 22976 raft_consensus.cc:359] T 03a3b9bf82ff4439b313183132541d7e P 9431e1833ed14bae8b106cf9b0d61cf8 [term 0 FOLLOWER]: Replica starting. Triggering 0 pending ops. Active config: opid_index: -1 OBSOLETE_local: false peers { permanent_uuid: "2c21020b341e4d37b54022e518f5c3eb" member_type: VOTER last_known_addr { host: "127.21.42.1" port: 35145 } } peers { permanent_uuid: "a1ea61bd9fcc48488c15c6fc903c2716" member_type: VOTER last_known_addr { host: "127.21.42.2" port: 43023 } } peers { permanent_uuid: "9431e1833ed14bae8b106cf9b0d61cf8" member_type: VOTER last_known_addr { host: "127.21.42.3" port: 43101 } }
I20260713 09:08:54.611629 22975 consensus_queue.cc:260] T 3604b5167dc04627a0aac5bb5edfe073 P 2c21020b341e4d37b54022e518f5c3eb [NON_LEADER]: Queue going to NON_LEADER mode. State: All replicated index: 0, Majority replicated index: 0, Committed index: 0, Last appended: 0.0, Last appended by leader: 0, Current term: 0, Majority size: -1, State: 0, Mode: NON_LEADER, active raft config: opid_index: -1 OBSOLETE_local: false peers { permanent_uuid: "2c21020b341e4d37b54022e518f5c3eb" member_type: VOTER last_known_addr { host: "127.21.42.1" port: 35145 } } peers { permanent_uuid: "a1ea61bd9fcc48488c15c6fc903c2716" member_type: VOTER last_known_addr { host: "127.21.42.2" port: 43023 } } peers { permanent_uuid: "9431e1833ed14bae8b106cf9b0d61cf8" member_type: VOTER last_known_addr { host: "127.21.42.3" port: 43101 } }
I20260713 09:08:54.611995 22976 raft_consensus.cc:385] T 03a3b9bf82ff4439b313183132541d7e P 9431e1833ed14bae8b106cf9b0d61cf8 [term 0 FOLLOWER]: Consensus starting up: Expiring failure detector timer to make a prompt election more likely
I20260713 09:08:54.612339 22976 raft_consensus.cc:740] T 03a3b9bf82ff4439b313183132541d7e P 9431e1833ed14bae8b106cf9b0d61cf8 [term 0 FOLLOWER]: Becoming Follower/Learner. State: Replica: 9431e1833ed14bae8b106cf9b0d61cf8, State: Initialized, Role: FOLLOWER
I20260713 09:08:54.613673 22975 ts_tablet_manager.cc:1434] T 3604b5167dc04627a0aac5bb5edfe073 P 2c21020b341e4d37b54022e518f5c3eb: Time spent starting tablet: real 0.006s	user 0.005s	sys 0.000s
I20260713 09:08:54.613420 22976 consensus_queue.cc:260] T 03a3b9bf82ff4439b313183132541d7e P 9431e1833ed14bae8b106cf9b0d61cf8 [NON_LEADER]: Queue going to NON_LEADER mode. State: All replicated index: 0, Majority replicated index: 0, Committed index: 0, Last appended: 0.0, Last appended by leader: 0, Current term: 0, Majority size: -1, State: 0, Mode: NON_LEADER, active raft config: opid_index: -1 OBSOLETE_local: false peers { permanent_uuid: "2c21020b341e4d37b54022e518f5c3eb" member_type: VOTER last_known_addr { host: "127.21.42.1" port: 35145 } } peers { permanent_uuid: "a1ea61bd9fcc48488c15c6fc903c2716" member_type: VOTER last_known_addr { host: "127.21.42.2" port: 43023 } } peers { permanent_uuid: "9431e1833ed14bae8b106cf9b0d61cf8" member_type: VOTER last_known_addr { host: "127.21.42.3" port: 43101 } }
W20260713 09:08:54.613745 22900 leader_election.cc:343] T bc006cbf32ba416f846c0110d54bd475 P 9431e1833ed14bae8b106cf9b0d61cf8 [CANDIDATE]: Term 1 pre-election: Tablet error from VoteRequest() call to peer 2c21020b341e4d37b54022e518f5c3eb (127.21.42.1:35145): Illegal state: must be running to vote when last-logged opid is not known
I20260713 09:08:54.614552 22975 tablet_bootstrap.cc:492] T cf915563f2454559b6f6158506e6f4e4 P 2c21020b341e4d37b54022e518f5c3eb: Bootstrap starting.
I20260713 09:08:54.615517 22976 ts_tablet_manager.cc:1434] T 03a3b9bf82ff4439b313183132541d7e P 9431e1833ed14bae8b106cf9b0d61cf8: Time spent starting tablet: real 0.006s	user 0.008s	sys 0.000s
I20260713 09:08:54.616312 22976 tablet_bootstrap.cc:492] T 51a43e488b5a48c39056573d89c5ee87 P 9431e1833ed14bae8b106cf9b0d61cf8: Bootstrap starting.
I20260713 09:08:54.620859 22975 tablet_bootstrap.cc:654] T cf915563f2454559b6f6158506e6f4e4 P 2c21020b341e4d37b54022e518f5c3eb: Neither blocks nor log segments found. Creating new log.
I20260713 09:08:54.621790 22976 tablet_bootstrap.cc:654] T 51a43e488b5a48c39056573d89c5ee87 P 9431e1833ed14bae8b106cf9b0d61cf8: Neither blocks nor log segments found. Creating new log.
I20260713 09:08:54.684212 22783 tablet_service.cc:1917] Received RequestConsensusVote() RPC: tablet_id: "0503d449ec87422989991c891f179401" candidate_uuid: "9431e1833ed14bae8b106cf9b0d61cf8" candidate_term: 1 candidate_status { last_received { term: 0 index: 0 } } ignore_live_leader: false dest_uuid: "2c21020b341e4d37b54022e518f5c3eb"
I20260713 09:08:54.684772 22783 raft_consensus.cc:3060] T 0503d449ec87422989991c891f179401 P 2c21020b341e4d37b54022e518f5c3eb [term 0 FOLLOWER]: Advancing to term 1
I20260713 09:08:54.691004 22783 raft_consensus.cc:2468] T 0503d449ec87422989991c891f179401 P 2c21020b341e4d37b54022e518f5c3eb [term 1 FOLLOWER]: Leader election vote request: Granting yes vote for candidate 9431e1833ed14bae8b106cf9b0d61cf8 in term 1.
I20260713 09:08:54.696915 23088 raft_consensus.cc:493] T 6cf9f09e78c446e586ce62198f7dae7a P a1ea61bd9fcc48488c15c6fc903c2716 [term 0 FOLLOWER]: Starting pre-election (no leader contacted us within the election timeout)
I20260713 09:08:54.697391 23088 raft_consensus.cc:515] T 6cf9f09e78c446e586ce62198f7dae7a P a1ea61bd9fcc48488c15c6fc903c2716 [term 0 FOLLOWER]: Starting pre-election with config: opid_index: -1 OBSOLETE_local: false peers { permanent_uuid: "2c21020b341e4d37b54022e518f5c3eb" member_type: VOTER last_known_addr { host: "127.21.42.1" port: 35145 } } peers { permanent_uuid: "a1ea61bd9fcc48488c15c6fc903c2716" member_type: VOTER last_known_addr { host: "127.21.42.2" port: 43023 } } peers { permanent_uuid: "9431e1833ed14bae8b106cf9b0d61cf8" member_type: VOTER last_known_addr { host: "127.21.42.3" port: 43101 } }
W20260713 09:08:54.699443 22900 consensus_peers.cc:597] T cf915563f2454559b6f6158506e6f4e4 P 9431e1833ed14bae8b106cf9b0d61cf8 -> Peer 2c21020b341e4d37b54022e518f5c3eb (127.21.42.1:35145): Couldn't send request to peer 2c21020b341e4d37b54022e518f5c3eb. Error code: TABLET_NOT_RUNNING (12). Status: Illegal state: Tablet not RUNNING: BOOTSTRAPPING. This is attempt 1: this message will repeat every 5th retry.
I20260713 09:08:54.699452 23088 leader_election.cc:290] T 6cf9f09e78c446e586ce62198f7dae7a P a1ea61bd9fcc48488c15c6fc903c2716 [CANDIDATE]: Term 1 pre-election: Requested pre-vote from peers 2c21020b341e4d37b54022e518f5c3eb (127.21.42.1:35145), 9431e1833ed14bae8b106cf9b0d61cf8 (127.21.42.3:43101)
I20260713 09:08:54.700085 22900 leader_election.cc:304] T 0503d449ec87422989991c891f179401 P 9431e1833ed14bae8b106cf9b0d61cf8 [CANDIDATE]: Term 1 election: Election decided. Result: candidate won. Election summary: received 2 responses out of 3 voters: 2 yes votes; 0 no votes. yes voters: 2c21020b341e4d37b54022e518f5c3eb, 9431e1833ed14bae8b106cf9b0d61cf8; no voters: 
I20260713 09:08:54.700798 23078 raft_consensus.cc:2804] T 0503d449ec87422989991c891f179401 P 9431e1833ed14bae8b106cf9b0d61cf8 [term 1 FOLLOWER]: Leader election won for term 1
I20260713 09:08:54.700697 22982 consensus_queue.cc:1048] T 71f722c1c1734f30b9a453bac4370c4a P 9431e1833ed14bae8b106cf9b0d61cf8 [LEADER]: Connected to new peer: Peer: permanent_uuid: "2c21020b341e4d37b54022e518f5c3eb" member_type: VOTER last_known_addr { host: "127.21.42.1" port: 35145 }, Status: LMP_MISMATCH, Last received: 0.0, Next index: 1, Last known committed idx: 0, Time since last communication: 0.000s
I20260713 09:08:54.701210 23078 raft_consensus.cc:697] T 0503d449ec87422989991c891f179401 P 9431e1833ed14bae8b106cf9b0d61cf8 [term 1 LEADER]: Becoming Leader. State: Replica: 9431e1833ed14bae8b106cf9b0d61cf8, State: Running, Role: LEADER
I20260713 09:08:54.702034 23078 consensus_queue.cc:237] T 0503d449ec87422989991c891f179401 P 9431e1833ed14bae8b106cf9b0d61cf8 [LEADER]: Queue going to LEADER mode. State: All replicated index: 0, Majority replicated index: 0, Committed index: 0, Last appended: 0.0, Last appended by leader: 0, Current term: 1, Majority size: 2, State: 0, Mode: LEADER, active raft config: opid_index: -1 OBSOLETE_local: false peers { permanent_uuid: "2c21020b341e4d37b54022e518f5c3eb" member_type: VOTER last_known_addr { host: "127.21.42.1" port: 35145 } } peers { permanent_uuid: "a1ea61bd9fcc48488c15c6fc903c2716" member_type: VOTER last_known_addr { host: "127.21.42.2" port: 43023 } } peers { permanent_uuid: "9431e1833ed14bae8b106cf9b0d61cf8" member_type: VOTER last_known_addr { host: "127.21.42.3" port: 43101 } }
I20260713 09:08:54.703851 22933 tablet_service.cc:1917] Received RequestConsensusVote() RPC: tablet_id: "6cf9f09e78c446e586ce62198f7dae7a" candidate_uuid: "a1ea61bd9fcc48488c15c6fc903c2716" candidate_term: 1 candidate_status { last_received { term: 0 index: 0 } } ignore_live_leader: false dest_uuid: "9431e1833ed14bae8b106cf9b0d61cf8" is_pre_election: true
W20260713 09:08:54.707304 22825 leader_election.cc:343] T 6cf9f09e78c446e586ce62198f7dae7a P a1ea61bd9fcc48488c15c6fc903c2716 [CANDIDATE]: Term 1 pre-election: Tablet error from VoteRequest() call to peer 9431e1833ed14bae8b106cf9b0d61cf8 (127.21.42.3:43101): Illegal state: must be running to vote when last-logged opid is not known
I20260713 09:08:54.710155 23078 consensus_queue.cc:1048] T e8b1b748436246fd84b74d98e89b25fb P 9431e1833ed14bae8b106cf9b0d61cf8 [LEADER]: Connected to new peer: Peer: permanent_uuid: "2c21020b341e4d37b54022e518f5c3eb" member_type: VOTER last_known_addr { host: "127.21.42.1" port: 35145 }, Status: LMP_MISMATCH, Last received: 0.0, Next index: 1, Last known committed idx: 0, Time since last communication: 0.000s
I20260713 09:08:54.714469 22981 raft_consensus.cc:493] T 1a9f3a24242e43feb6ded0fefcb50615 P 2c21020b341e4d37b54022e518f5c3eb [term 0 FOLLOWER]: Starting pre-election (no leader contacted us within the election timeout)
I20260713 09:08:54.714939 22981 raft_consensus.cc:515] T 1a9f3a24242e43feb6ded0fefcb50615 P 2c21020b341e4d37b54022e518f5c3eb [term 0 FOLLOWER]: Starting pre-election with config: opid_index: -1 OBSOLETE_local: false peers { permanent_uuid: "2c21020b341e4d37b54022e518f5c3eb" member_type: VOTER last_known_addr { host: "127.21.42.1" port: 35145 } } peers { permanent_uuid: "a1ea61bd9fcc48488c15c6fc903c2716" member_type: VOTER last_known_addr { host: "127.21.42.2" port: 43023 } } peers { permanent_uuid: "9431e1833ed14bae8b106cf9b0d61cf8" member_type: VOTER last_known_addr { host: "127.21.42.3" port: 43101 } }
I20260713 09:08:54.719722 23087 consensus_queue.cc:1048] T f3fb237bc8254334bd2510f572f2e388 P 2c21020b341e4d37b54022e518f5c3eb [LEADER]: Connected to new peer: Peer: permanent_uuid: "9431e1833ed14bae8b106cf9b0d61cf8" member_type: VOTER last_known_addr { host: "127.21.42.3" port: 43101 }, Status: LMP_MISMATCH, Last received: 0.0, Next index: 1, Last known committed idx: 0, Time since last communication: 0.001s
I20260713 09:08:54.720283 22934 tablet_service.cc:1917] Received RequestConsensusVote() RPC: tablet_id: "1a9f3a24242e43feb6ded0fefcb50615" candidate_uuid: "2c21020b341e4d37b54022e518f5c3eb" candidate_term: 1 candidate_status { last_received { term: 0 index: 0 } } ignore_live_leader: false dest_uuid: "9431e1833ed14bae8b106cf9b0d61cf8" is_pre_election: true
I20260713 09:08:54.721979 22779 tablet_service.cc:1917] Received RequestConsensusVote() RPC: tablet_id: "187c0e826e8b458e8944f0848cf11c7c" candidate_uuid: "9431e1833ed14bae8b106cf9b0d61cf8" candidate_term: 1 candidate_status { last_received { term: 0 index: 0 } } ignore_live_leader: false dest_uuid: "2c21020b341e4d37b54022e518f5c3eb" is_pre_election: true
W20260713 09:08:54.722111 22750 leader_election.cc:343] T 1a9f3a24242e43feb6ded0fefcb50615 P 2c21020b341e4d37b54022e518f5c3eb [CANDIDATE]: Term 1 pre-election: Tablet error from VoteRequest() call to peer 9431e1833ed14bae8b106cf9b0d61cf8 (127.21.42.3:43101): Illegal state: must be running to vote when last-logged opid is not known
W20260713 09:08:54.723686 22900 leader_election.cc:343] T 187c0e826e8b458e8944f0848cf11c7c P 9431e1833ed14bae8b106cf9b0d61cf8 [CANDIDATE]: Term 1 pre-election: Tablet error from VoteRequest() call to peer 2c21020b341e4d37b54022e518f5c3eb (127.21.42.1:35145): Illegal state: must be running to vote when last-logged opid is not known
I20260713 09:08:54.723568 23078 consensus_queue.cc:1048] T d676c612c36d4b10839d8d85cd8a0bf1 P 9431e1833ed14bae8b106cf9b0d61cf8 [LEADER]: Connected to new peer: Peer: permanent_uuid: "2c21020b341e4d37b54022e518f5c3eb" member_type: VOTER last_known_addr { host: "127.21.42.1" port: 35145 }, Status: LMP_MISMATCH, Last received: 0.0, Next index: 1, Last known committed idx: 0, Time since last communication: 0.000s
I20260713 09:08:54.724824 22981 leader_election.cc:290] T 1a9f3a24242e43feb6ded0fefcb50615 P 2c21020b341e4d37b54022e518f5c3eb [CANDIDATE]: Term 1 pre-election: Requested pre-vote from peers a1ea61bd9fcc48488c15c6fc903c2716 (127.21.42.2:43023), 9431e1833ed14bae8b106cf9b0d61cf8 (127.21.42.3:43101)
I20260713 09:08:54.727237 23088 consensus_queue.cc:1048] T 361dfc56482f41579aad7408d4854498 P a1ea61bd9fcc48488c15c6fc903c2716 [LEADER]: Connected to new peer: Peer: permanent_uuid: "9431e1833ed14bae8b106cf9b0d61cf8" member_type: VOTER last_known_addr { host: "127.21.42.3" port: 43101 }, Status: LMP_MISMATCH, Last received: 0.0, Next index: 1, Last known committed idx: 0, Time since last communication: 0.000s
W20260713 09:08:54.738098 22731 auto_rebalancer.cc:288] Could not retrieve cluster info: Service unavailable: Tablet not running
I20260713 09:08:54.740855 23088 raft_consensus.cc:493] T bc006cbf32ba416f846c0110d54bd475 P a1ea61bd9fcc48488c15c6fc903c2716 [term 0 FOLLOWER]: Starting pre-election (no leader contacted us within the election timeout)
I20260713 09:08:54.741314 23088 raft_consensus.cc:515] T bc006cbf32ba416f846c0110d54bd475 P a1ea61bd9fcc48488c15c6fc903c2716 [term 0 FOLLOWER]: Starting pre-election with config: opid_index: -1 OBSOLETE_local: false peers { permanent_uuid: "2c21020b341e4d37b54022e518f5c3eb" member_type: VOTER last_known_addr { host: "127.21.42.1" port: 35145 } } peers { permanent_uuid: "a1ea61bd9fcc48488c15c6fc903c2716" member_type: VOTER last_known_addr { host: "127.21.42.2" port: 43023 } } peers { permanent_uuid: "9431e1833ed14bae8b106cf9b0d61cf8" member_type: VOTER last_known_addr { host: "127.21.42.3" port: 43101 } }
I20260713 09:08:54.744295 22934 tablet_service.cc:1917] Received RequestConsensusVote() RPC: tablet_id: "bc006cbf32ba416f846c0110d54bd475" candidate_uuid: "a1ea61bd9fcc48488c15c6fc903c2716" candidate_term: 1 candidate_status { last_received { term: 0 index: 0 } } ignore_live_leader: false dest_uuid: "9431e1833ed14bae8b106cf9b0d61cf8" is_pre_election: true
I20260713 09:08:54.744831 22934 raft_consensus.cc:2468] T bc006cbf32ba416f846c0110d54bd475 P 9431e1833ed14bae8b106cf9b0d61cf8 [term 0 FOLLOWER]: Leader pre-election vote request: Granting yes vote for candidate a1ea61bd9fcc48488c15c6fc903c2716 in term 0.
I20260713 09:08:54.745874 22825 leader_election.cc:304] T bc006cbf32ba416f846c0110d54bd475 P a1ea61bd9fcc48488c15c6fc903c2716 [CANDIDATE]: Term 1 pre-election: Election decided. Result: candidate won. Election summary: received 2 responses out of 3 voters: 2 yes votes; 0 no votes. yes voters: 9431e1833ed14bae8b106cf9b0d61cf8, a1ea61bd9fcc48488c15c6fc903c2716; no voters: 
I20260713 09:08:54.746675 23088 leader_election.cc:290] T bc006cbf32ba416f846c0110d54bd475 P a1ea61bd9fcc48488c15c6fc903c2716 [CANDIDATE]: Term 1 pre-election: Requested pre-vote from peers 2c21020b341e4d37b54022e518f5c3eb (127.21.42.1:35145), 9431e1833ed14bae8b106cf9b0d61cf8 (127.21.42.3:43101)
I20260713 09:08:54.751618 22781 tablet_service.cc:1917] Received RequestConsensusVote() RPC: tablet_id: "6cf9f09e78c446e586ce62198f7dae7a" candidate_uuid: "a1ea61bd9fcc48488c15c6fc903c2716" candidate_term: 1 candidate_status { last_received { term: 0 index: 0 } } ignore_live_leader: false dest_uuid: "2c21020b341e4d37b54022e518f5c3eb" is_pre_election: true
I20260713 09:08:54.754735 22781 raft_consensus.cc:2468] T 6cf9f09e78c446e586ce62198f7dae7a P 2c21020b341e4d37b54022e518f5c3eb [term 0 FOLLOWER]: Leader pre-election vote request: Granting yes vote for candidate a1ea61bd9fcc48488c15c6fc903c2716 in term 0.
I20260713 09:08:54.767714 22997 raft_consensus.cc:2804] T bc006cbf32ba416f846c0110d54bd475 P a1ea61bd9fcc48488c15c6fc903c2716 [term 0 FOLLOWER]: Leader pre-election won for term 1
I20260713 09:08:54.768095 22997 raft_consensus.cc:493] T bc006cbf32ba416f846c0110d54bd475 P a1ea61bd9fcc48488c15c6fc903c2716 [term 0 FOLLOWER]: Starting leader election (no leader contacted us within the election timeout)
I20260713 09:08:54.768409 22997 raft_consensus.cc:3060] T bc006cbf32ba416f846c0110d54bd475 P a1ea61bd9fcc48488c15c6fc903c2716 [term 0 FOLLOWER]: Advancing to term 1
I20260713 09:08:54.754245 22975 tablet_bootstrap.cc:492] T cf915563f2454559b6f6158506e6f4e4 P 2c21020b341e4d37b54022e518f5c3eb: No bootstrap required, opened a new log
I20260713 09:08:54.771611 22975 ts_tablet_manager.cc:1403] T cf915563f2454559b6f6158506e6f4e4 P 2c21020b341e4d37b54022e518f5c3eb: Time spent bootstrapping tablet: real 0.157s	user 0.005s	sys 0.008s
I20260713 09:08:54.774107 22975 raft_consensus.cc:359] T cf915563f2454559b6f6158506e6f4e4 P 2c21020b341e4d37b54022e518f5c3eb [term 0 FOLLOWER]: Replica starting. Triggering 0 pending ops. Active config: opid_index: -1 OBSOLETE_local: false peers { permanent_uuid: "2c21020b341e4d37b54022e518f5c3eb" member_type: VOTER last_known_addr { host: "127.21.42.1" port: 35145 } } peers { permanent_uuid: "a1ea61bd9fcc48488c15c6fc903c2716" member_type: VOTER last_known_addr { host: "127.21.42.2" port: 43023 } } peers { permanent_uuid: "9431e1833ed14bae8b106cf9b0d61cf8" member_type: VOTER last_known_addr { host: "127.21.42.3" port: 43101 } }
I20260713 09:08:54.774734 22975 raft_consensus.cc:385] T cf915563f2454559b6f6158506e6f4e4 P 2c21020b341e4d37b54022e518f5c3eb [term 0 FOLLOWER]: Consensus starting up: Expiring failure detector timer to make a prompt election more likely
I20260713 09:08:54.774976 22975 raft_consensus.cc:740] T cf915563f2454559b6f6158506e6f4e4 P 2c21020b341e4d37b54022e518f5c3eb [term 0 FOLLOWER]: Becoming Follower/Learner. State: Replica: 2c21020b341e4d37b54022e518f5c3eb, State: Initialized, Role: FOLLOWER
W20260713 09:08:54.763113 22857 consensus_meta.cc:287] T e8b1b748436246fd84b74d98e89b25fb P a1ea61bd9fcc48488c15c6fc903c2716: Time spent flushing consensus metadata: real 0.520s	user 0.010s	sys 0.005s
