W20260713 09:08:55.149632 22887 leader_election.cc:343] T 6e64390c92d14ebdb13d9bf77cf4897f P 1066546cd7ed461aa49937a0e6be9a3b [CANDIDATE]: Term 1 pre-election: Tablet error from VoteRequest() call to peer 10385b2ae2be4fc7b1139485e1a78e93 (127.21.60.67:45043): Illegal state: must be running to vote when last-logged opid is not known
W20260713 09:08:55.249331 22887 outbound_call.cc:321] RPC callback for RPC call kudu.consensus.ConsensusService.RequestConsensusVote -> {remote=127.21.60.67:45043, user_credentials={real_user=slave}} blocked reactor thread for 108289us
I20260713 09:08:55.249603 23132 raft_consensus.cc:697] T d267e0757958497c8c5e6826da41072b P 10385b2ae2be4fc7b1139485e1a78e93 [term 1 LEADER]: Becoming Leader. State: Replica: 10385b2ae2be4fc7b1139485e1a78e93, State: Running, Role: LEADER
I20260713 09:08:55.250519 23132 consensus_queue.cc:237] T d267e0757958497c8c5e6826da41072b P 10385b2ae2be4fc7b1139485e1a78e93 [LEADER]: Queue going to LEADER mode. State: All replicated index: 0, Majority replicated index: 0, Committed index: 0, Last appended: 0.0, Last appended by leader: 0, Current term: 1, Majority size: 2, State: 0, Mode: LEADER, active raft config: opid_index: -1 OBSOLETE_local: false peers { permanent_uuid: "32fbe31bd1ac48d7be3206e680233cf8" member_type: VOTER last_known_addr { host: "127.21.60.65" port: 46619 } } peers { permanent_uuid: "1066546cd7ed461aa49937a0e6be9a3b" member_type: VOTER last_known_addr { host: "127.21.60.66" port: 39341 } } peers { permanent_uuid: "10385b2ae2be4fc7b1139485e1a78e93" member_type: VOTER last_known_addr { host: "127.21.60.67" port: 45043 } }
I20260713 09:08:55.253320 23114 consensus_queue.cc:1048] T bd99e89e8dd44545a16388414a85ba2b P 1066546cd7ed461aa49937a0e6be9a3b [LEADER]: Connected to new peer: Peer: permanent_uuid: "32fbe31bd1ac48d7be3206e680233cf8" member_type: VOTER last_known_addr { host: "127.21.60.65" port: 46619 }, Status: LMP_MISMATCH, Last received: 0.0, Next index: 1, Last known committed idx: 0, Time since last communication: 0.000s
I20260713 09:08:55.254374 22993 tablet_service.cc:1917] Received RequestConsensusVote() RPC: tablet_id: "4e0d15a61fe94151937e7cbd22362921" candidate_uuid: "1066546cd7ed461aa49937a0e6be9a3b" candidate_term: 1 candidate_status { last_received { term: 0 index: 0 } } ignore_live_leader: false dest_uuid: "10385b2ae2be4fc7b1139485e1a78e93" is_pre_election: true
I20260713 09:08:55.256379 22846 tablet_service.cc:1917] Received RequestConsensusVote() RPC: tablet_id: "4e0d15a61fe94151937e7cbd22362921" candidate_uuid: "1066546cd7ed461aa49937a0e6be9a3b" candidate_term: 1 candidate_status { last_received { term: 0 index: 0 } } ignore_live_leader: false dest_uuid: "32fbe31bd1ac48d7be3206e680233cf8" is_pre_election: true
I20260713 09:08:55.256953 22846 raft_consensus.cc:2468] T 4e0d15a61fe94151937e7cbd22362921 P 32fbe31bd1ac48d7be3206e680233cf8 [term 0 FOLLOWER]: Leader pre-election vote request: Granting yes vote for candidate 1066546cd7ed461aa49937a0e6be9a3b in term 0.
I20260713 09:08:55.256916 23035 tablet_bootstrap.cc:492] T 67816e17feb2423c98a05f7420f48b37 P 1066546cd7ed461aa49937a0e6be9a3b: No bootstrap required, opened a new log
I20260713 09:08:55.258123 23035 ts_tablet_manager.cc:1403] T 67816e17feb2423c98a05f7420f48b37 P 1066546cd7ed461aa49937a0e6be9a3b: Time spent bootstrapping tablet: real 0.199s	user 0.009s	sys 0.005s
I20260713 09:08:55.263285 23037 tablet_bootstrap.cc:492] T 39f7bc0b7f7948c98c367bfef746ae2d P 32fbe31bd1ac48d7be3206e680233cf8: No bootstrap required, opened a new log
I20260713 09:08:55.263931 23037 ts_tablet_manager.cc:1403] T 39f7bc0b7f7948c98c367bfef746ae2d P 32fbe31bd1ac48d7be3206e680233cf8: Time spent bootstrapping tablet: real 0.242s	user 0.014s	sys 0.000s
I20260713 09:08:55.266980 23035 raft_consensus.cc:359] T 67816e17feb2423c98a05f7420f48b37 P 1066546cd7ed461aa49937a0e6be9a3b [term 0 FOLLOWER]: Replica starting. Triggering 0 pending ops. Active config: opid_index: -1 OBSOLETE_local: false peers { permanent_uuid: "32fbe31bd1ac48d7be3206e680233cf8" member_type: VOTER last_known_addr { host: "127.21.60.65" port: 46619 } } peers { permanent_uuid: "1066546cd7ed461aa49937a0e6be9a3b" member_type: VOTER last_known_addr { host: "127.21.60.66" port: 39341 } } peers { permanent_uuid: "10385b2ae2be4fc7b1139485e1a78e93" member_type: VOTER last_known_addr { host: "127.21.60.67" port: 45043 } }
I20260713 09:08:55.267931 23035 raft_consensus.cc:385] T 67816e17feb2423c98a05f7420f48b37 P 1066546cd7ed461aa49937a0e6be9a3b [term 0 FOLLOWER]: Consensus starting up: Expiring failure detector timer to make a prompt election more likely
I20260713 09:08:55.268301 23035 raft_consensus.cc:740] T 67816e17feb2423c98a05f7420f48b37 P 1066546cd7ed461aa49937a0e6be9a3b [term 0 FOLLOWER]: Becoming Follower/Learner. State: Replica: 1066546cd7ed461aa49937a0e6be9a3b, State: Initialized, Role: FOLLOWER
I20260713 09:08:55.252133 22887 leader_election.cc:304] T 6e64390c92d14ebdb13d9bf77cf4897f P 1066546cd7ed461aa49937a0e6be9a3b [CANDIDATE]: Term 1 pre-election: Election decided. Result: candidate won. Election summary: received 3 responses out of 3 voters: 2 yes votes; 1 no votes. yes voters: 1066546cd7ed461aa49937a0e6be9a3b, 32fbe31bd1ac48d7be3206e680233cf8; no voters: 10385b2ae2be4fc7b1139485e1a78e93
I20260713 09:08:55.270808 23083 consensus_queue.cc:1048] T 6c9dd3d47c6743b5b77c043ca50801ba P 10385b2ae2be4fc7b1139485e1a78e93 [LEADER]: Connected to new peer: Peer: permanent_uuid: "1066546cd7ed461aa49937a0e6be9a3b" member_type: VOTER last_known_addr { host: "127.21.60.66" port: 39341 }, Status: LMP_MISMATCH, Last received: 0.0, Next index: 1, Last known committed idx: 0, Time since last communication: 0.003s
W20260713 09:08:55.271765 22961 outbound_call.cc:321] RPC callback for RPC call kudu.consensus.ConsensusService.UpdateConsensus -> {remote=127.21.60.66:39341, user_credentials={real_user=slave}} blocked reactor thread for 135767us
I20260713 09:08:55.272715 23036 raft_consensus.cc:359] T b9d29d4ea9a44f24adb5d6377efd42f2 P 10385b2ae2be4fc7b1139485e1a78e93 [term 0 FOLLOWER]: Replica starting. Triggering 0 pending ops. Active config: opid_index: -1 OBSOLETE_local: false peers { permanent_uuid: "32fbe31bd1ac48d7be3206e680233cf8" member_type: VOTER last_known_addr { host: "127.21.60.65" port: 46619 } } peers { permanent_uuid: "1066546cd7ed461aa49937a0e6be9a3b" member_type: VOTER last_known_addr { host: "127.21.60.66" port: 39341 } } peers { permanent_uuid: "10385b2ae2be4fc7b1139485e1a78e93" member_type: VOTER last_known_addr { host: "127.21.60.67" port: 45043 } }
I20260713 09:08:55.274215 22922 tablet_service.cc:1917] Received RequestConsensusVote() RPC: tablet_id: "88a11d84a7094bceaee91fa4207fb960" candidate_uuid: "10385b2ae2be4fc7b1139485e1a78e93" candidate_term: 2 candidate_status { last_received { term: 0 index: 0 } } ignore_live_leader: false dest_uuid: "1066546cd7ed461aa49937a0e6be9a3b" is_pre_election: true
I20260713 09:08:55.273620 23036 raft_consensus.cc:385] T b9d29d4ea9a44f24adb5d6377efd42f2 P 10385b2ae2be4fc7b1139485e1a78e93 [term 0 FOLLOWER]: Consensus starting up: Expiring failure detector timer to make a prompt election more likely
I20260713 09:08:55.275557 23036 raft_consensus.cc:740] T b9d29d4ea9a44f24adb5d6377efd42f2 P 10385b2ae2be4fc7b1139485e1a78e93 [term 0 FOLLOWER]: Becoming Follower/Learner. State: Replica: 10385b2ae2be4fc7b1139485e1a78e93, State: Initialized, Role: FOLLOWER
I20260713 09:08:55.276648 23036 consensus_queue.cc:260] T b9d29d4ea9a44f24adb5d6377efd42f2 P 10385b2ae2be4fc7b1139485e1a78e93 [NON_LEADER]: Queue going to NON_LEADER mode. State: All replicated index: 0, Majority replicated index: 0, Committed index: 0, Last appended: 0.0, Last appended by leader: 0, Current term: 0, Majority size: -1, State: 0, Mode: NON_LEADER, active raft config: opid_index: -1 OBSOLETE_local: false peers { permanent_uuid: "32fbe31bd1ac48d7be3206e680233cf8" member_type: VOTER last_known_addr { host: "127.21.60.65" port: 46619 } } peers { permanent_uuid: "1066546cd7ed461aa49937a0e6be9a3b" member_type: VOTER last_known_addr { host: "127.21.60.66" port: 39341 } } peers { permanent_uuid: "10385b2ae2be4fc7b1139485e1a78e93" member_type: VOTER last_known_addr { host: "127.21.60.67" port: 45043 } }
I20260713 09:08:55.278937 23037 raft_consensus.cc:359] T 39f7bc0b7f7948c98c367bfef746ae2d P 32fbe31bd1ac48d7be3206e680233cf8 [term 0 FOLLOWER]: Replica starting. Triggering 0 pending ops. Active config: opid_index: -1 OBSOLETE_local: false peers { permanent_uuid: "32fbe31bd1ac48d7be3206e680233cf8" member_type: VOTER last_known_addr { host: "127.21.60.65" port: 46619 } } peers { permanent_uuid: "1066546cd7ed461aa49937a0e6be9a3b" member_type: VOTER last_known_addr { host: "127.21.60.66" port: 39341 } } peers { permanent_uuid: "10385b2ae2be4fc7b1139485e1a78e93" member_type: VOTER last_known_addr { host: "127.21.60.67" port: 45043 } }
I20260713 09:08:55.279855 23037 raft_consensus.cc:385] T 39f7bc0b7f7948c98c367bfef746ae2d P 32fbe31bd1ac48d7be3206e680233cf8 [term 0 FOLLOWER]: Consensus starting up: Expiring failure detector timer to make a prompt election more likely
I20260713 09:08:55.282047 23036 ts_tablet_manager.cc:1434] T b9d29d4ea9a44f24adb5d6377efd42f2 P 10385b2ae2be4fc7b1139485e1a78e93: Time spent starting tablet: real 0.043s	user 0.007s	sys 0.000s
I20260713 09:08:55.286595 23036 tablet_bootstrap.cc:492] T 6e64390c92d14ebdb13d9bf77cf4897f P 10385b2ae2be4fc7b1139485e1a78e93: Bootstrap starting.
I20260713 09:08:55.287405 23114 raft_consensus.cc:2804] T 6e64390c92d14ebdb13d9bf77cf4897f P 1066546cd7ed461aa49937a0e6be9a3b [term 0 FOLLOWER]: Leader pre-election won for term 1
I20260713 09:08:55.287922 23114 raft_consensus.cc:493] T 6e64390c92d14ebdb13d9bf77cf4897f P 1066546cd7ed461aa49937a0e6be9a3b [term 0 FOLLOWER]: Starting leader election (no leader contacted us within the election timeout)
I20260713 09:08:55.287106 23035 consensus_queue.cc:260] T 67816e17feb2423c98a05f7420f48b37 P 1066546cd7ed461aa49937a0e6be9a3b [NON_LEADER]: Queue going to NON_LEADER mode. State: All replicated index: 0, Majority replicated index: 0, Committed index: 0, Last appended: 0.0, Last appended by leader: 0, Current term: 0, Majority size: -1, State: 0, Mode: NON_LEADER, active raft config: opid_index: -1 OBSOLETE_local: false peers { permanent_uuid: "32fbe31bd1ac48d7be3206e680233cf8" member_type: VOTER last_known_addr { host: "127.21.60.65" port: 46619 } } peers { permanent_uuid: "1066546cd7ed461aa49937a0e6be9a3b" member_type: VOTER last_known_addr { host: "127.21.60.66" port: 39341 } } peers { permanent_uuid: "10385b2ae2be4fc7b1139485e1a78e93" member_type: VOTER last_known_addr { host: "127.21.60.67" port: 45043 } }
I20260713 09:08:55.288411 23114 raft_consensus.cc:3060] T 6e64390c92d14ebdb13d9bf77cf4897f P 1066546cd7ed461aa49937a0e6be9a3b [term 0 FOLLOWER]: Advancing to term 1
I20260713 09:08:55.280187 23037 raft_consensus.cc:740] T 39f7bc0b7f7948c98c367bfef746ae2d P 32fbe31bd1ac48d7be3206e680233cf8 [term 0 FOLLOWER]: Becoming Follower/Learner. State: Replica: 32fbe31bd1ac48d7be3206e680233cf8, State: Initialized, Role: FOLLOWER
I20260713 09:08:55.289187 23083 consensus_queue.cc:1048] T e3171bd739ee4778b3b363c58352d8f1 P 10385b2ae2be4fc7b1139485e1a78e93 [LEADER]: Connected to new peer: Peer: permanent_uuid: "32fbe31bd1ac48d7be3206e680233cf8" member_type: VOTER last_known_addr { host: "127.21.60.65" port: 46619 }, Status: LMP_MISMATCH, Last received: 0.0, Next index: 1, Last known committed idx: 0, Time since last communication: 0.000s
I20260713 09:08:55.289661 23037 consensus_queue.cc:260] T 39f7bc0b7f7948c98c367bfef746ae2d P 32fbe31bd1ac48d7be3206e680233cf8 [NON_LEADER]: Queue going to NON_LEADER mode. State: All replicated index: 0, Majority replicated index: 0, Committed index: 0, Last appended: 0.0, Last appended by leader: 0, Current term: 0, Majority size: -1, State: 0, Mode: NON_LEADER, active raft config: opid_index: -1 OBSOLETE_local: false peers { permanent_uuid: "32fbe31bd1ac48d7be3206e680233cf8" member_type: VOTER last_known_addr { host: "127.21.60.65" port: 46619 } } peers { permanent_uuid: "1066546cd7ed461aa49937a0e6be9a3b" member_type: VOTER last_known_addr { host: "127.21.60.66" port: 39341 } } peers { permanent_uuid: "10385b2ae2be4fc7b1139485e1a78e93" member_type: VOTER last_known_addr { host: "127.21.60.67" port: 45043 } }
I20260713 09:08:55.291853 23037 ts_tablet_manager.cc:1434] T 39f7bc0b7f7948c98c367bfef746ae2d P 32fbe31bd1ac48d7be3206e680233cf8: Time spent starting tablet: real 0.028s	user 0.005s	sys 0.001s
I20260713 09:08:55.294550 22961 leader_election.cc:304] T 08d7a80370cb45d0ad46a07734c495e7 P 10385b2ae2be4fc7b1139485e1a78e93 [CANDIDATE]: Term 1 pre-election: Election decided. Result: candidate lost. Election summary: received 3 responses out of 3 voters: 1 yes votes; 2 no votes. yes voters: 10385b2ae2be4fc7b1139485e1a78e93; no voters: 1066546cd7ed461aa49937a0e6be9a3b, 32fbe31bd1ac48d7be3206e680233cf8
I20260713 09:08:55.295356 23069 raft_consensus.cc:3060] T 08d7a80370cb45d0ad46a07734c495e7 P 10385b2ae2be4fc7b1139485e1a78e93 [term 0 FOLLOWER]: Advancing to term 1
I20260713 09:08:55.288553 22845 tablet_service.cc:1917] Received RequestConsensusVote() RPC: tablet_id: "88a11d84a7094bceaee91fa4207fb960" candidate_uuid: "10385b2ae2be4fc7b1139485e1a78e93" candidate_term: 2 candidate_status { last_received { term: 0 index: 0 } } ignore_live_leader: false dest_uuid: "32fbe31bd1ac48d7be3206e680233cf8" is_pre_election: true
W20260713 09:08:55.296721 22887 leader_election.cc:343] T 4e0d15a61fe94151937e7cbd22362921 P 1066546cd7ed461aa49937a0e6be9a3b [CANDIDATE]: Term 1 pre-election: Tablet error from VoteRequest() call to peer 10385b2ae2be4fc7b1139485e1a78e93 (127.21.60.67:45043): Illegal state: must be running to vote when last-logged opid is not known
I20260713 09:08:55.302313 23036 tablet_bootstrap.cc:654] T 6e64390c92d14ebdb13d9bf77cf4897f P 10385b2ae2be4fc7b1139485e1a78e93: Neither blocks nor log segments found. Creating new log.
I20260713 09:08:55.309048 23037 tablet_bootstrap.cc:492] T c44bda1644874547979c35ad6d8fab4a P 32fbe31bd1ac48d7be3206e680233cf8: Bootstrap starting.
I20260713 09:08:55.313927 23114 raft_consensus.cc:515] T 6e64390c92d14ebdb13d9bf77cf4897f P 1066546cd7ed461aa49937a0e6be9a3b [term 1 FOLLOWER]: Starting leader election with config: opid_index: -1 OBSOLETE_local: false peers { permanent_uuid: "32fbe31bd1ac48d7be3206e680233cf8" member_type: VOTER last_known_addr { host: "127.21.60.65" port: 46619 } } peers { permanent_uuid: "1066546cd7ed461aa49937a0e6be9a3b" member_type: VOTER last_known_addr { host: "127.21.60.66" port: 39341 } } peers { permanent_uuid: "10385b2ae2be4fc7b1139485e1a78e93" member_type: VOTER last_known_addr { host: "127.21.60.67" port: 45043 } }
I20260713 09:08:55.313942 22961 leader_election.cc:304] T 88a11d84a7094bceaee91fa4207fb960 P 10385b2ae2be4fc7b1139485e1a78e93 [CANDIDATE]: Term 2 pre-election: Election decided. Result: candidate lost. Election summary: received 3 responses out of 3 voters: 1 yes votes; 2 no votes. yes voters: 10385b2ae2be4fc7b1139485e1a78e93; no voters: 1066546cd7ed461aa49937a0e6be9a3b, 32fbe31bd1ac48d7be3206e680233cf8
I20260713 09:08:55.320780 23083 raft_consensus.cc:2749] T 88a11d84a7094bceaee91fa4207fb960 P 10385b2ae2be4fc7b1139485e1a78e93 [term 1 FOLLOWER]: Leader pre-election lost for term 2. Reason: could not achieve majority
I20260713 09:08:55.324875 23114 leader_election.cc:290] T 6e64390c92d14ebdb13d9bf77cf4897f P 1066546cd7ed461aa49937a0e6be9a3b [CANDIDATE]: Term 1 election: Requested vote from peers 32fbe31bd1ac48d7be3206e680233cf8 (127.21.60.65:46619), 10385b2ae2be4fc7b1139485e1a78e93 (127.21.60.67:45043)
I20260713 09:08:55.326678 23035 ts_tablet_manager.cc:1434] T 67816e17feb2423c98a05f7420f48b37 P 1066546cd7ed461aa49937a0e6be9a3b: Time spent starting tablet: real 0.068s	user 0.008s	sys 0.000s
I20260713 09:08:55.327944 23035 tablet_bootstrap.cc:492] T c44bda1644874547979c35ad6d8fab4a P 1066546cd7ed461aa49937a0e6be9a3b: Bootstrap starting.
I20260713 09:08:55.345854 22887 leader_election.cc:304] T 4e0d15a61fe94151937e7cbd22362921 P 1066546cd7ed461aa49937a0e6be9a3b [CANDIDATE]: Term 1 pre-election: Election decided. Result: candidate won. Election summary: received 3 responses out of 3 voters: 2 yes votes; 1 no votes. yes voters: 1066546cd7ed461aa49937a0e6be9a3b, 32fbe31bd1ac48d7be3206e680233cf8; no voters: 10385b2ae2be4fc7b1139485e1a78e93
I20260713 09:08:55.372946 23069 raft_consensus.cc:2749] T 08d7a80370cb45d0ad46a07734c495e7 P 10385b2ae2be4fc7b1139485e1a78e93 [term 1 FOLLOWER]: Leader pre-election lost for term 1. Reason: could not achieve majority
W20260713 09:08:55.394232 22887 outbound_call.cc:321] RPC callback for RPC call kudu.consensus.ConsensusService.RequestConsensusVote -> {remote=127.21.60.65:46619, user_credentials={real_user=slave}} blocked reactor thread for 53226.1us
I20260713 09:08:55.396196 23118 raft_consensus.cc:2804] T 4e0d15a61fe94151937e7cbd22362921 P 1066546cd7ed461aa49937a0e6be9a3b [term 0 FOLLOWER]: Leader pre-election won for term 1
I20260713 09:08:55.396633 23118 raft_consensus.cc:493] T 4e0d15a61fe94151937e7cbd22362921 P 1066546cd7ed461aa49937a0e6be9a3b [term 0 FOLLOWER]: Starting leader election (no leader contacted us within the election timeout)
I20260713 09:08:55.396981 23118 raft_consensus.cc:3060] T 4e0d15a61fe94151937e7cbd22362921 P 1066546cd7ed461aa49937a0e6be9a3b [term 0 FOLLOWER]: Advancing to term 1
I20260713 09:08:55.402455 23114 consensus_queue.cc:1048] T 994c67de4c6d4ccea499b1f1b961b735 P 1066546cd7ed461aa49937a0e6be9a3b [LEADER]: Connected to new peer: Peer: permanent_uuid: "10385b2ae2be4fc7b1139485e1a78e93" member_type: VOTER last_known_addr { host: "127.21.60.67" port: 45043 }, Status: LMP_MISMATCH, Last received: 0.0, Next index: 1, Last known committed idx: 0, Time since last communication: 0.000s
I20260713 09:08:55.403604 22846 tablet_service.cc:1917] Received RequestConsensusVote() RPC: tablet_id: "6e64390c92d14ebdb13d9bf77cf4897f" candidate_uuid: "1066546cd7ed461aa49937a0e6be9a3b" candidate_term: 1 candidate_status { last_received { term: 0 index: 0 } } ignore_live_leader: false dest_uuid: "32fbe31bd1ac48d7be3206e680233cf8"
I20260713 09:08:55.404211 22846 raft_consensus.cc:3060] T 6e64390c92d14ebdb13d9bf77cf4897f P 32fbe31bd1ac48d7be3206e680233cf8 [term 0 FOLLOWER]: Advancing to term 1
I20260713 09:08:55.409265 22994 tablet_service.cc:1917] Received RequestConsensusVote() RPC: tablet_id: "6e64390c92d14ebdb13d9bf77cf4897f" candidate_uuid: "1066546cd7ed461aa49937a0e6be9a3b" candidate_term: 1 candidate_status { last_received { term: 0 index: 0 } } ignore_live_leader: false dest_uuid: "10385b2ae2be4fc7b1139485e1a78e93"
I20260713 09:08:55.411279 23063 raft_consensus.cc:493] T 39f7bc0b7f7948c98c367bfef746ae2d P 32fbe31bd1ac48d7be3206e680233cf8 [term 0 FOLLOWER]: Starting pre-election (no leader contacted us within the election timeout)
I20260713 09:08:55.411759 23063 raft_consensus.cc:515] T 39f7bc0b7f7948c98c367bfef746ae2d P 32fbe31bd1ac48d7be3206e680233cf8 [term 0 FOLLOWER]: Starting pre-election with config: opid_index: -1 OBSOLETE_local: false peers { permanent_uuid: "32fbe31bd1ac48d7be3206e680233cf8" member_type: VOTER last_known_addr { host: "127.21.60.65" port: 46619 } } peers { permanent_uuid: "1066546cd7ed461aa49937a0e6be9a3b" member_type: VOTER last_known_addr { host: "127.21.60.66" port: 39341 } } peers { permanent_uuid: "10385b2ae2be4fc7b1139485e1a78e93" member_type: VOTER last_known_addr { host: "127.21.60.67" port: 45043 } }
I20260713 09:08:55.415753 23116 consensus_queue.cc:1048] T 994c67de4c6d4ccea499b1f1b961b735 P 1066546cd7ed461aa49937a0e6be9a3b [LEADER]: Connected to new peer: Peer: permanent_uuid: "32fbe31bd1ac48d7be3206e680233cf8" member_type: VOTER last_known_addr { host: "127.21.60.65" port: 46619 }, Status: LMP_MISMATCH, Last received: 0.0, Next index: 1, Last known committed idx: 0, Time since last communication: 0.001s
I20260713 09:08:55.423516 23035 tablet_bootstrap.cc:654] T c44bda1644874547979c35ad6d8fab4a P 1066546cd7ed461aa49937a0e6be9a3b: Neither blocks nor log segments found. Creating new log.
I20260713 09:08:55.423722 23093 raft_consensus.cc:493] T 67816e17feb2423c98a05f7420f48b37 P 32fbe31bd1ac48d7be3206e680233cf8 [term 0 FOLLOWER]: Starting pre-election (no leader contacted us within the election timeout)
I20260713 09:08:55.419693 23063 leader_election.cc:290] T 39f7bc0b7f7948c98c367bfef746ae2d P 32fbe31bd1ac48d7be3206e680233cf8 [CANDIDATE]: Term 1 pre-election: Requested pre-vote from peers 1066546cd7ed461aa49937a0e6be9a3b (127.21.60.66:39341), 10385b2ae2be4fc7b1139485e1a78e93 (127.21.60.67:45043)
W20260713 09:08:55.419858 22887 leader_election.cc:343] T 6e64390c92d14ebdb13d9bf77cf4897f P 1066546cd7ed461aa49937a0e6be9a3b [CANDIDATE]: Term 1 election: Tablet error from VoteRequest() call to peer 10385b2ae2be4fc7b1139485e1a78e93 (127.21.60.67:45043): Illegal state: must be running to vote when last-logged opid is not known
I20260713 09:08:55.426949 22992 tablet_service.cc:1917] Received RequestConsensusVote() RPC: tablet_id: "39f7bc0b7f7948c98c367bfef746ae2d" candidate_uuid: "32fbe31bd1ac48d7be3206e680233cf8" candidate_term: 1 candidate_status { last_received { term: 0 index: 0 } } ignore_live_leader: false dest_uuid: "10385b2ae2be4fc7b1139485e1a78e93" is_pre_election: true
I20260713 09:08:55.427748 22922 tablet_service.cc:1917] Received RequestConsensusVote() RPC: tablet_id: "39f7bc0b7f7948c98c367bfef746ae2d" candidate_uuid: "32fbe31bd1ac48d7be3206e680233cf8" candidate_term: 1 candidate_status { last_received { term: 0 index: 0 } } ignore_live_leader: false dest_uuid: "1066546cd7ed461aa49937a0e6be9a3b" is_pre_election: true
W20260713 09:08:55.430543 22812 leader_election.cc:343] T 39f7bc0b7f7948c98c367bfef746ae2d P 32fbe31bd1ac48d7be3206e680233cf8 [CANDIDATE]: Term 1 pre-election: Tablet error from VoteRequest() call to peer 1066546cd7ed461aa49937a0e6be9a3b (127.21.60.66:39341): Illegal state: must be running to vote when last-logged opid is not known
I20260713 09:08:55.424230 23093 raft_consensus.cc:515] T 67816e17feb2423c98a05f7420f48b37 P 32fbe31bd1ac48d7be3206e680233cf8 [term 0 FOLLOWER]: Starting pre-election with config: opid_index: -1 OBSOLETE_local: false peers { permanent_uuid: "32fbe31bd1ac48d7be3206e680233cf8" member_type: VOTER last_known_addr { host: "127.21.60.65" port: 46619 } } peers { permanent_uuid: "1066546cd7ed461aa49937a0e6be9a3b" member_type: VOTER last_known_addr { host: "127.21.60.66" port: 39341 } } peers { permanent_uuid: "10385b2ae2be4fc7b1139485e1a78e93" member_type: VOTER last_known_addr { host: "127.21.60.67" port: 45043 } }
I20260713 09:08:55.435552 23041 raft_consensus.cc:493] T 67816e17feb2423c98a05f7420f48b37 P 1066546cd7ed461aa49937a0e6be9a3b [term 0 FOLLOWER]: Starting pre-election (no leader contacted us within the election timeout)
I20260713 09:08:55.436331 22744 catalog_manager.cc:5697] T d267e0757958497c8c5e6826da41072b P 10385b2ae2be4fc7b1139485e1a78e93 reported cstate change: term changed from 0 to 1, leader changed from <none> to 10385b2ae2be4fc7b1139485e1a78e93 (127.21.60.67). New cstate: current_term: 1 leader_uuid: "10385b2ae2be4fc7b1139485e1a78e93" committed_config { opid_index: -1 OBSOLETE_local: false peers { permanent_uuid: "32fbe31bd1ac48d7be3206e680233cf8" member_type: VOTER last_known_addr { host: "127.21.60.65" port: 46619 } health_report { overall_health: UNKNOWN } } peers { permanent_uuid: "1066546cd7ed461aa49937a0e6be9a3b" member_type: VOTER last_known_addr { host: "127.21.60.66" port: 39341 } health_report { overall_health: UNKNOWN } } peers { permanent_uuid: "10385b2ae2be4fc7b1139485e1a78e93" member_type: VOTER last_known_addr { host: "127.21.60.67" port: 45043 } health_report { overall_health: HEALTHY } } }
W20260713 09:08:55.438570 22812 leader_election.cc:343] T 39f7bc0b7f7948c98c367bfef746ae2d P 32fbe31bd1ac48d7be3206e680233cf8 [CANDIDATE]: Term 1 pre-election: Tablet error from VoteRequest() call to peer 10385b2ae2be4fc7b1139485e1a78e93 (127.21.60.67:45043): Illegal state: must be running to vote when last-logged opid is not known
I20260713 09:08:55.439074 22812 leader_election.cc:304] T 39f7bc0b7f7948c98c367bfef746ae2d P 32fbe31bd1ac48d7be3206e680233cf8 [CANDIDATE]: Term 1 pre-election: Election decided. Result: candidate lost. Election summary: received 3 responses out of 3 voters: 1 yes votes; 2 no votes. yes voters: 32fbe31bd1ac48d7be3206e680233cf8; no voters: 10385b2ae2be4fc7b1139485e1a78e93, 1066546cd7ed461aa49937a0e6be9a3b
I20260713 09:08:55.439396 22991 tablet_service.cc:1917] Received RequestConsensusVote() RPC: tablet_id: "67816e17feb2423c98a05f7420f48b37" candidate_uuid: "32fbe31bd1ac48d7be3206e680233cf8" candidate_term: 1 candidate_status { last_received { term: 0 index: 0 } } ignore_live_leader: false dest_uuid: "10385b2ae2be4fc7b1139485e1a78e93" is_pre_election: true
I20260713 09:08:55.440497 23126 raft_consensus.cc:2749] T 39f7bc0b7f7948c98c367bfef746ae2d P 32fbe31bd1ac48d7be3206e680233cf8 [term 0 FOLLOWER]: Leader pre-election lost for term 1. Reason: could not achieve majority
I20260713 09:08:55.439751 23041 raft_consensus.cc:515] T 67816e17feb2423c98a05f7420f48b37 P 1066546cd7ed461aa49937a0e6be9a3b [term 0 FOLLOWER]: Starting pre-election with config: opid_index: -1 OBSOLETE_local: false peers { permanent_uuid: "32fbe31bd1ac48d7be3206e680233cf8" member_type: VOTER last_known_addr { host: "127.21.60.65" port: 46619 } } peers { permanent_uuid: "1066546cd7ed461aa49937a0e6be9a3b" member_type: VOTER last_known_addr { host: "127.21.60.66" port: 39341 } } peers { permanent_uuid: "10385b2ae2be4fc7b1139485e1a78e93" member_type: VOTER last_known_addr { host: "127.21.60.67" port: 45043 } }
I20260713 09:08:55.440949 23037 tablet_bootstrap.cc:654] T c44bda1644874547979c35ad6d8fab4a P 32fbe31bd1ac48d7be3206e680233cf8: Neither blocks nor log segments found. Creating new log.
W20260713 09:08:55.445804 22812 leader_election.cc:343] T 67816e17feb2423c98a05f7420f48b37 P 32fbe31bd1ac48d7be3206e680233cf8 [CANDIDATE]: Term 1 pre-election: Tablet error from VoteRequest() call to peer 10385b2ae2be4fc7b1139485e1a78e93 (127.21.60.67:45043): Illegal state: must be running to vote when last-logged opid is not known
I20260713 09:08:55.450421 23041 leader_election.cc:290] T 67816e17feb2423c98a05f7420f48b37 P 1066546cd7ed461aa49937a0e6be9a3b [CANDIDATE]: Term 1 pre-election: Requested pre-vote from peers 32fbe31bd1ac48d7be3206e680233cf8 (127.21.60.65:46619), 10385b2ae2be4fc7b1139485e1a78e93 (127.21.60.67:45043)
I20260713 09:08:55.451828 22919 tablet_service.cc:1917] Received RequestConsensusVote() RPC: tablet_id: "67816e17feb2423c98a05f7420f48b37" candidate_uuid: "32fbe31bd1ac48d7be3206e680233cf8" candidate_term: 1 candidate_status { last_received { term: 0 index: 0 } } ignore_live_leader: false dest_uuid: "1066546cd7ed461aa49937a0e6be9a3b" is_pre_election: true
I20260713 09:08:55.452708 22919 raft_consensus.cc:2468] T 67816e17feb2423c98a05f7420f48b37 P 1066546cd7ed461aa49937a0e6be9a3b [term 0 FOLLOWER]: Leader pre-election vote request: Granting yes vote for candidate 32fbe31bd1ac48d7be3206e680233cf8 in term 0.
I20260713 09:08:55.454015 22812 leader_election.cc:304] T 67816e17feb2423c98a05f7420f48b37 P 32fbe31bd1ac48d7be3206e680233cf8 [CANDIDATE]: Term 1 pre-election: Election decided. Result: candidate won. Election summary: received 3 responses out of 3 voters: 2 yes votes; 1 no votes. yes voters: 1066546cd7ed461aa49937a0e6be9a3b, 32fbe31bd1ac48d7be3206e680233cf8; no voters: 10385b2ae2be4fc7b1139485e1a78e93
I20260713 09:08:55.454984 23063 raft_consensus.cc:2804] T 67816e17feb2423c98a05f7420f48b37 P 32fbe31bd1ac48d7be3206e680233cf8 [term 0 FOLLOWER]: Leader pre-election won for term 1
I20260713 09:08:55.455360 23063 raft_consensus.cc:493] T 67816e17feb2423c98a05f7420f48b37 P 32fbe31bd1ac48d7be3206e680233cf8 [term 0 FOLLOWER]: Starting leader election (no leader contacted us within the election timeout)
I20260713 09:08:55.455689 23063 raft_consensus.cc:3060] T 67816e17feb2423c98a05f7420f48b37 P 32fbe31bd1ac48d7be3206e680233cf8 [term 0 FOLLOWER]: Advancing to term 1
I20260713 09:08:55.434590 23093 leader_election.cc:290] T 67816e17feb2423c98a05f7420f48b37 P 32fbe31bd1ac48d7be3206e680233cf8 [CANDIDATE]: Term 1 pre-election: Requested pre-vote from peers 1066546cd7ed461aa49937a0e6be9a3b (127.21.60.66:39341), 10385b2ae2be4fc7b1139485e1a78e93 (127.21.60.67:45043)
I20260713 09:08:55.459646 23118 raft_consensus.cc:515] T 4e0d15a61fe94151937e7cbd22362921 P 1066546cd7ed461aa49937a0e6be9a3b [term 1 FOLLOWER]: Starting leader election with config: opid_index: -1 OBSOLETE_local: false peers { permanent_uuid: "32fbe31bd1ac48d7be3206e680233cf8" member_type: VOTER last_known_addr { host: "127.21.60.65" port: 46619 } } peers { permanent_uuid: "1066546cd7ed461aa49937a0e6be9a3b" member_type: VOTER last_known_addr { host: "127.21.60.66" port: 39341 } } peers { permanent_uuid: "10385b2ae2be4fc7b1139485e1a78e93" member_type: VOTER last_known_addr { host: "127.21.60.67" port: 45043 } }
I20260713 09:08:55.461638 23118 leader_election.cc:290] T 4e0d15a61fe94151937e7cbd22362921 P 1066546cd7ed461aa49937a0e6be9a3b [CANDIDATE]: Term 1 election: Requested vote from peers 32fbe31bd1ac48d7be3206e680233cf8 (127.21.60.65:46619), 10385b2ae2be4fc7b1139485e1a78e93 (127.21.60.67:45043)
I20260713 09:08:55.463413 23063 raft_consensus.cc:515] T 67816e17feb2423c98a05f7420f48b37 P 32fbe31bd1ac48d7be3206e680233cf8 [term 1 FOLLOWER]: Starting leader election with config: opid_index: -1 OBSOLETE_local: false peers { permanent_uuid: "32fbe31bd1ac48d7be3206e680233cf8" member_type: VOTER last_known_addr { host: "127.21.60.65" port: 46619 } } peers { permanent_uuid: "1066546cd7ed461aa49937a0e6be9a3b" member_type: VOTER last_known_addr { host: "127.21.60.66" port: 39341 } } peers { permanent_uuid: "10385b2ae2be4fc7b1139485e1a78e93" member_type: VOTER last_known_addr { host: "127.21.60.67" port: 45043 } }
I20260713 09:08:55.464174 23093 consensus_queue.cc:1048] T 08d7a80370cb45d0ad46a07734c495e7 P 32fbe31bd1ac48d7be3206e680233cf8 [LEADER]: Connected to new peer: Peer: permanent_uuid: "10385b2ae2be4fc7b1139485e1a78e93" member_type: VOTER last_known_addr { host: "127.21.60.67" port: 45043 }, Status: LMP_MISMATCH, Last received: 0.0, Next index: 1, Last known committed idx: 0, Time since last communication: 0.000s
I20260713 09:08:55.466213 23036 tablet_bootstrap.cc:492] T 6e64390c92d14ebdb13d9bf77cf4897f P 10385b2ae2be4fc7b1139485e1a78e93: No bootstrap required, opened a new log
I20260713 09:08:55.466645 23036 ts_tablet_manager.cc:1403] T 6e64390c92d14ebdb13d9bf77cf4897f P 10385b2ae2be4fc7b1139485e1a78e93: Time spent bootstrapping tablet: real 0.180s	user 0.011s	sys 0.012s
I20260713 09:08:55.466480 22919 tablet_service.cc:1917] Received RequestConsensusVote() RPC: tablet_id: "67816e17feb2423c98a05f7420f48b37" candidate_uuid: "32fbe31bd1ac48d7be3206e680233cf8" candidate_term: 1 candidate_status { last_received { term: 0 index: 0 } } ignore_live_leader: false dest_uuid: "1066546cd7ed461aa49937a0e6be9a3b"
I20260713 09:08:55.463891 22846 raft_consensus.cc:2468] T 6e64390c92d14ebdb13d9bf77cf4897f P 32fbe31bd1ac48d7be3206e680233cf8 [term 1 FOLLOWER]: Leader election vote request: Granting yes vote for candidate 1066546cd7ed461aa49937a0e6be9a3b in term 1.
I20260713 09:08:55.467371 22919 raft_consensus.cc:3060] T 67816e17feb2423c98a05f7420f48b37 P 1066546cd7ed461aa49937a0e6be9a3b [term 0 FOLLOWER]: Advancing to term 1
I20260713 09:08:55.469072 22846 tablet_service.cc:1917] Received RequestConsensusVote() RPC: tablet_id: "67816e17feb2423c98a05f7420f48b37" candidate_uuid: "1066546cd7ed461aa49937a0e6be9a3b" candidate_term: 1 candidate_status { last_received { term: 0 index: 0 } } ignore_live_leader: false dest_uuid: "32fbe31bd1ac48d7be3206e680233cf8" is_pre_election: true
I20260713 09:08:55.469830 22846 raft_consensus.cc:2393] T 67816e17feb2423c98a05f7420f48b37 P 32fbe31bd1ac48d7be3206e680233cf8 [term 1 FOLLOWER]: Leader pre-election vote request: Denying vote to candidate 1066546cd7ed461aa49937a0e6be9a3b in current term 1: Already voted for candidate 32fbe31bd1ac48d7be3206e680233cf8 in this term.
I20260713 09:08:55.470530 22994 tablet_service.cc:1917] Received RequestConsensusVote() RPC: tablet_id: "67816e17feb2423c98a05f7420f48b37" candidate_uuid: "1066546cd7ed461aa49937a0e6be9a3b" candidate_term: 1 candidate_status { last_received { term: 0 index: 0 } } ignore_live_leader: false dest_uuid: "10385b2ae2be4fc7b1139485e1a78e93" is_pre_election: true
I20260713 09:08:55.477051 23063 leader_election.cc:290] T 67816e17feb2423c98a05f7420f48b37 P 32fbe31bd1ac48d7be3206e680233cf8 [CANDIDATE]: Term 1 election: Requested vote from peers 1066546cd7ed461aa49937a0e6be9a3b (127.21.60.66:39341), 10385b2ae2be4fc7b1139485e1a78e93 (127.21.60.67:45043)
I20260713 09:08:55.480819 23036 raft_consensus.cc:359] T 6e64390c92d14ebdb13d9bf77cf4897f P 10385b2ae2be4fc7b1139485e1a78e93 [term 0 FOLLOWER]: Replica starting. Triggering 0 pending ops. Active config: opid_index: -1 OBSOLETE_local: false peers { permanent_uuid: "32fbe31bd1ac48d7be3206e680233cf8" member_type: VOTER last_known_addr { host: "127.21.60.65" port: 46619 } } peers { permanent_uuid: "1066546cd7ed461aa49937a0e6be9a3b" member_type: VOTER last_known_addr { host: "127.21.60.66" port: 39341 } } peers { permanent_uuid: "10385b2ae2be4fc7b1139485e1a78e93" member_type: VOTER last_known_addr { host: "127.21.60.67" port: 45043 } }
I20260713 09:08:55.481722 23036 raft_consensus.cc:385] T 6e64390c92d14ebdb13d9bf77cf4897f P 10385b2ae2be4fc7b1139485e1a78e93 [term 0 FOLLOWER]: Consensus starting up: Expiring failure detector timer to make a prompt election more likely
I20260713 09:08:55.482046 23036 raft_consensus.cc:740] T 6e64390c92d14ebdb13d9bf77cf4897f P 10385b2ae2be4fc7b1139485e1a78e93 [term 0 FOLLOWER]: Becoming Follower/Learner. State: Replica: 10385b2ae2be4fc7b1139485e1a78e93, State: Initialized, Role: FOLLOWER
I20260713 09:08:55.482820 23036 consensus_queue.cc:260] T 6e64390c92d14ebdb13d9bf77cf4897f P 10385b2ae2be4fc7b1139485e1a78e93 [NON_LEADER]: Queue going to NON_LEADER mode. State: All replicated index: 0, Majority replicated index: 0, Committed index: 0, Last appended: 0.0, Last appended by leader: 0, Current term: 0, Majority size: -1, State: 0, Mode: NON_LEADER, active raft config: opid_index: -1 OBSOLETE_local: false peers { permanent_uuid: "32fbe31bd1ac48d7be3206e680233cf8" member_type: VOTER last_known_addr { host: "127.21.60.65" port: 46619 } } peers { permanent_uuid: "1066546cd7ed461aa49937a0e6be9a3b" member_type: VOTER last_known_addr { host: "127.21.60.66" port: 39341 } } peers { permanent_uuid: "10385b2ae2be4fc7b1139485e1a78e93" member_type: VOTER last_known_addr { host: "127.21.60.67" port: 45043 } }
I20260713 09:08:55.488598 22994 tablet_service.cc:1917] Received RequestConsensusVote() RPC: tablet_id: "67816e17feb2423c98a05f7420f48b37" candidate_uuid: "32fbe31bd1ac48d7be3206e680233cf8" candidate_term: 1 candidate_status { last_received { term: 0 index: 0 } } ignore_live_leader: false dest_uuid: "10385b2ae2be4fc7b1139485e1a78e93"
I20260713 09:08:55.490655 23036 ts_tablet_manager.cc:1434] T 6e64390c92d14ebdb13d9bf77cf4897f P 10385b2ae2be4fc7b1139485e1a78e93: Time spent starting tablet: real 0.024s	user 0.009s	sys 0.000s
I20260713 09:08:55.491865 23036 tablet_bootstrap.cc:492] T c44bda1644874547979c35ad6d8fab4a P 10385b2ae2be4fc7b1139485e1a78e93: Bootstrap starting.
I20260713 09:08:55.495373 23037 tablet_bootstrap.cc:492] T c44bda1644874547979c35ad6d8fab4a P 32fbe31bd1ac48d7be3206e680233cf8: No bootstrap required, opened a new log
I20260713 09:08:55.495774 23037 ts_tablet_manager.cc:1403] T c44bda1644874547979c35ad6d8fab4a P 32fbe31bd1ac48d7be3206e680233cf8: Time spent bootstrapping tablet: real 0.203s	user 0.008s	sys 0.007s
I20260713 09:08:55.503196 22994 tablet_service.cc:1917] Received RequestConsensusVote() RPC: tablet_id: "4e0d15a61fe94151937e7cbd22362921" candidate_uuid: "1066546cd7ed461aa49937a0e6be9a3b" candidate_term: 1 candidate_status { last_received { term: 0 index: 0 } } ignore_live_leader: false dest_uuid: "10385b2ae2be4fc7b1139485e1a78e93"
W20260713 09:08:55.499238 22812 leader_election.cc:343] T 67816e17feb2423c98a05f7420f48b37 P 32fbe31bd1ac48d7be3206e680233cf8 [CANDIDATE]: Term 1 election: Tablet error from VoteRequest() call to peer 10385b2ae2be4fc7b1139485e1a78e93 (127.21.60.67:45043): Illegal state: must be running to vote when last-logged opid is not known
I20260713 09:08:55.513324 23133 raft_consensus.cc:493] T b9d29d4ea9a44f24adb5d6377efd42f2 P 10385b2ae2be4fc7b1139485e1a78e93 [term 0 FOLLOWER]: Starting pre-election (no leader contacted us within the election timeout)
I20260713 09:08:55.517241 23133 raft_consensus.cc:515] T b9d29d4ea9a44f24adb5d6377efd42f2 P 10385b2ae2be4fc7b1139485e1a78e93 [term 0 FOLLOWER]: Starting pre-election with config: opid_index: -1 OBSOLETE_local: false peers { permanent_uuid: "32fbe31bd1ac48d7be3206e680233cf8" member_type: VOTER last_known_addr { host: "127.21.60.65" port: 46619 } } peers { permanent_uuid: "1066546cd7ed461aa49937a0e6be9a3b" member_type: VOTER last_known_addr { host: "127.21.60.66" port: 39341 } } peers { permanent_uuid: "10385b2ae2be4fc7b1139485e1a78e93" member_type: VOTER last_known_addr { host: "127.21.60.67" port: 45043 } }
W20260713 09:08:55.501353 22887 leader_election.cc:343] T 67816e17feb2423c98a05f7420f48b37 P 1066546cd7ed461aa49937a0e6be9a3b [CANDIDATE]: Term 1 pre-election: Tablet error from VoteRequest() call to peer 10385b2ae2be4fc7b1139485e1a78e93 (127.21.60.67:45043): Illegal state: must be running to vote when last-logged opid is not known
I20260713 09:08:55.521621 22847 tablet_service.cc:1917] Received RequestConsensusVote() RPC: tablet_id: "b9d29d4ea9a44f24adb5d6377efd42f2" candidate_uuid: "10385b2ae2be4fc7b1139485e1a78e93" candidate_term: 1 candidate_status { last_received { term: 0 index: 0 } } ignore_live_leader: false dest_uuid: "32fbe31bd1ac48d7be3206e680233cf8" is_pre_election: true
W20260713 09:08:55.527590 22887 leader_election.cc:343] T 4e0d15a61fe94151937e7cbd22362921 P 1066546cd7ed461aa49937a0e6be9a3b [CANDIDATE]: Term 1 election: Tablet error from VoteRequest() call to peer 10385b2ae2be4fc7b1139485e1a78e93 (127.21.60.67:45043): Illegal state: must be running to vote when last-logged opid is not known
I20260713 09:08:55.500496 22846 tablet_service.cc:1917] Received RequestConsensusVote() RPC: tablet_id: "4e0d15a61fe94151937e7cbd22362921" candidate_uuid: "1066546cd7ed461aa49937a0e6be9a3b" candidate_term: 1 candidate_status { last_received { term: 0 index: 0 } } ignore_live_leader: false dest_uuid: "32fbe31bd1ac48d7be3206e680233cf8"
I20260713 09:08:55.500612 22919 raft_consensus.cc:2468] T 67816e17feb2423c98a05f7420f48b37 P 1066546cd7ed461aa49937a0e6be9a3b [term 1 FOLLOWER]: Leader election vote request: Granting yes vote for candidate 32fbe31bd1ac48d7be3206e680233cf8 in term 1.
I20260713 09:08:55.558476 22993 raft_consensus.cc:3060] T b9d29d4ea9a44f24adb5d6377efd42f2 P 10385b2ae2be4fc7b1139485e1a78e93 [term 0 FOLLOWER]: Advancing to term 1
I20260713 09:08:55.559214 22812 leader_election.cc:304] T 67816e17feb2423c98a05f7420f48b37 P 32fbe31bd1ac48d7be3206e680233cf8 [CANDIDATE]: Term 1 election: Election decided. Result: candidate won. Election summary: received 3 responses out of 3 voters: 2 yes votes; 1 no votes. yes voters: 1066546cd7ed461aa49937a0e6be9a3b, 32fbe31bd1ac48d7be3206e680233cf8; no voters: 10385b2ae2be4fc7b1139485e1a78e93
I20260713 09:08:55.559983 23063 raft_consensus.cc:2804] T 67816e17feb2423c98a05f7420f48b37 P 32fbe31bd1ac48d7be3206e680233cf8 [term 1 FOLLOWER]: Leader election won for term 1
I20260713 09:08:55.560848 23063 raft_consensus.cc:697] T 67816e17feb2423c98a05f7420f48b37 P 32fbe31bd1ac48d7be3206e680233cf8 [term 1 LEADER]: Becoming Leader. State: Replica: 32fbe31bd1ac48d7be3206e680233cf8, State: Running, Role: LEADER
I20260713 09:08:55.561671 23063 consensus_queue.cc:237] T 67816e17feb2423c98a05f7420f48b37 P 32fbe31bd1ac48d7be3206e680233cf8 [LEADER]: Queue going to LEADER mode. State: All replicated index: 0, Majority replicated index: 0, Committed index: 0, Last appended: 0.0, Last appended by leader: 0, Current term: 1, Majority size: 2, State: 0, Mode: LEADER, active raft config: opid_index: -1 OBSOLETE_local: false peers { permanent_uuid: "32fbe31bd1ac48d7be3206e680233cf8" member_type: VOTER last_known_addr { host: "127.21.60.65" port: 46619 } } peers { permanent_uuid: "1066546cd7ed461aa49937a0e6be9a3b" member_type: VOTER last_known_addr { host: "127.21.60.66" port: 39341 } } peers { permanent_uuid: "10385b2ae2be4fc7b1139485e1a78e93" member_type: VOTER last_known_addr { host: "127.21.60.67" port: 45043 } }
I20260713 09:08:55.557849 22887 leader_election.cc:304] T 6e64390c92d14ebdb13d9bf77cf4897f P 1066546cd7ed461aa49937a0e6be9a3b [CANDIDATE]: Term 1 election: Election decided. Result: candidate won. Election summary: received 3 responses out of 3 voters: 2 yes votes; 1 no votes. yes voters: 1066546cd7ed461aa49937a0e6be9a3b, 32fbe31bd1ac48d7be3206e680233cf8; no voters: 10385b2ae2be4fc7b1139485e1a78e93
I20260713 09:08:55.568743 23036 tablet_bootstrap.cc:654] T c44bda1644874547979c35ad6d8fab4a P 10385b2ae2be4fc7b1139485e1a78e93: Neither blocks nor log segments found. Creating new log.
I20260713 09:08:55.552597 22846 raft_consensus.cc:3060] T 4e0d15a61fe94151937e7cbd22362921 P 32fbe31bd1ac48d7be3206e680233cf8 [term 0 FOLLOWER]: Advancing to term 1
I20260713 09:08:55.586822 22887 leader_election.cc:304] T 67816e17feb2423c98a05f7420f48b37 P 1066546cd7ed461aa49937a0e6be9a3b [CANDIDATE]: Term 1 pre-election: Election decided. Result: candidate lost. Election summary: received 3 responses out of 3 voters: 1 yes votes; 2 no votes. yes voters: 1066546cd7ed461aa49937a0e6be9a3b; no voters: 10385b2ae2be4fc7b1139485e1a78e93, 32fbe31bd1ac48d7be3206e680233cf8
I20260713 09:08:55.589023 23118 raft_consensus.cc:2749] T 67816e17feb2423c98a05f7420f48b37 P 1066546cd7ed461aa49937a0e6be9a3b [term 1 FOLLOWER]: Leader pre-election lost for term 1. Reason: could not achieve majority
I20260713 09:08:55.589206 23093 consensus_queue.cc:1048] T 08d7a80370cb45d0ad46a07734c495e7 P 32fbe31bd1ac48d7be3206e680233cf8 [LEADER]: Connected to new peer: Peer: permanent_uuid: "1066546cd7ed461aa49937a0e6be9a3b" member_type: VOTER last_known_addr { host: "127.21.60.66" port: 39341 }, Status: LMP_MISMATCH, Last received: 0.0, Next index: 1, Last known committed idx: 0, Time since last communication: 0.000s
I20260713 09:08:55.591778 22919 tablet_service.cc:1917] Received RequestConsensusVote() RPC: tablet_id: "b9d29d4ea9a44f24adb5d6377efd42f2" candidate_uuid: "10385b2ae2be4fc7b1139485e1a78e93" candidate_term: 1 candidate_status { last_received { term: 0 index: 0 } } ignore_live_leader: false dest_uuid: "1066546cd7ed461aa49937a0e6be9a3b" is_pre_election: true
I20260713 09:08:55.593346 22961 leader_election.cc:304] T b9d29d4ea9a44f24adb5d6377efd42f2 P 10385b2ae2be4fc7b1139485e1a78e93 [CANDIDATE]: Term 1 pre-election: Election decided. Result: candidate lost. Election summary: received 3 responses out of 3 voters: 1 yes votes; 2 no votes. yes voters: 10385b2ae2be4fc7b1139485e1a78e93; no voters: 1066546cd7ed461aa49937a0e6be9a3b, 32fbe31bd1ac48d7be3206e680233cf8
I20260713 09:08:55.588460 23114 raft_consensus.cc:2804] T 6e64390c92d14ebdb13d9bf77cf4897f P 1066546cd7ed461aa49937a0e6be9a3b [term 1 FOLLOWER]: Leader election won for term 1
I20260713 09:08:55.596877 23114 raft_consensus.cc:697] T 6e64390c92d14ebdb13d9bf77cf4897f P 1066546cd7ed461aa49937a0e6be9a3b [term 1 LEADER]: Becoming Leader. State: Replica: 1066546cd7ed461aa49937a0e6be9a3b, State: Running, Role: LEADER
I20260713 09:08:55.597935 23114 consensus_queue.cc:237] T 6e64390c92d14ebdb13d9bf77cf4897f P 1066546cd7ed461aa49937a0e6be9a3b [LEADER]: Queue going to LEADER mode. State: All replicated index: 0, Majority replicated index: 0, Committed index: 0, Last appended: 0.0, Last appended by leader: 0, Current term: 1, Majority size: 2, State: 0, Mode: LEADER, active raft config: opid_index: -1 OBSOLETE_local: false peers { permanent_uuid: "32fbe31bd1ac48d7be3206e680233cf8" member_type: VOTER last_known_addr { host: "127.21.60.65" port: 46619 } } peers { permanent_uuid: "1066546cd7ed461aa49937a0e6be9a3b" member_type: VOTER last_known_addr { host: "127.21.60.66" port: 39341 } } peers { permanent_uuid: "10385b2ae2be4fc7b1139485e1a78e93" member_type: VOTER last_known_addr { host: "127.21.60.67" port: 45043 } }
I20260713 09:08:55.604156 23133 leader_election.cc:290] T b9d29d4ea9a44f24adb5d6377efd42f2 P 10385b2ae2be4fc7b1139485e1a78e93 [CANDIDATE]: Term 1 pre-election: Requested pre-vote from peers 32fbe31bd1ac48d7be3206e680233cf8 (127.21.60.65:46619), 1066546cd7ed461aa49937a0e6be9a3b (127.21.60.66:39341)
I20260713 09:08:55.604869 23037 raft_consensus.cc:359] T c44bda1644874547979c35ad6d8fab4a P 32fbe31bd1ac48d7be3206e680233cf8 [term 0 FOLLOWER]: Replica starting. Triggering 0 pending ops. Active config: opid_index: -1 OBSOLETE_local: false peers { permanent_uuid: "32fbe31bd1ac48d7be3206e680233cf8" member_type: VOTER last_known_addr { host: "127.21.60.65" port: 46619 } } peers { permanent_uuid: "1066546cd7ed461aa49937a0e6be9a3b" member_type: VOTER last_known_addr { host: "127.21.60.66" port: 39341 } } peers { permanent_uuid: "10385b2ae2be4fc7b1139485e1a78e93" member_type: VOTER last_known_addr { host: "127.21.60.67" port: 45043 } }
I20260713 09:08:55.605604 23037 raft_consensus.cc:385] T c44bda1644874547979c35ad6d8fab4a P 32fbe31bd1ac48d7be3206e680233cf8 [term 0 FOLLOWER]: Consensus starting up: Expiring failure detector timer to make a prompt election more likely
I20260713 09:08:55.605934 23037 raft_consensus.cc:740] T c44bda1644874547979c35ad6d8fab4a P 32fbe31bd1ac48d7be3206e680233cf8 [term 0 FOLLOWER]: Becoming Follower/Learner. State: Replica: 32fbe31bd1ac48d7be3206e680233cf8, State: Initialized, Role: FOLLOWER
I20260713 09:08:55.611800 22846 raft_consensus.cc:2468] T 4e0d15a61fe94151937e7cbd22362921 P 32fbe31bd1ac48d7be3206e680233cf8 [term 1 FOLLOWER]: Leader election vote request: Granting yes vote for candidate 1066546cd7ed461aa49937a0e6be9a3b in term 1.
I20260713 09:08:55.620574 22745 catalog_manager.cc:5697] T 67816e17feb2423c98a05f7420f48b37 P 32fbe31bd1ac48d7be3206e680233cf8 reported cstate change: term changed from 0 to 1, leader changed from <none> to 32fbe31bd1ac48d7be3206e680233cf8 (127.21.60.65). New cstate: current_term: 1 leader_uuid: "32fbe31bd1ac48d7be3206e680233cf8" committed_config { opid_index: -1 OBSOLETE_local: false peers { permanent_uuid: "32fbe31bd1ac48d7be3206e680233cf8" member_type: VOTER last_known_addr { host: "127.21.60.65" port: 46619 } health_report { overall_health: HEALTHY } } peers { permanent_uuid: "1066546cd7ed461aa49937a0e6be9a3b" member_type: VOTER last_known_addr { host: "127.21.60.66" port: 39341 } health_report { overall_health: UNKNOWN } } peers { permanent_uuid: "10385b2ae2be4fc7b1139485e1a78e93" member_type: VOTER last_known_addr { host: "127.21.60.67" port: 45043 } health_report { overall_health: UNKNOWN } } }
I20260713 09:08:55.645430 23037 consensus_queue.cc:260] T c44bda1644874547979c35ad6d8fab4a P 32fbe31bd1ac48d7be3206e680233cf8 [NON_LEADER]: Queue going to NON_LEADER mode. State: All replicated index: 0, Majority replicated index: 0, Committed index: 0, Last appended: 0.0, Last appended by leader: 0, Current term: 0, Majority size: -1, State: 0, Mode: NON_LEADER, active raft config: opid_index: -1 OBSOLETE_local: false peers { permanent_uuid: "32fbe31bd1ac48d7be3206e680233cf8" member_type: VOTER last_known_addr { host: "127.21.60.65" port: 46619 } } peers { permanent_uuid: "1066546cd7ed461aa49937a0e6be9a3b" member_type: VOTER last_known_addr { host: "127.21.60.66" port: 39341 } } peers { permanent_uuid: "10385b2ae2be4fc7b1139485e1a78e93" member_type: VOTER last_known_addr { host: "127.21.60.67" port: 45043 } }
I20260713 09:08:55.646996 22887 leader_election.cc:304] T 4e0d15a61fe94151937e7cbd22362921 P 1066546cd7ed461aa49937a0e6be9a3b [CANDIDATE]: Term 1 election: Election decided. Result: candidate won. Election summary: received 3 responses out of 3 voters: 2 yes votes; 1 no votes. yes voters: 1066546cd7ed461aa49937a0e6be9a3b, 32fbe31bd1ac48d7be3206e680233cf8; no voters: 10385b2ae2be4fc7b1139485e1a78e93
I20260713 09:08:55.659618 23083 raft_consensus.cc:2749] T b9d29d4ea9a44f24adb5d6377efd42f2 P 10385b2ae2be4fc7b1139485e1a78e93 [term 1 FOLLOWER]: Leader pre-election lost for term 1. Reason: could not achieve majority
I20260713 09:08:55.661780 23037 ts_tablet_manager.cc:1434] T c44bda1644874547979c35ad6d8fab4a P 32fbe31bd1ac48d7be3206e680233cf8: Time spent starting tablet: real 0.166s	user 0.005s	sys 0.004s
I20260713 09:08:55.662720 23037 tablet_bootstrap.cc:492] T 6e679bd74d7f4937814e1bd1b033dcae P 32fbe31bd1ac48d7be3206e680233cf8: Bootstrap starting.
I20260713 09:08:55.663101 23036 tablet_bootstrap.cc:492] T c44bda1644874547979c35ad6d8fab4a P 10385b2ae2be4fc7b1139485e1a78e93: No bootstrap required, opened a new log
I20260713 09:08:55.663519 23036 ts_tablet_manager.cc:1403] T c44bda1644874547979c35ad6d8fab4a P 10385b2ae2be4fc7b1139485e1a78e93: Time spent bootstrapping tablet: real 0.172s	user 0.014s	sys 0.018s
I20260713 09:08:55.664472 23065 raft_consensus.cc:2804] T 4e0d15a61fe94151937e7cbd22362921 P 1066546cd7ed461aa49937a0e6be9a3b [term 1 FOLLOWER]: Leader election won for term 1
I20260713 09:08:55.664932 23065 raft_consensus.cc:697] T 4e0d15a61fe94151937e7cbd22362921 P 1066546cd7ed461aa49937a0e6be9a3b [term 1 LEADER]: Becoming Leader. State: Replica: 1066546cd7ed461aa49937a0e6be9a3b, State: Running, Role: LEADER
