I20260713 09:08:55.596122 17275 catalog_manager.cc:5697] T eb67ccd6b42a44578dd8f02a9f38f575 P d1bdb8652a6e48089e3ae103421e7e98 reported cstate change: term changed from 4 to 5, leader changed from 348bb7db329f4217ae4c738e3286ddb4 (127.16.84.193) to d1bdb8652a6e48089e3ae103421e7e98 (127.16.84.194). New cstate: current_term: 5 leader_uuid: "d1bdb8652a6e48089e3ae103421e7e98" committed_config { opid_index: -1 OBSOLETE_local: false peers { permanent_uuid: "348bb7db329f4217ae4c738e3286ddb4" member_type: VOTER last_known_addr { host: "127.16.84.193" port: 46671 } health_report { overall_health: UNKNOWN } } peers { permanent_uuid: "d1bdb8652a6e48089e3ae103421e7e98" member_type: VOTER last_known_addr { host: "127.16.84.194" port: 35739 } health_report { overall_health: HEALTHY } } peers { permanent_uuid: "79707d8b9b964874ba2ced79c87abf32" member_type: VOTER last_known_addr { host: "127.16.84.195" port: 45901 } health_report { overall_health: UNKNOWN } } }
I20260713 09:08:55.630076 17744 raft_consensus.cc:993] T b357f49f9cc443f98d41dc1f15aeeb94 P 348bb7db329f4217ae4c738e3286ddb4: : Instructing follower 79707d8b9b964874ba2ced79c87abf32 to start an election
I20260713 09:08:55.630575 17744 raft_consensus.cc:1081] T b357f49f9cc443f98d41dc1f15aeeb94 P 348bb7db329f4217ae4c738e3286ddb4 [term 2 LEADER]: Signalling peer 79707d8b9b964874ba2ced79c87abf32 to start an election
I20260713 09:08:55.631987 17527 tablet_service.cc:2044] Received Run Leader Election RPC: tablet_id: "b357f49f9cc443f98d41dc1f15aeeb94"
dest_uuid: "79707d8b9b964874ba2ced79c87abf32"
 from {username='slave'} at 127.0.0.1:50216
I20260713 09:08:55.632418 17527 raft_consensus.cc:493] T b357f49f9cc443f98d41dc1f15aeeb94 P 79707d8b9b964874ba2ced79c87abf32 [term 2 FOLLOWER]: Starting forced leader election (received explicit request)
I20260713 09:08:55.632684 17527 raft_consensus.cc:3060] T b357f49f9cc443f98d41dc1f15aeeb94 P 79707d8b9b964874ba2ced79c87abf32 [term 2 FOLLOWER]: Advancing to term 3
I20260713 09:08:55.637089 17527 raft_consensus.cc:515] T b357f49f9cc443f98d41dc1f15aeeb94 P 79707d8b9b964874ba2ced79c87abf32 [term 3 FOLLOWER]: Starting forced leader election with config: opid_index: -1 OBSOLETE_local: false peers { permanent_uuid: "348bb7db329f4217ae4c738e3286ddb4" member_type: VOTER last_known_addr { host: "127.16.84.193" port: 46671 } } peers { permanent_uuid: "d1bdb8652a6e48089e3ae103421e7e98" member_type: VOTER last_known_addr { host: "127.16.84.194" port: 35739 } } peers { permanent_uuid: "79707d8b9b964874ba2ced79c87abf32" member_type: VOTER last_known_addr { host: "127.16.84.195" port: 45901 } }
I20260713 09:08:55.639647 17527 leader_election.cc:290] T b357f49f9cc443f98d41dc1f15aeeb94 P 79707d8b9b964874ba2ced79c87abf32 [CANDIDATE]: Term 3 election: Requested vote from peers 348bb7db329f4217ae4c738e3286ddb4 (127.16.84.193:46671), d1bdb8652a6e48089e3ae103421e7e98 (127.16.84.194:35739)
I20260713 09:08:55.639570 17376 tablet_service.cc:1917] Received RequestConsensusVote() RPC: tablet_id: "b357f49f9cc443f98d41dc1f15aeeb94" candidate_uuid: "79707d8b9b964874ba2ced79c87abf32" candidate_term: 3 candidate_status { last_received { term: 2 index: 2 } } ignore_live_leader: true dest_uuid: "348bb7db329f4217ae4c738e3286ddb4"
I20260713 09:08:55.640242 17452 tablet_service.cc:1917] Received RequestConsensusVote() RPC: tablet_id: "b357f49f9cc443f98d41dc1f15aeeb94" candidate_uuid: "79707d8b9b964874ba2ced79c87abf32" candidate_term: 3 candidate_status { last_received { term: 2 index: 2 } } ignore_live_leader: true dest_uuid: "d1bdb8652a6e48089e3ae103421e7e98"
I20260713 09:08:55.640918 17452 raft_consensus.cc:3060] T b357f49f9cc443f98d41dc1f15aeeb94 P d1bdb8652a6e48089e3ae103421e7e98 [term 2 FOLLOWER]: Advancing to term 3
I20260713 09:08:55.641402 17376 raft_consensus.cc:3055] T b357f49f9cc443f98d41dc1f15aeeb94 P 348bb7db329f4217ae4c738e3286ddb4 [term 2 LEADER]: Stepping down as leader of term 2
I20260713 09:08:55.641746 17376 raft_consensus.cc:740] T b357f49f9cc443f98d41dc1f15aeeb94 P 348bb7db329f4217ae4c738e3286ddb4 [term 2 LEADER]: Becoming Follower/Learner. State: Replica: 348bb7db329f4217ae4c738e3286ddb4, State: Running, Role: LEADER
I20260713 09:08:55.642531 17376 consensus_queue.cc:260] T b357f49f9cc443f98d41dc1f15aeeb94 P 348bb7db329f4217ae4c738e3286ddb4 [NON_LEADER]: Queue going to NON_LEADER mode. State: All replicated index: 0, Majority replicated index: 2, Committed index: 2, Last appended: 2.2, Last appended by leader: 2, Current term: 2, Majority size: -1, State: 0, Mode: NON_LEADER, active raft config: opid_index: -1 OBSOLETE_local: false peers { permanent_uuid: "348bb7db329f4217ae4c738e3286ddb4" member_type: VOTER last_known_addr { host: "127.16.84.193" port: 46671 } } peers { permanent_uuid: "d1bdb8652a6e48089e3ae103421e7e98" member_type: VOTER last_known_addr { host: "127.16.84.194" port: 35739 } } peers { permanent_uuid: "79707d8b9b964874ba2ced79c87abf32" member_type: VOTER last_known_addr { host: "127.16.84.195" port: 45901 } }
I20260713 09:08:55.643674 17376 raft_consensus.cc:3060] T b357f49f9cc443f98d41dc1f15aeeb94 P 348bb7db329f4217ae4c738e3286ddb4 [term 2 FOLLOWER]: Advancing to term 3
I20260713 09:08:55.647207 17452 raft_consensus.cc:2468] T b357f49f9cc443f98d41dc1f15aeeb94 P d1bdb8652a6e48089e3ae103421e7e98 [term 3 FOLLOWER]: Leader election vote request: Granting yes vote for candidate 79707d8b9b964874ba2ced79c87abf32 in term 3.
I20260713 09:08:55.648277 17493 leader_election.cc:304] T b357f49f9cc443f98d41dc1f15aeeb94 P 79707d8b9b964874ba2ced79c87abf32 [CANDIDATE]: Term 3 election: Election decided. Result: candidate won. Election summary: received 2 responses out of 3 voters: 2 yes votes; 0 no votes. yes voters: 79707d8b9b964874ba2ced79c87abf32, d1bdb8652a6e48089e3ae103421e7e98; no voters: 
I20260713 09:08:55.648625 17376 raft_consensus.cc:2468] T b357f49f9cc443f98d41dc1f15aeeb94 P 348bb7db329f4217ae4c738e3286ddb4 [term 3 FOLLOWER]: Leader election vote request: Granting yes vote for candidate 79707d8b9b964874ba2ced79c87abf32 in term 3.
I20260713 09:08:55.649025 17573 raft_consensus.cc:2804] T b357f49f9cc443f98d41dc1f15aeeb94 P 79707d8b9b964874ba2ced79c87abf32 [term 3 FOLLOWER]: Leader election won for term 3
I20260713 09:08:55.650409 17573 raft_consensus.cc:697] T b357f49f9cc443f98d41dc1f15aeeb94 P 79707d8b9b964874ba2ced79c87abf32 [term 3 LEADER]: Becoming Leader. State: Replica: 79707d8b9b964874ba2ced79c87abf32, State: Running, Role: LEADER
I20260713 09:08:55.651216 17573 consensus_queue.cc:237] T b357f49f9cc443f98d41dc1f15aeeb94 P 79707d8b9b964874ba2ced79c87abf32 [LEADER]: Queue going to LEADER mode. State: All replicated index: 0, Majority replicated index: 2, Committed index: 2, Last appended: 2.2, Last appended by leader: 2, Current term: 3, Majority size: 2, State: 0, Mode: LEADER, active raft config: opid_index: -1 OBSOLETE_local: false peers { permanent_uuid: "348bb7db329f4217ae4c738e3286ddb4" member_type: VOTER last_known_addr { host: "127.16.84.193" port: 46671 } } peers { permanent_uuid: "d1bdb8652a6e48089e3ae103421e7e98" member_type: VOTER last_known_addr { host: "127.16.84.194" port: 35739 } } peers { permanent_uuid: "79707d8b9b964874ba2ced79c87abf32" member_type: VOTER last_known_addr { host: "127.16.84.195" port: 45901 } }
I20260713 09:08:55.660569 17275 catalog_manager.cc:5697] T b357f49f9cc443f98d41dc1f15aeeb94 P 79707d8b9b964874ba2ced79c87abf32 reported cstate change: term changed from 2 to 3, leader changed from 348bb7db329f4217ae4c738e3286ddb4 (127.16.84.193) to 79707d8b9b964874ba2ced79c87abf32 (127.16.84.195). New cstate: current_term: 3 leader_uuid: "79707d8b9b964874ba2ced79c87abf32" committed_config { opid_index: -1 OBSOLETE_local: false peers { permanent_uuid: "348bb7db329f4217ae4c738e3286ddb4" member_type: VOTER last_known_addr { host: "127.16.84.193" port: 46671 } health_report { overall_health: UNKNOWN } } peers { permanent_uuid: "d1bdb8652a6e48089e3ae103421e7e98" member_type: VOTER last_known_addr { host: "127.16.84.194" port: 35739 } health_report { overall_health: UNKNOWN } } peers { permanent_uuid: "79707d8b9b964874ba2ced79c87abf32" member_type: VOTER last_known_addr { host: "127.16.84.195" port: 45901 } health_report { overall_health: HEALTHY } } }
I20260713 09:08:55.742544 17743 raft_consensus.cc:993] T 3d67626ecc064ebc83d1c810ba2e1998 P 348bb7db329f4217ae4c738e3286ddb4: : Instructing follower 79707d8b9b964874ba2ced79c87abf32 to start an election
I20260713 09:08:55.743006 17744 raft_consensus.cc:1081] T 3d67626ecc064ebc83d1c810ba2e1998 P 348bb7db329f4217ae4c738e3286ddb4 [term 2 LEADER]: Signalling peer 79707d8b9b964874ba2ced79c87abf32 to start an election
I20260713 09:08:55.744376 17527 tablet_service.cc:2044] Received Run Leader Election RPC: tablet_id: "3d67626ecc064ebc83d1c810ba2e1998"
dest_uuid: "79707d8b9b964874ba2ced79c87abf32"
 from {username='slave'} at 127.0.0.1:50216
I20260713 09:08:55.744815 17527 raft_consensus.cc:493] T 3d67626ecc064ebc83d1c810ba2e1998 P 79707d8b9b964874ba2ced79c87abf32 [term 2 FOLLOWER]: Starting forced leader election (received explicit request)
I20260713 09:08:55.745085 17527 raft_consensus.cc:3060] T 3d67626ecc064ebc83d1c810ba2e1998 P 79707d8b9b964874ba2ced79c87abf32 [term 2 FOLLOWER]: Advancing to term 3
I20260713 09:08:55.749432 17527 raft_consensus.cc:515] T 3d67626ecc064ebc83d1c810ba2e1998 P 79707d8b9b964874ba2ced79c87abf32 [term 3 FOLLOWER]: Starting forced leader election with config: opid_index: -1 OBSOLETE_local: false peers { permanent_uuid: "348bb7db329f4217ae4c738e3286ddb4" member_type: VOTER last_known_addr { host: "127.16.84.193" port: 46671 } } peers { permanent_uuid: "d1bdb8652a6e48089e3ae103421e7e98" member_type: VOTER last_known_addr { host: "127.16.84.194" port: 35739 } } peers { permanent_uuid: "79707d8b9b964874ba2ced79c87abf32" member_type: VOTER last_known_addr { host: "127.16.84.195" port: 45901 } }
I20260713 09:08:55.751034 17527 leader_election.cc:290] T 3d67626ecc064ebc83d1c810ba2e1998 P 79707d8b9b964874ba2ced79c87abf32 [CANDIDATE]: Term 3 election: Requested vote from peers 348bb7db329f4217ae4c738e3286ddb4 (127.16.84.193:46671), d1bdb8652a6e48089e3ae103421e7e98 (127.16.84.194:35739)
I20260713 09:08:55.751885 17376 tablet_service.cc:1917] Received RequestConsensusVote() RPC: tablet_id: "3d67626ecc064ebc83d1c810ba2e1998" candidate_uuid: "79707d8b9b964874ba2ced79c87abf32" candidate_term: 3 candidate_status { last_received { term: 2 index: 2 } } ignore_live_leader: true dest_uuid: "348bb7db329f4217ae4c738e3286ddb4"
I20260713 09:08:55.752068 17452 tablet_service.cc:1917] Received RequestConsensusVote() RPC: tablet_id: "3d67626ecc064ebc83d1c810ba2e1998" candidate_uuid: "79707d8b9b964874ba2ced79c87abf32" candidate_term: 3 candidate_status { last_received { term: 2 index: 2 } } ignore_live_leader: true dest_uuid: "d1bdb8652a6e48089e3ae103421e7e98"
I20260713 09:08:55.752406 17376 raft_consensus.cc:3055] T 3d67626ecc064ebc83d1c810ba2e1998 P 348bb7db329f4217ae4c738e3286ddb4 [term 2 LEADER]: Stepping down as leader of term 2
I20260713 09:08:55.752589 17452 raft_consensus.cc:3060] T 3d67626ecc064ebc83d1c810ba2e1998 P d1bdb8652a6e48089e3ae103421e7e98 [term 2 FOLLOWER]: Advancing to term 3
I20260713 09:08:55.752725 17376 raft_consensus.cc:740] T 3d67626ecc064ebc83d1c810ba2e1998 P 348bb7db329f4217ae4c738e3286ddb4 [term 2 LEADER]: Becoming Follower/Learner. State: Replica: 348bb7db329f4217ae4c738e3286ddb4, State: Running, Role: LEADER
I20260713 09:08:55.753522 17376 consensus_queue.cc:260] T 3d67626ecc064ebc83d1c810ba2e1998 P 348bb7db329f4217ae4c738e3286ddb4 [NON_LEADER]: Queue going to NON_LEADER mode. State: All replicated index: 0, Majority replicated index: 2, Committed index: 2, Last appended: 2.2, Last appended by leader: 2, Current term: 2, Majority size: -1, State: 0, Mode: NON_LEADER, active raft config: opid_index: -1 OBSOLETE_local: false peers { permanent_uuid: "348bb7db329f4217ae4c738e3286ddb4" member_type: VOTER last_known_addr { host: "127.16.84.193" port: 46671 } } peers { permanent_uuid: "d1bdb8652a6e48089e3ae103421e7e98" member_type: VOTER last_known_addr { host: "127.16.84.194" port: 35739 } } peers { permanent_uuid: "79707d8b9b964874ba2ced79c87abf32" member_type: VOTER last_known_addr { host: "127.16.84.195" port: 45901 } }
I20260713 09:08:55.754658 17376 raft_consensus.cc:3060] T 3d67626ecc064ebc83d1c810ba2e1998 P 348bb7db329f4217ae4c738e3286ddb4 [term 2 FOLLOWER]: Advancing to term 3
I20260713 09:08:55.758849 17452 raft_consensus.cc:2468] T 3d67626ecc064ebc83d1c810ba2e1998 P d1bdb8652a6e48089e3ae103421e7e98 [term 3 FOLLOWER]: Leader election vote request: Granting yes vote for candidate 79707d8b9b964874ba2ced79c87abf32 in term 3.
I20260713 09:08:55.759557 17376 raft_consensus.cc:2468] T 3d67626ecc064ebc83d1c810ba2e1998 P 348bb7db329f4217ae4c738e3286ddb4 [term 3 FOLLOWER]: Leader election vote request: Granting yes vote for candidate 79707d8b9b964874ba2ced79c87abf32 in term 3.
I20260713 09:08:55.759963 17493 leader_election.cc:304] T 3d67626ecc064ebc83d1c810ba2e1998 P 79707d8b9b964874ba2ced79c87abf32 [CANDIDATE]: Term 3 election: Election decided. Result: candidate won. Election summary: received 2 responses out of 3 voters: 2 yes votes; 0 no votes. yes voters: 79707d8b9b964874ba2ced79c87abf32, d1bdb8652a6e48089e3ae103421e7e98; no voters: 
I20260713 09:08:55.760802 17573 raft_consensus.cc:2804] T 3d67626ecc064ebc83d1c810ba2e1998 P 79707d8b9b964874ba2ced79c87abf32 [term 3 FOLLOWER]: Leader election won for term 3
I20260713 09:08:55.761197 17573 raft_consensus.cc:697] T 3d67626ecc064ebc83d1c810ba2e1998 P 79707d8b9b964874ba2ced79c87abf32 [term 3 LEADER]: Becoming Leader. State: Replica: 79707d8b9b964874ba2ced79c87abf32, State: Running, Role: LEADER
I20260713 09:08:55.761909 17573 consensus_queue.cc:237] T 3d67626ecc064ebc83d1c810ba2e1998 P 79707d8b9b964874ba2ced79c87abf32 [LEADER]: Queue going to LEADER mode. State: All replicated index: 0, Majority replicated index: 2, Committed index: 2, Last appended: 2.2, Last appended by leader: 2, Current term: 3, Majority size: 2, State: 0, Mode: LEADER, active raft config: opid_index: -1 OBSOLETE_local: false peers { permanent_uuid: "348bb7db329f4217ae4c738e3286ddb4" member_type: VOTER last_known_addr { host: "127.16.84.193" port: 46671 } } peers { permanent_uuid: "d1bdb8652a6e48089e3ae103421e7e98" member_type: VOTER last_known_addr { host: "127.16.84.194" port: 35739 } } peers { permanent_uuid: "79707d8b9b964874ba2ced79c87abf32" member_type: VOTER last_known_addr { host: "127.16.84.195" port: 45901 } }
I20260713 09:08:55.768657 17275 catalog_manager.cc:5697] T 3d67626ecc064ebc83d1c810ba2e1998 P 79707d8b9b964874ba2ced79c87abf32 reported cstate change: term changed from 2 to 3, leader changed from 348bb7db329f4217ae4c738e3286ddb4 (127.16.84.193) to 79707d8b9b964874ba2ced79c87abf32 (127.16.84.195). New cstate: current_term: 3 leader_uuid: "79707d8b9b964874ba2ced79c87abf32" committed_config { opid_index: -1 OBSOLETE_local: false peers { permanent_uuid: "348bb7db329f4217ae4c738e3286ddb4" member_type: VOTER last_known_addr { host: "127.16.84.193" port: 46671 } health_report { overall_health: UNKNOWN } } peers { permanent_uuid: "d1bdb8652a6e48089e3ae103421e7e98" member_type: VOTER last_known_addr { host: "127.16.84.194" port: 35739 } health_report { overall_health: UNKNOWN } } peers { permanent_uuid: "79707d8b9b964874ba2ced79c87abf32" member_type: VOTER last_known_addr { host: "127.16.84.195" port: 45901 } health_report { overall_health: HEALTHY } } }
I20260713 09:08:55.813197 17527 raft_consensus.cc:1275] T 34ed8ffa958b45cf87c4be18d830dbf1 P 79707d8b9b964874ba2ced79c87abf32 [term 3 FOLLOWER]: Refusing update from remote peer d1bdb8652a6e48089e3ae103421e7e98: Log matching property violated. Preceding OpId in replica: term: 2 index: 2. Preceding OpId from leader: term: 3 index: 3. (index mismatch)
I20260713 09:08:55.814664 17745 consensus_queue.cc:1048] T 34ed8ffa958b45cf87c4be18d830dbf1 P d1bdb8652a6e48089e3ae103421e7e98 [LEADER]: Connected to new peer: Peer: permanent_uuid: "79707d8b9b964874ba2ced79c87abf32" member_type: VOTER last_known_addr { host: "127.16.84.195" port: 45901 }, Status: LMP_MISMATCH, Last received: 0.0, Next index: 3, Last known committed idx: 2, Time since last communication: 0.000s
I20260713 09:08:55.825700 17376 raft_consensus.cc:1275] T 34ed8ffa958b45cf87c4be18d830dbf1 P 348bb7db329f4217ae4c738e3286ddb4 [term 3 FOLLOWER]: Refusing update from remote peer d1bdb8652a6e48089e3ae103421e7e98: Log matching property violated. Preceding OpId in replica: term: 2 index: 2. Preceding OpId from leader: term: 3 index: 3. (index mismatch)
I20260713 09:08:55.827013 17758 consensus_queue.cc:1048] T 34ed8ffa958b45cf87c4be18d830dbf1 P d1bdb8652a6e48089e3ae103421e7e98 [LEADER]: Connected to new peer: Peer: permanent_uuid: "348bb7db329f4217ae4c738e3286ddb4" member_type: VOTER last_known_addr { host: "127.16.84.193" port: 46671 }, Status: LMP_MISMATCH, Last received: 0.0, Next index: 3, Last known committed idx: 2, Time since last communication: 0.000s
I20260713 09:08:56.052500 17376 raft_consensus.cc:1275] T b357f49f9cc443f98d41dc1f15aeeb94 P 348bb7db329f4217ae4c738e3286ddb4 [term 3 FOLLOWER]: Refusing update from remote peer 79707d8b9b964874ba2ced79c87abf32: Log matching property violated. Preceding OpId in replica: term: 2 index: 2. Preceding OpId from leader: term: 3 index: 3. (index mismatch)
I20260713 09:08:56.053598 17573 consensus_queue.cc:1048] T b357f49f9cc443f98d41dc1f15aeeb94 P 79707d8b9b964874ba2ced79c87abf32 [LEADER]: Connected to new peer: Peer: permanent_uuid: "348bb7db329f4217ae4c738e3286ddb4" member_type: VOTER last_known_addr { host: "127.16.84.193" port: 46671 }, Status: LMP_MISMATCH, Last received: 0.0, Next index: 3, Last known committed idx: 2, Time since last communication: 0.000s
I20260713 09:08:56.063019 17452 raft_consensus.cc:1275] T b357f49f9cc443f98d41dc1f15aeeb94 P d1bdb8652a6e48089e3ae103421e7e98 [term 3 FOLLOWER]: Refusing update from remote peer 79707d8b9b964874ba2ced79c87abf32: Log matching property violated. Preceding OpId in replica: term: 2 index: 2. Preceding OpId from leader: term: 3 index: 3. (index mismatch)
I20260713 09:08:56.066128 17763 consensus_queue.cc:1048] T b357f49f9cc443f98d41dc1f15aeeb94 P 79707d8b9b964874ba2ced79c87abf32 [LEADER]: Connected to new peer: Peer: permanent_uuid: "d1bdb8652a6e48089e3ae103421e7e98" member_type: VOTER last_known_addr { host: "127.16.84.194" port: 35739 }, Status: LMP_MISMATCH, Last received: 0.0, Next index: 3, Last known committed idx: 2, Time since last communication: 0.000s
I20260713 09:08:56.084707 17376 raft_consensus.cc:1275] T eb67ccd6b42a44578dd8f02a9f38f575 P 348bb7db329f4217ae4c738e3286ddb4 [term 5 FOLLOWER]: Refusing update from remote peer d1bdb8652a6e48089e3ae103421e7e98: Log matching property violated. Preceding OpId in replica: term: 4 index: 4. Preceding OpId from leader: term: 5 index: 5. (index mismatch)
I20260713 09:08:56.085860 17758 consensus_queue.cc:1048] T eb67ccd6b42a44578dd8f02a9f38f575 P d1bdb8652a6e48089e3ae103421e7e98 [LEADER]: Connected to new peer: Peer: permanent_uuid: "348bb7db329f4217ae4c738e3286ddb4" member_type: VOTER last_known_addr { host: "127.16.84.193" port: 46671 }, Status: LMP_MISMATCH, Last received: 0.0, Next index: 5, Last known committed idx: 4, Time since last communication: 0.000s
I20260713 09:08:56.095882 17527 raft_consensus.cc:1275] T eb67ccd6b42a44578dd8f02a9f38f575 P 79707d8b9b964874ba2ced79c87abf32 [term 5 FOLLOWER]: Refusing update from remote peer d1bdb8652a6e48089e3ae103421e7e98: Log matching property violated. Preceding OpId in replica: term: 4 index: 4. Preceding OpId from leader: term: 5 index: 5. (index mismatch)
I20260713 09:08:56.097188 17746 consensus_queue.cc:1048] T eb67ccd6b42a44578dd8f02a9f38f575 P d1bdb8652a6e48089e3ae103421e7e98 [LEADER]: Connected to new peer: Peer: permanent_uuid: "79707d8b9b964874ba2ced79c87abf32" member_type: VOTER last_known_addr { host: "127.16.84.195" port: 45901 }, Status: LMP_MISMATCH, Last received: 0.0, Next index: 5, Last known committed idx: 4, Time since last communication: 0.000s
I20260713 09:08:56.172833 17452 raft_consensus.cc:1275] T 3d67626ecc064ebc83d1c810ba2e1998 P d1bdb8652a6e48089e3ae103421e7e98 [term 3 FOLLOWER]: Refusing update from remote peer 79707d8b9b964874ba2ced79c87abf32: Log matching property violated. Preceding OpId in replica: term: 2 index: 2. Preceding OpId from leader: term: 3 index: 3. (index mismatch)
I20260713 09:08:56.174194 17763 consensus_queue.cc:1048] T 3d67626ecc064ebc83d1c810ba2e1998 P 79707d8b9b964874ba2ced79c87abf32 [LEADER]: Connected to new peer: Peer: permanent_uuid: "d1bdb8652a6e48089e3ae103421e7e98" member_type: VOTER last_known_addr { host: "127.16.84.194" port: 35739 }, Status: LMP_MISMATCH, Last received: 0.0, Next index: 3, Last known committed idx: 2, Time since last communication: 0.000s
I20260713 09:08:56.183591 17376 raft_consensus.cc:1275] T 3d67626ecc064ebc83d1c810ba2e1998 P 348bb7db329f4217ae4c738e3286ddb4 [term 3 FOLLOWER]: Refusing update from remote peer 79707d8b9b964874ba2ced79c87abf32: Log matching property violated. Preceding OpId in replica: term: 2 index: 2. Preceding OpId from leader: term: 3 index: 3. (index mismatch)
I20260713 09:08:56.185149 17753 consensus_queue.cc:1048] T 3d67626ecc064ebc83d1c810ba2e1998 P 79707d8b9b964874ba2ced79c87abf32 [LEADER]: Connected to new peer: Peer: permanent_uuid: "348bb7db329f4217ae4c738e3286ddb4" member_type: VOTER last_known_addr { host: "127.16.84.193" port: 46671 }, Status: LMP_MISMATCH, Last received: 0.0, Next index: 3, Last known committed idx: 2, Time since last communication: 0.001s
I20260713 09:08:56.355304 16723 auto_leader_rebalancer.cc:141] leader rebalance for table test-workload
I20260713 09:08:56.361827 16723 tablet_server.cc:179] TabletServer@127.16.84.193:0 shutting down...
I20260713 09:08:56.387365 16723 ts_tablet_manager.cc:1507] Shutting down tablet manager...
I20260713 09:08:56.388193 16723 tablet_replica.cc:333] T eb67ccd6b42a44578dd8f02a9f38f575 P 348bb7db329f4217ae4c738e3286ddb4: stopping tablet replica
I20260713 09:08:56.388908 16723 raft_consensus.cc:2243] T eb67ccd6b42a44578dd8f02a9f38f575 P 348bb7db329f4217ae4c738e3286ddb4 [term 5 FOLLOWER]: Raft consensus shutting down.
I20260713 09:08:56.389379 16723 raft_consensus.cc:2272] T eb67ccd6b42a44578dd8f02a9f38f575 P 348bb7db329f4217ae4c738e3286ddb4 [term 5 FOLLOWER]: Raft consensus is shut down!
I20260713 09:08:56.391817 16723 tablet_replica.cc:333] T ab9da2ab7e974b17a75b30b4ab7d8c7d P 348bb7db329f4217ae4c738e3286ddb4: stopping tablet replica
I20260713 09:08:56.392354 16723 raft_consensus.cc:2243] T ab9da2ab7e974b17a75b30b4ab7d8c7d P 348bb7db329f4217ae4c738e3286ddb4 [term 2 FOLLOWER]: Raft consensus shutting down.
I20260713 09:08:56.392786 16723 raft_consensus.cc:2272] T ab9da2ab7e974b17a75b30b4ab7d8c7d P 348bb7db329f4217ae4c738e3286ddb4 [term 2 FOLLOWER]: Raft consensus is shut down!
I20260713 09:08:56.394490 16723 tablet_replica.cc:333] T 34ed8ffa958b45cf87c4be18d830dbf1 P 348bb7db329f4217ae4c738e3286ddb4: stopping tablet replica
I20260713 09:08:56.395006 16723 raft_consensus.cc:2243] T 34ed8ffa958b45cf87c4be18d830dbf1 P 348bb7db329f4217ae4c738e3286ddb4 [term 3 FOLLOWER]: Raft consensus shutting down.
I20260713 09:08:56.395418 16723 raft_consensus.cc:2272] T 34ed8ffa958b45cf87c4be18d830dbf1 P 348bb7db329f4217ae4c738e3286ddb4 [term 3 FOLLOWER]: Raft consensus is shut down!
I20260713 09:08:56.397372 16723 tablet_replica.cc:333] T 7f6cddd319fd4a6d95576cfdc5c64848 P 348bb7db329f4217ae4c738e3286ddb4: stopping tablet replica
I20260713 09:08:56.397992 16723 raft_consensus.cc:2243] T 7f6cddd319fd4a6d95576cfdc5c64848 P 348bb7db329f4217ae4c738e3286ddb4 [term 2 FOLLOWER]: Raft consensus shutting down.
I20260713 09:08:56.398413 16723 raft_consensus.cc:2272] T 7f6cddd319fd4a6d95576cfdc5c64848 P 348bb7db329f4217ae4c738e3286ddb4 [term 2 FOLLOWER]: Raft consensus is shut down!
I20260713 09:08:56.400089 16723 tablet_replica.cc:333] T b4e226e1040e4e3da4e378d8506eefc8 P 348bb7db329f4217ae4c738e3286ddb4: stopping tablet replica
I20260713 09:08:56.400692 16723 raft_consensus.cc:2243] T b4e226e1040e4e3da4e378d8506eefc8 P 348bb7db329f4217ae4c738e3286ddb4 [term 2 LEADER]: Raft consensus shutting down.
I20260713 09:08:56.401393 16723 raft_consensus.cc:2272] T b4e226e1040e4e3da4e378d8506eefc8 P 348bb7db329f4217ae4c738e3286ddb4 [term 2 FOLLOWER]: Raft consensus is shut down!
I20260713 09:08:56.403059 16723 tablet_replica.cc:333] T 3d67626ecc064ebc83d1c810ba2e1998 P 348bb7db329f4217ae4c738e3286ddb4: stopping tablet replica
I20260713 09:08:56.403538 16723 raft_consensus.cc:2243] T 3d67626ecc064ebc83d1c810ba2e1998 P 348bb7db329f4217ae4c738e3286ddb4 [term 3 FOLLOWER]: Raft consensus shutting down.
I20260713 09:08:56.403923 16723 raft_consensus.cc:2272] T 3d67626ecc064ebc83d1c810ba2e1998 P 348bb7db329f4217ae4c738e3286ddb4 [term 3 FOLLOWER]: Raft consensus is shut down!
I20260713 09:08:56.406872 16723 tablet_replica.cc:333] T 3fee911d1a504b7c84232f7e0f62deeb P 348bb7db329f4217ae4c738e3286ddb4: stopping tablet replica
I20260713 09:08:56.407620 16723 raft_consensus.cc:2243] T 3fee911d1a504b7c84232f7e0f62deeb P 348bb7db329f4217ae4c738e3286ddb4 [term 4 LEADER]: Raft consensus shutting down.
W20260713 09:08:56.408039 17490 proxy.cc:239] Call had error, refreshing address and retrying: Remote error: Service unavailable: service kudu.consensus.ConsensusService not registered on TabletServer [suppressed 1 similar messages]
I20260713 09:08:56.408568 16723 raft_consensus.cc:2272] T 3fee911d1a504b7c84232f7e0f62deeb P 348bb7db329f4217ae4c738e3286ddb4 [term 4 FOLLOWER]: Raft consensus is shut down!
I20260713 09:08:56.411407 16723 tablet_replica.cc:333] T bf024ca561e94556ad25fdfc29148330 P 348bb7db329f4217ae4c738e3286ddb4: stopping tablet replica
I20260713 09:08:56.412513 16723 raft_consensus.cc:2243] T bf024ca561e94556ad25fdfc29148330 P 348bb7db329f4217ae4c738e3286ddb4 [term 4 LEADER]: Raft consensus shutting down.
I20260713 09:08:56.413636 16723 raft_consensus.cc:2272] T bf024ca561e94556ad25fdfc29148330 P 348bb7db329f4217ae4c738e3286ddb4 [term 4 FOLLOWER]: Raft consensus is shut down!
W20260713 09:08:56.413640 17490 consensus_peers.cc:597] T 7f6cddd319fd4a6d95576cfdc5c64848 P 79707d8b9b964874ba2ced79c87abf32 -> Peer 348bb7db329f4217ae4c738e3286ddb4 (127.16.84.193:46671): Couldn't send request to peer 348bb7db329f4217ae4c738e3286ddb4. Status: Remote error: Service unavailable: service kudu.consensus.ConsensusService not registered on TabletServer. This is attempt 1: this message will repeat every 5th retry.
W20260713 09:08:56.415423 17416 consensus_peers.cc:597] T 34ed8ffa958b45cf87c4be18d830dbf1 P d1bdb8652a6e48089e3ae103421e7e98 -> Peer 348bb7db329f4217ae4c738e3286ddb4 (127.16.84.193:46671): Couldn't send request to peer 348bb7db329f4217ae4c738e3286ddb4. Status: Remote error: Service unavailable: service kudu.consensus.ConsensusService not registered on TabletServer. This is attempt 1: this message will repeat every 5th retry.
I20260713 09:08:56.416436 16723 tablet_replica.cc:333] T efa5dae8abce4acda6c820c0ace4480a P 348bb7db329f4217ae4c738e3286ddb4: stopping tablet replica
I20260713 09:08:56.417121 16723 raft_consensus.cc:2243] T efa5dae8abce4acda6c820c0ace4480a P 348bb7db329f4217ae4c738e3286ddb4 [term 3 LEADER]: Raft consensus shutting down.
I20260713 09:08:56.418040 16723 raft_consensus.cc:2272] T efa5dae8abce4acda6c820c0ace4480a P 348bb7db329f4217ae4c738e3286ddb4 [term 3 FOLLOWER]: Raft consensus is shut down!
I20260713 09:08:56.419875 16723 tablet_replica.cc:333] T b357f49f9cc443f98d41dc1f15aeeb94 P 348bb7db329f4217ae4c738e3286ddb4: stopping tablet replica
I20260713 09:08:56.420454 16723 raft_consensus.cc:2243] T b357f49f9cc443f98d41dc1f15aeeb94 P 348bb7db329f4217ae4c738e3286ddb4 [term 3 FOLLOWER]: Raft consensus shutting down.
I20260713 09:08:56.420899 16723 raft_consensus.cc:2272] T b357f49f9cc443f98d41dc1f15aeeb94 P 348bb7db329f4217ae4c738e3286ddb4 [term 3 FOLLOWER]: Raft consensus is shut down!
I20260713 09:08:56.451135 16723 tablet_server.cc:196] TabletServer@127.16.84.193:0 shutdown complete.
W20260713 09:08:56.473999 17490 consensus_peers.cc:597] T b357f49f9cc443f98d41dc1f15aeeb94 P 79707d8b9b964874ba2ced79c87abf32 -> Peer 348bb7db329f4217ae4c738e3286ddb4 (127.16.84.193:46671): Couldn't send request to peer 348bb7db329f4217ae4c738e3286ddb4. Status: Network error: Client connection negotiation failed: client connection to 127.16.84.193:46671: connect: Connection refused (error 111). This is attempt 1: this message will repeat every 5th retry.
I20260713 09:08:56.474660 16723 tablet_server.cc:179] TabletServer@127.16.84.194:0 shutting down...
I20260713 09:08:56.502915 16723 ts_tablet_manager.cc:1507] Shutting down tablet manager...
I20260713 09:08:56.503705 16723 tablet_replica.cc:333] T ab9da2ab7e974b17a75b30b4ab7d8c7d P d1bdb8652a6e48089e3ae103421e7e98: stopping tablet replica
I20260713 09:08:56.504370 16723 raft_consensus.cc:2243] T ab9da2ab7e974b17a75b30b4ab7d8c7d P d1bdb8652a6e48089e3ae103421e7e98 [term 2 LEADER]: Raft consensus shutting down.
I20260713 09:08:56.505220 16723 raft_consensus.cc:2272] T ab9da2ab7e974b17a75b30b4ab7d8c7d P d1bdb8652a6e48089e3ae103421e7e98 [term 2 FOLLOWER]: Raft consensus is shut down!
I20260713 09:08:56.507140 16723 tablet_replica.cc:333] T bf024ca561e94556ad25fdfc29148330 P d1bdb8652a6e48089e3ae103421e7e98: stopping tablet replica
I20260713 09:08:56.507717 16723 raft_consensus.cc:2243] T bf024ca561e94556ad25fdfc29148330 P d1bdb8652a6e48089e3ae103421e7e98 [term 4 FOLLOWER]: Raft consensus shutting down.
I20260713 09:08:56.508176 16723 raft_consensus.cc:2272] T bf024ca561e94556ad25fdfc29148330 P d1bdb8652a6e48089e3ae103421e7e98 [term 4 FOLLOWER]: Raft consensus is shut down!
I20260713 09:08:56.510032 16723 tablet_replica.cc:333] T efa5dae8abce4acda6c820c0ace4480a P d1bdb8652a6e48089e3ae103421e7e98: stopping tablet replica
I20260713 09:08:56.510650 16723 raft_consensus.cc:2243] T efa5dae8abce4acda6c820c0ace4480a P d1bdb8652a6e48089e3ae103421e7e98 [term 3 FOLLOWER]: Raft consensus shutting down.
I20260713 09:08:56.511106 16723 raft_consensus.cc:2272] T efa5dae8abce4acda6c820c0ace4480a P d1bdb8652a6e48089e3ae103421e7e98 [term 3 FOLLOWER]: Raft consensus is shut down!
I20260713 09:08:56.512885 16723 tablet_replica.cc:333] T 34ed8ffa958b45cf87c4be18d830dbf1 P d1bdb8652a6e48089e3ae103421e7e98: stopping tablet replica
I20260713 09:08:56.513410 16723 raft_consensus.cc:2243] T 34ed8ffa958b45cf87c4be18d830dbf1 P d1bdb8652a6e48089e3ae103421e7e98 [term 3 LEADER]: Raft consensus shutting down.
I20260713 09:08:56.514592 16723 raft_consensus.cc:2272] T 34ed8ffa958b45cf87c4be18d830dbf1 P d1bdb8652a6e48089e3ae103421e7e98 [term 3 FOLLOWER]: Raft consensus is shut down!
I20260713 09:08:56.517130 16723 tablet_replica.cc:333] T b357f49f9cc443f98d41dc1f15aeeb94 P d1bdb8652a6e48089e3ae103421e7e98: stopping tablet replica
I20260713 09:08:56.517844 16723 raft_consensus.cc:2243] T b357f49f9cc443f98d41dc1f15aeeb94 P d1bdb8652a6e48089e3ae103421e7e98 [term 3 FOLLOWER]: Raft consensus shutting down.
I20260713 09:08:56.518311 16723 raft_consensus.cc:2272] T b357f49f9cc443f98d41dc1f15aeeb94 P d1bdb8652a6e48089e3ae103421e7e98 [term 3 FOLLOWER]: Raft consensus is shut down!
I20260713 09:08:56.520299 16723 tablet_replica.cc:333] T 7f6cddd319fd4a6d95576cfdc5c64848 P d1bdb8652a6e48089e3ae103421e7e98: stopping tablet replica
I20260713 09:08:56.520797 16723 raft_consensus.cc:2243] T 7f6cddd319fd4a6d95576cfdc5c64848 P d1bdb8652a6e48089e3ae103421e7e98 [term 2 FOLLOWER]: Raft consensus shutting down.
I20260713 09:08:56.521203 16723 raft_consensus.cc:2272] T 7f6cddd319fd4a6d95576cfdc5c64848 P d1bdb8652a6e48089e3ae103421e7e98 [term 2 FOLLOWER]: Raft consensus is shut down!
I20260713 09:08:56.523056 16723 tablet_replica.cc:333] T b4e226e1040e4e3da4e378d8506eefc8 P d1bdb8652a6e48089e3ae103421e7e98: stopping tablet replica
I20260713 09:08:56.523505 16723 raft_consensus.cc:2243] T b4e226e1040e4e3da4e378d8506eefc8 P d1bdb8652a6e48089e3ae103421e7e98 [term 2 FOLLOWER]: Raft consensus shutting down.
I20260713 09:08:56.523828 16723 raft_consensus.cc:2272] T b4e226e1040e4e3da4e378d8506eefc8 P d1bdb8652a6e48089e3ae103421e7e98 [term 2 FOLLOWER]: Raft consensus is shut down!
I20260713 09:08:56.525550 16723 tablet_replica.cc:333] T 3d67626ecc064ebc83d1c810ba2e1998 P d1bdb8652a6e48089e3ae103421e7e98: stopping tablet replica
I20260713 09:08:56.526049 16723 raft_consensus.cc:2243] T 3d67626ecc064ebc83d1c810ba2e1998 P d1bdb8652a6e48089e3ae103421e7e98 [term 3 FOLLOWER]: Raft consensus shutting down.
I20260713 09:08:56.526486 16723 raft_consensus.cc:2272] T 3d67626ecc064ebc83d1c810ba2e1998 P d1bdb8652a6e48089e3ae103421e7e98 [term 3 FOLLOWER]: Raft consensus is shut down!
I20260713 09:08:56.528635 16723 tablet_replica.cc:333] T 3fee911d1a504b7c84232f7e0f62deeb P d1bdb8652a6e48089e3ae103421e7e98: stopping tablet replica
I20260713 09:08:56.529130 16723 raft_consensus.cc:2243] T 3fee911d1a504b7c84232f7e0f62deeb P d1bdb8652a6e48089e3ae103421e7e98 [term 4 FOLLOWER]: Raft consensus shutting down.
I20260713 09:08:56.529623 16723 raft_consensus.cc:2272] T 3fee911d1a504b7c84232f7e0f62deeb P d1bdb8652a6e48089e3ae103421e7e98 [term 4 FOLLOWER]: Raft consensus is shut down!
I20260713 09:08:56.531384 16723 tablet_replica.cc:333] T eb67ccd6b42a44578dd8f02a9f38f575 P d1bdb8652a6e48089e3ae103421e7e98: stopping tablet replica
I20260713 09:08:56.532029 16723 raft_consensus.cc:2243] T eb67ccd6b42a44578dd8f02a9f38f575 P d1bdb8652a6e48089e3ae103421e7e98 [term 5 LEADER]: Raft consensus shutting down.
I20260713 09:08:56.532732 16723 raft_consensus.cc:2272] T eb67ccd6b42a44578dd8f02a9f38f575 P d1bdb8652a6e48089e3ae103421e7e98 [term 5 FOLLOWER]: Raft consensus is shut down!
I20260713 09:08:56.562449 16723 tablet_server.cc:196] TabletServer@127.16.84.194:0 shutdown complete.
W20260713 09:08:56.576633 17493 consensus_peers.cc:597] T b357f49f9cc443f98d41dc1f15aeeb94 P 79707d8b9b964874ba2ced79c87abf32 -> Peer d1bdb8652a6e48089e3ae103421e7e98 (127.16.84.194:35739): Couldn't send request to peer d1bdb8652a6e48089e3ae103421e7e98. Status: Network error: Client connection negotiation failed: client connection to 127.16.84.194:35739: connect: Connection refused (error 111). This is attempt 1: this message will repeat every 5th retry.
W20260713 09:08:56.581926 17490 consensus_peers.cc:597] T 3d67626ecc064ebc83d1c810ba2e1998 P 79707d8b9b964874ba2ced79c87abf32 -> Peer 348bb7db329f4217ae4c738e3286ddb4 (127.16.84.193:46671): Couldn't send request to peer 348bb7db329f4217ae4c738e3286ddb4. Status: Network error: Client connection negotiation failed: client connection to 127.16.84.193:46671: connect: Connection refused (error 111). This is attempt 1: this message will repeat every 5th retry.
I20260713 09:08:56.588517 16723 tablet_server.cc:179] TabletServer@127.16.84.195:0 shutting down...
I20260713 09:08:56.611188 16723 ts_tablet_manager.cc:1507] Shutting down tablet manager...
I20260713 09:08:56.611927 16723 tablet_replica.cc:333] T 34ed8ffa958b45cf87c4be18d830dbf1 P 79707d8b9b964874ba2ced79c87abf32: stopping tablet replica
I20260713 09:08:56.612586 16723 raft_consensus.cc:2243] T 34ed8ffa958b45cf87c4be18d830dbf1 P 79707d8b9b964874ba2ced79c87abf32 [term 3 FOLLOWER]: Raft consensus shutting down.
I20260713 09:08:56.613143 16723 raft_consensus.cc:2272] T 34ed8ffa958b45cf87c4be18d830dbf1 P 79707d8b9b964874ba2ced79c87abf32 [term 3 FOLLOWER]: Raft consensus is shut down!
I20260713 09:08:56.615543 16723 tablet_replica.cc:333] T ab9da2ab7e974b17a75b30b4ab7d8c7d P 79707d8b9b964874ba2ced79c87abf32: stopping tablet replica
I20260713 09:08:56.616079 16723 raft_consensus.cc:2243] T ab9da2ab7e974b17a75b30b4ab7d8c7d P 79707d8b9b964874ba2ced79c87abf32 [term 2 FOLLOWER]: Raft consensus shutting down.
I20260713 09:08:56.616525 16723 raft_consensus.cc:2272] T ab9da2ab7e974b17a75b30b4ab7d8c7d P 79707d8b9b964874ba2ced79c87abf32 [term 2 FOLLOWER]: Raft consensus is shut down!
I20260713 09:08:56.618342 16723 tablet_replica.cc:333] T b357f49f9cc443f98d41dc1f15aeeb94 P 79707d8b9b964874ba2ced79c87abf32: stopping tablet replica
I20260713 09:08:56.618855 16723 raft_consensus.cc:2243] T b357f49f9cc443f98d41dc1f15aeeb94 P 79707d8b9b964874ba2ced79c87abf32 [term 3 LEADER]: Raft consensus shutting down.
I20260713 09:08:56.619764 16723 raft_consensus.cc:2272] T b357f49f9cc443f98d41dc1f15aeeb94 P 79707d8b9b964874ba2ced79c87abf32 [term 3 FOLLOWER]: Raft consensus is shut down!
I20260713 09:08:56.622360 16723 tablet_replica.cc:333] T bf024ca561e94556ad25fdfc29148330 P 79707d8b9b964874ba2ced79c87abf32: stopping tablet replica
I20260713 09:08:56.622907 16723 raft_consensus.cc:2243] T bf024ca561e94556ad25fdfc29148330 P 79707d8b9b964874ba2ced79c87abf32 [term 4 FOLLOWER]: Raft consensus shutting down.
I20260713 09:08:56.623373 16723 raft_consensus.cc:2272] T bf024ca561e94556ad25fdfc29148330 P 79707d8b9b964874ba2ced79c87abf32 [term 4 FOLLOWER]: Raft consensus is shut down!
I20260713 09:08:56.624969 16723 tablet_replica.cc:333] T efa5dae8abce4acda6c820c0ace4480a P 79707d8b9b964874ba2ced79c87abf32: stopping tablet replica
I20260713 09:08:56.625806 16723 raft_consensus.cc:2243] T efa5dae8abce4acda6c820c0ace4480a P 79707d8b9b964874ba2ced79c87abf32 [term 3 FOLLOWER]: Raft consensus shutting down.
I20260713 09:08:56.626298 16723 raft_consensus.cc:2272] T efa5dae8abce4acda6c820c0ace4480a P 79707d8b9b964874ba2ced79c87abf32 [term 3 FOLLOWER]: Raft consensus is shut down!
I20260713 09:08:56.628350 16723 tablet_replica.cc:333] T eb67ccd6b42a44578dd8f02a9f38f575 P 79707d8b9b964874ba2ced79c87abf32: stopping tablet replica
I20260713 09:08:56.628973 16723 raft_consensus.cc:2243] T eb67ccd6b42a44578dd8f02a9f38f575 P 79707d8b9b964874ba2ced79c87abf32 [term 5 FOLLOWER]: Raft consensus shutting down.
I20260713 09:08:56.629479 16723 raft_consensus.cc:2272] T eb67ccd6b42a44578dd8f02a9f38f575 P 79707d8b9b964874ba2ced79c87abf32 [term 5 FOLLOWER]: Raft consensus is shut down!
W20260713 09:08:56.631580 17493 consensus_peers.cc:597] T 3d67626ecc064ebc83d1c810ba2e1998 P 79707d8b9b964874ba2ced79c87abf32 -> Peer d1bdb8652a6e48089e3ae103421e7e98 (127.16.84.194:35739): Couldn't send request to peer d1bdb8652a6e48089e3ae103421e7e98. Status: Network error: Client connection negotiation failed: client connection to 127.16.84.194:35739: connect: Connection refused (error 111). This is attempt 1: this message will repeat every 5th retry.
I20260713 09:08:56.632028 16723 tablet_replica.cc:333] T 7f6cddd319fd4a6d95576cfdc5c64848 P 79707d8b9b964874ba2ced79c87abf32: stopping tablet replica
I20260713 09:08:56.632566 16723 raft_consensus.cc:2243] T 7f6cddd319fd4a6d95576cfdc5c64848 P 79707d8b9b964874ba2ced79c87abf32 [term 2 LEADER]: Raft consensus shutting down.
I20260713 09:08:56.633245 16723 raft_consensus.cc:2272] T 7f6cddd319fd4a6d95576cfdc5c64848 P 79707d8b9b964874ba2ced79c87abf32 [term 2 FOLLOWER]: Raft consensus is shut down!
I20260713 09:08:56.635177 16723 tablet_replica.cc:333] T b4e226e1040e4e3da4e378d8506eefc8 P 79707d8b9b964874ba2ced79c87abf32: stopping tablet replica
I20260713 09:08:56.635612 16723 raft_consensus.cc:2243] T b4e226e1040e4e3da4e378d8506eefc8 P 79707d8b9b964874ba2ced79c87abf32 [term 2 FOLLOWER]: Raft consensus shutting down.
I20260713 09:08:56.635979 16723 raft_consensus.cc:2272] T b4e226e1040e4e3da4e378d8506eefc8 P 79707d8b9b964874ba2ced79c87abf32 [term 2 FOLLOWER]: Raft consensus is shut down!
I20260713 09:08:56.637853 16723 tablet_replica.cc:333] T 3d67626ecc064ebc83d1c810ba2e1998 P 79707d8b9b964874ba2ced79c87abf32: stopping tablet replica
I20260713 09:08:56.638295 16723 raft_consensus.cc:2243] T 3d67626ecc064ebc83d1c810ba2e1998 P 79707d8b9b964874ba2ced79c87abf32 [term 3 LEADER]: Raft consensus shutting down.
I20260713 09:08:56.639006 16723 raft_consensus.cc:2272] T 3d67626ecc064ebc83d1c810ba2e1998 P 79707d8b9b964874ba2ced79c87abf32 [term 3 FOLLOWER]: Raft consensus is shut down!
I20260713 09:08:56.640795 16723 tablet_replica.cc:333] T 3fee911d1a504b7c84232f7e0f62deeb P 79707d8b9b964874ba2ced79c87abf32: stopping tablet replica
I20260713 09:08:56.641175 16723 raft_consensus.cc:2243] T 3fee911d1a504b7c84232f7e0f62deeb P 79707d8b9b964874ba2ced79c87abf32 [term 4 FOLLOWER]: Raft consensus shutting down.
I20260713 09:08:56.641511 16723 raft_consensus.cc:2272] T 3fee911d1a504b7c84232f7e0f62deeb P 79707d8b9b964874ba2ced79c87abf32 [term 4 FOLLOWER]: Raft consensus is shut down!
I20260713 09:08:56.668685 16723 tablet_server.cc:196] TabletServer@127.16.84.195:0 shutdown complete.
I20260713 09:08:56.686673 16723 master.cc:562] Master@127.16.84.254:34407 shutting down...
I20260713 09:08:56.715236 16723 raft_consensus.cc:2243] T 00000000000000000000000000000000 P 9fe4065851ff42f581e16054d0d75131 [term 1 LEADER]: Raft consensus shutting down.
I20260713 09:08:56.715736 16723 raft_consensus.cc:2272] T 00000000000000000000000000000000 P 9fe4065851ff42f581e16054d0d75131 [term 1 FOLLOWER]: Raft consensus is shut down!
I20260713 09:08:56.716019 16723 tablet_replica.cc:333] T 00000000000000000000000000000000 P 9fe4065851ff42f581e16054d0d75131: stopping tablet replica
I20260713 09:08:56.771104 16723 master.cc:584] Master@127.16.84.254:34407 shutdown complete.
348bb7db329f4217ae4c738e3286ddb4  5
79707d8b9b964874ba2ced79c87abf32  1
d1bdb8652a6e48089e3ae103421e7e98  4
[       OK ] LeaderRebalancerTest.FunctionalTestForNotDivided (12411 ms)
[ RUN      ] LeaderRebalancerTest.AddTserver
I20260713 09:08:56.820151 16723 internal_mini_cluster.cc:156] Creating distributed mini masters. Addrs: 127.16.84.254:39551
I20260713 09:08:56.821452 16723 file_cache.cc:504] Constructed file cache file cache with capacity 419430
W20260713 09:08:56.827600 17774 instance_detector.cc:116] could not retrieve AWS instance metadata: Network error: curl error: HTTP response code said error: The requested URL returned error: 404
W20260713 09:08:56.827973 17775 instance_detector.cc:116] could not retrieve Azure instance metadata: Network error: curl error: HTTP response code said error: The requested URL returned error: 404
W20260713 09:08:56.828336 17777 instance_detector.cc:116] could not retrieve OpenStack instance metadata: Network error: curl error: HTTP response code said error: The requested URL returned error: 404
I20260713 09:08:56.830363 16723 server_base.cc:1061] running on GCE node
I20260713 09:08:56.831409 16723 hybrid_clock.cc:584] initializing the hybrid clock with 'system_unsync' time source
W20260713 09:08:56.831693 16723 system_unsync_time.cc:38] NTP support is disabled. Clock error bounds will not be accurate. This configuration is not suitable for distributed clusters.
I20260713 09:08:56.831887 16723 hybrid_clock.cc:648] HybridClock initialized: now 1783933736831867 us; error 0 us; skew 500 ppm
I20260713 09:08:56.832464 16723 server_base.cc:861] Flag tcmalloc_max_total_thread_cache_bytes is not working since tcmalloc is not enabled.
I20260713 09:08:56.835115 16723 webserver.cc:533] Webserver started at http://127.16.84.254:33071/ using document root <none> and password file <none>
I20260713 09:08:56.835700 16723 fs_manager.cc:362] Metadata directory not provided
I20260713 09:08:56.835933 16723 fs_manager.cc:368] Using write-ahead log directory (fs_wal_dir) as metadata directory
I20260713 09:08:56.836246 16723 server_base.cc:909] This appears to be a new deployment of Kudu; creating new FS layout
I20260713 09:08:56.837456 16723 fs_manager.cc:1068] Generated new instance metadata in path /tmp/dist-test-taskwsnwKI/test-tmp/auto_leader_rebalancer-test.0.LeaderRebalancerTest.AddTserver.1783933709617344-16723-0/minicluster-data/master-0-root/instance:
uuid: "f06f6b59537e49e2b0a6057c773329cb"
format_stamp: "Formatted at 2026-07-13 09:08:56 on dist-test-slave-w9jf"
I20260713 09:08:56.842439 16723 fs_manager.cc:696] Time spent creating directory manager: real 0.004s	user 0.004s	sys 0.000s
I20260713 09:08:56.846134 17782 log_block_manager.cc:4127] Time spent loading block containers with low live blocks: real 0.000s	user 0.000s	sys 0.000s
I20260713 09:08:56.847020 16723 fs_manager.cc:730] Time spent opening block manager: real 0.002s	user 0.003s	sys 0.001s
I20260713 09:08:56.847278 16723 fs_manager.cc:647] Opened local filesystem: /tmp/dist-test-taskwsnwKI/test-tmp/auto_leader_rebalancer-test.0.LeaderRebalancerTest.AddTserver.1783933709617344-16723-0/minicluster-data/master-0-root
uuid: "f06f6b59537e49e2b0a6057c773329cb"
format_stamp: "Formatted at 2026-07-13 09:08:56 on dist-test-slave-w9jf"
I20260713 09:08:56.847527 16723 fs_report.cc:389] FS layout report
--------------------
wal directory: /tmp/dist-test-taskwsnwKI/test-tmp/auto_leader_rebalancer-test.0.LeaderRebalancerTest.AddTserver.1783933709617344-16723-0/minicluster-data/master-0-root
metadata directory: /tmp/dist-test-taskwsnwKI/test-tmp/auto_leader_rebalancer-test.0.LeaderRebalancerTest.AddTserver.1783933709617344-16723-0/minicluster-data/master-0-root
1 data directories: /tmp/dist-test-taskwsnwKI/test-tmp/auto_leader_rebalancer-test.0.LeaderRebalancerTest.AddTserver.1783933709617344-16723-0/minicluster-data/master-0-root/data
Total live blocks: 0
Total live bytes: 0
Total live bytes (after alignment): 0
Total number of LBM containers: 0 (0 full)
Did not check for missing blocks
Did not check for orphaned blocks
Total full LBM containers with extra space: 0 (0 repaired)
Total full LBM container extra space in bytes: 0 (0 repaired)
Total incomplete LBM containers: 0 (0 repaired)
Total LBM partial records: 0 (0 repaired)
Total corrupted LBM metadata records in RocksDB: 0 (0 repaired)
I20260713 09:08:56.865783 16723 rpc_server.cc:225] running with OpenSSL 1.1.1  11 Sep 2018
I20260713 09:08:56.866971 16723 kserver.cc:163] Server-wide thread pool size limit: 3276
I20260713 09:08:56.904881 16723 rpc_server.cc:307] RPC server started. Bound to: 127.16.84.254:39551
I20260713 09:08:56.904980 17833 acceptor_pool.cc:272] collecting diagnostics on the listening RPC socket 127.16.84.254:39551 every 8 connection(s)
I20260713 09:08:56.909173 17834 data_dirs.cc:400] Could only allocate 1 dirs of requested 3 for tablet 00000000000000000000000000000000. 1 dirs total, 0 dirs full, 0 dirs failed
I20260713 09:08:56.919836 17834 tablet_bootstrap.cc:492] T 00000000000000000000000000000000 P f06f6b59537e49e2b0a6057c773329cb: Bootstrap starting.
I20260713 09:08:56.924508 17834 tablet_bootstrap.cc:654] T 00000000000000000000000000000000 P f06f6b59537e49e2b0a6057c773329cb: Neither blocks nor log segments found. Creating new log.
I20260713 09:08:56.928803 17834 tablet_bootstrap.cc:492] T 00000000000000000000000000000000 P f06f6b59537e49e2b0a6057c773329cb: No bootstrap required, opened a new log
I20260713 09:08:56.930918 17834 raft_consensus.cc:359] T 00000000000000000000000000000000 P f06f6b59537e49e2b0a6057c773329cb [term 0 FOLLOWER]: Replica starting. Triggering 0 pending ops. Active config: opid_index: -1 OBSOLETE_local: true peers { permanent_uuid: "f06f6b59537e49e2b0a6057c773329cb" member_type: VOTER }
I20260713 09:08:56.931318 17834 raft_consensus.cc:385] T 00000000000000000000000000000000 P f06f6b59537e49e2b0a6057c773329cb [term 0 FOLLOWER]: Consensus starting up: Expiring failure detector timer to make a prompt election more likely
I20260713 09:08:56.931526 17834 raft_consensus.cc:740] T 00000000000000000000000000000000 P f06f6b59537e49e2b0a6057c773329cb [term 0 FOLLOWER]: Becoming Follower/Learner. State: Replica: f06f6b59537e49e2b0a6057c773329cb, State: Initialized, Role: FOLLOWER
I20260713 09:08:56.932196 17834 consensus_queue.cc:260] T 00000000000000000000000000000000 P f06f6b59537e49e2b0a6057c773329cb [NON_LEADER]: Queue going to NON_LEADER mode. State: All replicated index: 0, Majority replicated index: 0, Committed index: 0, Last appended: 0.0, Last appended by leader: 0, Current term: 0, Majority size: -1, State: 0, Mode: NON_LEADER, active raft config: opid_index: -1 OBSOLETE_local: true peers { permanent_uuid: "f06f6b59537e49e2b0a6057c773329cb" member_type: VOTER }
I20260713 09:08:56.932644 17834 raft_consensus.cc:399] T 00000000000000000000000000000000 P f06f6b59537e49e2b0a6057c773329cb [term 0 FOLLOWER]: Only one voter in the Raft config. Triggering election immediately
I20260713 09:08:56.932871 17834 raft_consensus.cc:493] T 00000000000000000000000000000000 P f06f6b59537e49e2b0a6057c773329cb [term 0 FOLLOWER]: Starting leader election (initial election of a single-replica configuration)
I20260713 09:08:56.933151 17834 raft_consensus.cc:3060] T 00000000000000000000000000000000 P f06f6b59537e49e2b0a6057c773329cb [term 0 FOLLOWER]: Advancing to term 1
I20260713 09:08:56.937167 17834 raft_consensus.cc:515] T 00000000000000000000000000000000 P f06f6b59537e49e2b0a6057c773329cb [term 1 FOLLOWER]: Starting leader election with config: opid_index: -1 OBSOLETE_local: true peers { permanent_uuid: "f06f6b59537e49e2b0a6057c773329cb" member_type: VOTER }
I20260713 09:08:56.937718 17834 leader_election.cc:304] T 00000000000000000000000000000000 P f06f6b59537e49e2b0a6057c773329cb [CANDIDATE]: Term 1 election: Election decided. Result: candidate won. Election summary: received 1 responses out of 1 voters: 1 yes votes; 0 no votes. yes voters: f06f6b59537e49e2b0a6057c773329cb; no voters: 
I20260713 09:08:56.938908 17834 leader_election.cc:290] T 00000000000000000000000000000000 P f06f6b59537e49e2b0a6057c773329cb [CANDIDATE]: Term 1 election: Requested vote from peers 
I20260713 09:08:56.939242 17837 raft_consensus.cc:2804] T 00000000000000000000000000000000 P f06f6b59537e49e2b0a6057c773329cb [term 1 FOLLOWER]: Leader election won for term 1
I20260713 09:08:56.940567 17837 raft_consensus.cc:697] T 00000000000000000000000000000000 P f06f6b59537e49e2b0a6057c773329cb [term 1 LEADER]: Becoming Leader. State: Replica: f06f6b59537e49e2b0a6057c773329cb, State: Running, Role: LEADER
