[==========] Running 8 tests from 2 test suites.
[----------] Global test environment set-up.
[----------] 6 tests from LeaderRebalancerTest
[ RUN      ] LeaderRebalancerTest.FunctionalTestForDivided
WARNING: Logging before InitGoogleLogging() is written to STDERR
I20260713 09:08:29.800863 16723 internal_mini_cluster.cc:156] Creating distributed mini masters. Addrs: 127.16.84.254:35965
I20260713 09:08:29.802687 16723 env_posix.cc:2285] Not raising this process' open files per process limit of 1048576; it is already as high as it can go
I20260713 09:08:29.803848 16723 file_cache.cc:504] Constructed file cache file cache with capacity 419430
W20260713 09:08:29.823549 16732 instance_detector.cc:116] could not retrieve OpenStack instance metadata: Network error: curl error: HTTP response code said error: The requested URL returned error: 404
W20260713 09:08:29.823588 16730 instance_detector.cc:116] could not retrieve Azure instance metadata: Network error: curl error: HTTP response code said error: The requested URL returned error: 404
I20260713 09:08:29.824330 16723 server_base.cc:1061] running on GCE node
W20260713 09:08:29.823561 16729 instance_detector.cc:116] could not retrieve AWS instance metadata: Network error: curl error: HTTP response code said error: The requested URL returned error: 404
I20260713 09:08:31.045593 16723 hybrid_clock.cc:584] initializing the hybrid clock with 'system_unsync' time source
W20260713 09:08:31.045879 16723 system_unsync_time.cc:38] NTP support is disabled. Clock error bounds will not be accurate. This configuration is not suitable for distributed clusters.
I20260713 09:08:31.046133 16723 hybrid_clock.cc:648] HybridClock initialized: now 1783933711046105 us; error 0 us; skew 500 ppm
I20260713 09:08:31.047032 16723 server_base.cc:861] Flag tcmalloc_max_total_thread_cache_bytes is not working since tcmalloc is not enabled.
I20260713 09:08:31.052809 16723 webserver.cc:533] Webserver started at http://127.16.84.254:38093/ using document root <none> and password file <none>
I20260713 09:08:31.053781 16723 fs_manager.cc:362] Metadata directory not provided
I20260713 09:08:31.053992 16723 fs_manager.cc:368] Using write-ahead log directory (fs_wal_dir) as metadata directory
I20260713 09:08:31.054395 16723 server_base.cc:909] This appears to be a new deployment of Kudu; creating new FS layout
I20260713 09:08:31.060366 16723 fs_manager.cc:1068] Generated new instance metadata in path /tmp/dist-test-taskwsnwKI/test-tmp/auto_leader_rebalancer-test.0.LeaderRebalancerTest.FunctionalTestForDivided.1783933709617344-16723-0/minicluster-data/master-0-root/instance:
uuid: "cd5ec5684cd643a696bd833c49fa9bc4"
format_stamp: "Formatted at 2026-07-13 09:08:31 on dist-test-slave-w9jf"
I20260713 09:08:31.069057 16723 fs_manager.cc:696] Time spent creating directory manager: real 0.008s	user 0.009s	sys 0.001s
I20260713 09:08:31.074740 16738 log_block_manager.cc:4127] Time spent loading block containers with low live blocks: real 0.000s	user 0.000s	sys 0.000s
I20260713 09:08:31.076098 16723 fs_manager.cc:730] Time spent opening block manager: real 0.004s	user 0.003s	sys 0.002s
I20260713 09:08:31.076484 16723 fs_manager.cc:647] Opened local filesystem: /tmp/dist-test-taskwsnwKI/test-tmp/auto_leader_rebalancer-test.0.LeaderRebalancerTest.FunctionalTestForDivided.1783933709617344-16723-0/minicluster-data/master-0-root
uuid: "cd5ec5684cd643a696bd833c49fa9bc4"
format_stamp: "Formatted at 2026-07-13 09:08:31 on dist-test-slave-w9jf"
I20260713 09:08:31.076793 16723 fs_report.cc:389] FS layout report
--------------------
wal directory: /tmp/dist-test-taskwsnwKI/test-tmp/auto_leader_rebalancer-test.0.LeaderRebalancerTest.FunctionalTestForDivided.1783933709617344-16723-0/minicluster-data/master-0-root
metadata directory: /tmp/dist-test-taskwsnwKI/test-tmp/auto_leader_rebalancer-test.0.LeaderRebalancerTest.FunctionalTestForDivided.1783933709617344-16723-0/minicluster-data/master-0-root
1 data directories: /tmp/dist-test-taskwsnwKI/test-tmp/auto_leader_rebalancer-test.0.LeaderRebalancerTest.FunctionalTestForDivided.1783933709617344-16723-0/minicluster-data/master-0-root/data
Total live blocks: 0
Total live bytes: 0
Total live bytes (after alignment): 0
Total number of LBM containers: 0 (0 full)
Did not check for missing blocks
Did not check for orphaned blocks
Total full LBM containers with extra space: 0 (0 repaired)
Total full LBM container extra space in bytes: 0 (0 repaired)
Total incomplete LBM containers: 0 (0 repaired)
Total LBM partial records: 0 (0 repaired)
Total corrupted LBM metadata records in RocksDB: 0 (0 repaired)
I20260713 09:08:31.133057 16723 rpc_server.cc:225] running with OpenSSL 1.1.1  11 Sep 2018
I20260713 09:08:31.134647 16723 env_posix.cc:2285] Not raising this process' running threads per effective uid limit of 18446744073709551615; it is already as high as it can go
I20260713 09:08:31.135078 16723 kserver.cc:163] Server-wide thread pool size limit: 3276
I20260713 09:08:31.215838 16723 rpc_server.cc:307] RPC server started. Bound to: 127.16.84.254:35965
I20260713 09:08:31.215917 16789 acceptor_pool.cc:272] collecting diagnostics on the listening RPC socket 127.16.84.254:35965 every 8 connection(s)
I20260713 09:08:31.224709 16790 data_dirs.cc:400] Could only allocate 1 dirs of requested 3 for tablet 00000000000000000000000000000000. 1 dirs total, 0 dirs full, 0 dirs failed
I20260713 09:08:31.249796 16790 tablet_bootstrap.cc:492] T 00000000000000000000000000000000 P cd5ec5684cd643a696bd833c49fa9bc4: Bootstrap starting.
I20260713 09:08:31.256390 16790 tablet_bootstrap.cc:654] T 00000000000000000000000000000000 P cd5ec5684cd643a696bd833c49fa9bc4: Neither blocks nor log segments found. Creating new log.
I20260713 09:08:31.258374 16790 log.cc:826] T 00000000000000000000000000000000 P cd5ec5684cd643a696bd833c49fa9bc4: Log is configured to *not* fsync() on all Append() calls
I20260713 09:08:31.263778 16790 tablet_bootstrap.cc:492] T 00000000000000000000000000000000 P cd5ec5684cd643a696bd833c49fa9bc4: No bootstrap required, opened a new log
I20260713 09:08:31.284799 16790 raft_consensus.cc:359] T 00000000000000000000000000000000 P cd5ec5684cd643a696bd833c49fa9bc4 [term 0 FOLLOWER]: Replica starting. Triggering 0 pending ops. Active config: opid_index: -1 OBSOLETE_local: true peers { permanent_uuid: "cd5ec5684cd643a696bd833c49fa9bc4" member_type: VOTER }
I20260713 09:08:31.285435 16790 raft_consensus.cc:385] T 00000000000000000000000000000000 P cd5ec5684cd643a696bd833c49fa9bc4 [term 0 FOLLOWER]: Consensus starting up: Expiring failure detector timer to make a prompt election more likely
I20260713 09:08:31.285771 16790 raft_consensus.cc:740] T 00000000000000000000000000000000 P cd5ec5684cd643a696bd833c49fa9bc4 [term 0 FOLLOWER]: Becoming Follower/Learner. State: Replica: cd5ec5684cd643a696bd833c49fa9bc4, State: Initialized, Role: FOLLOWER
I20260713 09:08:31.286801 16790 consensus_queue.cc:260] T 00000000000000000000000000000000 P cd5ec5684cd643a696bd833c49fa9bc4 [NON_LEADER]: Queue going to NON_LEADER mode. State: All replicated index: 0, Majority replicated index: 0, Committed index: 0, Last appended: 0.0, Last appended by leader: 0, Current term: 0, Majority size: -1, State: 0, Mode: NON_LEADER, active raft config: opid_index: -1 OBSOLETE_local: true peers { permanent_uuid: "cd5ec5684cd643a696bd833c49fa9bc4" member_type: VOTER }
I20260713 09:08:31.287345 16790 raft_consensus.cc:399] T 00000000000000000000000000000000 P cd5ec5684cd643a696bd833c49fa9bc4 [term 0 FOLLOWER]: Only one voter in the Raft config. Triggering election immediately
I20260713 09:08:31.287650 16790 raft_consensus.cc:493] T 00000000000000000000000000000000 P cd5ec5684cd643a696bd833c49fa9bc4 [term 0 FOLLOWER]: Starting leader election (initial election of a single-replica configuration)
I20260713 09:08:31.288007 16790 raft_consensus.cc:3060] T 00000000000000000000000000000000 P cd5ec5684cd643a696bd833c49fa9bc4 [term 0 FOLLOWER]: Advancing to term 1
I20260713 09:08:31.292260 16790 raft_consensus.cc:515] T 00000000000000000000000000000000 P cd5ec5684cd643a696bd833c49fa9bc4 [term 1 FOLLOWER]: Starting leader election with config: opid_index: -1 OBSOLETE_local: true peers { permanent_uuid: "cd5ec5684cd643a696bd833c49fa9bc4" member_type: VOTER }
I20260713 09:08:31.293063 16790 leader_election.cc:304] T 00000000000000000000000000000000 P cd5ec5684cd643a696bd833c49fa9bc4 [CANDIDATE]: Term 1 election: Election decided. Result: candidate won. Election summary: received 1 responses out of 1 voters: 1 yes votes; 0 no votes. yes voters: cd5ec5684cd643a696bd833c49fa9bc4; no voters: 
I20260713 09:08:31.295130 16790 leader_election.cc:290] T 00000000000000000000000000000000 P cd5ec5684cd643a696bd833c49fa9bc4 [CANDIDATE]: Term 1 election: Requested vote from peers 
I20260713 09:08:31.295413 16793 raft_consensus.cc:2804] T 00000000000000000000000000000000 P cd5ec5684cd643a696bd833c49fa9bc4 [term 1 FOLLOWER]: Leader election won for term 1
I20260713 09:08:31.297896 16793 raft_consensus.cc:697] T 00000000000000000000000000000000 P cd5ec5684cd643a696bd833c49fa9bc4 [term 1 LEADER]: Becoming Leader. State: Replica: cd5ec5684cd643a696bd833c49fa9bc4, State: Running, Role: LEADER
I20260713 09:08:31.298907 16793 consensus_queue.cc:237] T 00000000000000000000000000000000 P cd5ec5684cd643a696bd833c49fa9bc4 [LEADER]: Queue going to LEADER mode. State: All replicated index: 0, Majority replicated index: 0, Committed index: 0, Last appended: 0.0, Last appended by leader: 0, Current term: 1, Majority size: 1, State: 0, Mode: LEADER, active raft config: opid_index: -1 OBSOLETE_local: true peers { permanent_uuid: "cd5ec5684cd643a696bd833c49fa9bc4" member_type: VOTER }
I20260713 09:08:31.300105 16790 sys_catalog.cc:565] T 00000000000000000000000000000000 P cd5ec5684cd643a696bd833c49fa9bc4 [sys.catalog]: configured and running, proceeding with master startup.
I20260713 09:08:31.309890 16794 sys_catalog.cc:455] T 00000000000000000000000000000000 P cd5ec5684cd643a696bd833c49fa9bc4 [sys.catalog]: SysCatalogTable state changed. Reason: RaftConsensus started. Latest consensus state: current_term: 1 leader_uuid: "cd5ec5684cd643a696bd833c49fa9bc4" committed_config { opid_index: -1 OBSOLETE_local: true peers { permanent_uuid: "cd5ec5684cd643a696bd833c49fa9bc4" member_type: VOTER } }
I20260713 09:08:31.310716 16794 sys_catalog.cc:458] T 00000000000000000000000000000000 P cd5ec5684cd643a696bd833c49fa9bc4 [sys.catalog]: This master's current role is: LEADER
I20260713 09:08:31.310681 16795 sys_catalog.cc:455] T 00000000000000000000000000000000 P cd5ec5684cd643a696bd833c49fa9bc4 [sys.catalog]: SysCatalogTable state changed. Reason: New leader cd5ec5684cd643a696bd833c49fa9bc4. Latest consensus state: current_term: 1 leader_uuid: "cd5ec5684cd643a696bd833c49fa9bc4" committed_config { opid_index: -1 OBSOLETE_local: true peers { permanent_uuid: "cd5ec5684cd643a696bd833c49fa9bc4" member_type: VOTER } }
I20260713 09:08:31.311352 16795 sys_catalog.cc:458] T 00000000000000000000000000000000 P cd5ec5684cd643a696bd833c49fa9bc4 [sys.catalog]: This master's current role is: LEADER
I20260713 09:08:31.314028 16801 catalog_manager.cc:1511] Loading table and tablet metadata into memory...
I20260713 09:08:31.325268 16801 catalog_manager.cc:1520] Initializing Kudu cluster ID...
I20260713 09:08:31.331765 16723 internal_mini_cluster.cc:184] Waiting to initialize catalog manager on master 0
I20260713 09:08:31.345347 16801 catalog_manager.cc:1383] Generated new cluster ID: d70d794af39e4cfbaf13870386908d01
I20260713 09:08:31.345685 16801 catalog_manager.cc:1531] Initializing Kudu internal certificate authority...
I20260713 09:08:31.388166 16801 catalog_manager.cc:1406] Generated new certificate authority record
I20260713 09:08:31.389873 16801 catalog_manager.cc:1540] Loading token signing keys...
I20260713 09:08:31.404796 16801 catalog_manager.cc:6070] T 00000000000000000000000000000000 P cd5ec5684cd643a696bd833c49fa9bc4: Generated new TSK 0
I20260713 09:08:31.405930 16801 catalog_manager.cc:1550] Initializing in-progress tserver states...
I20260713 09:08:31.468065 16723 file_cache.cc:504] Constructed file cache file cache with capacity 419430
W20260713 09:08:31.477274 16812 instance_detector.cc:116] could not retrieve AWS instance metadata: Network error: curl error: HTTP response code said error: The requested URL returned error: 404
W20260713 09:08:31.478780 16813 instance_detector.cc:116] could not retrieve Azure instance metadata: Network error: curl error: HTTP response code said error: The requested URL returned error: 404
W20260713 09:08:31.482625 16815 instance_detector.cc:116] could not retrieve OpenStack instance metadata: Network error: curl error: HTTP response code said error: The requested URL returned error: 404
I20260713 09:08:31.482738 16723 server_base.cc:1061] running on GCE node
I20260713 09:08:31.483655 16723 hybrid_clock.cc:584] initializing the hybrid clock with 'system_unsync' time source
W20260713 09:08:31.483847 16723 system_unsync_time.cc:38] NTP support is disabled. Clock error bounds will not be accurate. This configuration is not suitable for distributed clusters.
I20260713 09:08:31.484092 16723 hybrid_clock.cc:648] HybridClock initialized: now 1783933711484046 us; error 0 us; skew 500 ppm
I20260713 09:08:31.484722 16723 server_base.cc:861] Flag tcmalloc_max_total_thread_cache_bytes is not working since tcmalloc is not enabled.
I20260713 09:08:31.489410 16723 webserver.cc:533] Webserver started at http://127.16.84.193:44061/ using document root <none> and password file <none>
I20260713 09:08:31.490082 16723 fs_manager.cc:362] Metadata directory not provided
I20260713 09:08:31.490296 16723 fs_manager.cc:368] Using write-ahead log directory (fs_wal_dir) as metadata directory
I20260713 09:08:31.490629 16723 server_base.cc:909] This appears to be a new deployment of Kudu; creating new FS layout
I20260713 09:08:31.491780 16723 fs_manager.cc:1068] Generated new instance metadata in path /tmp/dist-test-taskwsnwKI/test-tmp/auto_leader_rebalancer-test.0.LeaderRebalancerTest.FunctionalTestForDivided.1783933709617344-16723-0/minicluster-data/ts-0-root/instance:
uuid: "33317a344efb4729a8126ca99e325bc7"
format_stamp: "Formatted at 2026-07-13 09:08:31 on dist-test-slave-w9jf"
I20260713 09:08:31.497865 16723 fs_manager.cc:696] Time spent creating directory manager: real 0.006s	user 0.007s	sys 0.000s
I20260713 09:08:31.502269 16820 log_block_manager.cc:4127] Time spent loading block containers with low live blocks: real 0.000s	user 0.000s	sys 0.000s
I20260713 09:08:31.503156 16723 fs_manager.cc:730] Time spent opening block manager: real 0.003s	user 0.003s	sys 0.001s
I20260713 09:08:31.503516 16723 fs_manager.cc:647] Opened local filesystem: /tmp/dist-test-taskwsnwKI/test-tmp/auto_leader_rebalancer-test.0.LeaderRebalancerTest.FunctionalTestForDivided.1783933709617344-16723-0/minicluster-data/ts-0-root
uuid: "33317a344efb4729a8126ca99e325bc7"
format_stamp: "Formatted at 2026-07-13 09:08:31 on dist-test-slave-w9jf"
I20260713 09:08:31.503846 16723 fs_report.cc:389] FS layout report
--------------------
wal directory: /tmp/dist-test-taskwsnwKI/test-tmp/auto_leader_rebalancer-test.0.LeaderRebalancerTest.FunctionalTestForDivided.1783933709617344-16723-0/minicluster-data/ts-0-root
metadata directory: /tmp/dist-test-taskwsnwKI/test-tmp/auto_leader_rebalancer-test.0.LeaderRebalancerTest.FunctionalTestForDivided.1783933709617344-16723-0/minicluster-data/ts-0-root
1 data directories: /tmp/dist-test-taskwsnwKI/test-tmp/auto_leader_rebalancer-test.0.LeaderRebalancerTest.FunctionalTestForDivided.1783933709617344-16723-0/minicluster-data/ts-0-root/data
Total live blocks: 0
Total live bytes: 0
Total live bytes (after alignment): 0
Total number of LBM containers: 0 (0 full)
Did not check for missing blocks
Did not check for orphaned blocks
Total full LBM containers with extra space: 0 (0 repaired)
Total full LBM container extra space in bytes: 0 (0 repaired)
Total incomplete LBM containers: 0 (0 repaired)
Total LBM partial records: 0 (0 repaired)
Total corrupted LBM metadata records in RocksDB: 0 (0 repaired)
I20260713 09:08:31.527457 16723 rpc_server.cc:225] running with OpenSSL 1.1.1  11 Sep 2018
I20260713 09:08:31.528872 16723 kserver.cc:163] Server-wide thread pool size limit: 3276
I20260713 09:08:31.531785 16723 txn_system_client.cc:432] TxnSystemClient initialization is disabled...
I20260713 09:08:31.536123 16723 ts_tablet_manager.cc:585] Loaded tablet metadata (0 total tablets, 0 live tablets)
I20260713 09:08:31.536417 16723 ts_tablet_manager.cc:531] Time spent load tablet metadata: real 0.000s	user 0.000s	sys 0.000s
I20260713 09:08:31.536707 16723 ts_tablet_manager.cc:616] Registered 0 tablets
I20260713 09:08:31.536906 16723 ts_tablet_manager.cc:595] Time spent register tablets: real 0.000s	user 0.000s	sys 0.000s
I20260713 09:08:31.642699 16723 rpc_server.cc:307] RPC server started. Bound to: 127.16.84.193:43071
I20260713 09:08:31.642855 16882 acceptor_pool.cc:272] collecting diagnostics on the listening RPC socket 127.16.84.193:43071 every 8 connection(s)
I20260713 09:08:31.650133 16723 file_cache.cc:504] Constructed file cache file cache with capacity 419430
W20260713 09:08:31.664511 16887 instance_detector.cc:116] could not retrieve AWS instance metadata: Network error: curl error: HTTP response code said error: The requested URL returned error: 404
W20260713 09:08:31.670222 16888 instance_detector.cc:116] could not retrieve Azure instance metadata: Network error: curl error: HTTP response code said error: The requested URL returned error: 404
I20260713 09:08:31.679539 16723 server_base.cc:1061] running on GCE node
W20260713 09:08:31.680022 16890 instance_detector.cc:116] could not retrieve OpenStack instance metadata: Network error: curl error: HTTP response code said error: The requested URL returned error: 404
I20260713 09:08:31.681303 16723 hybrid_clock.cc:584] initializing the hybrid clock with 'system_unsync' time source
W20260713 09:08:31.681648 16723 system_unsync_time.cc:38] NTP support is disabled. Clock error bounds will not be accurate. This configuration is not suitable for distributed clusters.
I20260713 09:08:31.681879 16723 hybrid_clock.cc:648] HybridClock initialized: now 1783933711681860 us; error 0 us; skew 500 ppm
I20260713 09:08:31.682757 16723 server_base.cc:861] Flag tcmalloc_max_total_thread_cache_bytes is not working since tcmalloc is not enabled.
I20260713 09:08:31.686898 16723 webserver.cc:533] Webserver started at http://127.16.84.194:44757/ using document root <none> and password file <none>
I20260713 09:08:31.687693 16723 fs_manager.cc:362] Metadata directory not provided
I20260713 09:08:31.687999 16723 fs_manager.cc:368] Using write-ahead log directory (fs_wal_dir) as metadata directory
I20260713 09:08:31.688421 16723 server_base.cc:909] This appears to be a new deployment of Kudu; creating new FS layout
I20260713 09:08:31.689103 16883 heartbeater.cc:344] Connected to a master server at 127.16.84.254:35965
I20260713 09:08:31.689687 16883 heartbeater.cc:461] Registering TS with master...
I20260713 09:08:31.690068 16723 fs_manager.cc:1068] Generated new instance metadata in path /tmp/dist-test-taskwsnwKI/test-tmp/auto_leader_rebalancer-test.0.LeaderRebalancerTest.FunctionalTestForDivided.1783933709617344-16723-0/minicluster-data/ts-1-root/instance:
uuid: "b4832a46cea94173a6b63ac9ace09ae4"
format_stamp: "Formatted at 2026-07-13 09:08:31 on dist-test-slave-w9jf"
I20260713 09:08:31.690801 16883 heartbeater.cc:507] Master 127.16.84.254:35965 requested a full tablet report, sending...
I20260713 09:08:31.693956 16755 ts_manager.cc:194] Registered new tserver with Master: 33317a344efb4729a8126ca99e325bc7 (127.16.84.193:43071)
I20260713 09:08:31.696735 16755 master_service.cc:502] Signed X509 certificate for tserver {username='slave'} at 127.0.0.1:51940
I20260713 09:08:31.697827 16723 fs_manager.cc:696] Time spent creating directory manager: real 0.007s	user 0.006s	sys 0.001s
I20260713 09:08:31.703510 16895 log_block_manager.cc:4127] Time spent loading block containers with low live blocks: real 0.000s	user 0.000s	sys 0.000s
I20260713 09:08:31.704532 16723 fs_manager.cc:730] Time spent opening block manager: real 0.004s	user 0.005s	sys 0.000s
I20260713 09:08:31.704918 16723 fs_manager.cc:647] Opened local filesystem: /tmp/dist-test-taskwsnwKI/test-tmp/auto_leader_rebalancer-test.0.LeaderRebalancerTest.FunctionalTestForDivided.1783933709617344-16723-0/minicluster-data/ts-1-root
uuid: "b4832a46cea94173a6b63ac9ace09ae4"
format_stamp: "Formatted at 2026-07-13 09:08:31 on dist-test-slave-w9jf"
I20260713 09:08:31.705421 16723 fs_report.cc:389] FS layout report
--------------------
wal directory: /tmp/dist-test-taskwsnwKI/test-tmp/auto_leader_rebalancer-test.0.LeaderRebalancerTest.FunctionalTestForDivided.1783933709617344-16723-0/minicluster-data/ts-1-root
metadata directory: /tmp/dist-test-taskwsnwKI/test-tmp/auto_leader_rebalancer-test.0.LeaderRebalancerTest.FunctionalTestForDivided.1783933709617344-16723-0/minicluster-data/ts-1-root
1 data directories: /tmp/dist-test-taskwsnwKI/test-tmp/auto_leader_rebalancer-test.0.LeaderRebalancerTest.FunctionalTestForDivided.1783933709617344-16723-0/minicluster-data/ts-1-root/data
Total live blocks: 0
Total live bytes: 0
Total live bytes (after alignment): 0
Total number of LBM containers: 0 (0 full)
Did not check for missing blocks
Did not check for orphaned blocks
Total full LBM containers with extra space: 0 (0 repaired)
Total full LBM container extra space in bytes: 0 (0 repaired)
Total incomplete LBM containers: 0 (0 repaired)
Total LBM partial records: 0 (0 repaired)
Total corrupted LBM metadata records in RocksDB: 0 (0 repaired)
I20260713 09:08:31.749869 16723 rpc_server.cc:225] running with OpenSSL 1.1.1  11 Sep 2018
I20260713 09:08:31.751477 16723 kserver.cc:163] Server-wide thread pool size limit: 3276
I20260713 09:08:31.754438 16723 txn_system_client.cc:432] TxnSystemClient initialization is disabled...
I20260713 09:08:31.758333 16723 ts_tablet_manager.cc:585] Loaded tablet metadata (0 total tablets, 0 live tablets)
I20260713 09:08:31.758549 16723 ts_tablet_manager.cc:531] Time spent load tablet metadata: real 0.000s	user 0.000s	sys 0.000s
I20260713 09:08:31.758889 16723 ts_tablet_manager.cc:616] Registered 0 tablets
I20260713 09:08:31.759052 16723 ts_tablet_manager.cc:595] Time spent register tablets: real 0.000s	user 0.000s	sys 0.000s
I20260713 09:08:31.864548 16723 rpc_server.cc:307] RPC server started. Bound to: 127.16.84.194:36253
I20260713 09:08:31.864674 16957 acceptor_pool.cc:272] collecting diagnostics on the listening RPC socket 127.16.84.194:36253 every 8 connection(s)
I20260713 09:08:31.877012 16723 file_cache.cc:504] Constructed file cache file cache with capacity 419430
W20260713 09:08:31.886140 16961 instance_detector.cc:116] could not retrieve AWS instance metadata: Network error: curl error: HTTP response code said error: The requested URL returned error: 404
W20260713 09:08:31.888094 16962 instance_detector.cc:116] could not retrieve Azure instance metadata: Network error: curl error: HTTP response code said error: The requested URL returned error: 404
I20260713 09:08:31.891389 16958 heartbeater.cc:344] Connected to a master server at 127.16.84.254:35965
I20260713 09:08:31.891819 16958 heartbeater.cc:461] Registering TS with master...
I20260713 09:08:31.892825 16958 heartbeater.cc:507] Master 127.16.84.254:35965 requested a full tablet report, sending...
I20260713 09:08:31.895226 16755 ts_manager.cc:194] Registered new tserver with Master: b4832a46cea94173a6b63ac9ace09ae4 (127.16.84.194:36253)
I20260713 09:08:31.896975 16755 master_service.cc:502] Signed X509 certificate for tserver {username='slave'} at 127.0.0.1:51944
I20260713 09:08:31.903726 16723 server_base.cc:1061] running on GCE node
W20260713 09:08:31.904567 16964 instance_detector.cc:116] could not retrieve OpenStack instance metadata: Network error: curl error: HTTP response code said error: The requested URL returned error: 404
I20260713 09:08:31.905792 16723 hybrid_clock.cc:584] initializing the hybrid clock with 'system_unsync' time source
W20260713 09:08:31.906059 16723 system_unsync_time.cc:38] NTP support is disabled. Clock error bounds will not be accurate. This configuration is not suitable for distributed clusters.
I20260713 09:08:31.906255 16723 hybrid_clock.cc:648] HybridClock initialized: now 1783933711906239 us; error 0 us; skew 500 ppm
I20260713 09:08:31.907013 16723 server_base.cc:861] Flag tcmalloc_max_total_thread_cache_bytes is not working since tcmalloc is not enabled.
I20260713 09:08:31.910187 16723 webserver.cc:533] Webserver started at http://127.16.84.195:40345/ using document root <none> and password file <none>
I20260713 09:08:31.910837 16723 fs_manager.cc:362] Metadata directory not provided
I20260713 09:08:31.911078 16723 fs_manager.cc:368] Using write-ahead log directory (fs_wal_dir) as metadata directory
I20260713 09:08:31.911393 16723 server_base.cc:909] This appears to be a new deployment of Kudu; creating new FS layout
I20260713 09:08:31.913046 16723 fs_manager.cc:1068] Generated new instance metadata in path /tmp/dist-test-taskwsnwKI/test-tmp/auto_leader_rebalancer-test.0.LeaderRebalancerTest.FunctionalTestForDivided.1783933709617344-16723-0/minicluster-data/ts-2-root/instance:
uuid: "29c3771c038143faa15a2fd60025eb8f"
format_stamp: "Formatted at 2026-07-13 09:08:31 on dist-test-slave-w9jf"
I20260713 09:08:31.919162 16723 fs_manager.cc:696] Time spent creating directory manager: real 0.005s	user 0.005s	sys 0.000s
I20260713 09:08:31.923377 16969 log_block_manager.cc:4127] Time spent loading block containers with low live blocks: real 0.000s	user 0.000s	sys 0.000s
I20260713 09:08:31.924355 16723 fs_manager.cc:730] Time spent opening block manager: real 0.003s	user 0.001s	sys 0.000s
I20260713 09:08:31.924702 16723 fs_manager.cc:647] Opened local filesystem: /tmp/dist-test-taskwsnwKI/test-tmp/auto_leader_rebalancer-test.0.LeaderRebalancerTest.FunctionalTestForDivided.1783933709617344-16723-0/minicluster-data/ts-2-root
uuid: "29c3771c038143faa15a2fd60025eb8f"
format_stamp: "Formatted at 2026-07-13 09:08:31 on dist-test-slave-w9jf"
I20260713 09:08:31.925071 16723 fs_report.cc:389] FS layout report
--------------------
wal directory: /tmp/dist-test-taskwsnwKI/test-tmp/auto_leader_rebalancer-test.0.LeaderRebalancerTest.FunctionalTestForDivided.1783933709617344-16723-0/minicluster-data/ts-2-root
metadata directory: /tmp/dist-test-taskwsnwKI/test-tmp/auto_leader_rebalancer-test.0.LeaderRebalancerTest.FunctionalTestForDivided.1783933709617344-16723-0/minicluster-data/ts-2-root
1 data directories: /tmp/dist-test-taskwsnwKI/test-tmp/auto_leader_rebalancer-test.0.LeaderRebalancerTest.FunctionalTestForDivided.1783933709617344-16723-0/minicluster-data/ts-2-root/data
Total live blocks: 0
Total live bytes: 0
Total live bytes (after alignment): 0
Total number of LBM containers: 0 (0 full)
Did not check for missing blocks
Did not check for orphaned blocks
Total full LBM containers with extra space: 0 (0 repaired)
Total full LBM container extra space in bytes: 0 (0 repaired)
Total incomplete LBM containers: 0 (0 repaired)
Total LBM partial records: 0 (0 repaired)
Total corrupted LBM metadata records in RocksDB: 0 (0 repaired)
I20260713 09:08:31.963820 16723 rpc_server.cc:225] running with OpenSSL 1.1.1  11 Sep 2018
I20260713 09:08:31.965099 16723 kserver.cc:163] Server-wide thread pool size limit: 3276
I20260713 09:08:31.966866 16723 txn_system_client.cc:432] TxnSystemClient initialization is disabled...
I20260713 09:08:31.969372 16723 ts_tablet_manager.cc:585] Loaded tablet metadata (0 total tablets, 0 live tablets)
I20260713 09:08:31.969651 16723 ts_tablet_manager.cc:531] Time spent load tablet metadata: real 0.000s	user 0.001s	sys 0.000s
I20260713 09:08:31.969913 16723 ts_tablet_manager.cc:616] Registered 0 tablets
I20260713 09:08:31.970105 16723 ts_tablet_manager.cc:595] Time spent register tablets: real 0.000s	user 0.000s	sys 0.000s
I20260713 09:08:32.072322 16723 rpc_server.cc:307] RPC server started. Bound to: 127.16.84.195:38969
I20260713 09:08:32.072476 17031 acceptor_pool.cc:272] collecting diagnostics on the listening RPC socket 127.16.84.195:38969 every 8 connection(s)
I20260713 09:08:32.089577 17032 heartbeater.cc:344] Connected to a master server at 127.16.84.254:35965
I20260713 09:08:32.090005 17032 heartbeater.cc:461] Registering TS with master...
I20260713 09:08:32.090878 17032 heartbeater.cc:507] Master 127.16.84.254:35965 requested a full tablet report, sending...
I20260713 09:08:32.092818 16755 ts_manager.cc:194] Registered new tserver with Master: 29c3771c038143faa15a2fd60025eb8f (127.16.84.195:38969)
I20260713 09:08:32.093740 16723 internal_mini_cluster.cc:371] 3 TS(s) registered with all masters after 0.016387639s
I20260713 09:08:32.094259 16755 master_service.cc:502] Signed X509 certificate for tserver {username='slave'} at 127.0.0.1:51952
I20260713 09:08:32.151495 16755 catalog_manager.cc:2283] Servicing CreateTable request from {username='slave'} at 127.0.0.1:51964:
name: "test-workload"
schema {
  columns {
    name: "key"
    type: INT32
    is_key: true
    is_nullable: false
    encoding: AUTO_ENCODING
    compression: DEFAULT_COMPRESSION
    cfile_block_size: 0
    immutable: false
  }
  columns {
    name: "int_val"
    type: INT32
    is_key: false
    is_nullable: false
    encoding: AUTO_ENCODING
    compression: DEFAULT_COMPRESSION
    cfile_block_size: 0
    immutable: false
  }
  columns {
    name: "string_val"
    type: STRING
    is_key: false
    is_nullable: true
    encoding: AUTO_ENCODING
    compression: DEFAULT_COMPRESSION
    cfile_block_size: 0
    immutable: false
  }
}
num_replicas: 3
split_rows_range_bounds {
  rows: "\004\001\000\216\3438\016\004\001\000\034\307q\034\004\001\000\252\252\252*\004\001\0008\216\3438\004\001\000\306q\034G\004\001\000TUUU\004\001\000\3428\216c\004\001\000p\034\307q""\004\001\000\216\3438\016\004\001\000\034\307q\034\004\001\000\252\252\252*\004\001\0008\216\3438\004\001\000\306q\034G\004\001\000TUUU\004\001\000\3428\216c\004\001\000p\034\307q"
  indirect_data: """"
}
partition_schema {
  range_schema {
    columns {
      name: "key"
    }
  }
}
W20260713 09:08:32.155158 16755 catalog_manager.cc:7077] The number of live tablet servers is not enough to re-replicate a tablet replica of the newly created table test-workload in case of a server failure: 4 tablet servers would be needed, 3 are available. Consider bringing up more tablet servers.
I20260713 09:08:32.264096 16848 tablet_service.cc:1511] Processing CreateTablet for tablet 0e7e6333aa7a49988cd2b90ea8110e77 (DEFAULT_TABLE table=test-workload [id=b4a02804f72b42668d0a91f14ed85a96]), partition=RANGE (key) PARTITION VALUES < 238609294
I20260713 09:08:32.265789 16848 data_dirs.cc:400] Could only allocate 1 dirs of requested 3 for tablet 0e7e6333aa7a49988cd2b90ea8110e77. 1 dirs total, 0 dirs full, 0 dirs failed
I20260713 09:08:32.270849 16997 tablet_service.cc:1511] Processing CreateTablet for tablet 0e7e6333aa7a49988cd2b90ea8110e77 (DEFAULT_TABLE table=test-workload [id=b4a02804f72b42668d0a91f14ed85a96]), partition=RANGE (key) PARTITION VALUES < 238609294
I20260713 09:08:32.272274 16997 data_dirs.cc:400] Could only allocate 1 dirs of requested 3 for tablet 0e7e6333aa7a49988cd2b90ea8110e77. 1 dirs total, 0 dirs full, 0 dirs failed
I20260713 09:08:32.274838 16996 tablet_service.cc:1511] Processing CreateTablet for tablet 5ebc7a004ede4396a28c8336571c51ba (DEFAULT_TABLE table=test-workload [id=b4a02804f72b42668d0a91f14ed85a96]), partition=RANGE (key) PARTITION 238609294 <= VALUES < 477218588
I20260713 09:08:32.278844 16994 tablet_service.cc:1511] Processing CreateTablet for tablet 601922a97daf49baaad26292ad4740dc (DEFAULT_TABLE table=test-workload [id=b4a02804f72b42668d0a91f14ed85a96]), partition=RANGE (key) PARTITION 715827882 <= VALUES < 954437176
I20260713 09:08:32.277348 16995 tablet_service.cc:1511] Processing CreateTablet for tablet a8819c2aff9c466e89208644b2cdbc71 (DEFAULT_TABLE table=test-workload [id=b4a02804f72b42668d0a91f14ed85a96]), partition=RANGE (key) PARTITION 477218588 <= VALUES < 715827882
I20260713 09:08:32.282117 16993 tablet_service.cc:1511] Processing CreateTablet for tablet 469f8bbac37d4151b19b272dd4ab5cfc (DEFAULT_TABLE table=test-workload [id=b4a02804f72b42668d0a91f14ed85a96]), partition=RANGE (key) PARTITION 954437176 <= VALUES < 1193046470
I20260713 09:08:32.283574 16993 data_dirs.cc:400] Could only allocate 1 dirs of requested 3 for tablet 469f8bbac37d4151b19b272dd4ab5cfc. 1 dirs total, 0 dirs full, 0 dirs failed
I20260713 09:08:32.283309 16992 tablet_service.cc:1511] Processing CreateTablet for tablet 605f96a7dc694a778aeebaf8911b1d7e (DEFAULT_TABLE table=test-workload [id=b4a02804f72b42668d0a91f14ed85a96]), partition=RANGE (key) PARTITION 1193046470 <= VALUES < 1431655764
I20260713 09:08:32.284795 16992 data_dirs.cc:400] Could only allocate 1 dirs of requested 3 for tablet 605f96a7dc694a778aeebaf8911b1d7e. 1 dirs total, 0 dirs full, 0 dirs failed
I20260713 09:08:32.285928 16995 data_dirs.cc:400] Could only allocate 1 dirs of requested 3 for tablet a8819c2aff9c466e89208644b2cdbc71. 1 dirs total, 0 dirs full, 0 dirs failed
I20260713 09:08:32.285980 16991 tablet_service.cc:1511] Processing CreateTablet for tablet 533db79ceacd4f698774e88e8a499dcf (DEFAULT_TABLE table=test-workload [id=b4a02804f72b42668d0a91f14ed85a96]), partition=RANGE (key) PARTITION 1431655764 <= VALUES < 1670265058
I20260713 09:08:32.287472 16991 data_dirs.cc:400] Could only allocate 1 dirs of requested 3 for tablet 533db79ceacd4f698774e88e8a499dcf. 1 dirs total, 0 dirs full, 0 dirs failed
I20260713 09:08:32.287278 16990 tablet_service.cc:1511] Processing CreateTablet for tablet b3e33718c58c4c51897295f8eefa3b85 (DEFAULT_TABLE table=test-workload [id=b4a02804f72b42668d0a91f14ed85a96]), partition=RANGE (key) PARTITION 1670265058 <= VALUES < 1908874352
I20260713 09:08:32.289136 16994 data_dirs.cc:400] Could only allocate 1 dirs of requested 3 for tablet 601922a97daf49baaad26292ad4740dc. 1 dirs total, 0 dirs full, 0 dirs failed
I20260713 09:08:32.289978 16996 data_dirs.cc:400] Could only allocate 1 dirs of requested 3 for tablet 5ebc7a004ede4396a28c8336571c51ba. 1 dirs total, 0 dirs full, 0 dirs failed
I20260713 09:08:32.290200 16989 tablet_service.cc:1511] Processing CreateTablet for tablet b1ee171a669c4b4f91c6c11f9c58488b (DEFAULT_TABLE table=test-workload [id=b4a02804f72b42668d0a91f14ed85a96]), partition=RANGE (key) PARTITION 1908874352 <= VALUES
I20260713 09:08:32.291551 16989 data_dirs.cc:400] Could only allocate 1 dirs of requested 3 for tablet b1ee171a669c4b4f91c6c11f9c58488b. 1 dirs total, 0 dirs full, 0 dirs failed
I20260713 09:08:32.299577 16990 data_dirs.cc:400] Could only allocate 1 dirs of requested 3 for tablet b3e33718c58c4c51897295f8eefa3b85. 1 dirs total, 0 dirs full, 0 dirs failed
I20260713 09:08:32.303481 16923 tablet_service.cc:1511] Processing CreateTablet for tablet 0e7e6333aa7a49988cd2b90ea8110e77 (DEFAULT_TABLE table=test-workload [id=b4a02804f72b42668d0a91f14ed85a96]), partition=RANGE (key) PARTITION VALUES < 238609294
I20260713 09:08:32.304967 16923 data_dirs.cc:400] Could only allocate 1 dirs of requested 3 for tablet 0e7e6333aa7a49988cd2b90ea8110e77. 1 dirs total, 0 dirs full, 0 dirs failed
I20260713 09:08:32.306949 16846 tablet_service.cc:1511] Processing CreateTablet for tablet a8819c2aff9c466e89208644b2cdbc71 (DEFAULT_TABLE table=test-workload [id=b4a02804f72b42668d0a91f14ed85a96]), partition=RANGE (key) PARTITION 477218588 <= VALUES < 715827882
I20260713 09:08:32.308416 16846 data_dirs.cc:400] Could only allocate 1 dirs of requested 3 for tablet a8819c2aff9c466e89208644b2cdbc71. 1 dirs total, 0 dirs full, 0 dirs failed
I20260713 09:08:32.310928 16845 tablet_service.cc:1511] Processing CreateTablet for tablet 601922a97daf49baaad26292ad4740dc (DEFAULT_TABLE table=test-workload [id=b4a02804f72b42668d0a91f14ed85a96]), partition=RANGE (key) PARTITION 715827882 <= VALUES < 954437176
I20260713 09:08:32.312364 16845 data_dirs.cc:400] Could only allocate 1 dirs of requested 3 for tablet 601922a97daf49baaad26292ad4740dc. 1 dirs total, 0 dirs full, 0 dirs failed
I20260713 09:08:32.314881 16844 tablet_service.cc:1511] Processing CreateTablet for tablet 469f8bbac37d4151b19b272dd4ab5cfc (DEFAULT_TABLE table=test-workload [id=b4a02804f72b42668d0a91f14ed85a96]), partition=RANGE (key) PARTITION 954437176 <= VALUES < 1193046470
I20260713 09:08:32.316290 16844 data_dirs.cc:400] Could only allocate 1 dirs of requested 3 for tablet 469f8bbac37d4151b19b272dd4ab5cfc. 1 dirs total, 0 dirs full, 0 dirs failed
I20260713 09:08:32.319024 16843 tablet_service.cc:1511] Processing CreateTablet for tablet 605f96a7dc694a778aeebaf8911b1d7e (DEFAULT_TABLE table=test-workload [id=b4a02804f72b42668d0a91f14ed85a96]), partition=RANGE (key) PARTITION 1193046470 <= VALUES < 1431655764
W20260713 09:08:32.320143 16803 auto_rebalancer.cc:288] Could not retrieve cluster info: Service unavailable: Tablet not running
I20260713 09:08:32.320427 16843 data_dirs.cc:400] Could only allocate 1 dirs of requested 3 for tablet 605f96a7dc694a778aeebaf8911b1d7e. 1 dirs total, 0 dirs full, 0 dirs failed
I20260713 09:08:32.320951 16922 tablet_service.cc:1511] Processing CreateTablet for tablet 5ebc7a004ede4396a28c8336571c51ba (DEFAULT_TABLE table=test-workload [id=b4a02804f72b42668d0a91f14ed85a96]), partition=RANGE (key) PARTITION 238609294 <= VALUES < 477218588
I20260713 09:08:32.322368 16922 data_dirs.cc:400] Could only allocate 1 dirs of requested 3 for tablet 5ebc7a004ede4396a28c8336571c51ba. 1 dirs total, 0 dirs full, 0 dirs failed
I20260713 09:08:32.322471 16921 tablet_service.cc:1511] Processing CreateTablet for tablet a8819c2aff9c466e89208644b2cdbc71 (DEFAULT_TABLE table=test-workload [id=b4a02804f72b42668d0a91f14ed85a96]), partition=RANGE (key) PARTITION 477218588 <= VALUES < 715827882
I20260713 09:08:32.322945 16841 tablet_service.cc:1511] Processing CreateTablet for tablet b3e33718c58c4c51897295f8eefa3b85 (DEFAULT_TABLE table=test-workload [id=b4a02804f72b42668d0a91f14ed85a96]), partition=RANGE (key) PARTITION 1670265058 <= VALUES < 1908874352
I20260713 09:08:32.323901 16921 data_dirs.cc:400] Could only allocate 1 dirs of requested 3 for tablet a8819c2aff9c466e89208644b2cdbc71. 1 dirs total, 0 dirs full, 0 dirs failed
I20260713 09:08:32.324295 16841 data_dirs.cc:400] Could only allocate 1 dirs of requested 3 for tablet b3e33718c58c4c51897295f8eefa3b85. 1 dirs total, 0 dirs full, 0 dirs failed
I20260713 09:08:32.326892 16920 tablet_service.cc:1511] Processing CreateTablet for tablet 601922a97daf49baaad26292ad4740dc (DEFAULT_TABLE table=test-workload [id=b4a02804f72b42668d0a91f14ed85a96]), partition=RANGE (key) PARTITION 715827882 <= VALUES < 954437176
I20260713 09:08:32.328400 16920 data_dirs.cc:400] Could only allocate 1 dirs of requested 3 for tablet 601922a97daf49baaad26292ad4740dc. 1 dirs total, 0 dirs full, 0 dirs failed
I20260713 09:08:32.329072 16840 tablet_service.cc:1511] Processing CreateTablet for tablet b1ee171a669c4b4f91c6c11f9c58488b (DEFAULT_TABLE table=test-workload [id=b4a02804f72b42668d0a91f14ed85a96]), partition=RANGE (key) PARTITION 1908874352 <= VALUES
I20260713 09:08:32.330533 16847 tablet_service.cc:1511] Processing CreateTablet for tablet 5ebc7a004ede4396a28c8336571c51ba (DEFAULT_TABLE table=test-workload [id=b4a02804f72b42668d0a91f14ed85a96]), partition=RANGE (key) PARTITION 238609294 <= VALUES < 477218588
I20260713 09:08:32.330839 16919 tablet_service.cc:1511] Processing CreateTablet for tablet 469f8bbac37d4151b19b272dd4ab5cfc (DEFAULT_TABLE table=test-workload [id=b4a02804f72b42668d0a91f14ed85a96]), partition=RANGE (key) PARTITION 954437176 <= VALUES < 1193046470
I20260713 09:08:32.327008 16842 tablet_service.cc:1511] Processing CreateTablet for tablet 533db79ceacd4f698774e88e8a499dcf (DEFAULT_TABLE table=test-workload [id=b4a02804f72b42668d0a91f14ed85a96]), partition=RANGE (key) PARTITION 1431655764 <= VALUES < 1670265058
I20260713 09:08:32.328837 16918 tablet_service.cc:1511] Processing CreateTablet for tablet 605f96a7dc694a778aeebaf8911b1d7e (DEFAULT_TABLE table=test-workload [id=b4a02804f72b42668d0a91f14ed85a96]), partition=RANGE (key) PARTITION 1193046470 <= VALUES < 1431655764
I20260713 09:08:32.332105 16919 data_dirs.cc:400] Could only allocate 1 dirs of requested 3 for tablet 469f8bbac37d4151b19b272dd4ab5cfc. 1 dirs total, 0 dirs full, 0 dirs failed
I20260713 09:08:32.332185 16916 tablet_service.cc:1511] Processing CreateTablet for tablet b3e33718c58c4c51897295f8eefa3b85 (DEFAULT_TABLE table=test-workload [id=b4a02804f72b42668d0a91f14ed85a96]), partition=RANGE (key) PARTITION 1670265058 <= VALUES < 1908874352
I20260713 09:08:32.332921 16918 data_dirs.cc:400] Could only allocate 1 dirs of requested 3 for tablet 605f96a7dc694a778aeebaf8911b1d7e. 1 dirs total, 0 dirs full, 0 dirs failed
I20260713 09:08:32.333726 16916 data_dirs.cc:400] Could only allocate 1 dirs of requested 3 for tablet b3e33718c58c4c51897295f8eefa3b85. 1 dirs total, 0 dirs full, 0 dirs failed
I20260713 09:08:32.334535 16917 tablet_service.cc:1511] Processing CreateTablet for tablet 533db79ceacd4f698774e88e8a499dcf (DEFAULT_TABLE table=test-workload [id=b4a02804f72b42668d0a91f14ed85a96]), partition=RANGE (key) PARTITION 1431655764 <= VALUES < 1670265058
I20260713 09:08:32.335996 16917 data_dirs.cc:400] Could only allocate 1 dirs of requested 3 for tablet 533db79ceacd4f698774e88e8a499dcf. 1 dirs total, 0 dirs full, 0 dirs failed
I20260713 09:08:32.338014 16842 data_dirs.cc:400] Could only allocate 1 dirs of requested 3 for tablet 533db79ceacd4f698774e88e8a499dcf. 1 dirs total, 0 dirs full, 0 dirs failed
I20260713 09:08:32.338824 16915 tablet_service.cc:1511] Processing CreateTablet for tablet b1ee171a669c4b4f91c6c11f9c58488b (DEFAULT_TABLE table=test-workload [id=b4a02804f72b42668d0a91f14ed85a96]), partition=RANGE (key) PARTITION 1908874352 <= VALUES
I20260713 09:08:32.339865 16840 data_dirs.cc:400] Could only allocate 1 dirs of requested 3 for tablet b1ee171a669c4b4f91c6c11f9c58488b. 1 dirs total, 0 dirs full, 0 dirs failed
I20260713 09:08:32.340513 16915 data_dirs.cc:400] Could only allocate 1 dirs of requested 3 for tablet b1ee171a669c4b4f91c6c11f9c58488b. 1 dirs total, 0 dirs full, 0 dirs failed
I20260713 09:08:32.345577 16847 data_dirs.cc:400] Could only allocate 1 dirs of requested 3 for tablet 5ebc7a004ede4396a28c8336571c51ba. 1 dirs total, 0 dirs full, 0 dirs failed
I20260713 09:08:32.477761 17051 tablet_bootstrap.cc:492] T 0e7e6333aa7a49988cd2b90ea8110e77 P 33317a344efb4729a8126ca99e325bc7: Bootstrap starting.
I20260713 09:08:32.492162 17050 tablet_bootstrap.cc:492] T b1ee171a669c4b4f91c6c11f9c58488b P 29c3771c038143faa15a2fd60025eb8f: Bootstrap starting.
I20260713 09:08:32.517115 17052 tablet_bootstrap.cc:492] T 5ebc7a004ede4396a28c8336571c51ba P b4832a46cea94173a6b63ac9ace09ae4: Bootstrap starting.
I20260713 09:08:32.518533 17051 tablet_bootstrap.cc:654] T 0e7e6333aa7a49988cd2b90ea8110e77 P 33317a344efb4729a8126ca99e325bc7: Neither blocks nor log segments found. Creating new log.
I20260713 09:08:32.577957 17050 tablet_bootstrap.cc:654] T b1ee171a669c4b4f91c6c11f9c58488b P 29c3771c038143faa15a2fd60025eb8f: Neither blocks nor log segments found. Creating new log.
I20260713 09:08:32.589430 17051 tablet_bootstrap.cc:492] T 0e7e6333aa7a49988cd2b90ea8110e77 P 33317a344efb4729a8126ca99e325bc7: No bootstrap required, opened a new log
I20260713 09:08:32.591153 17051 ts_tablet_manager.cc:1403] T 0e7e6333aa7a49988cd2b90ea8110e77 P 33317a344efb4729a8126ca99e325bc7: Time spent bootstrapping tablet: real 0.114s	user 0.018s	sys 0.008s
I20260713 09:08:32.600201 17052 tablet_bootstrap.cc:654] T 5ebc7a004ede4396a28c8336571c51ba P b4832a46cea94173a6b63ac9ace09ae4: Neither blocks nor log segments found. Creating new log.
I20260713 09:08:32.603757 17051 raft_consensus.cc:359] T 0e7e6333aa7a49988cd2b90ea8110e77 P 33317a344efb4729a8126ca99e325bc7 [term 0 FOLLOWER]: Replica starting. Triggering 0 pending ops. Active config: opid_index: -1 OBSOLETE_local: false peers { permanent_uuid: "33317a344efb4729a8126ca99e325bc7" member_type: VOTER last_known_addr { host: "127.16.84.193" port: 43071 } } peers { permanent_uuid: "b4832a46cea94173a6b63ac9ace09ae4" member_type: VOTER last_known_addr { host: "127.16.84.194" port: 36253 } } peers { permanent_uuid: "29c3771c038143faa15a2fd60025eb8f" member_type: VOTER last_known_addr { host: "127.16.84.195" port: 38969 } }
I20260713 09:08:32.607149 17050 tablet_bootstrap.cc:492] T b1ee171a669c4b4f91c6c11f9c58488b P 29c3771c038143faa15a2fd60025eb8f: No bootstrap required, opened a new log
I20260713 09:08:32.604638 17051 raft_consensus.cc:385] T 0e7e6333aa7a49988cd2b90ea8110e77 P 33317a344efb4729a8126ca99e325bc7 [term 0 FOLLOWER]: Consensus starting up: Expiring failure detector timer to make a prompt election more likely
I20260713 09:08:32.607676 17050 ts_tablet_manager.cc:1403] T b1ee171a669c4b4f91c6c11f9c58488b P 29c3771c038143faa15a2fd60025eb8f: Time spent bootstrapping tablet: real 0.120s	user 0.014s	sys 0.010s
I20260713 09:08:32.607923 17051 raft_consensus.cc:740] T 0e7e6333aa7a49988cd2b90ea8110e77 P 33317a344efb4729a8126ca99e325bc7 [term 0 FOLLOWER]: Becoming Follower/Learner. State: Replica: 33317a344efb4729a8126ca99e325bc7, State: Initialized, Role: FOLLOWER
I20260713 09:08:32.609813 17051 consensus_queue.cc:260] T 0e7e6333aa7a49988cd2b90ea8110e77 P 33317a344efb4729a8126ca99e325bc7 [NON_LEADER]: Queue going to NON_LEADER mode. State: All replicated index: 0, Majority replicated index: 0, Committed index: 0, Last appended: 0.0, Last appended by leader: 0, Current term: 0, Majority size: -1, State: 0, Mode: NON_LEADER, active raft config: opid_index: -1 OBSOLETE_local: false peers { permanent_uuid: "33317a344efb4729a8126ca99e325bc7" member_type: VOTER last_known_addr { host: "127.16.84.193" port: 43071 } } peers { permanent_uuid: "b4832a46cea94173a6b63ac9ace09ae4" member_type: VOTER last_known_addr { host: "127.16.84.194" port: 36253 } } peers { permanent_uuid: "29c3771c038143faa15a2fd60025eb8f" member_type: VOTER last_known_addr { host: "127.16.84.195" port: 38969 } }
I20260713 09:08:32.621975 17050 raft_consensus.cc:359] T b1ee171a669c4b4f91c6c11f9c58488b P 29c3771c038143faa15a2fd60025eb8f [term 0 FOLLOWER]: Replica starting. Triggering 0 pending ops. Active config: opid_index: -1 OBSOLETE_local: false peers { permanent_uuid: "33317a344efb4729a8126ca99e325bc7" member_type: VOTER last_known_addr { host: "127.16.84.193" port: 43071 } } peers { permanent_uuid: "b4832a46cea94173a6b63ac9ace09ae4" member_type: VOTER last_known_addr { host: "127.16.84.194" port: 36253 } } peers { permanent_uuid: "29c3771c038143faa15a2fd60025eb8f" member_type: VOTER last_known_addr { host: "127.16.84.195" port: 38969 } }
I20260713 09:08:32.623878 17050 raft_consensus.cc:385] T b1ee171a669c4b4f91c6c11f9c58488b P 29c3771c038143faa15a2fd60025eb8f [term 0 FOLLOWER]: Consensus starting up: Expiring failure detector timer to make a prompt election more likely
I20260713 09:08:32.624315 16883 heartbeater.cc:499] Master 127.16.84.254:35965 was elected leader, sending a full tablet report...
I20260713 09:08:32.624282 17050 raft_consensus.cc:740] T b1ee171a669c4b4f91c6c11f9c58488b P 29c3771c038143faa15a2fd60025eb8f [term 0 FOLLOWER]: Becoming Follower/Learner. State: Replica: 29c3771c038143faa15a2fd60025eb8f, State: Initialized, Role: FOLLOWER
I20260713 09:08:32.624889 17052 tablet_bootstrap.cc:492] T 5ebc7a004ede4396a28c8336571c51ba P b4832a46cea94173a6b63ac9ace09ae4: No bootstrap required, opened a new log
I20260713 09:08:32.625617 17052 ts_tablet_manager.cc:1403] T 5ebc7a004ede4396a28c8336571c51ba P b4832a46cea94173a6b63ac9ace09ae4: Time spent bootstrapping tablet: real 0.109s	user 0.015s	sys 0.011s
I20260713 09:08:32.625293 17050 consensus_queue.cc:260] T b1ee171a669c4b4f91c6c11f9c58488b P 29c3771c038143faa15a2fd60025eb8f [NON_LEADER]: Queue going to NON_LEADER mode. State: All replicated index: 0, Majority replicated index: 0, Committed index: 0, Last appended: 0.0, Last appended by leader: 0, Current term: 0, Majority size: -1, State: 0, Mode: NON_LEADER, active raft config: opid_index: -1 OBSOLETE_local: false peers { permanent_uuid: "33317a344efb4729a8126ca99e325bc7" member_type: VOTER last_known_addr { host: "127.16.84.193" port: 43071 } } peers { permanent_uuid: "b4832a46cea94173a6b63ac9ace09ae4" member_type: VOTER last_known_addr { host: "127.16.84.194" port: 36253 } } peers { permanent_uuid: "29c3771c038143faa15a2fd60025eb8f" member_type: VOTER last_known_addr { host: "127.16.84.195" port: 38969 } }
I20260713 09:08:32.629024 17052 raft_consensus.cc:359] T 5ebc7a004ede4396a28c8336571c51ba P b4832a46cea94173a6b63ac9ace09ae4 [term 0 FOLLOWER]: Replica starting. Triggering 0 pending ops. Active config: opid_index: -1 OBSOLETE_local: false peers { permanent_uuid: "33317a344efb4729a8126ca99e325bc7" member_type: VOTER last_known_addr { host: "127.16.84.193" port: 43071 } } peers { permanent_uuid: "b4832a46cea94173a6b63ac9ace09ae4" member_type: VOTER last_known_addr { host: "127.16.84.194" port: 36253 } } peers { permanent_uuid: "29c3771c038143faa15a2fd60025eb8f" member_type: VOTER last_known_addr { host: "127.16.84.195" port: 38969 } }
I20260713 09:08:32.629907 17052 raft_consensus.cc:385] T 5ebc7a004ede4396a28c8336571c51ba P b4832a46cea94173a6b63ac9ace09ae4 [term 0 FOLLOWER]: Consensus starting up: Expiring failure detector timer to make a prompt election more likely
I20260713 09:08:32.630264 17052 raft_consensus.cc:740] T 5ebc7a004ede4396a28c8336571c51ba P b4832a46cea94173a6b63ac9ace09ae4 [term 0 FOLLOWER]: Becoming Follower/Learner. State: Replica: b4832a46cea94173a6b63ac9ace09ae4, State: Initialized, Role: FOLLOWER
