I20260713 09:09:03.363826 22897 raft_consensus.cc:2955] T 4b1384db00bf46d58b7fb53e53934145 P c9d79c012666476c9c07b93babb3210c [term 1 FOLLOWER]: Committing config change with OpId 1.2: config changed from index -1 to 2, NON_VOTER e91770199aa642dea3e64bc9ce3f0a6e (127.21.70.196) added. New config: { opid_index: 2 OBSOLETE_local: false peers { permanent_uuid: "c9d79c012666476c9c07b93babb3210c" member_type: VOTER last_known_addr { host: "127.21.70.193" port: 43691 } } peers { permanent_uuid: "c1b474134daa40068e3c1b71e29ef95d" member_type: VOTER last_known_addr { host: "127.21.70.194" port: 40547 } } peers { permanent_uuid: "bf96033adc29426cba74eba78672aca8" member_type: VOTER last_known_addr { host: "127.21.70.195" port: 33161 } attrs { replace: true } } peers { permanent_uuid: "e91770199aa642dea3e64bc9ce3f0a6e" member_type: NON_VOTER last_known_addr { host: "127.21.70.196" port: 43451 } attrs { promote: true } } }
I20260713 09:09:03.368685 22899 consensus_queue.cc:237] T 59c503a8fd9c46348344efdc87c7ce6b P c9d79c012666476c9c07b93babb3210c [LEADER]: Queue going to LEADER mode. State: All replicated index: 0, Majority replicated index: 1, Committed index: 1, Last appended: 1.1, Last appended by leader: 0, Current term: 1, Majority size: 2, State: 0, Mode: LEADER, active raft config: opid_index: 2 OBSOLETE_local: false peers { permanent_uuid: "c9d79c012666476c9c07b93babb3210c" member_type: VOTER last_known_addr { host: "127.21.70.193" port: 43691 } } peers { permanent_uuid: "c1b474134daa40068e3c1b71e29ef95d" member_type: VOTER last_known_addr { host: "127.21.70.194" port: 40547 } attrs { replace: true } } peers { permanent_uuid: "bf96033adc29426cba74eba78672aca8" member_type: VOTER last_known_addr { host: "127.21.70.195" port: 33161 } } peers { permanent_uuid: "e91770199aa642dea3e64bc9ce3f0a6e" member_type: NON_VOTER last_known_addr { host: "127.21.70.196" port: 43451 } attrs { promote: true } }
W20260713 09:09:03.383999 22867 consensus_peers.cc:597] T 59c503a8fd9c46348344efdc87c7ce6b P c9d79c012666476c9c07b93babb3210c -> Peer e91770199aa642dea3e64bc9ce3f0a6e (127.21.70.196:43451): Couldn't send request to peer e91770199aa642dea3e64bc9ce3f0a6e. Error code: TABLET_NOT_FOUND (6). Status: Not found: Tablet not found: 59c503a8fd9c46348344efdc87c7ce6b. This is attempt 1: this message will repeat every 5th retry.
I20260713 09:09:03.384563 23045 raft_consensus.cc:1275] T 59c503a8fd9c46348344efdc87c7ce6b P bf96033adc29426cba74eba78672aca8 [term 1 FOLLOWER]: Refusing update from remote peer c9d79c012666476c9c07b93babb3210c: Log matching property violated. Preceding OpId in replica: term: 1 index: 1. Preceding OpId from leader: term: 1 index: 2. (index mismatch)
I20260713 09:09:03.385439 22972 raft_consensus.cc:1275] T 59c503a8fd9c46348344efdc87c7ce6b P c1b474134daa40068e3c1b71e29ef95d [term 1 FOLLOWER]: Refusing update from remote peer c9d79c012666476c9c07b93babb3210c: Log matching property violated. Preceding OpId in replica: term: 1 index: 1. Preceding OpId from leader: term: 1 index: 2. (index mismatch)
I20260713 09:09:03.386154 23526 consensus_queue.cc:1048] T 59c503a8fd9c46348344efdc87c7ce6b P c9d79c012666476c9c07b93babb3210c [LEADER]: Connected to new peer: Peer: permanent_uuid: "bf96033adc29426cba74eba78672aca8" member_type: VOTER last_known_addr { host: "127.21.70.195" port: 33161 }, Status: LMP_MISMATCH, Last received: 0.0, Next index: 2, Last known committed idx: 1, Time since last communication: 0.000s
I20260713 09:09:03.386960 23500 consensus_queue.cc:1048] T 59c503a8fd9c46348344efdc87c7ce6b P c9d79c012666476c9c07b93babb3210c [LEADER]: Connected to new peer: Peer: permanent_uuid: "c1b474134daa40068e3c1b71e29ef95d" member_type: VOTER last_known_addr { host: "127.21.70.194" port: 40547 } attrs { replace: true }, Status: LMP_MISMATCH, Last received: 0.0, Next index: 2, Last known committed idx: 1, Time since last communication: 0.000s
I20260713 09:09:03.401923 23500 raft_consensus.cc:2955] T 59c503a8fd9c46348344efdc87c7ce6b P c9d79c012666476c9c07b93babb3210c [term 1 LEADER]: Committing config change with OpId 1.2: config changed from index -1 to 2, NON_VOTER e91770199aa642dea3e64bc9ce3f0a6e (127.21.70.196) added. New config: { opid_index: 2 OBSOLETE_local: false peers { permanent_uuid: "c9d79c012666476c9c07b93babb3210c" member_type: VOTER last_known_addr { host: "127.21.70.193" port: 43691 } } peers { permanent_uuid: "c1b474134daa40068e3c1b71e29ef95d" member_type: VOTER last_known_addr { host: "127.21.70.194" port: 40547 } attrs { replace: true } } peers { permanent_uuid: "bf96033adc29426cba74eba78672aca8" member_type: VOTER last_known_addr { host: "127.21.70.195" port: 33161 } } peers { permanent_uuid: "e91770199aa642dea3e64bc9ce3f0a6e" member_type: NON_VOTER last_known_addr { host: "127.21.70.196" port: 43451 } attrs { promote: true } } }
I20260713 09:09:03.403126 23045 raft_consensus.cc:2955] T 59c503a8fd9c46348344efdc87c7ce6b P bf96033adc29426cba74eba78672aca8 [term 1 FOLLOWER]: Committing config change with OpId 1.2: config changed from index -1 to 2, NON_VOTER e91770199aa642dea3e64bc9ce3f0a6e (127.21.70.196) added. New config: { opid_index: 2 OBSOLETE_local: false peers { permanent_uuid: "c9d79c012666476c9c07b93babb3210c" member_type: VOTER last_known_addr { host: "127.21.70.193" port: 43691 } } peers { permanent_uuid: "c1b474134daa40068e3c1b71e29ef95d" member_type: VOTER last_known_addr { host: "127.21.70.194" port: 40547 } attrs { replace: true } } peers { permanent_uuid: "bf96033adc29426cba74eba78672aca8" member_type: VOTER last_known_addr { host: "127.21.70.195" port: 33161 } } peers { permanent_uuid: "e91770199aa642dea3e64bc9ce3f0a6e" member_type: NON_VOTER last_known_addr { host: "127.21.70.196" port: 43451 } attrs { promote: true } } }
I20260713 09:09:03.406819 22971 raft_consensus.cc:2955] T 59c503a8fd9c46348344efdc87c7ce6b P c1b474134daa40068e3c1b71e29ef95d [term 1 FOLLOWER]: Committing config change with OpId 1.2: config changed from index -1 to 2, NON_VOTER e91770199aa642dea3e64bc9ce3f0a6e (127.21.70.196) added. New config: { opid_index: 2 OBSOLETE_local: false peers { permanent_uuid: "c9d79c012666476c9c07b93babb3210c" member_type: VOTER last_known_addr { host: "127.21.70.193" port: 43691 } } peers { permanent_uuid: "c1b474134daa40068e3c1b71e29ef95d" member_type: VOTER last_known_addr { host: "127.21.70.194" port: 40547 } attrs { replace: true } } peers { permanent_uuid: "bf96033adc29426cba74eba78672aca8" member_type: VOTER last_known_addr { host: "127.21.70.195" port: 33161 } } peers { permanent_uuid: "e91770199aa642dea3e64bc9ce3f0a6e" member_type: NON_VOTER last_known_addr { host: "127.21.70.196" port: 43451 } attrs { promote: true } } }
I20260713 09:09:03.419641 22797 catalog_manager.cc:5697] T 59c503a8fd9c46348344efdc87c7ce6b P bf96033adc29426cba74eba78672aca8 reported cstate change: config changed from index -1 to 2, NON_VOTER e91770199aa642dea3e64bc9ce3f0a6e (127.21.70.196) added. New cstate: current_term: 1 leader_uuid: "c9d79c012666476c9c07b93babb3210c" committed_config { opid_index: 2 OBSOLETE_local: false peers { permanent_uuid: "c9d79c012666476c9c07b93babb3210c" member_type: VOTER last_known_addr { host: "127.21.70.193" port: 43691 } } peers { permanent_uuid: "c1b474134daa40068e3c1b71e29ef95d" member_type: VOTER last_known_addr { host: "127.21.70.194" port: 40547 } attrs { replace: true } } peers { permanent_uuid: "bf96033adc29426cba74eba78672aca8" member_type: VOTER last_known_addr { host: "127.21.70.195" port: 33161 } } peers { permanent_uuid: "e91770199aa642dea3e64bc9ce3f0a6e" member_type: NON_VOTER last_known_addr { host: "127.21.70.196" port: 43451 } attrs { promote: true } } }
I20260713 09:09:03.421128 23046 consensus_queue.cc:237] T cb5ac32a02c24df9bb75c20d6b2d84d9 P bf96033adc29426cba74eba78672aca8 [LEADER]: Queue going to LEADER mode. State: All replicated index: 0, Majority replicated index: 1, Committed index: 1, Last appended: 1.1, Last appended by leader: 0, Current term: 1, Majority size: 2, State: 0, Mode: LEADER, active raft config: opid_index: 2 OBSOLETE_local: false peers { permanent_uuid: "c9d79c012666476c9c07b93babb3210c" member_type: VOTER last_known_addr { host: "127.21.70.193" port: 43691 } attrs { replace: true } } peers { permanent_uuid: "c1b474134daa40068e3c1b71e29ef95d" member_type: VOTER last_known_addr { host: "127.21.70.194" port: 40547 } } peers { permanent_uuid: "bf96033adc29426cba74eba78672aca8" member_type: VOTER last_known_addr { host: "127.21.70.195" port: 33161 } } peers { permanent_uuid: "e91770199aa642dea3e64bc9ce3f0a6e" member_type: NON_VOTER last_known_addr { host: "127.21.70.196" port: 43451 } attrs { promote: true } }
I20260713 09:09:03.442288 22971 raft_consensus.cc:1275] T cb5ac32a02c24df9bb75c20d6b2d84d9 P c1b474134daa40068e3c1b71e29ef95d [term 1 FOLLOWER]: Refusing update from remote peer bf96033adc29426cba74eba78672aca8: Log matching property violated. Preceding OpId in replica: term: 1 index: 1. Preceding OpId from leader: term: 1 index: 2. (index mismatch)
W20260713 09:09:03.443888 23016 consensus_peers.cc:597] T cb5ac32a02c24df9bb75c20d6b2d84d9 P bf96033adc29426cba74eba78672aca8 -> Peer e91770199aa642dea3e64bc9ce3f0a6e (127.21.70.196:43451): Couldn't send request to peer e91770199aa642dea3e64bc9ce3f0a6e. Error code: TABLET_NOT_FOUND (6). Status: Not found: Tablet not found: cb5ac32a02c24df9bb75c20d6b2d84d9. This is attempt 1: this message will repeat every 5th retry.
I20260713 09:09:03.443917 23523 consensus_queue.cc:1048] T cb5ac32a02c24df9bb75c20d6b2d84d9 P bf96033adc29426cba74eba78672aca8 [LEADER]: Connected to new peer: Peer: permanent_uuid: "c1b474134daa40068e3c1b71e29ef95d" member_type: VOTER last_known_addr { host: "127.21.70.194" port: 40547 }, Status: LMP_MISMATCH, Last received: 0.0, Next index: 2, Last known committed idx: 1, Time since last communication: 0.001s
I20260713 09:09:03.447315 22899 raft_consensus.cc:1275] T cb5ac32a02c24df9bb75c20d6b2d84d9 P c9d79c012666476c9c07b93babb3210c [term 1 FOLLOWER]: Refusing update from remote peer bf96033adc29426cba74eba78672aca8: Log matching property violated. Preceding OpId in replica: term: 1 index: 1. Preceding OpId from leader: term: 1 index: 2. (index mismatch)
I20260713 09:09:03.448390 23523 consensus_queue.cc:1048] T cb5ac32a02c24df9bb75c20d6b2d84d9 P bf96033adc29426cba74eba78672aca8 [LEADER]: Connected to new peer: Peer: permanent_uuid: "c9d79c012666476c9c07b93babb3210c" member_type: VOTER last_known_addr { host: "127.21.70.193" port: 43691 } attrs { replace: true }, Status: LMP_MISMATCH, Last received: 0.0, Next index: 2, Last known committed idx: 1, Time since last communication: 0.001s
I20260713 09:09:03.464468 23524 raft_consensus.cc:2955] T cb5ac32a02c24df9bb75c20d6b2d84d9 P bf96033adc29426cba74eba78672aca8 [term 1 LEADER]: Committing config change with OpId 1.2: config changed from index -1 to 2, NON_VOTER e91770199aa642dea3e64bc9ce3f0a6e (127.21.70.196) added. New config: { opid_index: 2 OBSOLETE_local: false peers { permanent_uuid: "c9d79c012666476c9c07b93babb3210c" member_type: VOTER last_known_addr { host: "127.21.70.193" port: 43691 } attrs { replace: true } } peers { permanent_uuid: "c1b474134daa40068e3c1b71e29ef95d" member_type: VOTER last_known_addr { host: "127.21.70.194" port: 40547 } } peers { permanent_uuid: "bf96033adc29426cba74eba78672aca8" member_type: VOTER last_known_addr { host: "127.21.70.195" port: 33161 } } peers { permanent_uuid: "e91770199aa642dea3e64bc9ce3f0a6e" member_type: NON_VOTER last_known_addr { host: "127.21.70.196" port: 43451 } attrs { promote: true } } }
I20260713 09:09:03.465907 22899 raft_consensus.cc:2955] T cb5ac32a02c24df9bb75c20d6b2d84d9 P c9d79c012666476c9c07b93babb3210c [term 1 FOLLOWER]: Committing config change with OpId 1.2: config changed from index -1 to 2, NON_VOTER e91770199aa642dea3e64bc9ce3f0a6e (127.21.70.196) added. New config: { opid_index: 2 OBSOLETE_local: false peers { permanent_uuid: "c9d79c012666476c9c07b93babb3210c" member_type: VOTER last_known_addr { host: "127.21.70.193" port: 43691 } attrs { replace: true } } peers { permanent_uuid: "c1b474134daa40068e3c1b71e29ef95d" member_type: VOTER last_known_addr { host: "127.21.70.194" port: 40547 } } peers { permanent_uuid: "bf96033adc29426cba74eba78672aca8" member_type: VOTER last_known_addr { host: "127.21.70.195" port: 33161 } } peers { permanent_uuid: "e91770199aa642dea3e64bc9ce3f0a6e" member_type: NON_VOTER last_known_addr { host: "127.21.70.196" port: 43451 } attrs { promote: true } } }
I20260713 09:09:03.476354 22972 raft_consensus.cc:2955] T cb5ac32a02c24df9bb75c20d6b2d84d9 P c1b474134daa40068e3c1b71e29ef95d [term 1 FOLLOWER]: Committing config change with OpId 1.2: config changed from index -1 to 2, NON_VOTER e91770199aa642dea3e64bc9ce3f0a6e (127.21.70.196) added. New config: { opid_index: 2 OBSOLETE_local: false peers { permanent_uuid: "c9d79c012666476c9c07b93babb3210c" member_type: VOTER last_known_addr { host: "127.21.70.193" port: 43691 } attrs { replace: true } } peers { permanent_uuid: "c1b474134daa40068e3c1b71e29ef95d" member_type: VOTER last_known_addr { host: "127.21.70.194" port: 40547 } } peers { permanent_uuid: "bf96033adc29426cba74eba78672aca8" member_type: VOTER last_known_addr { host: "127.21.70.195" port: 33161 } } peers { permanent_uuid: "e91770199aa642dea3e64bc9ce3f0a6e" member_type: NON_VOTER last_known_addr { host: "127.21.70.196" port: 43451 } attrs { promote: true } } }
I20260713 09:09:03.481087 22795 catalog_manager.cc:5697] T cb5ac32a02c24df9bb75c20d6b2d84d9 P bf96033adc29426cba74eba78672aca8 reported cstate change: config changed from index -1 to 2, NON_VOTER e91770199aa642dea3e64bc9ce3f0a6e (127.21.70.196) added. New cstate: current_term: 1 leader_uuid: "bf96033adc29426cba74eba78672aca8" committed_config { opid_index: 2 OBSOLETE_local: false peers { permanent_uuid: "c9d79c012666476c9c07b93babb3210c" member_type: VOTER last_known_addr { host: "127.21.70.193" port: 43691 } attrs { replace: true } health_report { overall_health: HEALTHY } } peers { permanent_uuid: "c1b474134daa40068e3c1b71e29ef95d" member_type: VOTER last_known_addr { host: "127.21.70.194" port: 40547 } health_report { overall_health: HEALTHY } } peers { permanent_uuid: "bf96033adc29426cba74eba78672aca8" member_type: VOTER last_known_addr { host: "127.21.70.195" port: 33161 } health_report { overall_health: HEALTHY } } peers { permanent_uuid: "e91770199aa642dea3e64bc9ce3f0a6e" member_type: NON_VOTER last_known_addr { host: "127.21.70.196" port: 43451 } attrs { promote: true } health_report { overall_health: UNKNOWN } } }
I20260713 09:09:03.484761 22897 consensus_queue.cc:237] T 41547536cec5466eb5969089a08765a8 P c9d79c012666476c9c07b93babb3210c [LEADER]: Queue going to LEADER mode. State: All replicated index: 0, Majority replicated index: 1, Committed index: 1, Last appended: 1.1, Last appended by leader: 0, Current term: 1, Majority size: 2, State: 0, Mode: LEADER, active raft config: opid_index: 2 OBSOLETE_local: false peers { permanent_uuid: "c9d79c012666476c9c07b93babb3210c" member_type: VOTER last_known_addr { host: "127.21.70.193" port: 43691 } } peers { permanent_uuid: "c1b474134daa40068e3c1b71e29ef95d" member_type: VOTER last_known_addr { host: "127.21.70.194" port: 40547 } } peers { permanent_uuid: "bf96033adc29426cba74eba78672aca8" member_type: VOTER last_known_addr { host: "127.21.70.195" port: 33161 } attrs { replace: true } } peers { permanent_uuid: "e91770199aa642dea3e64bc9ce3f0a6e" member_type: NON_VOTER last_known_addr { host: "127.21.70.196" port: 43451 } attrs { promote: true } }
W20260713 09:09:03.507740 22867 consensus_peers.cc:597] T 41547536cec5466eb5969089a08765a8 P c9d79c012666476c9c07b93babb3210c -> Peer e91770199aa642dea3e64bc9ce3f0a6e (127.21.70.196:43451): Couldn't send request to peer e91770199aa642dea3e64bc9ce3f0a6e. Error code: TABLET_NOT_FOUND (6). Status: Not found: Tablet not found: 41547536cec5466eb5969089a08765a8. This is attempt 1: this message will repeat every 5th retry.
I20260713 09:09:03.508256 23046 raft_consensus.cc:1275] T 41547536cec5466eb5969089a08765a8 P bf96033adc29426cba74eba78672aca8 [term 1 FOLLOWER]: Refusing update from remote peer c9d79c012666476c9c07b93babb3210c: Log matching property violated. Preceding OpId in replica: term: 1 index: 1. Preceding OpId from leader: term: 1 index: 2. (index mismatch)
I20260713 09:09:03.509657 23500 consensus_queue.cc:1048] T 41547536cec5466eb5969089a08765a8 P c9d79c012666476c9c07b93babb3210c [LEADER]: Connected to new peer: Peer: permanent_uuid: "bf96033adc29426cba74eba78672aca8" member_type: VOTER last_known_addr { host: "127.21.70.195" port: 33161 } attrs { replace: true }, Status: LMP_MISMATCH, Last received: 0.0, Next index: 2, Last known committed idx: 1, Time since last communication: 0.000s
I20260713 09:09:03.510877 22972 raft_consensus.cc:1275] T 41547536cec5466eb5969089a08765a8 P c1b474134daa40068e3c1b71e29ef95d [term 1 FOLLOWER]: Refusing update from remote peer c9d79c012666476c9c07b93babb3210c: Log matching property violated. Preceding OpId in replica: term: 1 index: 1. Preceding OpId from leader: term: 1 index: 2. (index mismatch)
I20260713 09:09:03.512295 23500 consensus_queue.cc:1048] T 41547536cec5466eb5969089a08765a8 P c9d79c012666476c9c07b93babb3210c [LEADER]: Connected to new peer: Peer: permanent_uuid: "c1b474134daa40068e3c1b71e29ef95d" member_type: VOTER last_known_addr { host: "127.21.70.194" port: 40547 }, Status: LMP_MISMATCH, Last received: 0.0, Next index: 2, Last known committed idx: 1, Time since last communication: 0.000s
I20260713 09:09:03.517834 23526 raft_consensus.cc:2955] T 41547536cec5466eb5969089a08765a8 P c9d79c012666476c9c07b93babb3210c [term 1 LEADER]: Committing config change with OpId 1.2: config changed from index -1 to 2, NON_VOTER e91770199aa642dea3e64bc9ce3f0a6e (127.21.70.196) added. New config: { opid_index: 2 OBSOLETE_local: false peers { permanent_uuid: "c9d79c012666476c9c07b93babb3210c" member_type: VOTER last_known_addr { host: "127.21.70.193" port: 43691 } } peers { permanent_uuid: "c1b474134daa40068e3c1b71e29ef95d" member_type: VOTER last_known_addr { host: "127.21.70.194" port: 40547 } } peers { permanent_uuid: "bf96033adc29426cba74eba78672aca8" member_type: VOTER last_known_addr { host: "127.21.70.195" port: 33161 } attrs { replace: true } } peers { permanent_uuid: "e91770199aa642dea3e64bc9ce3f0a6e" member_type: NON_VOTER last_known_addr { host: "127.21.70.196" port: 43451 } attrs { promote: true } } }
I20260713 09:09:03.519431 23046 raft_consensus.cc:2955] T 41547536cec5466eb5969089a08765a8 P bf96033adc29426cba74eba78672aca8 [term 1 FOLLOWER]: Committing config change with OpId 1.2: config changed from index -1 to 2, NON_VOTER e91770199aa642dea3e64bc9ce3f0a6e (127.21.70.196) added. New config: { opid_index: 2 OBSOLETE_local: false peers { permanent_uuid: "c9d79c012666476c9c07b93babb3210c" member_type: VOTER last_known_addr { host: "127.21.70.193" port: 43691 } } peers { permanent_uuid: "c1b474134daa40068e3c1b71e29ef95d" member_type: VOTER last_known_addr { host: "127.21.70.194" port: 40547 } } peers { permanent_uuid: "bf96033adc29426cba74eba78672aca8" member_type: VOTER last_known_addr { host: "127.21.70.195" port: 33161 } attrs { replace: true } } peers { permanent_uuid: "e91770199aa642dea3e64bc9ce3f0a6e" member_type: NON_VOTER last_known_addr { host: "127.21.70.196" port: 43451 } attrs { promote: true } } }
I20260713 09:09:03.526925 22972 raft_consensus.cc:2955] T 41547536cec5466eb5969089a08765a8 P c1b474134daa40068e3c1b71e29ef95d [term 1 FOLLOWER]: Committing config change with OpId 1.2: config changed from index -1 to 2, NON_VOTER e91770199aa642dea3e64bc9ce3f0a6e (127.21.70.196) added. New config: { opid_index: 2 OBSOLETE_local: false peers { permanent_uuid: "c9d79c012666476c9c07b93babb3210c" member_type: VOTER last_known_addr { host: "127.21.70.193" port: 43691 } } peers { permanent_uuid: "c1b474134daa40068e3c1b71e29ef95d" member_type: VOTER last_known_addr { host: "127.21.70.194" port: 40547 } } peers { permanent_uuid: "bf96033adc29426cba74eba78672aca8" member_type: VOTER last_known_addr { host: "127.21.70.195" port: 33161 } attrs { replace: true } } peers { permanent_uuid: "e91770199aa642dea3e64bc9ce3f0a6e" member_type: NON_VOTER last_known_addr { host: "127.21.70.196" port: 43451 } attrs { promote: true } } }
I20260713 09:09:03.534380 22795 catalog_manager.cc:5697] T 41547536cec5466eb5969089a08765a8 P bf96033adc29426cba74eba78672aca8 reported cstate change: config changed from index -1 to 2, NON_VOTER e91770199aa642dea3e64bc9ce3f0a6e (127.21.70.196) added. New cstate: current_term: 1 leader_uuid: "c9d79c012666476c9c07b93babb3210c" committed_config { opid_index: 2 OBSOLETE_local: false peers { permanent_uuid: "c9d79c012666476c9c07b93babb3210c" member_type: VOTER last_known_addr { host: "127.21.70.193" port: 43691 } } peers { permanent_uuid: "c1b474134daa40068e3c1b71e29ef95d" member_type: VOTER last_known_addr { host: "127.21.70.194" port: 40547 } } peers { permanent_uuid: "bf96033adc29426cba74eba78672aca8" member_type: VOTER last_known_addr { host: "127.21.70.195" port: 33161 } attrs { replace: true } } peers { permanent_uuid: "e91770199aa642dea3e64bc9ce3f0a6e" member_type: NON_VOTER last_known_addr { host: "127.21.70.196" port: 43451 } attrs { promote: true } } }
I20260713 09:09:03.744861 23543 ts_tablet_manager.cc:933] T 4b1384db00bf46d58b7fb53e53934145 P e91770199aa642dea3e64bc9ce3f0a6e: Initiating tablet copy from peer c1b474134daa40068e3c1b71e29ef95d (127.21.70.194:40547)
I20260713 09:09:03.746976 23543 tablet_copy_client.cc:323] T 4b1384db00bf46d58b7fb53e53934145 P e91770199aa642dea3e64bc9ce3f0a6e: tablet copy: Beginning tablet copy session from remote peer at address 127.21.70.194:40547
I20260713 09:09:03.748596 22985 tablet_copy_service.cc:140] P c1b474134daa40068e3c1b71e29ef95d: Received BeginTabletCopySession request for tablet 4b1384db00bf46d58b7fb53e53934145 from peer e91770199aa642dea3e64bc9ce3f0a6e ({username='slave'} at 127.0.0.1:37630)
I20260713 09:09:03.749133 22985 tablet_copy_service.cc:161] P c1b474134daa40068e3c1b71e29ef95d: Beginning new tablet copy session on tablet 4b1384db00bf46d58b7fb53e53934145 from peer e91770199aa642dea3e64bc9ce3f0a6e at {username='slave'} at 127.0.0.1:37630: session id = e91770199aa642dea3e64bc9ce3f0a6e-4b1384db00bf46d58b7fb53e53934145
I20260713 09:09:03.756911 22985 tablet_copy_source_session.cc:215] T 4b1384db00bf46d58b7fb53e53934145 P c1b474134daa40068e3c1b71e29ef95d: Tablet Copy: opened 0 blocks and 1 log segments
I20260713 09:09:03.760594 23543 data_dirs.cc:400] Could only allocate 1 dirs of requested 3 for tablet 4b1384db00bf46d58b7fb53e53934145. 1 dirs total, 0 dirs full, 0 dirs failed
I20260713 09:09:03.776093 23543 tablet_copy_client.cc:806] T 4b1384db00bf46d58b7fb53e53934145 P e91770199aa642dea3e64bc9ce3f0a6e: tablet copy: Starting download of 0 data blocks...
I20260713 09:09:03.776624 23543 tablet_copy_client.cc:670] T 4b1384db00bf46d58b7fb53e53934145 P e91770199aa642dea3e64bc9ce3f0a6e: tablet copy: Starting download of 1 WAL segments...
I20260713 09:09:03.780339 23543 tablet_copy_client.cc:538] T 4b1384db00bf46d58b7fb53e53934145 P e91770199aa642dea3e64bc9ce3f0a6e: tablet copy: Tablet Copy complete. Replacing tablet superblock.
I20260713 09:09:03.787829 23543 tablet_bootstrap.cc:492] T 4b1384db00bf46d58b7fb53e53934145 P e91770199aa642dea3e64bc9ce3f0a6e: Bootstrap starting.
I20260713 09:09:03.806665 23543 tablet_bootstrap.cc:492] T 4b1384db00bf46d58b7fb53e53934145 P e91770199aa642dea3e64bc9ce3f0a6e: Bootstrap replayed 1/1 log segments. Stats: ops{read=2 overwritten=0 applied=2 ignored=0} inserts{seen=0 ignored=0} mutations{seen=0 ignored=0} orphaned_commits=0. Pending: 0 replicates
I20260713 09:09:03.807475 23543 tablet_bootstrap.cc:492] T 4b1384db00bf46d58b7fb53e53934145 P e91770199aa642dea3e64bc9ce3f0a6e: Bootstrap complete.
I20260713 09:09:03.808079 23543 ts_tablet_manager.cc:1403] T 4b1384db00bf46d58b7fb53e53934145 P e91770199aa642dea3e64bc9ce3f0a6e: Time spent bootstrapping tablet: real 0.020s	user 0.019s	sys 0.000s
I20260713 09:09:03.810745 23543 raft_consensus.cc:359] T 4b1384db00bf46d58b7fb53e53934145 P e91770199aa642dea3e64bc9ce3f0a6e [term 1 LEARNER]: Replica starting. Triggering 0 pending ops. Active config: opid_index: 2 OBSOLETE_local: false peers { permanent_uuid: "c9d79c012666476c9c07b93babb3210c" member_type: VOTER last_known_addr { host: "127.21.70.193" port: 43691 } } peers { permanent_uuid: "c1b474134daa40068e3c1b71e29ef95d" member_type: VOTER last_known_addr { host: "127.21.70.194" port: 40547 } } peers { permanent_uuid: "bf96033adc29426cba74eba78672aca8" member_type: VOTER last_known_addr { host: "127.21.70.195" port: 33161 } attrs { replace: true } } peers { permanent_uuid: "e91770199aa642dea3e64bc9ce3f0a6e" member_type: NON_VOTER last_known_addr { host: "127.21.70.196" port: 43451 } attrs { promote: true } }
I20260713 09:09:03.811589 23543 raft_consensus.cc:740] T 4b1384db00bf46d58b7fb53e53934145 P e91770199aa642dea3e64bc9ce3f0a6e [term 1 LEARNER]: Becoming Follower/Learner. State: Replica: e91770199aa642dea3e64bc9ce3f0a6e, State: Initialized, Role: LEARNER
I20260713 09:09:03.812187 23543 consensus_queue.cc:260] T 4b1384db00bf46d58b7fb53e53934145 P e91770199aa642dea3e64bc9ce3f0a6e [NON_LEADER]: Queue going to NON_LEADER mode. State: All replicated index: 0, Majority replicated index: 0, Committed index: 2, Last appended: 1.2, Last appended by leader: 2, Current term: 0, Majority size: -1, State: 0, Mode: NON_LEADER, active raft config: opid_index: 2 OBSOLETE_local: false peers { permanent_uuid: "c9d79c012666476c9c07b93babb3210c" member_type: VOTER last_known_addr { host: "127.21.70.193" port: 43691 } } peers { permanent_uuid: "c1b474134daa40068e3c1b71e29ef95d" member_type: VOTER last_known_addr { host: "127.21.70.194" port: 40547 } } peers { permanent_uuid: "bf96033adc29426cba74eba78672aca8" member_type: VOTER last_known_addr { host: "127.21.70.195" port: 33161 } attrs { replace: true } } peers { permanent_uuid: "e91770199aa642dea3e64bc9ce3f0a6e" member_type: NON_VOTER last_known_addr { host: "127.21.70.196" port: 43451 } attrs { promote: true } }
I20260713 09:09:03.815222 23543 ts_tablet_manager.cc:1434] T 4b1384db00bf46d58b7fb53e53934145 P e91770199aa642dea3e64bc9ce3f0a6e: Time spent starting tablet: real 0.007s	user 0.006s	sys 0.000s
I20260713 09:09:03.817225 22985 tablet_copy_service.cc:342] P c1b474134daa40068e3c1b71e29ef95d: Request end of tablet copy session e91770199aa642dea3e64bc9ce3f0a6e-4b1384db00bf46d58b7fb53e53934145 received from {username='slave'} at 127.0.0.1:37630
I20260713 09:09:03.817571 22985 tablet_copy_service.cc:434] P c1b474134daa40068e3c1b71e29ef95d: ending tablet copy session e91770199aa642dea3e64bc9ce3f0a6e-4b1384db00bf46d58b7fb53e53934145 on tablet 4b1384db00bf46d58b7fb53e53934145 with peer e91770199aa642dea3e64bc9ce3f0a6e
I20260713 09:09:03.830531 23543 ts_tablet_manager.cc:933] T cb5ac32a02c24df9bb75c20d6b2d84d9 P e91770199aa642dea3e64bc9ce3f0a6e: Initiating tablet copy from peer bf96033adc29426cba74eba78672aca8 (127.21.70.195:33161)
I20260713 09:09:03.833470 23543 tablet_copy_client.cc:323] T cb5ac32a02c24df9bb75c20d6b2d84d9 P e91770199aa642dea3e64bc9ce3f0a6e: tablet copy: Beginning tablet copy session from remote peer at address 127.21.70.195:33161
I20260713 09:09:03.834707 23060 tablet_copy_service.cc:140] P bf96033adc29426cba74eba78672aca8: Received BeginTabletCopySession request for tablet cb5ac32a02c24df9bb75c20d6b2d84d9 from peer e91770199aa642dea3e64bc9ce3f0a6e ({username='slave'} at 127.0.0.1:45946)
I20260713 09:09:03.835119 23060 tablet_copy_service.cc:161] P bf96033adc29426cba74eba78672aca8: Beginning new tablet copy session on tablet cb5ac32a02c24df9bb75c20d6b2d84d9 from peer e91770199aa642dea3e64bc9ce3f0a6e at {username='slave'} at 127.0.0.1:45946: session id = e91770199aa642dea3e64bc9ce3f0a6e-cb5ac32a02c24df9bb75c20d6b2d84d9
I20260713 09:09:03.841068 23060 tablet_copy_source_session.cc:215] T cb5ac32a02c24df9bb75c20d6b2d84d9 P bf96033adc29426cba74eba78672aca8: Tablet Copy: opened 0 blocks and 1 log segments
I20260713 09:09:03.843334 23543 data_dirs.cc:400] Could only allocate 1 dirs of requested 3 for tablet cb5ac32a02c24df9bb75c20d6b2d84d9. 1 dirs total, 0 dirs full, 0 dirs failed
I20260713 09:09:03.856046 23543 tablet_copy_client.cc:806] T cb5ac32a02c24df9bb75c20d6b2d84d9 P e91770199aa642dea3e64bc9ce3f0a6e: tablet copy: Starting download of 0 data blocks...
I20260713 09:09:03.856601 23543 tablet_copy_client.cc:670] T cb5ac32a02c24df9bb75c20d6b2d84d9 P e91770199aa642dea3e64bc9ce3f0a6e: tablet copy: Starting download of 1 WAL segments...
I20260713 09:09:03.860841 23543 tablet_copy_client.cc:538] T cb5ac32a02c24df9bb75c20d6b2d84d9 P e91770199aa642dea3e64bc9ce3f0a6e: tablet copy: Tablet Copy complete. Replacing tablet superblock.
I20260713 09:09:03.867549 23543 tablet_bootstrap.cc:492] T cb5ac32a02c24df9bb75c20d6b2d84d9 P e91770199aa642dea3e64bc9ce3f0a6e: Bootstrap starting.
I20260713 09:09:03.886447 23543 tablet_bootstrap.cc:492] T cb5ac32a02c24df9bb75c20d6b2d84d9 P e91770199aa642dea3e64bc9ce3f0a6e: Bootstrap replayed 1/1 log segments. Stats: ops{read=2 overwritten=0 applied=2 ignored=0} inserts{seen=0 ignored=0} mutations{seen=0 ignored=0} orphaned_commits=0. Pending: 0 replicates
I20260713 09:09:03.887359 23543 tablet_bootstrap.cc:492] T cb5ac32a02c24df9bb75c20d6b2d84d9 P e91770199aa642dea3e64bc9ce3f0a6e: Bootstrap complete.
I20260713 09:09:03.887986 23543 ts_tablet_manager.cc:1403] T cb5ac32a02c24df9bb75c20d6b2d84d9 P e91770199aa642dea3e64bc9ce3f0a6e: Time spent bootstrapping tablet: real 0.021s	user 0.018s	sys 0.003s
I20260713 09:09:03.889945 23543 raft_consensus.cc:359] T cb5ac32a02c24df9bb75c20d6b2d84d9 P e91770199aa642dea3e64bc9ce3f0a6e [term 1 LEARNER]: Replica starting. Triggering 0 pending ops. Active config: opid_index: 2 OBSOLETE_local: false peers { permanent_uuid: "c9d79c012666476c9c07b93babb3210c" member_type: VOTER last_known_addr { host: "127.21.70.193" port: 43691 } attrs { replace: true } } peers { permanent_uuid: "c1b474134daa40068e3c1b71e29ef95d" member_type: VOTER last_known_addr { host: "127.21.70.194" port: 40547 } } peers { permanent_uuid: "bf96033adc29426cba74eba78672aca8" member_type: VOTER last_known_addr { host: "127.21.70.195" port: 33161 } } peers { permanent_uuid: "e91770199aa642dea3e64bc9ce3f0a6e" member_type: NON_VOTER last_known_addr { host: "127.21.70.196" port: 43451 } attrs { promote: true } }
I20260713 09:09:03.890519 23543 raft_consensus.cc:740] T cb5ac32a02c24df9bb75c20d6b2d84d9 P e91770199aa642dea3e64bc9ce3f0a6e [term 1 LEARNER]: Becoming Follower/Learner. State: Replica: e91770199aa642dea3e64bc9ce3f0a6e, State: Initialized, Role: LEARNER
I20260713 09:09:03.891008 23543 consensus_queue.cc:260] T cb5ac32a02c24df9bb75c20d6b2d84d9 P e91770199aa642dea3e64bc9ce3f0a6e [NON_LEADER]: Queue going to NON_LEADER mode. State: All replicated index: 0, Majority replicated index: 0, Committed index: 2, Last appended: 1.2, Last appended by leader: 2, Current term: 0, Majority size: -1, State: 0, Mode: NON_LEADER, active raft config: opid_index: 2 OBSOLETE_local: false peers { permanent_uuid: "c9d79c012666476c9c07b93babb3210c" member_type: VOTER last_known_addr { host: "127.21.70.193" port: 43691 } attrs { replace: true } } peers { permanent_uuid: "c1b474134daa40068e3c1b71e29ef95d" member_type: VOTER last_known_addr { host: "127.21.70.194" port: 40547 } } peers { permanent_uuid: "bf96033adc29426cba74eba78672aca8" member_type: VOTER last_known_addr { host: "127.21.70.195" port: 33161 } } peers { permanent_uuid: "e91770199aa642dea3e64bc9ce3f0a6e" member_type: NON_VOTER last_known_addr { host: "127.21.70.196" port: 43451 } attrs { promote: true } }
I20260713 09:09:03.893082 23543 ts_tablet_manager.cc:1434] T cb5ac32a02c24df9bb75c20d6b2d84d9 P e91770199aa642dea3e64bc9ce3f0a6e: Time spent starting tablet: real 0.005s	user 0.000s	sys 0.004s
I20260713 09:09:03.894711 23060 tablet_copy_service.cc:342] P bf96033adc29426cba74eba78672aca8: Request end of tablet copy session e91770199aa642dea3e64bc9ce3f0a6e-cb5ac32a02c24df9bb75c20d6b2d84d9 received from {username='slave'} at 127.0.0.1:45946
I20260713 09:09:03.895098 23060 tablet_copy_service.cc:434] P bf96033adc29426cba74eba78672aca8: ending tablet copy session e91770199aa642dea3e64bc9ce3f0a6e-cb5ac32a02c24df9bb75c20d6b2d84d9 on tablet cb5ac32a02c24df9bb75c20d6b2d84d9 with peer e91770199aa642dea3e64bc9ce3f0a6e
I20260713 09:09:03.921437 23543 ts_tablet_manager.cc:933] T 41547536cec5466eb5969089a08765a8 P e91770199aa642dea3e64bc9ce3f0a6e: Initiating tablet copy from peer c9d79c012666476c9c07b93babb3210c (127.21.70.193:43691)
I20260713 09:09:03.922998 23543 tablet_copy_client.cc:323] T 41547536cec5466eb5969089a08765a8 P e91770199aa642dea3e64bc9ce3f0a6e: tablet copy: Beginning tablet copy session from remote peer at address 127.21.70.193:43691
I20260713 09:09:03.924348 22911 tablet_copy_service.cc:140] P c9d79c012666476c9c07b93babb3210c: Received BeginTabletCopySession request for tablet 41547536cec5466eb5969089a08765a8 from peer e91770199aa642dea3e64bc9ce3f0a6e ({username='slave'} at 127.0.0.1:53338)
I20260713 09:09:03.924770 22911 tablet_copy_service.cc:161] P c9d79c012666476c9c07b93babb3210c: Beginning new tablet copy session on tablet 41547536cec5466eb5969089a08765a8 from peer e91770199aa642dea3e64bc9ce3f0a6e at {username='slave'} at 127.0.0.1:53338: session id = e91770199aa642dea3e64bc9ce3f0a6e-41547536cec5466eb5969089a08765a8
I20260713 09:09:03.930493 22911 tablet_copy_source_session.cc:215] T 41547536cec5466eb5969089a08765a8 P c9d79c012666476c9c07b93babb3210c: Tablet Copy: opened 0 blocks and 1 log segments
I20260713 09:09:03.933588 23543 data_dirs.cc:400] Could only allocate 1 dirs of requested 3 for tablet 41547536cec5466eb5969089a08765a8. 1 dirs total, 0 dirs full, 0 dirs failed
I20260713 09:09:03.950021 23543 tablet_copy_client.cc:806] T 41547536cec5466eb5969089a08765a8 P e91770199aa642dea3e64bc9ce3f0a6e: tablet copy: Starting download of 0 data blocks...
I20260713 09:09:03.950599 23543 tablet_copy_client.cc:670] T 41547536cec5466eb5969089a08765a8 P e91770199aa642dea3e64bc9ce3f0a6e: tablet copy: Starting download of 1 WAL segments...
I20260713 09:09:03.953760 23543 tablet_copy_client.cc:538] T 41547536cec5466eb5969089a08765a8 P e91770199aa642dea3e64bc9ce3f0a6e: tablet copy: Tablet Copy complete. Replacing tablet superblock.
I20260713 09:09:03.958617 23543 tablet_bootstrap.cc:492] T 41547536cec5466eb5969089a08765a8 P e91770199aa642dea3e64bc9ce3f0a6e: Bootstrap starting.
I20260713 09:09:03.983553 23543 tablet_bootstrap.cc:492] T 41547536cec5466eb5969089a08765a8 P e91770199aa642dea3e64bc9ce3f0a6e: Bootstrap replayed 1/1 log segments. Stats: ops{read=2 overwritten=0 applied=2 ignored=0} inserts{seen=0 ignored=0} mutations{seen=0 ignored=0} orphaned_commits=0. Pending: 0 replicates
I20260713 09:09:03.984324 23543 tablet_bootstrap.cc:492] T 41547536cec5466eb5969089a08765a8 P e91770199aa642dea3e64bc9ce3f0a6e: Bootstrap complete.
I20260713 09:09:03.984951 23543 ts_tablet_manager.cc:1403] T 41547536cec5466eb5969089a08765a8 P e91770199aa642dea3e64bc9ce3f0a6e: Time spent bootstrapping tablet: real 0.027s	user 0.014s	sys 0.011s
I20260713 09:09:03.987447 23543 raft_consensus.cc:359] T 41547536cec5466eb5969089a08765a8 P e91770199aa642dea3e64bc9ce3f0a6e [term 1 LEARNER]: Replica starting. Triggering 0 pending ops. Active config: opid_index: 2 OBSOLETE_local: false peers { permanent_uuid: "c9d79c012666476c9c07b93babb3210c" member_type: VOTER last_known_addr { host: "127.21.70.193" port: 43691 } } peers { permanent_uuid: "c1b474134daa40068e3c1b71e29ef95d" member_type: VOTER last_known_addr { host: "127.21.70.194" port: 40547 } } peers { permanent_uuid: "bf96033adc29426cba74eba78672aca8" member_type: VOTER last_known_addr { host: "127.21.70.195" port: 33161 } attrs { replace: true } } peers { permanent_uuid: "e91770199aa642dea3e64bc9ce3f0a6e" member_type: NON_VOTER last_known_addr { host: "127.21.70.196" port: 43451 } attrs { promote: true } }
I20260713 09:09:03.988015 23543 raft_consensus.cc:740] T 41547536cec5466eb5969089a08765a8 P e91770199aa642dea3e64bc9ce3f0a6e [term 1 LEARNER]: Becoming Follower/Learner. State: Replica: e91770199aa642dea3e64bc9ce3f0a6e, State: Initialized, Role: LEARNER
I20260713 09:09:03.988448 23543 consensus_queue.cc:260] T 41547536cec5466eb5969089a08765a8 P e91770199aa642dea3e64bc9ce3f0a6e [NON_LEADER]: Queue going to NON_LEADER mode. State: All replicated index: 0, Majority replicated index: 0, Committed index: 2, Last appended: 1.2, Last appended by leader: 2, Current term: 0, Majority size: -1, State: 0, Mode: NON_LEADER, active raft config: opid_index: 2 OBSOLETE_local: false peers { permanent_uuid: "c9d79c012666476c9c07b93babb3210c" member_type: VOTER last_known_addr { host: "127.21.70.193" port: 43691 } } peers { permanent_uuid: "c1b474134daa40068e3c1b71e29ef95d" member_type: VOTER last_known_addr { host: "127.21.70.194" port: 40547 } } peers { permanent_uuid: "bf96033adc29426cba74eba78672aca8" member_type: VOTER last_known_addr { host: "127.21.70.195" port: 33161 } attrs { replace: true } } peers { permanent_uuid: "e91770199aa642dea3e64bc9ce3f0a6e" member_type: NON_VOTER last_known_addr { host: "127.21.70.196" port: 43451 } attrs { promote: true } }
I20260713 09:09:03.990300 23543 ts_tablet_manager.cc:1434] T 41547536cec5466eb5969089a08765a8 P e91770199aa642dea3e64bc9ce3f0a6e: Time spent starting tablet: real 0.005s	user 0.002s	sys 0.000s
I20260713 09:09:03.995452 22911 tablet_copy_service.cc:342] P c9d79c012666476c9c07b93babb3210c: Request end of tablet copy session e91770199aa642dea3e64bc9ce3f0a6e-41547536cec5466eb5969089a08765a8 received from {username='slave'} at 127.0.0.1:53338
I20260713 09:09:03.995836 22911 tablet_copy_service.cc:434] P c9d79c012666476c9c07b93babb3210c: ending tablet copy session e91770199aa642dea3e64bc9ce3f0a6e-41547536cec5466eb5969089a08765a8 on tablet 41547536cec5466eb5969089a08765a8 with peer e91770199aa642dea3e64bc9ce3f0a6e
I20260713 09:09:04.007798 23543 ts_tablet_manager.cc:933] T 59c503a8fd9c46348344efdc87c7ce6b P e91770199aa642dea3e64bc9ce3f0a6e: Initiating tablet copy from peer c9d79c012666476c9c07b93babb3210c (127.21.70.193:43691)
I20260713 09:09:04.009346 23543 tablet_copy_client.cc:323] T 59c503a8fd9c46348344efdc87c7ce6b P e91770199aa642dea3e64bc9ce3f0a6e: tablet copy: Beginning tablet copy session from remote peer at address 127.21.70.193:43691
I20260713 09:09:04.010576 22911 tablet_copy_service.cc:140] P c9d79c012666476c9c07b93babb3210c: Received BeginTabletCopySession request for tablet 59c503a8fd9c46348344efdc87c7ce6b from peer e91770199aa642dea3e64bc9ce3f0a6e ({username='slave'} at 127.0.0.1:53338)
I20260713 09:09:04.011015 22911 tablet_copy_service.cc:161] P c9d79c012666476c9c07b93babb3210c: Beginning new tablet copy session on tablet 59c503a8fd9c46348344efdc87c7ce6b from peer e91770199aa642dea3e64bc9ce3f0a6e at {username='slave'} at 127.0.0.1:53338: session id = e91770199aa642dea3e64bc9ce3f0a6e-59c503a8fd9c46348344efdc87c7ce6b
I20260713 09:09:04.015659 22911 tablet_copy_source_session.cc:215] T 59c503a8fd9c46348344efdc87c7ce6b P c9d79c012666476c9c07b93babb3210c: Tablet Copy: opened 0 blocks and 1 log segments
I20260713 09:09:04.017719 23543 data_dirs.cc:400] Could only allocate 1 dirs of requested 3 for tablet 59c503a8fd9c46348344efdc87c7ce6b. 1 dirs total, 0 dirs full, 0 dirs failed
I20260713 09:09:04.026171 23543 tablet_copy_client.cc:806] T 59c503a8fd9c46348344efdc87c7ce6b P e91770199aa642dea3e64bc9ce3f0a6e: tablet copy: Starting download of 0 data blocks...
I20260713 09:09:04.026648 23543 tablet_copy_client.cc:670] T 59c503a8fd9c46348344efdc87c7ce6b P e91770199aa642dea3e64bc9ce3f0a6e: tablet copy: Starting download of 1 WAL segments...
I20260713 09:09:04.029543 23543 tablet_copy_client.cc:538] T 59c503a8fd9c46348344efdc87c7ce6b P e91770199aa642dea3e64bc9ce3f0a6e: tablet copy: Tablet Copy complete. Replacing tablet superblock.
I20260713 09:09:04.034389 23543 tablet_bootstrap.cc:492] T 59c503a8fd9c46348344efdc87c7ce6b P e91770199aa642dea3e64bc9ce3f0a6e: Bootstrap starting.
I20260713 09:09:04.054155 23543 tablet_bootstrap.cc:492] T 59c503a8fd9c46348344efdc87c7ce6b P e91770199aa642dea3e64bc9ce3f0a6e: Bootstrap replayed 1/1 log segments. Stats: ops{read=2 overwritten=0 applied=2 ignored=0} inserts{seen=0 ignored=0} mutations{seen=0 ignored=0} orphaned_commits=0. Pending: 0 replicates
I20260713 09:09:04.054767 23543 tablet_bootstrap.cc:492] T 59c503a8fd9c46348344efdc87c7ce6b P e91770199aa642dea3e64bc9ce3f0a6e: Bootstrap complete.
I20260713 09:09:04.055231 23543 ts_tablet_manager.cc:1403] T 59c503a8fd9c46348344efdc87c7ce6b P e91770199aa642dea3e64bc9ce3f0a6e: Time spent bootstrapping tablet: real 0.021s	user 0.017s	sys 0.004s
I20260713 09:09:04.057704 23543 raft_consensus.cc:359] T 59c503a8fd9c46348344efdc87c7ce6b P e91770199aa642dea3e64bc9ce3f0a6e [term 1 LEARNER]: Replica starting. Triggering 0 pending ops. Active config: opid_index: 2 OBSOLETE_local: false peers { permanent_uuid: "c9d79c012666476c9c07b93babb3210c" member_type: VOTER last_known_addr { host: "127.21.70.193" port: 43691 } } peers { permanent_uuid: "c1b474134daa40068e3c1b71e29ef95d" member_type: VOTER last_known_addr { host: "127.21.70.194" port: 40547 } attrs { replace: true } } peers { permanent_uuid: "bf96033adc29426cba74eba78672aca8" member_type: VOTER last_known_addr { host: "127.21.70.195" port: 33161 } } peers { permanent_uuid: "e91770199aa642dea3e64bc9ce3f0a6e" member_type: NON_VOTER last_known_addr { host: "127.21.70.196" port: 43451 } attrs { promote: true } }
I20260713 09:09:04.058444 23543 raft_consensus.cc:740] T 59c503a8fd9c46348344efdc87c7ce6b P e91770199aa642dea3e64bc9ce3f0a6e [term 1 LEARNER]: Becoming Follower/Learner. State: Replica: e91770199aa642dea3e64bc9ce3f0a6e, State: Initialized, Role: LEARNER
I20260713 09:09:04.059012 23543 consensus_queue.cc:260] T 59c503a8fd9c46348344efdc87c7ce6b P e91770199aa642dea3e64bc9ce3f0a6e [NON_LEADER]: Queue going to NON_LEADER mode. State: All replicated index: 0, Majority replicated index: 0, Committed index: 2, Last appended: 1.2, Last appended by leader: 2, Current term: 0, Majority size: -1, State: 0, Mode: NON_LEADER, active raft config: opid_index: 2 OBSOLETE_local: false peers { permanent_uuid: "c9d79c012666476c9c07b93babb3210c" member_type: VOTER last_known_addr { host: "127.21.70.193" port: 43691 } } peers { permanent_uuid: "c1b474134daa40068e3c1b71e29ef95d" member_type: VOTER last_known_addr { host: "127.21.70.194" port: 40547 } attrs { replace: true } } peers { permanent_uuid: "bf96033adc29426cba74eba78672aca8" member_type: VOTER last_known_addr { host: "127.21.70.195" port: 33161 } } peers { permanent_uuid: "e91770199aa642dea3e64bc9ce3f0a6e" member_type: NON_VOTER last_known_addr { host: "127.21.70.196" port: 43451 } attrs { promote: true } }
I20260713 09:09:04.060913 23543 ts_tablet_manager.cc:1434] T 59c503a8fd9c46348344efdc87c7ce6b P e91770199aa642dea3e64bc9ce3f0a6e: Time spent starting tablet: real 0.005s	user 0.004s	sys 0.000s
I20260713 09:09:04.062721 22911 tablet_copy_service.cc:342] P c9d79c012666476c9c07b93babb3210c: Request end of tablet copy session e91770199aa642dea3e64bc9ce3f0a6e-59c503a8fd9c46348344efdc87c7ce6b received from {username='slave'} at 127.0.0.1:53338
I20260713 09:09:04.063103 22911 tablet_copy_service.cc:434] P c9d79c012666476c9c07b93babb3210c: ending tablet copy session e91770199aa642dea3e64bc9ce3f0a6e-59c503a8fd9c46348344efdc87c7ce6b on tablet 59c503a8fd9c46348344efdc87c7ce6b with peer e91770199aa642dea3e64bc9ce3f0a6e
I20260713 09:09:04.316684 23332 raft_consensus.cc:1217] T cb5ac32a02c24df9bb75c20d6b2d84d9 P e91770199aa642dea3e64bc9ce3f0a6e [term 1 LEARNER]: Deduplicated request from leader. Original: 1.1->[1.2-1.2]   Dedup: 1.2->[]
I20260713 09:09:04.339322 23332 raft_consensus.cc:1217] T 4b1384db00bf46d58b7fb53e53934145 P e91770199aa642dea3e64bc9ce3f0a6e [term 1 LEARNER]: Deduplicated request from leader. Original: 1.1->[1.2-1.2]   Dedup: 1.2->[]
I20260713 09:09:04.380339 23332 raft_consensus.cc:1217] T 41547536cec5466eb5969089a08765a8 P e91770199aa642dea3e64bc9ce3f0a6e [term 1 LEARNER]: Deduplicated request from leader. Original: 1.1->[1.2-1.2]   Dedup: 1.2->[]
I20260713 09:09:04.516227 23332 raft_consensus.cc:1217] T 59c503a8fd9c46348344efdc87c7ce6b P e91770199aa642dea3e64bc9ce3f0a6e [term 1 LEARNER]: Deduplicated request from leader. Original: 1.1->[1.2-1.2]   Dedup: 1.2->[]
I20260713 09:09:04.783807 23489 raft_consensus.cc:1064] T cb5ac32a02c24df9bb75c20d6b2d84d9 P bf96033adc29426cba74eba78672aca8: attempting to promote NON_VOTER e91770199aa642dea3e64bc9ce3f0a6e to VOTER
I20260713 09:09:04.786474 23489 consensus_queue.cc:237] T cb5ac32a02c24df9bb75c20d6b2d84d9 P bf96033adc29426cba74eba78672aca8 [LEADER]: Queue going to LEADER mode. State: All replicated index: 0, Majority replicated index: 2, Committed index: 2, Last appended: 1.2, Last appended by leader: 0, Current term: 1, Majority size: 3, State: 0, Mode: LEADER, active raft config: opid_index: 3 OBSOLETE_local: false peers { permanent_uuid: "c9d79c012666476c9c07b93babb3210c" member_type: VOTER last_known_addr { host: "127.21.70.193" port: 43691 } attrs { replace: true } } peers { permanent_uuid: "c1b474134daa40068e3c1b71e29ef95d" member_type: VOTER last_known_addr { host: "127.21.70.194" port: 40547 } } peers { permanent_uuid: "bf96033adc29426cba74eba78672aca8" member_type: VOTER last_known_addr { host: "127.21.70.195" port: 33161 } } peers { permanent_uuid: "e91770199aa642dea3e64bc9ce3f0a6e" member_type: VOTER last_known_addr { host: "127.21.70.196" port: 43451 } attrs { promote: false } }
I20260713 09:09:04.794117 22972 raft_consensus.cc:1275] T cb5ac32a02c24df9bb75c20d6b2d84d9 P c1b474134daa40068e3c1b71e29ef95d [term 1 FOLLOWER]: Refusing update from remote peer bf96033adc29426cba74eba78672aca8: Log matching property violated. Preceding OpId in replica: term: 1 index: 2. Preceding OpId from leader: term: 1 index: 3. (index mismatch)
I20260713 09:09:04.795966 23332 raft_consensus.cc:1275] T cb5ac32a02c24df9bb75c20d6b2d84d9 P e91770199aa642dea3e64bc9ce3f0a6e [term 1 LEARNER]: Refusing update from remote peer bf96033adc29426cba74eba78672aca8: Log matching property violated. Preceding OpId in replica: term: 1 index: 2. Preceding OpId from leader: term: 1 index: 3. (index mismatch)
I20260713 09:09:04.796432 22899 raft_consensus.cc:1275] T cb5ac32a02c24df9bb75c20d6b2d84d9 P c9d79c012666476c9c07b93babb3210c [term 1 FOLLOWER]: Refusing update from remote peer bf96033adc29426cba74eba78672aca8: Log matching property violated. Preceding OpId in replica: term: 1 index: 2. Preceding OpId from leader: term: 1 index: 3. (index mismatch)
I20260713 09:09:04.797642 23489 consensus_queue.cc:1048] T cb5ac32a02c24df9bb75c20d6b2d84d9 P bf96033adc29426cba74eba78672aca8 [LEADER]: Connected to new peer: Peer: permanent_uuid: "e91770199aa642dea3e64bc9ce3f0a6e" member_type: VOTER last_known_addr { host: "127.21.70.196" port: 43451 } attrs { promote: false }, Status: LMP_MISMATCH, Last received: 0.0, Next index: 3, Last known committed idx: 2, Time since last communication: 0.000s
I20260713 09:09:04.798591 23554 consensus_queue.cc:1048] T cb5ac32a02c24df9bb75c20d6b2d84d9 P bf96033adc29426cba74eba78672aca8 [LEADER]: Connected to new peer: Peer: permanent_uuid: "c9d79c012666476c9c07b93babb3210c" member_type: VOTER last_known_addr { host: "127.21.70.193" port: 43691 } attrs { replace: true }, Status: LMP_MISMATCH, Last received: 0.0, Next index: 3, Last known committed idx: 2, Time since last communication: 0.000s
I20260713 09:09:04.799459 23523 consensus_queue.cc:1048] T cb5ac32a02c24df9bb75c20d6b2d84d9 P bf96033adc29426cba74eba78672aca8 [LEADER]: Connected to new peer: Peer: permanent_uuid: "c1b474134daa40068e3c1b71e29ef95d" member_type: VOTER last_known_addr { host: "127.21.70.194" port: 40547 }, Status: LMP_MISMATCH, Last received: 0.0, Next index: 3, Last known committed idx: 2, Time since last communication: 0.000s
I20260713 09:09:04.827312 22899 raft_consensus.cc:2955] T cb5ac32a02c24df9bb75c20d6b2d84d9 P c9d79c012666476c9c07b93babb3210c [term 1 FOLLOWER]: Committing config change with OpId 1.3: config changed from index 2 to 3, e91770199aa642dea3e64bc9ce3f0a6e (127.21.70.196) changed from NON_VOTER to VOTER. New config: { opid_index: 3 OBSOLETE_local: false peers { permanent_uuid: "c9d79c012666476c9c07b93babb3210c" member_type: VOTER last_known_addr { host: "127.21.70.193" port: 43691 } attrs { replace: true } } peers { permanent_uuid: "c1b474134daa40068e3c1b71e29ef95d" member_type: VOTER last_known_addr { host: "127.21.70.194" port: 40547 } } peers { permanent_uuid: "bf96033adc29426cba74eba78672aca8" member_type: VOTER last_known_addr { host: "127.21.70.195" port: 33161 } } peers { permanent_uuid: "e91770199aa642dea3e64bc9ce3f0a6e" member_type: VOTER last_known_addr { host: "127.21.70.196" port: 43451 } attrs { promote: false } } }
I20260713 09:09:04.825925 23489 raft_consensus.cc:2955] T cb5ac32a02c24df9bb75c20d6b2d84d9 P bf96033adc29426cba74eba78672aca8 [term 1 LEADER]: Committing config change with OpId 1.3: config changed from index 2 to 3, e91770199aa642dea3e64bc9ce3f0a6e (127.21.70.196) changed from NON_VOTER to VOTER. New config: { opid_index: 3 OBSOLETE_local: false peers { permanent_uuid: "c9d79c012666476c9c07b93babb3210c" member_type: VOTER last_known_addr { host: "127.21.70.193" port: 43691 } attrs { replace: true } } peers { permanent_uuid: "c1b474134daa40068e3c1b71e29ef95d" member_type: VOTER last_known_addr { host: "127.21.70.194" port: 40547 } } peers { permanent_uuid: "bf96033adc29426cba74eba78672aca8" member_type: VOTER last_known_addr { host: "127.21.70.195" port: 33161 } } peers { permanent_uuid: "e91770199aa642dea3e64bc9ce3f0a6e" member_type: VOTER last_known_addr { host: "127.21.70.196" port: 43451 } attrs { promote: false } } }
