W20260713 09:08:59.969775 23016 consensus_peers.cc:597] T 2d599a83a0c545d1913c3722734d206c P bf96033adc29426cba74eba78672aca8 -> Peer e91770199aa642dea3e64bc9ce3f0a6e (127.21.70.196:43451): Couldn't send request to peer e91770199aa642dea3e64bc9ce3f0a6e. Error code: TABLET_NOT_FOUND (6). Status: Not found: Tablet not found: 2d599a83a0c545d1913c3722734d206c. This is attempt 1: this message will repeat every 5th retry.
I20260713 09:08:59.970254 22899 raft_consensus.cc:1275] T 2d599a83a0c545d1913c3722734d206c P c9d79c012666476c9c07b93babb3210c [term 1 FOLLOWER]: Refusing update from remote peer bf96033adc29426cba74eba78672aca8: Log matching property violated. Preceding OpId in replica: term: 1 index: 1. Preceding OpId from leader: term: 1 index: 2. (index mismatch)
I20260713 09:08:59.971868 23395 consensus_queue.cc:1048] T 2d599a83a0c545d1913c3722734d206c P bf96033adc29426cba74eba78672aca8 [LEADER]: Connected to new peer: Peer: permanent_uuid: "c9d79c012666476c9c07b93babb3210c" member_type: VOTER last_known_addr { host: "127.21.70.193" port: 43691 } attrs { replace: true }, Status: LMP_MISMATCH, Last received: 0.0, Next index: 2, Last known committed idx: 1, Time since last communication: 0.000s
I20260713 09:08:59.978049 23453 raft_consensus.cc:2955] T 2d599a83a0c545d1913c3722734d206c P bf96033adc29426cba74eba78672aca8 [term 1 LEADER]: Committing config change with OpId 1.2: config changed from index -1 to 2, NON_VOTER e91770199aa642dea3e64bc9ce3f0a6e (127.21.70.196) added. New config: { opid_index: 2 OBSOLETE_local: false peers { permanent_uuid: "c9d79c012666476c9c07b93babb3210c" member_type: VOTER last_known_addr { host: "127.21.70.193" port: 43691 } attrs { replace: true } } peers { permanent_uuid: "c1b474134daa40068e3c1b71e29ef95d" member_type: VOTER last_known_addr { host: "127.21.70.194" port: 40547 } } peers { permanent_uuid: "bf96033adc29426cba74eba78672aca8" member_type: VOTER last_known_addr { host: "127.21.70.195" port: 33161 } } peers { permanent_uuid: "e91770199aa642dea3e64bc9ce3f0a6e" member_type: NON_VOTER last_known_addr { host: "127.21.70.196" port: 43451 } attrs { promote: true } } }
I20260713 09:08:59.980998 22976 raft_consensus.cc:2955] T 2d599a83a0c545d1913c3722734d206c P c1b474134daa40068e3c1b71e29ef95d [term 1 FOLLOWER]: Committing config change with OpId 1.2: config changed from index -1 to 2, NON_VOTER e91770199aa642dea3e64bc9ce3f0a6e (127.21.70.196) added. New config: { opid_index: 2 OBSOLETE_local: false peers { permanent_uuid: "c9d79c012666476c9c07b93babb3210c" member_type: VOTER last_known_addr { host: "127.21.70.193" port: 43691 } attrs { replace: true } } peers { permanent_uuid: "c1b474134daa40068e3c1b71e29ef95d" member_type: VOTER last_known_addr { host: "127.21.70.194" port: 40547 } } peers { permanent_uuid: "bf96033adc29426cba74eba78672aca8" member_type: VOTER last_known_addr { host: "127.21.70.195" port: 33161 } } peers { permanent_uuid: "e91770199aa642dea3e64bc9ce3f0a6e" member_type: NON_VOTER last_known_addr { host: "127.21.70.196" port: 43451 } attrs { promote: true } } }
I20260713 09:08:59.982393 22899 raft_consensus.cc:2955] T 2d599a83a0c545d1913c3722734d206c P c9d79c012666476c9c07b93babb3210c [term 1 FOLLOWER]: Committing config change with OpId 1.2: config changed from index -1 to 2, NON_VOTER e91770199aa642dea3e64bc9ce3f0a6e (127.21.70.196) added. New config: { opid_index: 2 OBSOLETE_local: false peers { permanent_uuid: "c9d79c012666476c9c07b93babb3210c" member_type: VOTER last_known_addr { host: "127.21.70.193" port: 43691 } attrs { replace: true } } peers { permanent_uuid: "c1b474134daa40068e3c1b71e29ef95d" member_type: VOTER last_known_addr { host: "127.21.70.194" port: 40547 } } peers { permanent_uuid: "bf96033adc29426cba74eba78672aca8" member_type: VOTER last_known_addr { host: "127.21.70.195" port: 33161 } } peers { permanent_uuid: "e91770199aa642dea3e64bc9ce3f0a6e" member_type: NON_VOTER last_known_addr { host: "127.21.70.196" port: 43451 } attrs { promote: true } } }
I20260713 09:08:59.997135 22796 catalog_manager.cc:5697] T 2d599a83a0c545d1913c3722734d206c P c1b474134daa40068e3c1b71e29ef95d reported cstate change: config changed from index -1 to 2, NON_VOTER e91770199aa642dea3e64bc9ce3f0a6e (127.21.70.196) added. New cstate: current_term: 1 leader_uuid: "bf96033adc29426cba74eba78672aca8" committed_config { opid_index: 2 OBSOLETE_local: false peers { permanent_uuid: "c9d79c012666476c9c07b93babb3210c" member_type: VOTER last_known_addr { host: "127.21.70.193" port: 43691 } attrs { replace: true } } peers { permanent_uuid: "c1b474134daa40068e3c1b71e29ef95d" member_type: VOTER last_known_addr { host: "127.21.70.194" port: 40547 } } peers { permanent_uuid: "bf96033adc29426cba74eba78672aca8" member_type: VOTER last_known_addr { host: "127.21.70.195" port: 33161 } } peers { permanent_uuid: "e91770199aa642dea3e64bc9ce3f0a6e" member_type: NON_VOTER last_known_addr { host: "127.21.70.196" port: 43451 } attrs { promote: true } } }
I20260713 09:09:00.226840 23465 ts_tablet_manager.cc:933] T 63ff427387dd4ee4b374edbada30b162 P e91770199aa642dea3e64bc9ce3f0a6e: Initiating tablet copy from peer c1b474134daa40068e3c1b71e29ef95d (127.21.70.194:40547)
I20260713 09:09:00.228731 23465 tablet_copy_client.cc:323] T 63ff427387dd4ee4b374edbada30b162 P e91770199aa642dea3e64bc9ce3f0a6e: tablet copy: Beginning tablet copy session from remote peer at address 127.21.70.194:40547
I20260713 09:09:00.230419 22985 tablet_copy_service.cc:140] P c1b474134daa40068e3c1b71e29ef95d: Received BeginTabletCopySession request for tablet 63ff427387dd4ee4b374edbada30b162 from peer e91770199aa642dea3e64bc9ce3f0a6e ({username='slave'} at 127.0.0.1:37630)
I20260713 09:09:00.230947 22985 tablet_copy_service.cc:161] P c1b474134daa40068e3c1b71e29ef95d: Beginning new tablet copy session on tablet 63ff427387dd4ee4b374edbada30b162 from peer e91770199aa642dea3e64bc9ce3f0a6e at {username='slave'} at 127.0.0.1:37630: session id = e91770199aa642dea3e64bc9ce3f0a6e-63ff427387dd4ee4b374edbada30b162
I20260713 09:09:00.238340 22985 tablet_copy_source_session.cc:215] T 63ff427387dd4ee4b374edbada30b162 P c1b474134daa40068e3c1b71e29ef95d: Tablet Copy: opened 0 blocks and 1 log segments
I20260713 09:09:00.241308 23465 data_dirs.cc:400] Could only allocate 1 dirs of requested 3 for tablet 63ff427387dd4ee4b374edbada30b162. 1 dirs total, 0 dirs full, 0 dirs failed
I20260713 09:09:00.253999 23465 tablet_copy_client.cc:806] T 63ff427387dd4ee4b374edbada30b162 P e91770199aa642dea3e64bc9ce3f0a6e: tablet copy: Starting download of 0 data blocks...
I20260713 09:09:00.254627 23465 tablet_copy_client.cc:670] T 63ff427387dd4ee4b374edbada30b162 P e91770199aa642dea3e64bc9ce3f0a6e: tablet copy: Starting download of 1 WAL segments...
I20260713 09:09:00.258769 23465 tablet_copy_client.cc:538] T 63ff427387dd4ee4b374edbada30b162 P e91770199aa642dea3e64bc9ce3f0a6e: tablet copy: Tablet Copy complete. Replacing tablet superblock.
I20260713 09:09:00.265664 23465 tablet_bootstrap.cc:492] T 63ff427387dd4ee4b374edbada30b162 P e91770199aa642dea3e64bc9ce3f0a6e: Bootstrap starting.
I20260713 09:09:00.283975 23465 tablet_bootstrap.cc:492] T 63ff427387dd4ee4b374edbada30b162 P e91770199aa642dea3e64bc9ce3f0a6e: Bootstrap replayed 1/1 log segments. Stats: ops{read=2 overwritten=0 applied=2 ignored=0} inserts{seen=0 ignored=0} mutations{seen=0 ignored=0} orphaned_commits=0. Pending: 0 replicates
I20260713 09:09:00.284657 23465 tablet_bootstrap.cc:492] T 63ff427387dd4ee4b374edbada30b162 P e91770199aa642dea3e64bc9ce3f0a6e: Bootstrap complete.
I20260713 09:09:00.285203 23465 ts_tablet_manager.cc:1403] T 63ff427387dd4ee4b374edbada30b162 P e91770199aa642dea3e64bc9ce3f0a6e: Time spent bootstrapping tablet: real 0.020s	user 0.016s	sys 0.004s
I20260713 09:09:00.288223 23465 raft_consensus.cc:359] T 63ff427387dd4ee4b374edbada30b162 P e91770199aa642dea3e64bc9ce3f0a6e [term 1 LEARNER]: Replica starting. Triggering 0 pending ops. Active config: opid_index: 2 OBSOLETE_local: false peers { permanent_uuid: "c9d79c012666476c9c07b93babb3210c" member_type: VOTER last_known_addr { host: "127.21.70.193" port: 43691 } attrs { replace: true } } peers { permanent_uuid: "c1b474134daa40068e3c1b71e29ef95d" member_type: VOTER last_known_addr { host: "127.21.70.194" port: 40547 } } peers { permanent_uuid: "bf96033adc29426cba74eba78672aca8" member_type: VOTER last_known_addr { host: "127.21.70.195" port: 33161 } } peers { permanent_uuid: "e91770199aa642dea3e64bc9ce3f0a6e" member_type: NON_VOTER last_known_addr { host: "127.21.70.196" port: 43451 } attrs { promote: true } }
I20260713 09:09:00.288853 23465 raft_consensus.cc:740] T 63ff427387dd4ee4b374edbada30b162 P e91770199aa642dea3e64bc9ce3f0a6e [term 1 LEARNER]: Becoming Follower/Learner. State: Replica: e91770199aa642dea3e64bc9ce3f0a6e, State: Initialized, Role: LEARNER
I20260713 09:09:00.289397 23465 consensus_queue.cc:260] T 63ff427387dd4ee4b374edbada30b162 P e91770199aa642dea3e64bc9ce3f0a6e [NON_LEADER]: Queue going to NON_LEADER mode. State: All replicated index: 0, Majority replicated index: 0, Committed index: 2, Last appended: 1.2, Last appended by leader: 2, Current term: 0, Majority size: -1, State: 0, Mode: NON_LEADER, active raft config: opid_index: 2 OBSOLETE_local: false peers { permanent_uuid: "c9d79c012666476c9c07b93babb3210c" member_type: VOTER last_known_addr { host: "127.21.70.193" port: 43691 } attrs { replace: true } } peers { permanent_uuid: "c1b474134daa40068e3c1b71e29ef95d" member_type: VOTER last_known_addr { host: "127.21.70.194" port: 40547 } } peers { permanent_uuid: "bf96033adc29426cba74eba78672aca8" member_type: VOTER last_known_addr { host: "127.21.70.195" port: 33161 } } peers { permanent_uuid: "e91770199aa642dea3e64bc9ce3f0a6e" member_type: NON_VOTER last_known_addr { host: "127.21.70.196" port: 43451 } attrs { promote: true } }
I20260713 09:09:00.292387 23465 ts_tablet_manager.cc:1434] T 63ff427387dd4ee4b374edbada30b162 P e91770199aa642dea3e64bc9ce3f0a6e: Time spent starting tablet: real 0.007s	user 0.006s	sys 0.000s
I20260713 09:09:00.294080 22985 tablet_copy_service.cc:342] P c1b474134daa40068e3c1b71e29ef95d: Request end of tablet copy session e91770199aa642dea3e64bc9ce3f0a6e-63ff427387dd4ee4b374edbada30b162 received from {username='slave'} at 127.0.0.1:37630
I20260713 09:09:00.294531 22985 tablet_copy_service.cc:434] P c1b474134daa40068e3c1b71e29ef95d: ending tablet copy session e91770199aa642dea3e64bc9ce3f0a6e-63ff427387dd4ee4b374edbada30b162 on tablet 63ff427387dd4ee4b374edbada30b162 with peer e91770199aa642dea3e64bc9ce3f0a6e
I20260713 09:09:00.351743 23465 ts_tablet_manager.cc:933] T 5f3a38490e1e49cf90a025d7138eef87 P e91770199aa642dea3e64bc9ce3f0a6e: Initiating tablet copy from peer bf96033adc29426cba74eba78672aca8 (127.21.70.195:33161)
I20260713 09:09:00.353370 23465 tablet_copy_client.cc:323] T 5f3a38490e1e49cf90a025d7138eef87 P e91770199aa642dea3e64bc9ce3f0a6e: tablet copy: Beginning tablet copy session from remote peer at address 127.21.70.195:33161
I20260713 09:09:00.354974 23060 tablet_copy_service.cc:140] P bf96033adc29426cba74eba78672aca8: Received BeginTabletCopySession request for tablet 5f3a38490e1e49cf90a025d7138eef87 from peer e91770199aa642dea3e64bc9ce3f0a6e ({username='slave'} at 127.0.0.1:45946)
I20260713 09:09:00.355537 23060 tablet_copy_service.cc:161] P bf96033adc29426cba74eba78672aca8: Beginning new tablet copy session on tablet 5f3a38490e1e49cf90a025d7138eef87 from peer e91770199aa642dea3e64bc9ce3f0a6e at {username='slave'} at 127.0.0.1:45946: session id = e91770199aa642dea3e64bc9ce3f0a6e-5f3a38490e1e49cf90a025d7138eef87
I20260713 09:09:00.362874 23060 tablet_copy_source_session.cc:215] T 5f3a38490e1e49cf90a025d7138eef87 P bf96033adc29426cba74eba78672aca8: Tablet Copy: opened 0 blocks and 1 log segments
I20260713 09:09:00.365675 23465 data_dirs.cc:400] Could only allocate 1 dirs of requested 3 for tablet 5f3a38490e1e49cf90a025d7138eef87. 1 dirs total, 0 dirs full, 0 dirs failed
I20260713 09:09:00.375488 23465 tablet_copy_client.cc:806] T 5f3a38490e1e49cf90a025d7138eef87 P e91770199aa642dea3e64bc9ce3f0a6e: tablet copy: Starting download of 0 data blocks...
I20260713 09:09:00.376004 23465 tablet_copy_client.cc:670] T 5f3a38490e1e49cf90a025d7138eef87 P e91770199aa642dea3e64bc9ce3f0a6e: tablet copy: Starting download of 1 WAL segments...
I20260713 09:09:00.379504 23465 tablet_copy_client.cc:538] T 5f3a38490e1e49cf90a025d7138eef87 P e91770199aa642dea3e64bc9ce3f0a6e: tablet copy: Tablet Copy complete. Replacing tablet superblock.
I20260713 09:09:00.387292 23465 tablet_bootstrap.cc:492] T 5f3a38490e1e49cf90a025d7138eef87 P e91770199aa642dea3e64bc9ce3f0a6e: Bootstrap starting.
I20260713 09:09:00.406147 23465 tablet_bootstrap.cc:492] T 5f3a38490e1e49cf90a025d7138eef87 P e91770199aa642dea3e64bc9ce3f0a6e: Bootstrap replayed 1/1 log segments. Stats: ops{read=2 overwritten=0 applied=2 ignored=0} inserts{seen=0 ignored=0} mutations{seen=0 ignored=0} orphaned_commits=0. Pending: 0 replicates
I20260713 09:09:00.406956 23465 tablet_bootstrap.cc:492] T 5f3a38490e1e49cf90a025d7138eef87 P e91770199aa642dea3e64bc9ce3f0a6e: Bootstrap complete.
I20260713 09:09:00.407600 23465 ts_tablet_manager.cc:1403] T 5f3a38490e1e49cf90a025d7138eef87 P e91770199aa642dea3e64bc9ce3f0a6e: Time spent bootstrapping tablet: real 0.021s	user 0.015s	sys 0.008s
I20260713 09:09:00.410328 23465 raft_consensus.cc:359] T 5f3a38490e1e49cf90a025d7138eef87 P e91770199aa642dea3e64bc9ce3f0a6e [term 1 LEARNER]: Replica starting. Triggering 0 pending ops. Active config: opid_index: 2 OBSOLETE_local: false peers { permanent_uuid: "c9d79c012666476c9c07b93babb3210c" member_type: VOTER last_known_addr { host: "127.21.70.193" port: 43691 } } peers { permanent_uuid: "c1b474134daa40068e3c1b71e29ef95d" member_type: VOTER last_known_addr { host: "127.21.70.194" port: 40547 } attrs { replace: true } } peers { permanent_uuid: "bf96033adc29426cba74eba78672aca8" member_type: VOTER last_known_addr { host: "127.21.70.195" port: 33161 } } peers { permanent_uuid: "e91770199aa642dea3e64bc9ce3f0a6e" member_type: NON_VOTER last_known_addr { host: "127.21.70.196" port: 43451 } attrs { promote: true } }
I20260713 09:09:00.411124 23465 raft_consensus.cc:740] T 5f3a38490e1e49cf90a025d7138eef87 P e91770199aa642dea3e64bc9ce3f0a6e [term 1 LEARNER]: Becoming Follower/Learner. State: Replica: e91770199aa642dea3e64bc9ce3f0a6e, State: Initialized, Role: LEARNER
I20260713 09:09:00.411738 23465 consensus_queue.cc:260] T 5f3a38490e1e49cf90a025d7138eef87 P e91770199aa642dea3e64bc9ce3f0a6e [NON_LEADER]: Queue going to NON_LEADER mode. State: All replicated index: 0, Majority replicated index: 0, Committed index: 2, Last appended: 1.2, Last appended by leader: 2, Current term: 0, Majority size: -1, State: 0, Mode: NON_LEADER, active raft config: opid_index: 2 OBSOLETE_local: false peers { permanent_uuid: "c9d79c012666476c9c07b93babb3210c" member_type: VOTER last_known_addr { host: "127.21.70.193" port: 43691 } } peers { permanent_uuid: "c1b474134daa40068e3c1b71e29ef95d" member_type: VOTER last_known_addr { host: "127.21.70.194" port: 40547 } attrs { replace: true } } peers { permanent_uuid: "bf96033adc29426cba74eba78672aca8" member_type: VOTER last_known_addr { host: "127.21.70.195" port: 33161 } } peers { permanent_uuid: "e91770199aa642dea3e64bc9ce3f0a6e" member_type: NON_VOTER last_known_addr { host: "127.21.70.196" port: 43451 } attrs { promote: true } }
I20260713 09:09:00.413964 23465 ts_tablet_manager.cc:1434] T 5f3a38490e1e49cf90a025d7138eef87 P e91770199aa642dea3e64bc9ce3f0a6e: Time spent starting tablet: real 0.006s	user 0.004s	sys 0.000s
I20260713 09:09:00.427675 23060 tablet_copy_service.cc:342] P bf96033adc29426cba74eba78672aca8: Request end of tablet copy session e91770199aa642dea3e64bc9ce3f0a6e-5f3a38490e1e49cf90a025d7138eef87 received from {username='slave'} at 127.0.0.1:45946
I20260713 09:09:00.428164 23060 tablet_copy_service.cc:434] P bf96033adc29426cba74eba78672aca8: ending tablet copy session e91770199aa642dea3e64bc9ce3f0a6e-5f3a38490e1e49cf90a025d7138eef87 on tablet 5f3a38490e1e49cf90a025d7138eef87 with peer e91770199aa642dea3e64bc9ce3f0a6e
I20260713 09:09:00.489621 23465 ts_tablet_manager.cc:933] T e09afc2ba7ac4703b5b3725ff9cc94cd P e91770199aa642dea3e64bc9ce3f0a6e: Initiating tablet copy from peer c9d79c012666476c9c07b93babb3210c (127.21.70.193:43691)
I20260713 09:09:00.491878 23465 tablet_copy_client.cc:323] T e09afc2ba7ac4703b5b3725ff9cc94cd P e91770199aa642dea3e64bc9ce3f0a6e: tablet copy: Beginning tablet copy session from remote peer at address 127.21.70.193:43691
I20260713 09:09:00.504112 22911 tablet_copy_service.cc:140] P c9d79c012666476c9c07b93babb3210c: Received BeginTabletCopySession request for tablet e09afc2ba7ac4703b5b3725ff9cc94cd from peer e91770199aa642dea3e64bc9ce3f0a6e ({username='slave'} at 127.0.0.1:53338)
I20260713 09:09:00.504650 22911 tablet_copy_service.cc:161] P c9d79c012666476c9c07b93babb3210c: Beginning new tablet copy session on tablet e09afc2ba7ac4703b5b3725ff9cc94cd from peer e91770199aa642dea3e64bc9ce3f0a6e at {username='slave'} at 127.0.0.1:53338: session id = e91770199aa642dea3e64bc9ce3f0a6e-e09afc2ba7ac4703b5b3725ff9cc94cd
I20260713 09:09:00.511703 22911 tablet_copy_source_session.cc:215] T e09afc2ba7ac4703b5b3725ff9cc94cd P c9d79c012666476c9c07b93babb3210c: Tablet Copy: opened 0 blocks and 1 log segments
I20260713 09:09:00.514293 23465 data_dirs.cc:400] Could only allocate 1 dirs of requested 3 for tablet e09afc2ba7ac4703b5b3725ff9cc94cd. 1 dirs total, 0 dirs full, 0 dirs failed
I20260713 09:09:00.526139 23465 tablet_copy_client.cc:806] T e09afc2ba7ac4703b5b3725ff9cc94cd P e91770199aa642dea3e64bc9ce3f0a6e: tablet copy: Starting download of 0 data blocks...
I20260713 09:09:00.526603 23465 tablet_copy_client.cc:670] T e09afc2ba7ac4703b5b3725ff9cc94cd P e91770199aa642dea3e64bc9ce3f0a6e: tablet copy: Starting download of 1 WAL segments...
I20260713 09:09:00.529759 23465 tablet_copy_client.cc:538] T e09afc2ba7ac4703b5b3725ff9cc94cd P e91770199aa642dea3e64bc9ce3f0a6e: tablet copy: Tablet Copy complete. Replacing tablet superblock.
I20260713 09:09:00.536507 23465 tablet_bootstrap.cc:492] T e09afc2ba7ac4703b5b3725ff9cc94cd P e91770199aa642dea3e64bc9ce3f0a6e: Bootstrap starting.
I20260713 09:09:00.536589 23474 ts_tablet_manager.cc:933] T 2d599a83a0c545d1913c3722734d206c P e91770199aa642dea3e64bc9ce3f0a6e: Initiating tablet copy from peer bf96033adc29426cba74eba78672aca8 (127.21.70.195:33161)
I20260713 09:09:00.538141 23474 tablet_copy_client.cc:323] T 2d599a83a0c545d1913c3722734d206c P e91770199aa642dea3e64bc9ce3f0a6e: tablet copy: Beginning tablet copy session from remote peer at address 127.21.70.195:33161
I20260713 09:09:00.539379 23060 tablet_copy_service.cc:140] P bf96033adc29426cba74eba78672aca8: Received BeginTabletCopySession request for tablet 2d599a83a0c545d1913c3722734d206c from peer e91770199aa642dea3e64bc9ce3f0a6e ({username='slave'} at 127.0.0.1:45946)
I20260713 09:09:00.539837 23060 tablet_copy_service.cc:161] P bf96033adc29426cba74eba78672aca8: Beginning new tablet copy session on tablet 2d599a83a0c545d1913c3722734d206c from peer e91770199aa642dea3e64bc9ce3f0a6e at {username='slave'} at 127.0.0.1:45946: session id = e91770199aa642dea3e64bc9ce3f0a6e-2d599a83a0c545d1913c3722734d206c
I20260713 09:09:00.545994 23060 tablet_copy_source_session.cc:215] T 2d599a83a0c545d1913c3722734d206c P bf96033adc29426cba74eba78672aca8: Tablet Copy: opened 0 blocks and 1 log segments
I20260713 09:09:00.548563 23474 data_dirs.cc:400] Could only allocate 1 dirs of requested 3 for tablet 2d599a83a0c545d1913c3722734d206c. 1 dirs total, 0 dirs full, 0 dirs failed
I20260713 09:09:00.553663 23465 tablet_bootstrap.cc:492] T e09afc2ba7ac4703b5b3725ff9cc94cd P e91770199aa642dea3e64bc9ce3f0a6e: Bootstrap replayed 1/1 log segments. Stats: ops{read=2 overwritten=0 applied=2 ignored=0} inserts{seen=0 ignored=0} mutations{seen=0 ignored=0} orphaned_commits=0. Pending: 0 replicates
I20260713 09:09:00.554427 23465 tablet_bootstrap.cc:492] T e09afc2ba7ac4703b5b3725ff9cc94cd P e91770199aa642dea3e64bc9ce3f0a6e: Bootstrap complete.
I20260713 09:09:00.554997 23465 ts_tablet_manager.cc:1403] T e09afc2ba7ac4703b5b3725ff9cc94cd P e91770199aa642dea3e64bc9ce3f0a6e: Time spent bootstrapping tablet: real 0.019s	user 0.015s	sys 0.000s
I20260713 09:09:00.557464 23465 raft_consensus.cc:359] T e09afc2ba7ac4703b5b3725ff9cc94cd P e91770199aa642dea3e64bc9ce3f0a6e [term 1 LEARNER]: Replica starting. Triggering 0 pending ops. Active config: opid_index: 2 OBSOLETE_local: false peers { permanent_uuid: "c9d79c012666476c9c07b93babb3210c" member_type: VOTER last_known_addr { host: "127.21.70.193" port: 43691 } } peers { permanent_uuid: "c1b474134daa40068e3c1b71e29ef95d" member_type: VOTER last_known_addr { host: "127.21.70.194" port: 40547 } attrs { replace: true } } peers { permanent_uuid: "bf96033adc29426cba74eba78672aca8" member_type: VOTER last_known_addr { host: "127.21.70.195" port: 33161 } } peers { permanent_uuid: "e91770199aa642dea3e64bc9ce3f0a6e" member_type: NON_VOTER last_known_addr { host: "127.21.70.196" port: 43451 } attrs { promote: true } }
I20260713 09:09:00.558220 23465 raft_consensus.cc:740] T e09afc2ba7ac4703b5b3725ff9cc94cd P e91770199aa642dea3e64bc9ce3f0a6e [term 1 LEARNER]: Becoming Follower/Learner. State: Replica: e91770199aa642dea3e64bc9ce3f0a6e, State: Initialized, Role: LEARNER
I20260713 09:09:00.558429 23474 tablet_copy_client.cc:806] T 2d599a83a0c545d1913c3722734d206c P e91770199aa642dea3e64bc9ce3f0a6e: tablet copy: Starting download of 0 data blocks...
I20260713 09:09:00.558952 23474 tablet_copy_client.cc:670] T 2d599a83a0c545d1913c3722734d206c P e91770199aa642dea3e64bc9ce3f0a6e: tablet copy: Starting download of 1 WAL segments...
I20260713 09:09:00.558830 23465 consensus_queue.cc:260] T e09afc2ba7ac4703b5b3725ff9cc94cd P e91770199aa642dea3e64bc9ce3f0a6e [NON_LEADER]: Queue going to NON_LEADER mode. State: All replicated index: 0, Majority replicated index: 0, Committed index: 2, Last appended: 1.2, Last appended by leader: 2, Current term: 0, Majority size: -1, State: 0, Mode: NON_LEADER, active raft config: opid_index: 2 OBSOLETE_local: false peers { permanent_uuid: "c9d79c012666476c9c07b93babb3210c" member_type: VOTER last_known_addr { host: "127.21.70.193" port: 43691 } } peers { permanent_uuid: "c1b474134daa40068e3c1b71e29ef95d" member_type: VOTER last_known_addr { host: "127.21.70.194" port: 40547 } attrs { replace: true } } peers { permanent_uuid: "bf96033adc29426cba74eba78672aca8" member_type: VOTER last_known_addr { host: "127.21.70.195" port: 33161 } } peers { permanent_uuid: "e91770199aa642dea3e64bc9ce3f0a6e" member_type: NON_VOTER last_known_addr { host: "127.21.70.196" port: 43451 } attrs { promote: true } }
I20260713 09:09:00.561019 23465 ts_tablet_manager.cc:1434] T e09afc2ba7ac4703b5b3725ff9cc94cd P e91770199aa642dea3e64bc9ce3f0a6e: Time spent starting tablet: real 0.006s	user 0.008s	sys 0.000s
I20260713 09:09:00.562474 23474 tablet_copy_client.cc:538] T 2d599a83a0c545d1913c3722734d206c P e91770199aa642dea3e64bc9ce3f0a6e: tablet copy: Tablet Copy complete. Replacing tablet superblock.
I20260713 09:09:00.563777 22911 tablet_copy_service.cc:342] P c9d79c012666476c9c07b93babb3210c: Request end of tablet copy session e91770199aa642dea3e64bc9ce3f0a6e-e09afc2ba7ac4703b5b3725ff9cc94cd received from {username='slave'} at 127.0.0.1:53338
I20260713 09:09:00.564195 22911 tablet_copy_service.cc:434] P c9d79c012666476c9c07b93babb3210c: ending tablet copy session e91770199aa642dea3e64bc9ce3f0a6e-e09afc2ba7ac4703b5b3725ff9cc94cd on tablet e09afc2ba7ac4703b5b3725ff9cc94cd with peer e91770199aa642dea3e64bc9ce3f0a6e
I20260713 09:09:00.576210 23474 tablet_bootstrap.cc:492] T 2d599a83a0c545d1913c3722734d206c P e91770199aa642dea3e64bc9ce3f0a6e: Bootstrap starting.
I20260713 09:09:00.590754 23474 tablet_bootstrap.cc:492] T 2d599a83a0c545d1913c3722734d206c P e91770199aa642dea3e64bc9ce3f0a6e: Bootstrap replayed 1/1 log segments. Stats: ops{read=2 overwritten=0 applied=2 ignored=0} inserts{seen=0 ignored=0} mutations{seen=0 ignored=0} orphaned_commits=0. Pending: 0 replicates
I20260713 09:09:00.591377 23474 tablet_bootstrap.cc:492] T 2d599a83a0c545d1913c3722734d206c P e91770199aa642dea3e64bc9ce3f0a6e: Bootstrap complete.
I20260713 09:09:00.591897 23474 ts_tablet_manager.cc:1403] T 2d599a83a0c545d1913c3722734d206c P e91770199aa642dea3e64bc9ce3f0a6e: Time spent bootstrapping tablet: real 0.016s	user 0.013s	sys 0.002s
I20260713 09:09:00.593837 23474 raft_consensus.cc:359] T 2d599a83a0c545d1913c3722734d206c P e91770199aa642dea3e64bc9ce3f0a6e [term 1 LEARNER]: Replica starting. Triggering 0 pending ops. Active config: opid_index: 2 OBSOLETE_local: false peers { permanent_uuid: "c9d79c012666476c9c07b93babb3210c" member_type: VOTER last_known_addr { host: "127.21.70.193" port: 43691 } attrs { replace: true } } peers { permanent_uuid: "c1b474134daa40068e3c1b71e29ef95d" member_type: VOTER last_known_addr { host: "127.21.70.194" port: 40547 } } peers { permanent_uuid: "bf96033adc29426cba74eba78672aca8" member_type: VOTER last_known_addr { host: "127.21.70.195" port: 33161 } } peers { permanent_uuid: "e91770199aa642dea3e64bc9ce3f0a6e" member_type: NON_VOTER last_known_addr { host: "127.21.70.196" port: 43451 } attrs { promote: true } }
I20260713 09:09:00.594380 23474 raft_consensus.cc:740] T 2d599a83a0c545d1913c3722734d206c P e91770199aa642dea3e64bc9ce3f0a6e [term 1 LEARNER]: Becoming Follower/Learner. State: Replica: e91770199aa642dea3e64bc9ce3f0a6e, State: Initialized, Role: LEARNER
I20260713 09:09:00.594970 23474 consensus_queue.cc:260] T 2d599a83a0c545d1913c3722734d206c P e91770199aa642dea3e64bc9ce3f0a6e [NON_LEADER]: Queue going to NON_LEADER mode. State: All replicated index: 0, Majority replicated index: 0, Committed index: 2, Last appended: 1.2, Last appended by leader: 2, Current term: 0, Majority size: -1, State: 0, Mode: NON_LEADER, active raft config: opid_index: 2 OBSOLETE_local: false peers { permanent_uuid: "c9d79c012666476c9c07b93babb3210c" member_type: VOTER last_known_addr { host: "127.21.70.193" port: 43691 } attrs { replace: true } } peers { permanent_uuid: "c1b474134daa40068e3c1b71e29ef95d" member_type: VOTER last_known_addr { host: "127.21.70.194" port: 40547 } } peers { permanent_uuid: "bf96033adc29426cba74eba78672aca8" member_type: VOTER last_known_addr { host: "127.21.70.195" port: 33161 } } peers { permanent_uuid: "e91770199aa642dea3e64bc9ce3f0a6e" member_type: NON_VOTER last_known_addr { host: "127.21.70.196" port: 43451 } attrs { promote: true } }
I20260713 09:09:00.597110 23474 ts_tablet_manager.cc:1434] T 2d599a83a0c545d1913c3722734d206c P e91770199aa642dea3e64bc9ce3f0a6e: Time spent starting tablet: real 0.005s	user 0.004s	sys 0.000s
I20260713 09:09:00.598740 23060 tablet_copy_service.cc:342] P bf96033adc29426cba74eba78672aca8: Request end of tablet copy session e91770199aa642dea3e64bc9ce3f0a6e-2d599a83a0c545d1913c3722734d206c received from {username='slave'} at 127.0.0.1:45946
I20260713 09:09:00.599128 23060 tablet_copy_service.cc:434] P bf96033adc29426cba74eba78672aca8: ending tablet copy session e91770199aa642dea3e64bc9ce3f0a6e-2d599a83a0c545d1913c3722734d206c on tablet 2d599a83a0c545d1913c3722734d206c with peer e91770199aa642dea3e64bc9ce3f0a6e
I20260713 09:09:00.668506 23330 raft_consensus.cc:1217] T 63ff427387dd4ee4b374edbada30b162 P e91770199aa642dea3e64bc9ce3f0a6e [term 1 LEARNER]: Deduplicated request from leader. Original: 1.1->[1.2-1.2]   Dedup: 1.2->[]
I20260713 09:09:00.751668 23330 raft_consensus.cc:1217] T 5f3a38490e1e49cf90a025d7138eef87 P e91770199aa642dea3e64bc9ce3f0a6e [term 1 LEARNER]: Deduplicated request from leader. Original: 1.1->[1.2-1.2]   Dedup: 1.2->[]
I20260713 09:09:00.924468 23330 raft_consensus.cc:1217] T 2d599a83a0c545d1913c3722734d206c P e91770199aa642dea3e64bc9ce3f0a6e [term 1 LEARNER]: Deduplicated request from leader. Original: 1.1->[1.2-1.2]   Dedup: 1.2->[]
I20260713 09:09:00.936311 23330 raft_consensus.cc:1217] T e09afc2ba7ac4703b5b3725ff9cc94cd P e91770199aa642dea3e64bc9ce3f0a6e [term 1 LEARNER]: Deduplicated request from leader. Original: 1.1->[1.2-1.2]   Dedup: 1.2->[]
I20260713 09:09:01.126395 23441 raft_consensus.cc:1064] T 63ff427387dd4ee4b374edbada30b162 P c1b474134daa40068e3c1b71e29ef95d: attempting to promote NON_VOTER e91770199aa642dea3e64bc9ce3f0a6e to VOTER
I20260713 09:09:01.129062 23441 consensus_queue.cc:237] T 63ff427387dd4ee4b374edbada30b162 P c1b474134daa40068e3c1b71e29ef95d [LEADER]: Queue going to LEADER mode. State: All replicated index: 0, Majority replicated index: 2, Committed index: 2, Last appended: 1.2, Last appended by leader: 0, Current term: 1, Majority size: 3, State: 0, Mode: LEADER, active raft config: opid_index: 3 OBSOLETE_local: false peers { permanent_uuid: "c9d79c012666476c9c07b93babb3210c" member_type: VOTER last_known_addr { host: "127.21.70.193" port: 43691 } attrs { replace: true } } peers { permanent_uuid: "c1b474134daa40068e3c1b71e29ef95d" member_type: VOTER last_known_addr { host: "127.21.70.194" port: 40547 } } peers { permanent_uuid: "bf96033adc29426cba74eba78672aca8" member_type: VOTER last_known_addr { host: "127.21.70.195" port: 33161 } } peers { permanent_uuid: "e91770199aa642dea3e64bc9ce3f0a6e" member_type: VOTER last_known_addr { host: "127.21.70.196" port: 43451 } attrs { promote: false } }
I20260713 09:09:01.155095 23330 raft_consensus.cc:1275] T 63ff427387dd4ee4b374edbada30b162 P e91770199aa642dea3e64bc9ce3f0a6e [term 1 LEARNER]: Refusing update from remote peer c1b474134daa40068e3c1b71e29ef95d: Log matching property violated. Preceding OpId in replica: term: 1 index: 2. Preceding OpId from leader: term: 1 index: 3. (index mismatch)
I20260713 09:09:01.156725 23412 consensus_queue.cc:1048] T 63ff427387dd4ee4b374edbada30b162 P c1b474134daa40068e3c1b71e29ef95d [LEADER]: Connected to new peer: Peer: permanent_uuid: "e91770199aa642dea3e64bc9ce3f0a6e" member_type: VOTER last_known_addr { host: "127.21.70.196" port: 43451 } attrs { promote: false }, Status: LMP_MISMATCH, Last received: 0.0, Next index: 3, Last known committed idx: 2, Time since last communication: 0.000s
I20260713 09:09:01.186585 23046 raft_consensus.cc:1275] T 63ff427387dd4ee4b374edbada30b162 P bf96033adc29426cba74eba78672aca8 [term 1 FOLLOWER]: Refusing update from remote peer c1b474134daa40068e3c1b71e29ef95d: Log matching property violated. Preceding OpId in replica: term: 1 index: 2. Preceding OpId from leader: term: 1 index: 3. (index mismatch)
I20260713 09:09:01.490837 23485 consensus_queue.cc:1048] T 63ff427387dd4ee4b374edbada30b162 P c1b474134daa40068e3c1b71e29ef95d [LEADER]: Connected to new peer: Peer: permanent_uuid: "bf96033adc29426cba74eba78672aca8" member_type: VOTER last_known_addr { host: "127.21.70.195" port: 33161 }, Status: LMP_MISMATCH, Last received: 0.0, Next index: 3, Last known committed idx: 2, Time since last communication: 0.001s
I20260713 09:09:01.618247 22897 raft_consensus.cc:1275] T 63ff427387dd4ee4b374edbada30b162 P c9d79c012666476c9c07b93babb3210c [term 1 FOLLOWER]: Refusing update from remote peer c1b474134daa40068e3c1b71e29ef95d: Log matching property violated. Preceding OpId in replica: term: 1 index: 2. Preceding OpId from leader: term: 1 index: 3. (index mismatch)
W20260713 09:09:01.626813 22941 outbound_call.cc:321] RPC callback for RPC call kudu.consensus.ConsensusService.UpdateConsensus -> {remote=127.21.70.195:33161, user_credentials={real_user=slave}} blocked reactor thread for 344037us
I20260713 09:09:01.660356 23491 raft_consensus.cc:1064] T e09afc2ba7ac4703b5b3725ff9cc94cd P c9d79c012666476c9c07b93babb3210c: attempting to promote NON_VOTER e91770199aa642dea3e64bc9ce3f0a6e to VOTER
I20260713 09:09:01.662276 23481 raft_consensus.cc:1064] T 5f3a38490e1e49cf90a025d7138eef87 P bf96033adc29426cba74eba78672aca8: attempting to promote NON_VOTER e91770199aa642dea3e64bc9ce3f0a6e to VOTER
I20260713 09:09:01.667163 23491 consensus_queue.cc:237] T e09afc2ba7ac4703b5b3725ff9cc94cd P c9d79c012666476c9c07b93babb3210c [LEADER]: Queue going to LEADER mode. State: All replicated index: 0, Majority replicated index: 2, Committed index: 2, Last appended: 1.2, Last appended by leader: 0, Current term: 1, Majority size: 3, State: 0, Mode: LEADER, active raft config: opid_index: 3 OBSOLETE_local: false peers { permanent_uuid: "c9d79c012666476c9c07b93babb3210c" member_type: VOTER last_known_addr { host: "127.21.70.193" port: 43691 } } peers { permanent_uuid: "c1b474134daa40068e3c1b71e29ef95d" member_type: VOTER last_known_addr { host: "127.21.70.194" port: 40547 } attrs { replace: true } } peers { permanent_uuid: "bf96033adc29426cba74eba78672aca8" member_type: VOTER last_known_addr { host: "127.21.70.195" port: 33161 } } peers { permanent_uuid: "e91770199aa642dea3e64bc9ce3f0a6e" member_type: VOTER last_known_addr { host: "127.21.70.196" port: 43451 } attrs { promote: false } }
W20260713 09:09:01.791646 22866 outbound_call.cc:321] RPC callback for RPC call kudu.consensus.ConsensusService.UpdateConsensus -> {remote=127.21.70.195:33161, user_credentials={real_user=slave}} blocked reactor thread for 75304.2us
I20260713 09:09:01.794266 23330 raft_consensus.cc:1275] T e09afc2ba7ac4703b5b3725ff9cc94cd P e91770199aa642dea3e64bc9ce3f0a6e [term 1 LEARNER]: Refusing update from remote peer c9d79c012666476c9c07b93babb3210c: Log matching property violated. Preceding OpId in replica: term: 1 index: 2. Preceding OpId from leader: term: 1 index: 3. (index mismatch)
I20260713 09:09:01.795847 23363 consensus_queue.cc:1048] T e09afc2ba7ac4703b5b3725ff9cc94cd P c9d79c012666476c9c07b93babb3210c [LEADER]: Connected to new peer: Peer: permanent_uuid: "e91770199aa642dea3e64bc9ce3f0a6e" member_type: VOTER last_known_addr { host: "127.21.70.196" port: 43451 } attrs { promote: false }, Status: LMP_MISMATCH, Last received: 0.0, Next index: 3, Last known committed idx: 2, Time since last communication: 0.000s
I20260713 09:09:01.802532 23049 raft_consensus.cc:1275] T e09afc2ba7ac4703b5b3725ff9cc94cd P bf96033adc29426cba74eba78672aca8 [term 1 FOLLOWER]: Refusing update from remote peer c9d79c012666476c9c07b93babb3210c: Log matching property violated. Preceding OpId in replica: term: 1 index: 2. Preceding OpId from leader: term: 1 index: 3. (index mismatch)
I20260713 09:09:01.801806 23493 raft_consensus.cc:2955] T 63ff427387dd4ee4b374edbada30b162 P c1b474134daa40068e3c1b71e29ef95d [term 1 LEADER]: Committing config change with OpId 1.3: config changed from index 2 to 3, e91770199aa642dea3e64bc9ce3f0a6e (127.21.70.196) changed from NON_VOTER to VOTER. New config: { opid_index: 3 OBSOLETE_local: false peers { permanent_uuid: "c9d79c012666476c9c07b93babb3210c" member_type: VOTER last_known_addr { host: "127.21.70.193" port: 43691 } attrs { replace: true } } peers { permanent_uuid: "c1b474134daa40068e3c1b71e29ef95d" member_type: VOTER last_known_addr { host: "127.21.70.194" port: 40547 } } peers { permanent_uuid: "bf96033adc29426cba74eba78672aca8" member_type: VOTER last_known_addr { host: "127.21.70.195" port: 33161 } } peers { permanent_uuid: "e91770199aa642dea3e64bc9ce3f0a6e" member_type: VOTER last_known_addr { host: "127.21.70.196" port: 43451 } attrs { promote: false } } }
I20260713 09:09:01.807624 23363 consensus_queue.cc:1048] T e09afc2ba7ac4703b5b3725ff9cc94cd P c9d79c012666476c9c07b93babb3210c [LEADER]: Connected to new peer: Peer: permanent_uuid: "bf96033adc29426cba74eba78672aca8" member_type: VOTER last_known_addr { host: "127.21.70.195" port: 33161 }, Status: LMP_MISMATCH, Last received: 0.0, Next index: 3, Last known committed idx: 2, Time since last communication: 0.000s
I20260713 09:09:01.812706 23046 raft_consensus.cc:2955] T 63ff427387dd4ee4b374edbada30b162 P bf96033adc29426cba74eba78672aca8 [term 1 FOLLOWER]: Committing config change with OpId 1.3: config changed from index 2 to 3, e91770199aa642dea3e64bc9ce3f0a6e (127.21.70.196) changed from NON_VOTER to VOTER. New config: { opid_index: 3 OBSOLETE_local: false peers { permanent_uuid: "c9d79c012666476c9c07b93babb3210c" member_type: VOTER last_known_addr { host: "127.21.70.193" port: 43691 } attrs { replace: true } } peers { permanent_uuid: "c1b474134daa40068e3c1b71e29ef95d" member_type: VOTER last_known_addr { host: "127.21.70.194" port: 40547 } } peers { permanent_uuid: "bf96033adc29426cba74eba78672aca8" member_type: VOTER last_known_addr { host: "127.21.70.195" port: 33161 } } peers { permanent_uuid: "e91770199aa642dea3e64bc9ce3f0a6e" member_type: VOTER last_known_addr { host: "127.21.70.196" port: 43451 } attrs { promote: false } } }
W20260713 09:09:01.820659 23013 outbound_call.cc:321] RPC callback for RPC call kudu.consensus.ConsensusService.UpdateConsensus -> {remote=127.21.70.193:43691, user_credentials={real_user=slave}} blocked reactor thread for 107441us
I20260713 09:09:01.825505 23441 consensus_queue.cc:1048] T 63ff427387dd4ee4b374edbada30b162 P c1b474134daa40068e3c1b71e29ef95d [LEADER]: Connected to new peer: Peer: permanent_uuid: "c9d79c012666476c9c07b93babb3210c" member_type: VOTER last_known_addr { host: "127.21.70.193" port: 43691 } attrs { replace: true }, Status: LMP_MISMATCH, Last received: 0.0, Next index: 3, Last known committed idx: 2, Time since last communication: 0.000s
I20260713 09:09:01.832370 23481 consensus_queue.cc:237] T 5f3a38490e1e49cf90a025d7138eef87 P bf96033adc29426cba74eba78672aca8 [LEADER]: Queue going to LEADER mode. State: All replicated index: 0, Majority replicated index: 2, Committed index: 2, Last appended: 1.2, Last appended by leader: 0, Current term: 1, Majority size: 3, State: 0, Mode: LEADER, active raft config: opid_index: 3 OBSOLETE_local: false peers { permanent_uuid: "c9d79c012666476c9c07b93babb3210c" member_type: VOTER last_known_addr { host: "127.21.70.193" port: 43691 } } peers { permanent_uuid: "c1b474134daa40068e3c1b71e29ef95d" member_type: VOTER last_known_addr { host: "127.21.70.194" port: 40547 } attrs { replace: true } } peers { permanent_uuid: "bf96033adc29426cba74eba78672aca8" member_type: VOTER last_known_addr { host: "127.21.70.195" port: 33161 } } peers { permanent_uuid: "e91770199aa642dea3e64bc9ce3f0a6e" member_type: VOTER last_known_addr { host: "127.21.70.196" port: 43451 } attrs { promote: false } }
I20260713 09:09:01.832768 23461 raft_consensus.cc:2955] T e09afc2ba7ac4703b5b3725ff9cc94cd P c9d79c012666476c9c07b93babb3210c [term 1 LEADER]: Committing config change with OpId 1.3: config changed from index 2 to 3, e91770199aa642dea3e64bc9ce3f0a6e (127.21.70.196) changed from NON_VOTER to VOTER. New config: { opid_index: 3 OBSOLETE_local: false peers { permanent_uuid: "c9d79c012666476c9c07b93babb3210c" member_type: VOTER last_known_addr { host: "127.21.70.193" port: 43691 } } peers { permanent_uuid: "c1b474134daa40068e3c1b71e29ef95d" member_type: VOTER last_known_addr { host: "127.21.70.194" port: 40547 } attrs { replace: true } } peers { permanent_uuid: "bf96033adc29426cba74eba78672aca8" member_type: VOTER last_known_addr { host: "127.21.70.195" port: 33161 } } peers { permanent_uuid: "e91770199aa642dea3e64bc9ce3f0a6e" member_type: VOTER last_known_addr { host: "127.21.70.196" port: 43451 } attrs { promote: false } } }
W20260713 09:09:01.837294 23016 outbound_call.cc:321] RPC callback for RPC call kudu.consensus.ConsensusService.UpdateConsensus -> {remote=127.21.70.196:43451, user_credentials={real_user=slave}} blocked reactor thread for 187715us
I20260713 09:09:01.841648 23495 raft_consensus.cc:1064] T 2d599a83a0c545d1913c3722734d206c P bf96033adc29426cba74eba78672aca8: attempting to promote NON_VOTER e91770199aa642dea3e64bc9ce3f0a6e to VOTER
I20260713 09:09:01.841320 23332 raft_consensus.cc:2955] T e09afc2ba7ac4703b5b3725ff9cc94cd P e91770199aa642dea3e64bc9ce3f0a6e [term 1 FOLLOWER]: Committing config change with OpId 1.3: config changed from index 2 to 3, e91770199aa642dea3e64bc9ce3f0a6e (127.21.70.196) changed from NON_VOTER to VOTER. New config: { opid_index: 3 OBSOLETE_local: false peers { permanent_uuid: "c9d79c012666476c9c07b93babb3210c" member_type: VOTER last_known_addr { host: "127.21.70.193" port: 43691 } } peers { permanent_uuid: "c1b474134daa40068e3c1b71e29ef95d" member_type: VOTER last_known_addr { host: "127.21.70.194" port: 40547 } attrs { replace: true } } peers { permanent_uuid: "bf96033adc29426cba74eba78672aca8" member_type: VOTER last_known_addr { host: "127.21.70.195" port: 33161 } } peers { permanent_uuid: "e91770199aa642dea3e64bc9ce3f0a6e" member_type: VOTER last_known_addr { host: "127.21.70.196" port: 43451 } attrs { promote: false } } }
I20260713 09:09:01.845777 23495 consensus_queue.cc:237] T 2d599a83a0c545d1913c3722734d206c P bf96033adc29426cba74eba78672aca8 [LEADER]: Queue going to LEADER mode. State: All replicated index: 0, Majority replicated index: 2, Committed index: 2, Last appended: 1.2, Last appended by leader: 0, Current term: 1, Majority size: 3, State: 0, Mode: LEADER, active raft config: opid_index: 3 OBSOLETE_local: false peers { permanent_uuid: "c9d79c012666476c9c07b93babb3210c" member_type: VOTER last_known_addr { host: "127.21.70.193" port: 43691 } attrs { replace: true } } peers { permanent_uuid: "c1b474134daa40068e3c1b71e29ef95d" member_type: VOTER last_known_addr { host: "127.21.70.194" port: 40547 } } peers { permanent_uuid: "bf96033adc29426cba74eba78672aca8" member_type: VOTER last_known_addr { host: "127.21.70.195" port: 33161 } } peers { permanent_uuid: "e91770199aa642dea3e64bc9ce3f0a6e" member_type: VOTER last_known_addr { host: "127.21.70.196" port: 43451 } attrs { promote: false } }
W20260713 09:09:01.851714 23014 consensus_peers.cc:183] SignalRequest failed: Illegal state: peer closed
I20260713 09:09:01.859503 22972 raft_consensus.cc:1275] T e09afc2ba7ac4703b5b3725ff9cc94cd P c1b474134daa40068e3c1b71e29ef95d [term 1 FOLLOWER]: Refusing update from remote peer c9d79c012666476c9c07b93babb3210c: Log matching property violated. Preceding OpId in replica: term: 1 index: 2. Preceding OpId from leader: term: 1 index: 3. (index mismatch)
I20260713 09:09:01.861120 23363 consensus_queue.cc:1048] T e09afc2ba7ac4703b5b3725ff9cc94cd P c9d79c012666476c9c07b93babb3210c [LEADER]: Connected to new peer: Peer: permanent_uuid: "c1b474134daa40068e3c1b71e29ef95d" member_type: VOTER last_known_addr { host: "127.21.70.194" port: 40547 } attrs { replace: true }, Status: LMP_MISMATCH, Last received: 0.0, Next index: 3, Last known committed idx: 2, Time since last communication: 0.000s
I20260713 09:09:01.872350 23046 raft_consensus.cc:2955] T e09afc2ba7ac4703b5b3725ff9cc94cd P bf96033adc29426cba74eba78672aca8 [term 1 FOLLOWER]: Committing config change with OpId 1.3: config changed from index 2 to 3, e91770199aa642dea3e64bc9ce3f0a6e (127.21.70.196) changed from NON_VOTER to VOTER. New config: { opid_index: 3 OBSOLETE_local: false peers { permanent_uuid: "c9d79c012666476c9c07b93babb3210c" member_type: VOTER last_known_addr { host: "127.21.70.193" port: 43691 } } peers { permanent_uuid: "c1b474134daa40068e3c1b71e29ef95d" member_type: VOTER last_known_addr { host: "127.21.70.194" port: 40547 } attrs { replace: true } } peers { permanent_uuid: "bf96033adc29426cba74eba78672aca8" member_type: VOTER last_known_addr { host: "127.21.70.195" port: 33161 } } peers { permanent_uuid: "e91770199aa642dea3e64bc9ce3f0a6e" member_type: VOTER last_known_addr { host: "127.21.70.196" port: 43451 } attrs { promote: false } } }
I20260713 09:09:01.873849 22899 raft_consensus.cc:2955] T 63ff427387dd4ee4b374edbada30b162 P c9d79c012666476c9c07b93babb3210c [term 1 FOLLOWER]: Committing config change with OpId 1.3: config changed from index 2 to 3, e91770199aa642dea3e64bc9ce3f0a6e (127.21.70.196) changed from NON_VOTER to VOTER. New config: { opid_index: 3 OBSOLETE_local: false peers { permanent_uuid: "c9d79c012666476c9c07b93babb3210c" member_type: VOTER last_known_addr { host: "127.21.70.193" port: 43691 } attrs { replace: true } } peers { permanent_uuid: "c1b474134daa40068e3c1b71e29ef95d" member_type: VOTER last_known_addr { host: "127.21.70.194" port: 40547 } } peers { permanent_uuid: "bf96033adc29426cba74eba78672aca8" member_type: VOTER last_known_addr { host: "127.21.70.195" port: 33161 } } peers { permanent_uuid: "e91770199aa642dea3e64bc9ce3f0a6e" member_type: VOTER last_known_addr { host: "127.21.70.196" port: 43451 } attrs { promote: false } } }
I20260713 09:09:01.883386 23330 raft_consensus.cc:2955] T 63ff427387dd4ee4b374edbada30b162 P e91770199aa642dea3e64bc9ce3f0a6e [term 1 FOLLOWER]: Committing config change with OpId 1.3: config changed from index 2 to 3, e91770199aa642dea3e64bc9ce3f0a6e (127.21.70.196) changed from NON_VOTER to VOTER. New config: { opid_index: 3 OBSOLETE_local: false peers { permanent_uuid: "c9d79c012666476c9c07b93babb3210c" member_type: VOTER last_known_addr { host: "127.21.70.193" port: 43691 } attrs { replace: true } } peers { permanent_uuid: "c1b474134daa40068e3c1b71e29ef95d" member_type: VOTER last_known_addr { host: "127.21.70.194" port: 40547 } } peers { permanent_uuid: "bf96033adc29426cba74eba78672aca8" member_type: VOTER last_known_addr { host: "127.21.70.195" port: 33161 } } peers { permanent_uuid: "e91770199aa642dea3e64bc9ce3f0a6e" member_type: VOTER last_known_addr { host: "127.21.70.196" port: 43451 } attrs { promote: false } } }
I20260713 09:09:01.889674 22973 raft_consensus.cc:1275] T 2d599a83a0c545d1913c3722734d206c P c1b474134daa40068e3c1b71e29ef95d [term 1 FOLLOWER]: Refusing update from remote peer bf96033adc29426cba74eba78672aca8: Log matching property violated. Preceding OpId in replica: term: 1 index: 2. Preceding OpId from leader: term: 1 index: 3. (index mismatch)
I20260713 09:09:01.889403 22795 catalog_manager.cc:5697] T 63ff427387dd4ee4b374edbada30b162 P c1b474134daa40068e3c1b71e29ef95d reported cstate change: config changed from index 2 to 3, e91770199aa642dea3e64bc9ce3f0a6e (127.21.70.196) changed from NON_VOTER to VOTER. New cstate: current_term: 1 leader_uuid: "c1b474134daa40068e3c1b71e29ef95d" committed_config { opid_index: 3 OBSOLETE_local: false peers { permanent_uuid: "c9d79c012666476c9c07b93babb3210c" member_type: VOTER last_known_addr { host: "127.21.70.193" port: 43691 } attrs { replace: true } health_report { overall_health: UNKNOWN } } peers { permanent_uuid: "c1b474134daa40068e3c1b71e29ef95d" member_type: VOTER last_known_addr { host: "127.21.70.194" port: 40547 } health_report { overall_health: HEALTHY } } peers { permanent_uuid: "bf96033adc29426cba74eba78672aca8" member_type: VOTER last_known_addr { host: "127.21.70.195" port: 33161 } health_report { overall_health: HEALTHY } } peers { permanent_uuid: "e91770199aa642dea3e64bc9ce3f0a6e" member_type: VOTER last_known_addr { host: "127.21.70.196" port: 43451 } attrs { promote: false } health_report { overall_health: HEALTHY } } }
I20260713 09:09:01.891350 23395 consensus_queue.cc:1048] T 2d599a83a0c545d1913c3722734d206c P bf96033adc29426cba74eba78672aca8 [LEADER]: Connected to new peer: Peer: permanent_uuid: "c1b474134daa40068e3c1b71e29ef95d" member_type: VOTER last_known_addr { host: "127.21.70.194" port: 40547 }, Status: LMP_MISMATCH, Last received: 0.0, Next index: 3, Last known committed idx: 2, Time since last communication: 0.000s
I20260713 09:09:01.903987 23331 raft_consensus.cc:1275] T 2d599a83a0c545d1913c3722734d206c P e91770199aa642dea3e64bc9ce3f0a6e [term 1 LEARNER]: Refusing update from remote peer bf96033adc29426cba74eba78672aca8: Log matching property violated. Preceding OpId in replica: term: 1 index: 2. Preceding OpId from leader: term: 1 index: 3. (index mismatch)
I20260713 09:09:01.905277 22796 catalog_manager.cc:5697] T e09afc2ba7ac4703b5b3725ff9cc94cd P e91770199aa642dea3e64bc9ce3f0a6e reported cstate change: config changed from index 2 to 3, e91770199aa642dea3e64bc9ce3f0a6e (127.21.70.196) changed from NON_VOTER to VOTER. New cstate: current_term: 1 leader_uuid: "c9d79c012666476c9c07b93babb3210c" committed_config { opid_index: 3 OBSOLETE_local: false peers { permanent_uuid: "c9d79c012666476c9c07b93babb3210c" member_type: VOTER last_known_addr { host: "127.21.70.193" port: 43691 } } peers { permanent_uuid: "c1b474134daa40068e3c1b71e29ef95d" member_type: VOTER last_known_addr { host: "127.21.70.194" port: 40547 } attrs { replace: true } } peers { permanent_uuid: "bf96033adc29426cba74eba78672aca8" member_type: VOTER last_known_addr { host: "127.21.70.195" port: 33161 } } peers { permanent_uuid: "e91770199aa642dea3e64bc9ce3f0a6e" member_type: VOTER last_known_addr { host: "127.21.70.196" port: 43451 } attrs { promote: false } } }
I20260713 09:09:01.906319 23453 consensus_queue.cc:1048] T 2d599a83a0c545d1913c3722734d206c P bf96033adc29426cba74eba78672aca8 [LEADER]: Connected to new peer: Peer: permanent_uuid: "e91770199aa642dea3e64bc9ce3f0a6e" member_type: VOTER last_known_addr { host: "127.21.70.196" port: 43451 } attrs { promote: false }, Status: LMP_MISMATCH, Last received: 0.0, Next index: 3, Last known committed idx: 2, Time since last communication: 0.000s
I20260713 09:09:01.916532 22971 raft_consensus.cc:1275] T 5f3a38490e1e49cf90a025d7138eef87 P c1b474134daa40068e3c1b71e29ef95d [term 1 FOLLOWER]: Refusing update from remote peer bf96033adc29426cba74eba78672aca8: Log matching property violated. Preceding OpId in replica: term: 1 index: 2. Preceding OpId from leader: term: 1 index: 3. (index mismatch)
I20260713 09:09:01.922350 23496 consensus_queue.cc:1048] T 5f3a38490e1e49cf90a025d7138eef87 P bf96033adc29426cba74eba78672aca8 [LEADER]: Connected to new peer: Peer: permanent_uuid: "c1b474134daa40068e3c1b71e29ef95d" member_type: VOTER last_known_addr { host: "127.21.70.194" port: 40547 } attrs { replace: true }, Status: LMP_MISMATCH, Last received: 0.0, Next index: 3, Last known committed idx: 2, Time since last communication: 0.004s
