I20260713 09:08:59.632606 23368 consensus_queue.cc:1048] T 5e78e766f07e4dc58d619a9bb68786f4 P c9243e4fe367450884462a52ccbfbc98 [LEADER]: Connected to new peer: Peer: permanent_uuid: "e2ec2a42780e40c491e87f3e9d148352" member_type: VOTER last_known_addr { host: "127.21.28.193" port: 32879 } attrs { replace: true }, Status: LMP_MISMATCH, Last received: 0.0, Next index: 2, Last known committed idx: 1, Time since last communication: 0.000s
I20260713 09:08:59.634999 23370 consensus_queue.cc:1048] T 5e78e766f07e4dc58d619a9bb68786f4 P c9243e4fe367450884462a52ccbfbc98 [LEADER]: Connected to new peer: Peer: permanent_uuid: "cb50eb0132ae4e809321ccd47fa4293c" member_type: VOTER last_known_addr { host: "127.21.28.194" port: 35519 }, Status: LMP_MISMATCH, Last received: 0.0, Next index: 2, Last known committed idx: 1, Time since last communication: 0.000s
W20260713 09:08:59.639021 22877 consensus_peers.cc:597] T 5e78e766f07e4dc58d619a9bb68786f4 P c9243e4fe367450884462a52ccbfbc98 -> Peer 91c031988ca549a3b9d73f2675203bd3 (127.21.28.196:37335): Couldn't send request to peer 91c031988ca549a3b9d73f2675203bd3. Error code: TABLET_NOT_FOUND (6). Status: Not found: Tablet not found: 5e78e766f07e4dc58d619a9bb68786f4. This is attempt 1: this message will repeat every 5th retry.
I20260713 09:08:59.653386 23303 raft_consensus.cc:2955] T 5e78e766f07e4dc58d619a9bb68786f4 P c9243e4fe367450884462a52ccbfbc98 [term 1 LEADER]: Committing config change with OpId 1.2: config changed from index -1 to 2, NON_VOTER 91c031988ca549a3b9d73f2675203bd3 (127.21.28.196) added. New config: { opid_index: 2 OBSOLETE_local: false peers { permanent_uuid: "e2ec2a42780e40c491e87f3e9d148352" member_type: VOTER last_known_addr { host: "127.21.28.193" port: 32879 } attrs { replace: true } } peers { permanent_uuid: "cb50eb0132ae4e809321ccd47fa4293c" member_type: VOTER last_known_addr { host: "127.21.28.194" port: 35519 } } peers { permanent_uuid: "c9243e4fe367450884462a52ccbfbc98" member_type: VOTER last_known_addr { host: "127.21.28.195" port: 34647 } } peers { permanent_uuid: "91c031988ca549a3b9d73f2675203bd3" member_type: NON_VOTER last_known_addr { host: "127.21.28.196" port: 37335 } attrs { promote: true } } }
I20260713 09:08:59.654783 22758 raft_consensus.cc:2955] T 5e78e766f07e4dc58d619a9bb68786f4 P e2ec2a42780e40c491e87f3e9d148352 [term 1 FOLLOWER]: Committing config change with OpId 1.2: config changed from index -1 to 2, NON_VOTER 91c031988ca549a3b9d73f2675203bd3 (127.21.28.196) added. New config: { opid_index: 2 OBSOLETE_local: false peers { permanent_uuid: "e2ec2a42780e40c491e87f3e9d148352" member_type: VOTER last_known_addr { host: "127.21.28.193" port: 32879 } attrs { replace: true } } peers { permanent_uuid: "cb50eb0132ae4e809321ccd47fa4293c" member_type: VOTER last_known_addr { host: "127.21.28.194" port: 35519 } } peers { permanent_uuid: "c9243e4fe367450884462a52ccbfbc98" member_type: VOTER last_known_addr { host: "127.21.28.195" port: 34647 } } peers { permanent_uuid: "91c031988ca549a3b9d73f2675203bd3" member_type: NON_VOTER last_known_addr { host: "127.21.28.196" port: 37335 } attrs { promote: true } } }
I20260713 09:08:59.660270 22836 raft_consensus.cc:2955] T 5e78e766f07e4dc58d619a9bb68786f4 P cb50eb0132ae4e809321ccd47fa4293c [term 1 FOLLOWER]: Committing config change with OpId 1.2: config changed from index -1 to 2, NON_VOTER 91c031988ca549a3b9d73f2675203bd3 (127.21.28.196) added. New config: { opid_index: 2 OBSOLETE_local: false peers { permanent_uuid: "e2ec2a42780e40c491e87f3e9d148352" member_type: VOTER last_known_addr { host: "127.21.28.193" port: 32879 } attrs { replace: true } } peers { permanent_uuid: "cb50eb0132ae4e809321ccd47fa4293c" member_type: VOTER last_known_addr { host: "127.21.28.194" port: 35519 } } peers { permanent_uuid: "c9243e4fe367450884462a52ccbfbc98" member_type: VOTER last_known_addr { host: "127.21.28.195" port: 34647 } } peers { permanent_uuid: "91c031988ca549a3b9d73f2675203bd3" member_type: NON_VOTER last_known_addr { host: "127.21.28.196" port: 37335 } attrs { promote: true } } }
I20260713 09:08:59.666653 22656 catalog_manager.cc:5697] T 5e78e766f07e4dc58d619a9bb68786f4 P c9243e4fe367450884462a52ccbfbc98 reported cstate change: config changed from index -1 to 2, NON_VOTER 91c031988ca549a3b9d73f2675203bd3 (127.21.28.196) added. New cstate: current_term: 1 leader_uuid: "c9243e4fe367450884462a52ccbfbc98" committed_config { opid_index: 2 OBSOLETE_local: false peers { permanent_uuid: "e2ec2a42780e40c491e87f3e9d148352" member_type: VOTER last_known_addr { host: "127.21.28.193" port: 32879 } attrs { replace: true } health_report { overall_health: HEALTHY } } peers { permanent_uuid: "cb50eb0132ae4e809321ccd47fa4293c" member_type: VOTER last_known_addr { host: "127.21.28.194" port: 35519 } health_report { overall_health: HEALTHY } } peers { permanent_uuid: "c9243e4fe367450884462a52ccbfbc98" member_type: VOTER last_known_addr { host: "127.21.28.195" port: 34647 } health_report { overall_health: HEALTHY } } peers { permanent_uuid: "91c031988ca549a3b9d73f2675203bd3" member_type: NON_VOTER last_known_addr { host: "127.21.28.196" port: 37335 } attrs { promote: true } health_report { overall_health: UNKNOWN } } }
I20260713 09:09:00.012888 23391 ts_tablet_manager.cc:933] T 5c2e37121c194082b7a1d22724d3a2ab P 91c031988ca549a3b9d73f2675203bd3: Initiating tablet copy from peer e2ec2a42780e40c491e87f3e9d148352 (127.21.28.193:32879)
I20260713 09:09:00.014569 23391 tablet_copy_client.cc:323] T 5c2e37121c194082b7a1d22724d3a2ab P 91c031988ca549a3b9d73f2675203bd3: tablet copy: Beginning tablet copy session from remote peer at address 127.21.28.193:32879
I20260713 09:09:00.015935 22772 tablet_copy_service.cc:140] P e2ec2a42780e40c491e87f3e9d148352: Received BeginTabletCopySession request for tablet 5c2e37121c194082b7a1d22724d3a2ab from peer 91c031988ca549a3b9d73f2675203bd3 ({username='slave'} at 127.0.0.1:60768)
I20260713 09:09:00.016323 22772 tablet_copy_service.cc:161] P e2ec2a42780e40c491e87f3e9d148352: Beginning new tablet copy session on tablet 5c2e37121c194082b7a1d22724d3a2ab from peer 91c031988ca549a3b9d73f2675203bd3 at {username='slave'} at 127.0.0.1:60768: session id = 91c031988ca549a3b9d73f2675203bd3-5c2e37121c194082b7a1d22724d3a2ab
I20260713 09:09:00.020931 22772 tablet_copy_source_session.cc:215] T 5c2e37121c194082b7a1d22724d3a2ab P e2ec2a42780e40c491e87f3e9d148352: Tablet Copy: opened 0 blocks and 1 log segments
I20260713 09:09:00.023270 23391 data_dirs.cc:400] Could only allocate 1 dirs of requested 3 for tablet 5c2e37121c194082b7a1d22724d3a2ab. 1 dirs total, 0 dirs full, 0 dirs failed
I20260713 09:09:00.031970 23393 ts_tablet_manager.cc:933] T a12cd0d3541542dcb783b3eb462c9fc9 P 91c031988ca549a3b9d73f2675203bd3: Initiating tablet copy from peer c9243e4fe367450884462a52ccbfbc98 (127.21.28.195:34647)
I20260713 09:09:00.033841 23393 tablet_copy_client.cc:323] T a12cd0d3541542dcb783b3eb462c9fc9 P 91c031988ca549a3b9d73f2675203bd3: tablet copy: Beginning tablet copy session from remote peer at address 127.21.28.195:34647
I20260713 09:09:00.035386 22921 tablet_copy_service.cc:140] P c9243e4fe367450884462a52ccbfbc98: Received BeginTabletCopySession request for tablet a12cd0d3541542dcb783b3eb462c9fc9 from peer 91c031988ca549a3b9d73f2675203bd3 ({username='slave'} at 127.0.0.1:60280)
I20260713 09:09:00.035571 23391 tablet_copy_client.cc:806] T 5c2e37121c194082b7a1d22724d3a2ab P 91c031988ca549a3b9d73f2675203bd3: tablet copy: Starting download of 0 data blocks...
I20260713 09:09:00.035892 22921 tablet_copy_service.cc:161] P c9243e4fe367450884462a52ccbfbc98: Beginning new tablet copy session on tablet a12cd0d3541542dcb783b3eb462c9fc9 from peer 91c031988ca549a3b9d73f2675203bd3 at {username='slave'} at 127.0.0.1:60280: session id = 91c031988ca549a3b9d73f2675203bd3-a12cd0d3541542dcb783b3eb462c9fc9
I20260713 09:09:00.036051 23391 tablet_copy_client.cc:670] T 5c2e37121c194082b7a1d22724d3a2ab P 91c031988ca549a3b9d73f2675203bd3: tablet copy: Starting download of 1 WAL segments...
I20260713 09:09:00.039572 23391 tablet_copy_client.cc:538] T 5c2e37121c194082b7a1d22724d3a2ab P 91c031988ca549a3b9d73f2675203bd3: tablet copy: Tablet Copy complete. Replacing tablet superblock.
I20260713 09:09:00.041352 22921 tablet_copy_source_session.cc:215] T a12cd0d3541542dcb783b3eb462c9fc9 P c9243e4fe367450884462a52ccbfbc98: Tablet Copy: opened 0 blocks and 1 log segments
I20260713 09:09:00.044157 23393 data_dirs.cc:400] Could only allocate 1 dirs of requested 3 for tablet a12cd0d3541542dcb783b3eb462c9fc9. 1 dirs total, 0 dirs full, 0 dirs failed
I20260713 09:09:00.047536 23391 tablet_bootstrap.cc:492] T 5c2e37121c194082b7a1d22724d3a2ab P 91c031988ca549a3b9d73f2675203bd3: Bootstrap starting.
I20260713 09:09:00.055531 23393 tablet_copy_client.cc:806] T a12cd0d3541542dcb783b3eb462c9fc9 P 91c031988ca549a3b9d73f2675203bd3: tablet copy: Starting download of 0 data blocks...
I20260713 09:09:00.056028 23393 tablet_copy_client.cc:670] T a12cd0d3541542dcb783b3eb462c9fc9 P 91c031988ca549a3b9d73f2675203bd3: tablet copy: Starting download of 1 WAL segments...
I20260713 09:09:00.062000 23393 tablet_copy_client.cc:538] T a12cd0d3541542dcb783b3eb462c9fc9 P 91c031988ca549a3b9d73f2675203bd3: tablet copy: Tablet Copy complete. Replacing tablet superblock.
I20260713 09:09:00.062263 23396 ts_tablet_manager.cc:933] T bb3163713d3b4e39b3b874c54f81d644 P 91c031988ca549a3b9d73f2675203bd3: Initiating tablet copy from peer cb50eb0132ae4e809321ccd47fa4293c (127.21.28.194:35519)
I20260713 09:09:00.070473 23391 tablet_bootstrap.cc:492] T 5c2e37121c194082b7a1d22724d3a2ab P 91c031988ca549a3b9d73f2675203bd3: Bootstrap replayed 1/1 log segments. Stats: ops{read=2 overwritten=0 applied=2 ignored=0} inserts{seen=0 ignored=0} mutations{seen=0 ignored=0} orphaned_commits=0. Pending: 0 replicates
I20260713 09:09:00.071322 23391 tablet_bootstrap.cc:492] T 5c2e37121c194082b7a1d22724d3a2ab P 91c031988ca549a3b9d73f2675203bd3: Bootstrap complete.
I20260713 09:09:00.071791 23393 tablet_bootstrap.cc:492] T a12cd0d3541542dcb783b3eb462c9fc9 P 91c031988ca549a3b9d73f2675203bd3: Bootstrap starting.
I20260713 09:09:00.071964 23391 ts_tablet_manager.cc:1403] T 5c2e37121c194082b7a1d22724d3a2ab P 91c031988ca549a3b9d73f2675203bd3: Time spent bootstrapping tablet: real 0.025s	user 0.020s	sys 0.001s
I20260713 09:09:00.075426 23391 raft_consensus.cc:359] T 5c2e37121c194082b7a1d22724d3a2ab P 91c031988ca549a3b9d73f2675203bd3 [term 1 LEARNER]: Replica starting. Triggering 0 pending ops. Active config: opid_index: 2 OBSOLETE_local: false peers { permanent_uuid: "e2ec2a42780e40c491e87f3e9d148352" member_type: VOTER last_known_addr { host: "127.21.28.193" port: 32879 } } peers { permanent_uuid: "cb50eb0132ae4e809321ccd47fa4293c" member_type: VOTER last_known_addr { host: "127.21.28.194" port: 35519 } attrs { replace: true } } peers { permanent_uuid: "c9243e4fe367450884462a52ccbfbc98" member_type: VOTER last_known_addr { host: "127.21.28.195" port: 34647 } } peers { permanent_uuid: "91c031988ca549a3b9d73f2675203bd3" member_type: NON_VOTER last_known_addr { host: "127.21.28.196" port: 37335 } attrs { promote: true } }
I20260713 09:09:00.076252 23391 raft_consensus.cc:740] T 5c2e37121c194082b7a1d22724d3a2ab P 91c031988ca549a3b9d73f2675203bd3 [term 1 LEARNER]: Becoming Follower/Learner. State: Replica: 91c031988ca549a3b9d73f2675203bd3, State: Initialized, Role: LEARNER
I20260713 09:09:00.076900 23391 consensus_queue.cc:260] T 5c2e37121c194082b7a1d22724d3a2ab P 91c031988ca549a3b9d73f2675203bd3 [NON_LEADER]: Queue going to NON_LEADER mode. State: All replicated index: 0, Majority replicated index: 0, Committed index: 2, Last appended: 1.2, Last appended by leader: 2, Current term: 0, Majority size: -1, State: 0, Mode: NON_LEADER, active raft config: opid_index: 2 OBSOLETE_local: false peers { permanent_uuid: "e2ec2a42780e40c491e87f3e9d148352" member_type: VOTER last_known_addr { host: "127.21.28.193" port: 32879 } } peers { permanent_uuid: "cb50eb0132ae4e809321ccd47fa4293c" member_type: VOTER last_known_addr { host: "127.21.28.194" port: 35519 } attrs { replace: true } } peers { permanent_uuid: "c9243e4fe367450884462a52ccbfbc98" member_type: VOTER last_known_addr { host: "127.21.28.195" port: 34647 } } peers { permanent_uuid: "91c031988ca549a3b9d73f2675203bd3" member_type: NON_VOTER last_known_addr { host: "127.21.28.196" port: 37335 } attrs { promote: true } }
I20260713 09:09:00.078905 23396 tablet_copy_client.cc:323] T bb3163713d3b4e39b3b874c54f81d644 P 91c031988ca549a3b9d73f2675203bd3: tablet copy: Beginning tablet copy session from remote peer at address 127.21.28.194:35519
I20260713 09:09:00.080603 22847 tablet_copy_service.cc:140] P cb50eb0132ae4e809321ccd47fa4293c: Received BeginTabletCopySession request for tablet bb3163713d3b4e39b3b874c54f81d644 from peer 91c031988ca549a3b9d73f2675203bd3 ({username='slave'} at 127.0.0.1:58528)
I20260713 09:09:00.081120 22847 tablet_copy_service.cc:161] P cb50eb0132ae4e809321ccd47fa4293c: Beginning new tablet copy session on tablet bb3163713d3b4e39b3b874c54f81d644 from peer 91c031988ca549a3b9d73f2675203bd3 at {username='slave'} at 127.0.0.1:58528: session id = 91c031988ca549a3b9d73f2675203bd3-bb3163713d3b4e39b3b874c54f81d644
I20260713 09:09:00.093966 22847 tablet_copy_source_session.cc:215] T bb3163713d3b4e39b3b874c54f81d644 P cb50eb0132ae4e809321ccd47fa4293c: Tablet Copy: opened 0 blocks and 1 log segments
I20260713 09:09:00.097362 23396 data_dirs.cc:400] Could only allocate 1 dirs of requested 3 for tablet bb3163713d3b4e39b3b874c54f81d644. 1 dirs total, 0 dirs full, 0 dirs failed
I20260713 09:09:00.103917 23391 ts_tablet_manager.cc:1434] T 5c2e37121c194082b7a1d22724d3a2ab P 91c031988ca549a3b9d73f2675203bd3: Time spent starting tablet: real 0.032s	user 0.008s	sys 0.020s
I20260713 09:09:00.105690 22772 tablet_copy_service.cc:342] P e2ec2a42780e40c491e87f3e9d148352: Request end of tablet copy session 91c031988ca549a3b9d73f2675203bd3-5c2e37121c194082b7a1d22724d3a2ab received from {username='slave'} at 127.0.0.1:60768
I20260713 09:09:00.106176 22772 tablet_copy_service.cc:434] P e2ec2a42780e40c491e87f3e9d148352: ending tablet copy session 91c031988ca549a3b9d73f2675203bd3-5c2e37121c194082b7a1d22724d3a2ab on tablet 5c2e37121c194082b7a1d22724d3a2ab with peer 91c031988ca549a3b9d73f2675203bd3
I20260713 09:09:00.115374 23396 tablet_copy_client.cc:806] T bb3163713d3b4e39b3b874c54f81d644 P 91c031988ca549a3b9d73f2675203bd3: tablet copy: Starting download of 0 data blocks...
I20260713 09:09:00.115945 23396 tablet_copy_client.cc:670] T bb3163713d3b4e39b3b874c54f81d644 P 91c031988ca549a3b9d73f2675203bd3: tablet copy: Starting download of 1 WAL segments...
I20260713 09:09:00.120455 23396 tablet_copy_client.cc:538] T bb3163713d3b4e39b3b874c54f81d644 P 91c031988ca549a3b9d73f2675203bd3: tablet copy: Tablet Copy complete. Replacing tablet superblock.
I20260713 09:09:00.120883 23393 tablet_bootstrap.cc:492] T a12cd0d3541542dcb783b3eb462c9fc9 P 91c031988ca549a3b9d73f2675203bd3: Bootstrap replayed 1/1 log segments. Stats: ops{read=2 overwritten=0 applied=2 ignored=0} inserts{seen=0 ignored=0} mutations{seen=0 ignored=0} orphaned_commits=0. Pending: 0 replicates
I20260713 09:09:00.121726 23393 tablet_bootstrap.cc:492] T a12cd0d3541542dcb783b3eb462c9fc9 P 91c031988ca549a3b9d73f2675203bd3: Bootstrap complete.
I20260713 09:09:00.122375 23393 ts_tablet_manager.cc:1403] T a12cd0d3541542dcb783b3eb462c9fc9 P 91c031988ca549a3b9d73f2675203bd3: Time spent bootstrapping tablet: real 0.051s	user 0.022s	sys 0.018s
I20260713 09:09:00.128755 23393 raft_consensus.cc:359] T a12cd0d3541542dcb783b3eb462c9fc9 P 91c031988ca549a3b9d73f2675203bd3 [term 1 LEARNER]: Replica starting. Triggering 0 pending ops. Active config: opid_index: 2 OBSOLETE_local: false peers { permanent_uuid: "e2ec2a42780e40c491e87f3e9d148352" member_type: VOTER last_known_addr { host: "127.21.28.193" port: 32879 } } peers { permanent_uuid: "cb50eb0132ae4e809321ccd47fa4293c" member_type: VOTER last_known_addr { host: "127.21.28.194" port: 35519 } attrs { replace: true } } peers { permanent_uuid: "c9243e4fe367450884462a52ccbfbc98" member_type: VOTER last_known_addr { host: "127.21.28.195" port: 34647 } } peers { permanent_uuid: "91c031988ca549a3b9d73f2675203bd3" member_type: NON_VOTER last_known_addr { host: "127.21.28.196" port: 37335 } attrs { promote: true } }
I20260713 09:09:00.129371 23393 raft_consensus.cc:740] T a12cd0d3541542dcb783b3eb462c9fc9 P 91c031988ca549a3b9d73f2675203bd3 [term 1 LEARNER]: Becoming Follower/Learner. State: Replica: 91c031988ca549a3b9d73f2675203bd3, State: Initialized, Role: LEARNER
I20260713 09:09:00.130074 23396 tablet_bootstrap.cc:492] T bb3163713d3b4e39b3b874c54f81d644 P 91c031988ca549a3b9d73f2675203bd3: Bootstrap starting.
I20260713 09:09:00.130018 23393 consensus_queue.cc:260] T a12cd0d3541542dcb783b3eb462c9fc9 P 91c031988ca549a3b9d73f2675203bd3 [NON_LEADER]: Queue going to NON_LEADER mode. State: All replicated index: 0, Majority replicated index: 0, Committed index: 2, Last appended: 1.2, Last appended by leader: 2, Current term: 0, Majority size: -1, State: 0, Mode: NON_LEADER, active raft config: opid_index: 2 OBSOLETE_local: false peers { permanent_uuid: "e2ec2a42780e40c491e87f3e9d148352" member_type: VOTER last_known_addr { host: "127.21.28.193" port: 32879 } } peers { permanent_uuid: "cb50eb0132ae4e809321ccd47fa4293c" member_type: VOTER last_known_addr { host: "127.21.28.194" port: 35519 } attrs { replace: true } } peers { permanent_uuid: "c9243e4fe367450884462a52ccbfbc98" member_type: VOTER last_known_addr { host: "127.21.28.195" port: 34647 } } peers { permanent_uuid: "91c031988ca549a3b9d73f2675203bd3" member_type: NON_VOTER last_known_addr { host: "127.21.28.196" port: 37335 } attrs { promote: true } }
I20260713 09:09:00.132368 23393 ts_tablet_manager.cc:1434] T a12cd0d3541542dcb783b3eb462c9fc9 P 91c031988ca549a3b9d73f2675203bd3: Time spent starting tablet: real 0.006s	user 0.005s	sys 0.000s
I20260713 09:09:00.134331 22921 tablet_copy_service.cc:342] P c9243e4fe367450884462a52ccbfbc98: Request end of tablet copy session 91c031988ca549a3b9d73f2675203bd3-a12cd0d3541542dcb783b3eb462c9fc9 received from {username='slave'} at 127.0.0.1:60280
I20260713 09:09:00.134701 22921 tablet_copy_service.cc:434] P c9243e4fe367450884462a52ccbfbc98: ending tablet copy session 91c031988ca549a3b9d73f2675203bd3-a12cd0d3541542dcb783b3eb462c9fc9 on tablet a12cd0d3541542dcb783b3eb462c9fc9 with peer 91c031988ca549a3b9d73f2675203bd3
I20260713 09:09:00.153162 23396 tablet_bootstrap.cc:492] T bb3163713d3b4e39b3b874c54f81d644 P 91c031988ca549a3b9d73f2675203bd3: Bootstrap replayed 1/1 log segments. Stats: ops{read=2 overwritten=0 applied=2 ignored=0} inserts{seen=0 ignored=0} mutations{seen=0 ignored=0} orphaned_commits=0. Pending: 0 replicates
I20260713 09:09:00.153770 23396 tablet_bootstrap.cc:492] T bb3163713d3b4e39b3b874c54f81d644 P 91c031988ca549a3b9d73f2675203bd3: Bootstrap complete.
I20260713 09:09:00.154282 23396 ts_tablet_manager.cc:1403] T bb3163713d3b4e39b3b874c54f81d644 P 91c031988ca549a3b9d73f2675203bd3: Time spent bootstrapping tablet: real 0.024s	user 0.017s	sys 0.003s
I20260713 09:09:00.156234 23396 raft_consensus.cc:359] T bb3163713d3b4e39b3b874c54f81d644 P 91c031988ca549a3b9d73f2675203bd3 [term 1 LEARNER]: Replica starting. Triggering 0 pending ops. Active config: opid_index: 2 OBSOLETE_local: false peers { permanent_uuid: "e2ec2a42780e40c491e87f3e9d148352" member_type: VOTER last_known_addr { host: "127.21.28.193" port: 32879 } } peers { permanent_uuid: "cb50eb0132ae4e809321ccd47fa4293c" member_type: VOTER last_known_addr { host: "127.21.28.194" port: 35519 } } peers { permanent_uuid: "c9243e4fe367450884462a52ccbfbc98" member_type: VOTER last_known_addr { host: "127.21.28.195" port: 34647 } attrs { replace: true } } peers { permanent_uuid: "91c031988ca549a3b9d73f2675203bd3" member_type: NON_VOTER last_known_addr { host: "127.21.28.196" port: 37335 } attrs { promote: true } }
I20260713 09:09:00.156788 23396 raft_consensus.cc:740] T bb3163713d3b4e39b3b874c54f81d644 P 91c031988ca549a3b9d73f2675203bd3 [term 1 LEARNER]: Becoming Follower/Learner. State: Replica: 91c031988ca549a3b9d73f2675203bd3, State: Initialized, Role: LEARNER
I20260713 09:09:00.157234 23396 consensus_queue.cc:260] T bb3163713d3b4e39b3b874c54f81d644 P 91c031988ca549a3b9d73f2675203bd3 [NON_LEADER]: Queue going to NON_LEADER mode. State: All replicated index: 0, Majority replicated index: 0, Committed index: 2, Last appended: 1.2, Last appended by leader: 2, Current term: 0, Majority size: -1, State: 0, Mode: NON_LEADER, active raft config: opid_index: 2 OBSOLETE_local: false peers { permanent_uuid: "e2ec2a42780e40c491e87f3e9d148352" member_type: VOTER last_known_addr { host: "127.21.28.193" port: 32879 } } peers { permanent_uuid: "cb50eb0132ae4e809321ccd47fa4293c" member_type: VOTER last_known_addr { host: "127.21.28.194" port: 35519 } } peers { permanent_uuid: "c9243e4fe367450884462a52ccbfbc98" member_type: VOTER last_known_addr { host: "127.21.28.195" port: 34647 } attrs { replace: true } } peers { permanent_uuid: "91c031988ca549a3b9d73f2675203bd3" member_type: NON_VOTER last_known_addr { host: "127.21.28.196" port: 37335 } attrs { promote: true } }
I20260713 09:09:00.159651 23396 ts_tablet_manager.cc:1434] T bb3163713d3b4e39b3b874c54f81d644 P 91c031988ca549a3b9d73f2675203bd3: Time spent starting tablet: real 0.005s	user 0.004s	sys 0.000s
I20260713 09:09:00.161280 22847 tablet_copy_service.cc:342] P cb50eb0132ae4e809321ccd47fa4293c: Request end of tablet copy session 91c031988ca549a3b9d73f2675203bd3-bb3163713d3b4e39b3b874c54f81d644 received from {username='slave'} at 127.0.0.1:58528
I20260713 09:09:00.161662 22847 tablet_copy_service.cc:434] P cb50eb0132ae4e809321ccd47fa4293c: ending tablet copy session 91c031988ca549a3b9d73f2675203bd3-bb3163713d3b4e39b3b874c54f81d644 on tablet bb3163713d3b4e39b3b874c54f81d644 with peer 91c031988ca549a3b9d73f2675203bd3
I20260713 09:09:00.176497 23396 ts_tablet_manager.cc:933] T 5e78e766f07e4dc58d619a9bb68786f4 P 91c031988ca549a3b9d73f2675203bd3: Initiating tablet copy from peer c9243e4fe367450884462a52ccbfbc98 (127.21.28.195:34647)
I20260713 09:09:00.177737 23396 tablet_copy_client.cc:323] T 5e78e766f07e4dc58d619a9bb68786f4 P 91c031988ca549a3b9d73f2675203bd3: tablet copy: Beginning tablet copy session from remote peer at address 127.21.28.195:34647
I20260713 09:09:00.179147 22921 tablet_copy_service.cc:140] P c9243e4fe367450884462a52ccbfbc98: Received BeginTabletCopySession request for tablet 5e78e766f07e4dc58d619a9bb68786f4 from peer 91c031988ca549a3b9d73f2675203bd3 ({username='slave'} at 127.0.0.1:60280)
I20260713 09:09:00.179646 22921 tablet_copy_service.cc:161] P c9243e4fe367450884462a52ccbfbc98: Beginning new tablet copy session on tablet 5e78e766f07e4dc58d619a9bb68786f4 from peer 91c031988ca549a3b9d73f2675203bd3 at {username='slave'} at 127.0.0.1:60280: session id = 91c031988ca549a3b9d73f2675203bd3-5e78e766f07e4dc58d619a9bb68786f4
I20260713 09:09:00.186411 22921 tablet_copy_source_session.cc:215] T 5e78e766f07e4dc58d619a9bb68786f4 P c9243e4fe367450884462a52ccbfbc98: Tablet Copy: opened 0 blocks and 1 log segments
I20260713 09:09:00.188884 23396 data_dirs.cc:400] Could only allocate 1 dirs of requested 3 for tablet 5e78e766f07e4dc58d619a9bb68786f4. 1 dirs total, 0 dirs full, 0 dirs failed
I20260713 09:09:00.199290 23396 tablet_copy_client.cc:806] T 5e78e766f07e4dc58d619a9bb68786f4 P 91c031988ca549a3b9d73f2675203bd3: tablet copy: Starting download of 0 data blocks...
I20260713 09:09:00.199810 23396 tablet_copy_client.cc:670] T 5e78e766f07e4dc58d619a9bb68786f4 P 91c031988ca549a3b9d73f2675203bd3: tablet copy: Starting download of 1 WAL segments...
I20260713 09:09:00.202872 23396 tablet_copy_client.cc:538] T 5e78e766f07e4dc58d619a9bb68786f4 P 91c031988ca549a3b9d73f2675203bd3: tablet copy: Tablet Copy complete. Replacing tablet superblock.
I20260713 09:09:00.208081 23396 tablet_bootstrap.cc:492] T 5e78e766f07e4dc58d619a9bb68786f4 P 91c031988ca549a3b9d73f2675203bd3: Bootstrap starting.
I20260713 09:09:00.226271 23396 tablet_bootstrap.cc:492] T 5e78e766f07e4dc58d619a9bb68786f4 P 91c031988ca549a3b9d73f2675203bd3: Bootstrap replayed 1/1 log segments. Stats: ops{read=2 overwritten=0 applied=2 ignored=0} inserts{seen=0 ignored=0} mutations{seen=0 ignored=0} orphaned_commits=0. Pending: 0 replicates
I20260713 09:09:00.226868 23396 tablet_bootstrap.cc:492] T 5e78e766f07e4dc58d619a9bb68786f4 P 91c031988ca549a3b9d73f2675203bd3: Bootstrap complete.
I20260713 09:09:00.227342 23396 ts_tablet_manager.cc:1403] T 5e78e766f07e4dc58d619a9bb68786f4 P 91c031988ca549a3b9d73f2675203bd3: Time spent bootstrapping tablet: real 0.019s	user 0.019s	sys 0.000s
I20260713 09:09:00.229224 23396 raft_consensus.cc:359] T 5e78e766f07e4dc58d619a9bb68786f4 P 91c031988ca549a3b9d73f2675203bd3 [term 1 LEARNER]: Replica starting. Triggering 0 pending ops. Active config: opid_index: 2 OBSOLETE_local: false peers { permanent_uuid: "e2ec2a42780e40c491e87f3e9d148352" member_type: VOTER last_known_addr { host: "127.21.28.193" port: 32879 } attrs { replace: true } } peers { permanent_uuid: "cb50eb0132ae4e809321ccd47fa4293c" member_type: VOTER last_known_addr { host: "127.21.28.194" port: 35519 } } peers { permanent_uuid: "c9243e4fe367450884462a52ccbfbc98" member_type: VOTER last_known_addr { host: "127.21.28.195" port: 34647 } } peers { permanent_uuid: "91c031988ca549a3b9d73f2675203bd3" member_type: NON_VOTER last_known_addr { host: "127.21.28.196" port: 37335 } attrs { promote: true } }
I20260713 09:09:00.229761 23396 raft_consensus.cc:740] T 5e78e766f07e4dc58d619a9bb68786f4 P 91c031988ca549a3b9d73f2675203bd3 [term 1 LEARNER]: Becoming Follower/Learner. State: Replica: 91c031988ca549a3b9d73f2675203bd3, State: Initialized, Role: LEARNER
I20260713 09:09:00.230222 23396 consensus_queue.cc:260] T 5e78e766f07e4dc58d619a9bb68786f4 P 91c031988ca549a3b9d73f2675203bd3 [NON_LEADER]: Queue going to NON_LEADER mode. State: All replicated index: 0, Majority replicated index: 0, Committed index: 2, Last appended: 1.2, Last appended by leader: 2, Current term: 0, Majority size: -1, State: 0, Mode: NON_LEADER, active raft config: opid_index: 2 OBSOLETE_local: false peers { permanent_uuid: "e2ec2a42780e40c491e87f3e9d148352" member_type: VOTER last_known_addr { host: "127.21.28.193" port: 32879 } attrs { replace: true } } peers { permanent_uuid: "cb50eb0132ae4e809321ccd47fa4293c" member_type: VOTER last_known_addr { host: "127.21.28.194" port: 35519 } } peers { permanent_uuid: "c9243e4fe367450884462a52ccbfbc98" member_type: VOTER last_known_addr { host: "127.21.28.195" port: 34647 } } peers { permanent_uuid: "91c031988ca549a3b9d73f2675203bd3" member_type: NON_VOTER last_known_addr { host: "127.21.28.196" port: 37335 } attrs { promote: true } }
I20260713 09:09:00.231841 23396 ts_tablet_manager.cc:1434] T 5e78e766f07e4dc58d619a9bb68786f4 P 91c031988ca549a3b9d73f2675203bd3: Time spent starting tablet: real 0.004s	user 0.004s	sys 0.000s
I20260713 09:09:00.233891 22921 tablet_copy_service.cc:342] P c9243e4fe367450884462a52ccbfbc98: Request end of tablet copy session 91c031988ca549a3b9d73f2675203bd3-5e78e766f07e4dc58d619a9bb68786f4 received from {username='slave'} at 127.0.0.1:60280
I20260713 09:09:00.234252 22921 tablet_copy_service.cc:434] P c9243e4fe367450884462a52ccbfbc98: ending tablet copy session 91c031988ca549a3b9d73f2675203bd3-5e78e766f07e4dc58d619a9bb68786f4 on tablet 5e78e766f07e4dc58d619a9bb68786f4 with peer 91c031988ca549a3b9d73f2675203bd3
I20260713 09:09:00.428045 23185 raft_consensus.cc:1217] T a12cd0d3541542dcb783b3eb462c9fc9 P 91c031988ca549a3b9d73f2675203bd3 [term 1 LEARNER]: Deduplicated request from leader. Original: 1.1->[1.2-1.2]   Dedup: 1.2->[]
I20260713 09:09:00.553975 23185 raft_consensus.cc:1217] T bb3163713d3b4e39b3b874c54f81d644 P 91c031988ca549a3b9d73f2675203bd3 [term 1 LEARNER]: Deduplicated request from leader. Original: 1.1->[1.2-1.2]   Dedup: 1.2->[]
I20260713 09:09:00.567771 23185 raft_consensus.cc:1217] T 5e78e766f07e4dc58d619a9bb68786f4 P 91c031988ca549a3b9d73f2675203bd3 [term 1 LEARNER]: Deduplicated request from leader. Original: 1.1->[1.2-1.2]   Dedup: 1.2->[]
I20260713 09:09:00.571923 23185 raft_consensus.cc:1217] T 5c2e37121c194082b7a1d22724d3a2ab P 91c031988ca549a3b9d73f2675203bd3 [term 1 LEARNER]: Deduplicated request from leader. Original: 1.1->[1.2-1.2]   Dedup: 1.2->[]
I20260713 09:09:01.012856 23368 raft_consensus.cc:1064] T a12cd0d3541542dcb783b3eb462c9fc9 P c9243e4fe367450884462a52ccbfbc98: attempting to promote NON_VOTER 91c031988ca549a3b9d73f2675203bd3 to VOTER
I20260713 09:09:01.014668 23368 consensus_queue.cc:237] T a12cd0d3541542dcb783b3eb462c9fc9 P c9243e4fe367450884462a52ccbfbc98 [LEADER]: Queue going to LEADER mode. State: All replicated index: 0, Majority replicated index: 2, Committed index: 2, Last appended: 1.2, Last appended by leader: 0, Current term: 1, Majority size: 3, State: 0, Mode: LEADER, active raft config: opid_index: 3 OBSOLETE_local: false peers { permanent_uuid: "e2ec2a42780e40c491e87f3e9d148352" member_type: VOTER last_known_addr { host: "127.21.28.193" port: 32879 } } peers { permanent_uuid: "cb50eb0132ae4e809321ccd47fa4293c" member_type: VOTER last_known_addr { host: "127.21.28.194" port: 35519 } attrs { replace: true } } peers { permanent_uuid: "c9243e4fe367450884462a52ccbfbc98" member_type: VOTER last_known_addr { host: "127.21.28.195" port: 34647 } } peers { permanent_uuid: "91c031988ca549a3b9d73f2675203bd3" member_type: VOTER last_known_addr { host: "127.21.28.196" port: 37335 } attrs { promote: false } }
I20260713 09:09:01.020480 22836 raft_consensus.cc:1275] T a12cd0d3541542dcb783b3eb462c9fc9 P cb50eb0132ae4e809321ccd47fa4293c [term 1 FOLLOWER]: Refusing update from remote peer c9243e4fe367450884462a52ccbfbc98: Log matching property violated. Preceding OpId in replica: term: 1 index: 2. Preceding OpId from leader: term: 1 index: 3. (index mismatch)
I20260713 09:09:01.021898 23370 consensus_queue.cc:1048] T a12cd0d3541542dcb783b3eb462c9fc9 P c9243e4fe367450884462a52ccbfbc98 [LEADER]: Connected to new peer: Peer: permanent_uuid: "cb50eb0132ae4e809321ccd47fa4293c" member_type: VOTER last_known_addr { host: "127.21.28.194" port: 35519 } attrs { replace: true }, Status: LMP_MISMATCH, Last received: 0.0, Next index: 3, Last known committed idx: 2, Time since last communication: 0.000s
I20260713 09:09:01.022222 23185 raft_consensus.cc:1275] T a12cd0d3541542dcb783b3eb462c9fc9 P 91c031988ca549a3b9d73f2675203bd3 [term 1 LEARNER]: Refusing update from remote peer c9243e4fe367450884462a52ccbfbc98: Log matching property violated. Preceding OpId in replica: term: 1 index: 2. Preceding OpId from leader: term: 1 index: 3. (index mismatch)
I20260713 09:09:01.023959 23370 consensus_queue.cc:1048] T a12cd0d3541542dcb783b3eb462c9fc9 P c9243e4fe367450884462a52ccbfbc98 [LEADER]: Connected to new peer: Peer: permanent_uuid: "91c031988ca549a3b9d73f2675203bd3" member_type: VOTER last_known_addr { host: "127.21.28.196" port: 37335 } attrs { promote: false }, Status: LMP_MISMATCH, Last received: 0.0, Next index: 3, Last known committed idx: 2, Time since last communication: 0.000s
I20260713 09:09:01.024793 22762 raft_consensus.cc:1275] T a12cd0d3541542dcb783b3eb462c9fc9 P e2ec2a42780e40c491e87f3e9d148352 [term 1 FOLLOWER]: Refusing update from remote peer c9243e4fe367450884462a52ccbfbc98: Log matching property violated. Preceding OpId in replica: term: 1 index: 2. Preceding OpId from leader: term: 1 index: 3. (index mismatch)
I20260713 09:09:01.027935 23370 consensus_queue.cc:1048] T a12cd0d3541542dcb783b3eb462c9fc9 P c9243e4fe367450884462a52ccbfbc98 [LEADER]: Connected to new peer: Peer: permanent_uuid: "e2ec2a42780e40c491e87f3e9d148352" member_type: VOTER last_known_addr { host: "127.21.28.193" port: 32879 }, Status: LMP_MISMATCH, Last received: 0.0, Next index: 3, Last known committed idx: 2, Time since last communication: 0.000s
I20260713 09:09:01.033390 23303 raft_consensus.cc:2955] T a12cd0d3541542dcb783b3eb462c9fc9 P c9243e4fe367450884462a52ccbfbc98 [term 1 LEADER]: Committing config change with OpId 1.3: config changed from index 2 to 3, 91c031988ca549a3b9d73f2675203bd3 (127.21.28.196) changed from NON_VOTER to VOTER. New config: { opid_index: 3 OBSOLETE_local: false peers { permanent_uuid: "e2ec2a42780e40c491e87f3e9d148352" member_type: VOTER last_known_addr { host: "127.21.28.193" port: 32879 } } peers { permanent_uuid: "cb50eb0132ae4e809321ccd47fa4293c" member_type: VOTER last_known_addr { host: "127.21.28.194" port: 35519 } attrs { replace: true } } peers { permanent_uuid: "c9243e4fe367450884462a52ccbfbc98" member_type: VOTER last_known_addr { host: "127.21.28.195" port: 34647 } } peers { permanent_uuid: "91c031988ca549a3b9d73f2675203bd3" member_type: VOTER last_known_addr { host: "127.21.28.196" port: 37335 } attrs { promote: false } } }
I20260713 09:09:01.035137 23185 raft_consensus.cc:2955] T a12cd0d3541542dcb783b3eb462c9fc9 P 91c031988ca549a3b9d73f2675203bd3 [term 1 FOLLOWER]: Committing config change with OpId 1.3: config changed from index 2 to 3, 91c031988ca549a3b9d73f2675203bd3 (127.21.28.196) changed from NON_VOTER to VOTER. New config: { opid_index: 3 OBSOLETE_local: false peers { permanent_uuid: "e2ec2a42780e40c491e87f3e9d148352" member_type: VOTER last_known_addr { host: "127.21.28.193" port: 32879 } } peers { permanent_uuid: "cb50eb0132ae4e809321ccd47fa4293c" member_type: VOTER last_known_addr { host: "127.21.28.194" port: 35519 } attrs { replace: true } } peers { permanent_uuid: "c9243e4fe367450884462a52ccbfbc98" member_type: VOTER last_known_addr { host: "127.21.28.195" port: 34647 } } peers { permanent_uuid: "91c031988ca549a3b9d73f2675203bd3" member_type: VOTER last_known_addr { host: "127.21.28.196" port: 37335 } attrs { promote: false } } }
I20260713 09:09:01.043080 22758 raft_consensus.cc:2955] T a12cd0d3541542dcb783b3eb462c9fc9 P e2ec2a42780e40c491e87f3e9d148352 [term 1 FOLLOWER]: Committing config change with OpId 1.3: config changed from index 2 to 3, 91c031988ca549a3b9d73f2675203bd3 (127.21.28.196) changed from NON_VOTER to VOTER. New config: { opid_index: 3 OBSOLETE_local: false peers { permanent_uuid: "e2ec2a42780e40c491e87f3e9d148352" member_type: VOTER last_known_addr { host: "127.21.28.193" port: 32879 } } peers { permanent_uuid: "cb50eb0132ae4e809321ccd47fa4293c" member_type: VOTER last_known_addr { host: "127.21.28.194" port: 35519 } attrs { replace: true } } peers { permanent_uuid: "c9243e4fe367450884462a52ccbfbc98" member_type: VOTER last_known_addr { host: "127.21.28.195" port: 34647 } } peers { permanent_uuid: "91c031988ca549a3b9d73f2675203bd3" member_type: VOTER last_known_addr { host: "127.21.28.196" port: 37335 } attrs { promote: false } } }
I20260713 09:09:01.047466 22836 raft_consensus.cc:2955] T a12cd0d3541542dcb783b3eb462c9fc9 P cb50eb0132ae4e809321ccd47fa4293c [term 1 FOLLOWER]: Committing config change with OpId 1.3: config changed from index 2 to 3, 91c031988ca549a3b9d73f2675203bd3 (127.21.28.196) changed from NON_VOTER to VOTER. New config: { opid_index: 3 OBSOLETE_local: false peers { permanent_uuid: "e2ec2a42780e40c491e87f3e9d148352" member_type: VOTER last_known_addr { host: "127.21.28.193" port: 32879 } } peers { permanent_uuid: "cb50eb0132ae4e809321ccd47fa4293c" member_type: VOTER last_known_addr { host: "127.21.28.194" port: 35519 } attrs { replace: true } } peers { permanent_uuid: "c9243e4fe367450884462a52ccbfbc98" member_type: VOTER last_known_addr { host: "127.21.28.195" port: 34647 } } peers { permanent_uuid: "91c031988ca549a3b9d73f2675203bd3" member_type: VOTER last_known_addr { host: "127.21.28.196" port: 37335 } attrs { promote: false } } }
I20260713 09:09:01.051049 22656 catalog_manager.cc:5697] T a12cd0d3541542dcb783b3eb462c9fc9 P 91c031988ca549a3b9d73f2675203bd3 reported cstate change: config changed from index 2 to 3, 91c031988ca549a3b9d73f2675203bd3 (127.21.28.196) changed from NON_VOTER to VOTER. New cstate: current_term: 1 leader_uuid: "c9243e4fe367450884462a52ccbfbc98" committed_config { opid_index: 3 OBSOLETE_local: false peers { permanent_uuid: "e2ec2a42780e40c491e87f3e9d148352" member_type: VOTER last_known_addr { host: "127.21.28.193" port: 32879 } } peers { permanent_uuid: "cb50eb0132ae4e809321ccd47fa4293c" member_type: VOTER last_known_addr { host: "127.21.28.194" port: 35519 } attrs { replace: true } } peers { permanent_uuid: "c9243e4fe367450884462a52ccbfbc98" member_type: VOTER last_known_addr { host: "127.21.28.195" port: 34647 } } peers { permanent_uuid: "91c031988ca549a3b9d73f2675203bd3" member_type: VOTER last_known_addr { host: "127.21.28.196" port: 37335 } attrs { promote: false } } }
I20260713 09:09:01.079743 22910 consensus_queue.cc:237] T a12cd0d3541542dcb783b3eb462c9fc9 P c9243e4fe367450884462a52ccbfbc98 [LEADER]: Queue going to LEADER mode. State: All replicated index: 0, Majority replicated index: 3, Committed index: 3, Last appended: 1.3, Last appended by leader: 0, Current term: 1, Majority size: 2, State: 0, Mode: LEADER, active raft config: opid_index: 4 OBSOLETE_local: false peers { permanent_uuid: "e2ec2a42780e40c491e87f3e9d148352" member_type: VOTER last_known_addr { host: "127.21.28.193" port: 32879 } } peers { permanent_uuid: "c9243e4fe367450884462a52ccbfbc98" member_type: VOTER last_known_addr { host: "127.21.28.195" port: 34647 } } peers { permanent_uuid: "91c031988ca549a3b9d73f2675203bd3" member_type: VOTER last_known_addr { host: "127.21.28.196" port: 37335 } attrs { promote: false } }
I20260713 09:09:01.084358 23185 raft_consensus.cc:1275] T a12cd0d3541542dcb783b3eb462c9fc9 P 91c031988ca549a3b9d73f2675203bd3 [term 1 FOLLOWER]: Refusing update from remote peer c9243e4fe367450884462a52ccbfbc98: Log matching property violated. Preceding OpId in replica: term: 1 index: 3. Preceding OpId from leader: term: 1 index: 4. (index mismatch)
I20260713 09:09:01.086541 23303 consensus_queue.cc:1048] T a12cd0d3541542dcb783b3eb462c9fc9 P c9243e4fe367450884462a52ccbfbc98 [LEADER]: Connected to new peer: Peer: permanent_uuid: "91c031988ca549a3b9d73f2675203bd3" member_type: VOTER last_known_addr { host: "127.21.28.196" port: 37335 } attrs { promote: false }, Status: LMP_MISMATCH, Last received: 0.0, Next index: 4, Last known committed idx: 3, Time since last communication: 0.000s
I20260713 09:09:01.089689 22758 raft_consensus.cc:1275] T a12cd0d3541542dcb783b3eb462c9fc9 P e2ec2a42780e40c491e87f3e9d148352 [term 1 FOLLOWER]: Refusing update from remote peer c9243e4fe367450884462a52ccbfbc98: Log matching property violated. Preceding OpId in replica: term: 1 index: 3. Preceding OpId from leader: term: 1 index: 4. (index mismatch)
I20260713 09:09:01.090812 23303 consensus_queue.cc:1048] T a12cd0d3541542dcb783b3eb462c9fc9 P c9243e4fe367450884462a52ccbfbc98 [LEADER]: Connected to new peer: Peer: permanent_uuid: "e2ec2a42780e40c491e87f3e9d148352" member_type: VOTER last_known_addr { host: "127.21.28.193" port: 32879 }, Status: LMP_MISMATCH, Last received: 0.0, Next index: 4, Last known committed idx: 3, Time since last communication: 0.000s
I20260713 09:09:01.093111 23368 raft_consensus.cc:2955] T a12cd0d3541542dcb783b3eb462c9fc9 P c9243e4fe367450884462a52ccbfbc98 [term 1 LEADER]: Committing config change with OpId 1.4: config changed from index 3 to 4, VOTER cb50eb0132ae4e809321ccd47fa4293c (127.21.28.194) evicted. New config: { opid_index: 4 OBSOLETE_local: false peers { permanent_uuid: "e2ec2a42780e40c491e87f3e9d148352" member_type: VOTER last_known_addr { host: "127.21.28.193" port: 32879 } } peers { permanent_uuid: "c9243e4fe367450884462a52ccbfbc98" member_type: VOTER last_known_addr { host: "127.21.28.195" port: 34647 } } peers { permanent_uuid: "91c031988ca549a3b9d73f2675203bd3" member_type: VOTER last_known_addr { host: "127.21.28.196" port: 37335 } attrs { promote: false } } }
I20260713 09:09:01.097321 23404 raft_consensus.cc:1064] T 5c2e37121c194082b7a1d22724d3a2ab P e2ec2a42780e40c491e87f3e9d148352: attempting to promote NON_VOTER 91c031988ca549a3b9d73f2675203bd3 to VOTER
I20260713 09:09:01.099359 23404 consensus_queue.cc:237] T 5c2e37121c194082b7a1d22724d3a2ab P e2ec2a42780e40c491e87f3e9d148352 [LEADER]: Queue going to LEADER mode. State: All replicated index: 0, Majority replicated index: 2, Committed index: 2, Last appended: 1.2, Last appended by leader: 0, Current term: 1, Majority size: 3, State: 0, Mode: LEADER, active raft config: opid_index: 3 OBSOLETE_local: false peers { permanent_uuid: "e2ec2a42780e40c491e87f3e9d148352" member_type: VOTER last_known_addr { host: "127.21.28.193" port: 32879 } } peers { permanent_uuid: "cb50eb0132ae4e809321ccd47fa4293c" member_type: VOTER last_known_addr { host: "127.21.28.194" port: 35519 } attrs { replace: true } } peers { permanent_uuid: "c9243e4fe367450884462a52ccbfbc98" member_type: VOTER last_known_addr { host: "127.21.28.195" port: 34647 } } peers { permanent_uuid: "91c031988ca549a3b9d73f2675203bd3" member_type: VOTER last_known_addr { host: "127.21.28.196" port: 37335 } attrs { promote: false } }
I20260713 09:09:01.100735 22758 raft_consensus.cc:2955] T a12cd0d3541542dcb783b3eb462c9fc9 P e2ec2a42780e40c491e87f3e9d148352 [term 1 FOLLOWER]: Committing config change with OpId 1.4: config changed from index 3 to 4, VOTER cb50eb0132ae4e809321ccd47fa4293c (127.21.28.194) evicted. New config: { opid_index: 4 OBSOLETE_local: false peers { permanent_uuid: "e2ec2a42780e40c491e87f3e9d148352" member_type: VOTER last_known_addr { host: "127.21.28.193" port: 32879 } } peers { permanent_uuid: "c9243e4fe367450884462a52ccbfbc98" member_type: VOTER last_known_addr { host: "127.21.28.195" port: 34647 } } peers { permanent_uuid: "91c031988ca549a3b9d73f2675203bd3" member_type: VOTER last_known_addr { host: "127.21.28.196" port: 37335 } attrs { promote: false } } }
I20260713 09:09:01.103901 22646 catalog_manager.cc:5210] ChangeConfig:REMOVE_PEER RPC for tablet a12cd0d3541542dcb783b3eb462c9fc9 with cas_config_opid_index 3: ChangeConfig:REMOVE_PEER succeeded (attempt 1)
I20260713 09:09:01.109279 23185 raft_consensus.cc:2955] T a12cd0d3541542dcb783b3eb462c9fc9 P 91c031988ca549a3b9d73f2675203bd3 [term 1 FOLLOWER]: Committing config change with OpId 1.4: config changed from index 3 to 4, VOTER cb50eb0132ae4e809321ccd47fa4293c (127.21.28.194) evicted. New config: { opid_index: 4 OBSOLETE_local: false peers { permanent_uuid: "e2ec2a42780e40c491e87f3e9d148352" member_type: VOTER last_known_addr { host: "127.21.28.193" port: 32879 } } peers { permanent_uuid: "c9243e4fe367450884462a52ccbfbc98" member_type: VOTER last_known_addr { host: "127.21.28.195" port: 34647 } } peers { permanent_uuid: "91c031988ca549a3b9d73f2675203bd3" member_type: VOTER last_known_addr { host: "127.21.28.196" port: 37335 } attrs { promote: false } } }
I20260713 09:09:01.110913 22660 catalog_manager.cc:5697] T a12cd0d3541542dcb783b3eb462c9fc9 P c9243e4fe367450884462a52ccbfbc98 reported cstate change: config changed from index 3 to 4, VOTER cb50eb0132ae4e809321ccd47fa4293c (127.21.28.194) evicted. New cstate: current_term: 1 leader_uuid: "c9243e4fe367450884462a52ccbfbc98" committed_config { opid_index: 4 OBSOLETE_local: false peers { permanent_uuid: "e2ec2a42780e40c491e87f3e9d148352" member_type: VOTER last_known_addr { host: "127.21.28.193" port: 32879 } health_report { overall_health: HEALTHY } } peers { permanent_uuid: "c9243e4fe367450884462a52ccbfbc98" member_type: VOTER last_known_addr { host: "127.21.28.195" port: 34647 } health_report { overall_health: HEALTHY } } peers { permanent_uuid: "91c031988ca549a3b9d73f2675203bd3" member_type: VOTER last_known_addr { host: "127.21.28.196" port: 37335 } attrs { promote: false } health_report { overall_health: HEALTHY } } }
I20260713 09:09:01.124951 23185 raft_consensus.cc:1275] T 5c2e37121c194082b7a1d22724d3a2ab P 91c031988ca549a3b9d73f2675203bd3 [term 1 LEARNER]: Refusing update from remote peer e2ec2a42780e40c491e87f3e9d148352: Log matching property violated. Preceding OpId in replica: term: 1 index: 2. Preceding OpId from leader: term: 1 index: 3. (index mismatch)
I20260713 09:09:01.125985 22910 raft_consensus.cc:1275] T 5c2e37121c194082b7a1d22724d3a2ab P c9243e4fe367450884462a52ccbfbc98 [term 1 FOLLOWER]: Refusing update from remote peer e2ec2a42780e40c491e87f3e9d148352: Log matching property violated. Preceding OpId in replica: term: 1 index: 2. Preceding OpId from leader: term: 1 index: 3. (index mismatch)
I20260713 09:09:01.126703 22836 raft_consensus.cc:1275] T 5c2e37121c194082b7a1d22724d3a2ab P cb50eb0132ae4e809321ccd47fa4293c [term 1 FOLLOWER]: Refusing update from remote peer e2ec2a42780e40c491e87f3e9d148352: Log matching property violated. Preceding OpId in replica: term: 1 index: 2. Preceding OpId from leader: term: 1 index: 3. (index mismatch)
I20260713 09:09:01.126041 22825 tablet_service.cc:1558] Processing DeleteTablet for tablet a12cd0d3541542dcb783b3eb462c9fc9 with delete_type TABLET_DATA_TOMBSTONED (TS cb50eb0132ae4e809321ccd47fa4293c not found in new config with opid_index 4) from {username='slave'} at 127.0.0.1:58512
I20260713 09:09:01.127992 23366 consensus_queue.cc:1048] T 5c2e37121c194082b7a1d22724d3a2ab P e2ec2a42780e40c491e87f3e9d148352 [LEADER]: Connected to new peer: Peer: permanent_uuid: "91c031988ca549a3b9d73f2675203bd3" member_type: VOTER last_known_addr { host: "127.21.28.196" port: 37335 } attrs { promote: false }, Status: LMP_MISMATCH, Last received: 0.0, Next index: 3, Last known committed idx: 2, Time since last communication: 0.000s
I20260713 09:09:01.129900 23366 consensus_queue.cc:1048] T 5c2e37121c194082b7a1d22724d3a2ab P e2ec2a42780e40c491e87f3e9d148352 [LEADER]: Connected to new peer: Peer: permanent_uuid: "c9243e4fe367450884462a52ccbfbc98" member_type: VOTER last_known_addr { host: "127.21.28.195" port: 34647 }, Status: LMP_MISMATCH, Last received: 0.0, Next index: 3, Last known committed idx: 2, Time since last communication: 0.000s
I20260713 09:09:01.135411 23382 raft_consensus.cc:1064] T bb3163713d3b4e39b3b874c54f81d644 P cb50eb0132ae4e809321ccd47fa4293c: attempting to promote NON_VOTER 91c031988ca549a3b9d73f2675203bd3 to VOTER
I20260713 09:09:01.140553 23368 raft_consensus.cc:1064] T 5e78e766f07e4dc58d619a9bb68786f4 P c9243e4fe367450884462a52ccbfbc98: attempting to promote NON_VOTER 91c031988ca549a3b9d73f2675203bd3 to VOTER
I20260713 09:09:01.142871 23368 consensus_queue.cc:237] T 5e78e766f07e4dc58d619a9bb68786f4 P c9243e4fe367450884462a52ccbfbc98 [LEADER]: Queue going to LEADER mode. State: All replicated index: 0, Majority replicated index: 2, Committed index: 2, Last appended: 1.2, Last appended by leader: 0, Current term: 1, Majority size: 3, State: 0, Mode: LEADER, active raft config: opid_index: 3 OBSOLETE_local: false peers { permanent_uuid: "e2ec2a42780e40c491e87f3e9d148352" member_type: VOTER last_known_addr { host: "127.21.28.193" port: 32879 } attrs { replace: true } } peers { permanent_uuid: "cb50eb0132ae4e809321ccd47fa4293c" member_type: VOTER last_known_addr { host: "127.21.28.194" port: 35519 } } peers { permanent_uuid: "c9243e4fe367450884462a52ccbfbc98" member_type: VOTER last_known_addr { host: "127.21.28.195" port: 34647 } } peers { permanent_uuid: "91c031988ca549a3b9d73f2675203bd3" member_type: VOTER last_known_addr { host: "127.21.28.196" port: 37335 } attrs { promote: false } }
I20260713 09:09:01.137923 23382 consensus_queue.cc:237] T bb3163713d3b4e39b3b874c54f81d644 P cb50eb0132ae4e809321ccd47fa4293c [LEADER]: Queue going to LEADER mode. State: All replicated index: 0, Majority replicated index: 2, Committed index: 2, Last appended: 1.2, Last appended by leader: 0, Current term: 1, Majority size: 3, State: 0, Mode: LEADER, active raft config: opid_index: 3 OBSOLETE_local: false peers { permanent_uuid: "e2ec2a42780e40c491e87f3e9d148352" member_type: VOTER last_known_addr { host: "127.21.28.193" port: 32879 } } peers { permanent_uuid: "cb50eb0132ae4e809321ccd47fa4293c" member_type: VOTER last_known_addr { host: "127.21.28.194" port: 35519 } } peers { permanent_uuid: "c9243e4fe367450884462a52ccbfbc98" member_type: VOTER last_known_addr { host: "127.21.28.195" port: 34647 } attrs { replace: true } } peers { permanent_uuid: "91c031988ca549a3b9d73f2675203bd3" member_type: VOTER last_known_addr { host: "127.21.28.196" port: 37335 } attrs { promote: false } }
I20260713 09:09:01.152042 22910 raft_consensus.cc:1275] T bb3163713d3b4e39b3b874c54f81d644 P c9243e4fe367450884462a52ccbfbc98 [term 1 FOLLOWER]: Refusing update from remote peer cb50eb0132ae4e809321ccd47fa4293c: Log matching property violated. Preceding OpId in replica: term: 1 index: 2. Preceding OpId from leader: term: 1 index: 3. (index mismatch)
I20260713 09:09:01.151237 23186 raft_consensus.cc:1275] T bb3163713d3b4e39b3b874c54f81d644 P 91c031988ca549a3b9d73f2675203bd3 [term 1 LEARNER]: Refusing update from remote peer cb50eb0132ae4e809321ccd47fa4293c: Log matching property violated. Preceding OpId in replica: term: 1 index: 2. Preceding OpId from leader: term: 1 index: 3. (index mismatch)
I20260713 09:09:01.155169 23403 consensus_queue.cc:1048] T bb3163713d3b4e39b3b874c54f81d644 P cb50eb0132ae4e809321ccd47fa4293c [LEADER]: Connected to new peer: Peer: permanent_uuid: "91c031988ca549a3b9d73f2675203bd3" member_type: VOTER last_known_addr { host: "127.21.28.196" port: 37335 } attrs { promote: false }, Status: LMP_MISMATCH, Last received: 0.0, Next index: 3, Last known committed idx: 2, Time since last communication: 0.000s
I20260713 09:09:01.157589 22758 raft_consensus.cc:1275] T bb3163713d3b4e39b3b874c54f81d644 P e2ec2a42780e40c491e87f3e9d148352 [term 1 FOLLOWER]: Refusing update from remote peer cb50eb0132ae4e809321ccd47fa4293c: Log matching property violated. Preceding OpId in replica: term: 1 index: 2. Preceding OpId from leader: term: 1 index: 3. (index mismatch)
