I20260713 09:08:46.109251 21860 raft_consensus.cc:2272] T da231f142e75410ca824a5b192bd5892 P 625533efad63465e9e1d03c4e3f14eb8 [term 4 FOLLOWER]: Raft consensus is shut down!
I20260713 09:08:46.111194 21860 tablet_replica.cc:333] T 03de484b2cf7418398b6c56ff8e84c53 P 625533efad63465e9e1d03c4e3f14eb8: stopping tablet replica
I20260713 09:08:46.111663 21860 raft_consensus.cc:2243] T 03de484b2cf7418398b6c56ff8e84c53 P 625533efad63465e9e1d03c4e3f14eb8 [term 3 LEADER]: Raft consensus shutting down.
I20260713 09:08:46.112304 21860 raft_consensus.cc:2272] T 03de484b2cf7418398b6c56ff8e84c53 P 625533efad63465e9e1d03c4e3f14eb8 [term 3 FOLLOWER]: Raft consensus is shut down!
I20260713 09:08:46.114627 21860 tablet_replica.cc:333] T 3bc1f9aebd934b3eac807fb78a765add P 625533efad63465e9e1d03c4e3f14eb8: stopping tablet replica
I20260713 09:08:46.115098 21860 raft_consensus.cc:2243] T 3bc1f9aebd934b3eac807fb78a765add P 625533efad63465e9e1d03c4e3f14eb8 [term 4 FOLLOWER]: Raft consensus shutting down.
I20260713 09:08:46.115471 21860 raft_consensus.cc:2272] T 3bc1f9aebd934b3eac807fb78a765add P 625533efad63465e9e1d03c4e3f14eb8 [term 4 FOLLOWER]: Raft consensus is shut down!
I20260713 09:08:46.117065 21860 tablet_replica.cc:333] T 6a1a0024ba4341dbb9abd76594c3326e P 625533efad63465e9e1d03c4e3f14eb8: stopping tablet replica
I20260713 09:08:46.117558 21860 raft_consensus.cc:2243] T 6a1a0024ba4341dbb9abd76594c3326e P 625533efad63465e9e1d03c4e3f14eb8 [term 3 FOLLOWER]: Raft consensus shutting down.
I20260713 09:08:46.117951 21860 raft_consensus.cc:2272] T 6a1a0024ba4341dbb9abd76594c3326e P 625533efad63465e9e1d03c4e3f14eb8 [term 3 FOLLOWER]: Raft consensus is shut down!
I20260713 09:08:46.119850 21860 tablet_replica.cc:333] T 1e34a000aa7347008b436f287a44fa4f P 625533efad63465e9e1d03c4e3f14eb8: stopping tablet replica
I20260713 09:08:46.120304 21860 raft_consensus.cc:2243] T 1e34a000aa7347008b436f287a44fa4f P 625533efad63465e9e1d03c4e3f14eb8 [term 4 FOLLOWER]: Raft consensus shutting down.
I20260713 09:08:46.120699 21860 raft_consensus.cc:2272] T 1e34a000aa7347008b436f287a44fa4f P 625533efad63465e9e1d03c4e3f14eb8 [term 4 FOLLOWER]: Raft consensus is shut down!
I20260713 09:08:46.122184 21860 tablet_replica.cc:333] T 28e4b75f91d148f6b95e41cabc36df01 P 625533efad63465e9e1d03c4e3f14eb8: stopping tablet replica
I20260713 09:08:46.122694 21860 raft_consensus.cc:2243] T 28e4b75f91d148f6b95e41cabc36df01 P 625533efad63465e9e1d03c4e3f14eb8 [term 3 FOLLOWER]: Raft consensus shutting down.
I20260713 09:08:46.123102 21860 raft_consensus.cc:2272] T 28e4b75f91d148f6b95e41cabc36df01 P 625533efad63465e9e1d03c4e3f14eb8 [term 3 FOLLOWER]: Raft consensus is shut down!
I20260713 09:08:46.125073 21860 tablet_replica.cc:333] T e03a34bcb69b4570b0d093fd181ecaab P 625533efad63465e9e1d03c4e3f14eb8: stopping tablet replica
I20260713 09:08:46.125500 21860 raft_consensus.cc:2243] T e03a34bcb69b4570b0d093fd181ecaab P 625533efad63465e9e1d03c4e3f14eb8 [term 1 FOLLOWER]: Raft consensus shutting down.
I20260713 09:08:46.125859 21860 raft_consensus.cc:2272] T e03a34bcb69b4570b0d093fd181ecaab P 625533efad63465e9e1d03c4e3f14eb8 [term 1 FOLLOWER]: Raft consensus is shut down!
I20260713 09:08:46.145444 21860 tablet_server.cc:196] TabletServer@127.21.89.2:0 shutdown complete.
I20260713 09:08:46.164486 21860 tablet_server.cc:179] TabletServer@127.21.89.3:0 shutting down...
W20260713 09:08:46.169360 22587 consensus_peers.cc:597] T 23f9a4b146af41cfbf421b1fb38b9b6b P 4a82f020a8364da69934e6ade845a519 -> Peer 625533efad63465e9e1d03c4e3f14eb8 (127.21.89.2:36603): Couldn't send request to peer 625533efad63465e9e1d03c4e3f14eb8. Status: Network error: Client connection negotiation failed: client connection to 127.21.89.2:36603: connect: Connection refused (error 111). This is attempt 1: this message will repeat every 5th retry.
W20260713 09:08:46.173933 22585 consensus_peers.cc:597] T 28e4b75f91d148f6b95e41cabc36df01 P 4a82f020a8364da69934e6ade845a519 -> Peer a15a5e6c243a4d2680f40f57b1addef3 (127.21.89.1:40287): Couldn't send request to peer a15a5e6c243a4d2680f40f57b1addef3. Status: Network error: Client connection negotiation failed: client connection to 127.21.89.1:40287: connect: Connection refused (error 111). This is attempt 1: this message will repeat every 5th retry.
I20260713 09:08:46.190307 21860 ts_tablet_manager.cc:1507] Shutting down tablet manager...
I20260713 09:08:46.191252 21860 tablet_replica.cc:333] T 53bd9ca1dc954bc1a8bcefe7ca749211 P 4a82f020a8364da69934e6ade845a519: stopping tablet replica
I20260713 09:08:46.192173 21860 raft_consensus.cc:2243] T 53bd9ca1dc954bc1a8bcefe7ca749211 P 4a82f020a8364da69934e6ade845a519 [term 1 FOLLOWER]: Raft consensus shutting down.
I20260713 09:08:46.192855 21860 raft_consensus.cc:2272] T 53bd9ca1dc954bc1a8bcefe7ca749211 P 4a82f020a8364da69934e6ade845a519 [term 1 FOLLOWER]: Raft consensus is shut down!
I20260713 09:08:46.194936 21860 tablet_replica.cc:333] T 23f9a4b146af41cfbf421b1fb38b9b6b P 4a82f020a8364da69934e6ade845a519: stopping tablet replica
I20260713 09:08:46.195466 21860 raft_consensus.cc:2243] T 23f9a4b146af41cfbf421b1fb38b9b6b P 4a82f020a8364da69934e6ade845a519 [term 2 LEADER]: Raft consensus shutting down.
I20260713 09:08:46.196221 21860 raft_consensus.cc:2272] T 23f9a4b146af41cfbf421b1fb38b9b6b P 4a82f020a8364da69934e6ade845a519 [term 2 FOLLOWER]: Raft consensus is shut down!
I20260713 09:08:46.198081 21860 tablet_replica.cc:333] T da231f142e75410ca824a5b192bd5892 P 4a82f020a8364da69934e6ade845a519: stopping tablet replica
I20260713 09:08:46.198935 21860 raft_consensus.cc:2243] T da231f142e75410ca824a5b192bd5892 P 4a82f020a8364da69934e6ade845a519 [term 4 FOLLOWER]: Raft consensus shutting down.
I20260713 09:08:46.199373 21860 raft_consensus.cc:2272] T da231f142e75410ca824a5b192bd5892 P 4a82f020a8364da69934e6ade845a519 [term 4 FOLLOWER]: Raft consensus is shut down!
I20260713 09:08:46.201761 21860 tablet_replica.cc:333] T 03de484b2cf7418398b6c56ff8e84c53 P 4a82f020a8364da69934e6ade845a519: stopping tablet replica
I20260713 09:08:46.202553 21860 raft_consensus.cc:2243] T 03de484b2cf7418398b6c56ff8e84c53 P 4a82f020a8364da69934e6ade845a519 [term 3 FOLLOWER]: Raft consensus shutting down.
I20260713 09:08:46.203008 21860 raft_consensus.cc:2272] T 03de484b2cf7418398b6c56ff8e84c53 P 4a82f020a8364da69934e6ade845a519 [term 3 FOLLOWER]: Raft consensus is shut down!
I20260713 09:08:46.206025 21860 tablet_replica.cc:333] T 05f8fb9e1c67471bbfb005d9a45ff90c P 4a82f020a8364da69934e6ade845a519: stopping tablet replica
I20260713 09:08:46.206681 21860 raft_consensus.cc:2243] T 05f8fb9e1c67471bbfb005d9a45ff90c P 4a82f020a8364da69934e6ade845a519 [term 2 FOLLOWER]: Raft consensus shutting down.
I20260713 09:08:46.207142 21860 raft_consensus.cc:2272] T 05f8fb9e1c67471bbfb005d9a45ff90c P 4a82f020a8364da69934e6ade845a519 [term 2 FOLLOWER]: Raft consensus is shut down!
I20260713 09:08:46.209386 21860 tablet_replica.cc:333] T 1e34a000aa7347008b436f287a44fa4f P 4a82f020a8364da69934e6ade845a519: stopping tablet replica
I20260713 09:08:46.209995 21860 raft_consensus.cc:2243] T 1e34a000aa7347008b436f287a44fa4f P 4a82f020a8364da69934e6ade845a519 [term 4 FOLLOWER]: Raft consensus shutting down.
I20260713 09:08:46.210501 21860 raft_consensus.cc:2272] T 1e34a000aa7347008b436f287a44fa4f P 4a82f020a8364da69934e6ade845a519 [term 4 FOLLOWER]: Raft consensus is shut down!
I20260713 09:08:46.212590 21860 tablet_replica.cc:333] T 6a1a0024ba4341dbb9abd76594c3326e P 4a82f020a8364da69934e6ade845a519: stopping tablet replica
I20260713 09:08:46.213202 21860 raft_consensus.cc:2243] T 6a1a0024ba4341dbb9abd76594c3326e P 4a82f020a8364da69934e6ade845a519 [term 3 LEADER]: Raft consensus shutting down.
I20260713 09:08:46.214120 21860 raft_consensus.cc:2272] T 6a1a0024ba4341dbb9abd76594c3326e P 4a82f020a8364da69934e6ade845a519 [term 3 FOLLOWER]: Raft consensus is shut down!
I20260713 09:08:46.216110 21860 tablet_replica.cc:333] T e03a34bcb69b4570b0d093fd181ecaab P 4a82f020a8364da69934e6ade845a519: stopping tablet replica
I20260713 09:08:46.216536 21860 raft_consensus.cc:2243] T e03a34bcb69b4570b0d093fd181ecaab P 4a82f020a8364da69934e6ade845a519 [term 1 FOLLOWER]: Raft consensus shutting down.
I20260713 09:08:46.216856 21860 raft_consensus.cc:2272] T e03a34bcb69b4570b0d093fd181ecaab P 4a82f020a8364da69934e6ade845a519 [term 1 FOLLOWER]: Raft consensus is shut down!
I20260713 09:08:46.218430 21860 tablet_replica.cc:333] T 28e4b75f91d148f6b95e41cabc36df01 P 4a82f020a8364da69934e6ade845a519: stopping tablet replica
I20260713 09:08:46.218814 21860 raft_consensus.cc:2243] T 28e4b75f91d148f6b95e41cabc36df01 P 4a82f020a8364da69934e6ade845a519 [term 3 LEADER]: Raft consensus shutting down.
I20260713 09:08:46.219419 21860 raft_consensus.cc:2272] T 28e4b75f91d148f6b95e41cabc36df01 P 4a82f020a8364da69934e6ade845a519 [term 3 FOLLOWER]: Raft consensus is shut down!
I20260713 09:08:46.221216 21860 tablet_replica.cc:333] T 3bc1f9aebd934b3eac807fb78a765add P 4a82f020a8364da69934e6ade845a519: stopping tablet replica
I20260713 09:08:46.221601 21860 raft_consensus.cc:2243] T 3bc1f9aebd934b3eac807fb78a765add P 4a82f020a8364da69934e6ade845a519 [term 4 FOLLOWER]: Raft consensus shutting down.
I20260713 09:08:46.221954 21860 raft_consensus.cc:2272] T 3bc1f9aebd934b3eac807fb78a765add P 4a82f020a8364da69934e6ade845a519 [term 4 FOLLOWER]: Raft consensus is shut down!
I20260713 09:08:46.240500 21860 tablet_server.cc:196] TabletServer@127.21.89.3:0 shutdown complete.
I20260713 09:08:46.257822 21860 master.cc:562] Master@127.21.89.62:43851 shutting down...
I20260713 09:08:46.276747 21860 raft_consensus.cc:2243] T 00000000000000000000000000000000 P eb7ab3819ce443a48687ab770c499fc6 [term 1 LEADER]: Raft consensus shutting down.
I20260713 09:08:46.277271 21860 raft_consensus.cc:2272] T 00000000000000000000000000000000 P eb7ab3819ce443a48687ab770c499fc6 [term 1 FOLLOWER]: Raft consensus is shut down!
I20260713 09:08:46.277606 21860 tablet_replica.cc:333] T 00000000000000000000000000000000 P eb7ab3819ce443a48687ab770c499fc6: stopping tablet replica
I20260713 09:08:46.297194 21860 master.cc:584] Master@127.21.89.62:43851 shutdown complete.
4a82f020a8364da69934e6ade845a519  1
625533efad63465e9e1d03c4e3f14eb8  4
a15a5e6c243a4d2680f40f57b1addef3  5
[       OK ] LeaderRebalancerTest.FunctionalTestForNotDivided (10357 ms)
[ RUN      ] LeaderRebalancerTest.AddTserver
I20260713 09:08:46.335582 21860 internal_mini_cluster.cc:156] Creating distributed mini masters. Addrs: 127.21.89.62:33787
I20260713 09:08:46.336777 21860 file_cache.cc:504] Constructed file cache file cache with capacity 419430
W20260713 09:08:46.342458 22833 instance_detector.cc:116] could not retrieve Azure instance metadata: Network error: curl error: HTTP response code said error: The requested URL returned error: 404
W20260713 09:08:46.342517 22832 instance_detector.cc:116] could not retrieve AWS instance metadata: Network error: curl error: HTTP response code said error: The requested URL returned error: 404
W20260713 09:08:46.343269 22835 instance_detector.cc:116] could not retrieve OpenStack instance metadata: Network error: curl error: HTTP response code said error: The requested URL returned error: 404
I20260713 09:08:46.344457 21860 server_base.cc:1061] running on GCE node
I20260713 09:08:46.345350 21860 hybrid_clock.cc:584] initializing the hybrid clock with 'system_unsync' time source
W20260713 09:08:46.345542 21860 system_unsync_time.cc:38] NTP support is disabled. Clock error bounds will not be accurate. This configuration is not suitable for distributed clusters.
I20260713 09:08:46.345709 21860 hybrid_clock.cc:648] HybridClock initialized: now 1783933726345677 us; error 0 us; skew 500 ppm
I20260713 09:08:46.346323 21860 server_base.cc:861] Flag tcmalloc_max_total_thread_cache_bytes is not working since tcmalloc is not enabled.
I20260713 09:08:46.348656 21860 webserver.cc:533] Webserver started at http://127.21.89.62:43091/ using document root <none> and password file <none>
I20260713 09:08:46.349133 21860 fs_manager.cc:362] Metadata directory not provided
I20260713 09:08:46.349318 21860 fs_manager.cc:368] Using write-ahead log directory (fs_wal_dir) as metadata directory
I20260713 09:08:46.349596 21860 server_base.cc:909] This appears to be a new deployment of Kudu; creating new FS layout
I20260713 09:08:46.350728 21860 fs_manager.cc:1068] Generated new instance metadata in path /tmp/dist-test-taskzdXcv9/test-tmp/auto_leader_rebalancer-test.0.LeaderRebalancerTest.AddTserver.1783933703661785-21860-0/minicluster-data/master-0-root/instance:
uuid: "1a2d59688ea84595ac9375dd85af2b70"
format_stamp: "Formatted at 2026-07-13 09:08:46 on dist-test-slave-8bh7"
I20260713 09:08:46.354905 21860 fs_manager.cc:696] Time spent creating directory manager: real 0.004s	user 0.003s	sys 0.001s
I20260713 09:08:46.358122 22840 log_block_manager.cc:4127] Time spent loading block containers with low live blocks: real 0.000s	user 0.000s	sys 0.000s
I20260713 09:08:46.359107 21860 fs_manager.cc:730] Time spent opening block manager: real 0.002s	user 0.002s	sys 0.001s
I20260713 09:08:46.359392 21860 fs_manager.cc:647] Opened local filesystem: /tmp/dist-test-taskzdXcv9/test-tmp/auto_leader_rebalancer-test.0.LeaderRebalancerTest.AddTserver.1783933703661785-21860-0/minicluster-data/master-0-root
uuid: "1a2d59688ea84595ac9375dd85af2b70"
format_stamp: "Formatted at 2026-07-13 09:08:46 on dist-test-slave-8bh7"
I20260713 09:08:46.359716 21860 fs_report.cc:389] FS layout report
--------------------
wal directory: /tmp/dist-test-taskzdXcv9/test-tmp/auto_leader_rebalancer-test.0.LeaderRebalancerTest.AddTserver.1783933703661785-21860-0/minicluster-data/master-0-root
metadata directory: /tmp/dist-test-taskzdXcv9/test-tmp/auto_leader_rebalancer-test.0.LeaderRebalancerTest.AddTserver.1783933703661785-21860-0/minicluster-data/master-0-root
1 data directories: /tmp/dist-test-taskzdXcv9/test-tmp/auto_leader_rebalancer-test.0.LeaderRebalancerTest.AddTserver.1783933703661785-21860-0/minicluster-data/master-0-root/data
Total live blocks: 0
Total live bytes: 0
Total live bytes (after alignment): 0
Total number of LBM containers: 0 (0 full)
Did not check for missing blocks
Did not check for orphaned blocks
Total full LBM containers with extra space: 0 (0 repaired)
Total full LBM container extra space in bytes: 0 (0 repaired)
Total incomplete LBM containers: 0 (0 repaired)
Total LBM partial records: 0 (0 repaired)
Total corrupted LBM metadata records in RocksDB: 0 (0 repaired)
I20260713 09:08:46.385977 21860 rpc_server.cc:225] running with OpenSSL 1.1.1  11 Sep 2018
I20260713 09:08:46.387225 21860 kserver.cc:163] Server-wide thread pool size limit: 3276
I20260713 09:08:46.423620 21860 rpc_server.cc:307] RPC server started. Bound to: 127.21.89.62:33787
I20260713 09:08:46.423748 22891 acceptor_pool.cc:272] collecting diagnostics on the listening RPC socket 127.21.89.62:33787 every 8 connection(s)
I20260713 09:08:46.427362 22892 data_dirs.cc:400] Could only allocate 1 dirs of requested 3 for tablet 00000000000000000000000000000000. 1 dirs total, 0 dirs full, 0 dirs failed
I20260713 09:08:46.436825 22892 tablet_bootstrap.cc:492] T 00000000000000000000000000000000 P 1a2d59688ea84595ac9375dd85af2b70: Bootstrap starting.
I20260713 09:08:46.441354 22892 tablet_bootstrap.cc:654] T 00000000000000000000000000000000 P 1a2d59688ea84595ac9375dd85af2b70: Neither blocks nor log segments found. Creating new log.
I20260713 09:08:46.445417 22892 tablet_bootstrap.cc:492] T 00000000000000000000000000000000 P 1a2d59688ea84595ac9375dd85af2b70: No bootstrap required, opened a new log
I20260713 09:08:46.447530 22892 raft_consensus.cc:359] T 00000000000000000000000000000000 P 1a2d59688ea84595ac9375dd85af2b70 [term 0 FOLLOWER]: Replica starting. Triggering 0 pending ops. Active config: opid_index: -1 OBSOLETE_local: true peers { permanent_uuid: "1a2d59688ea84595ac9375dd85af2b70" member_type: VOTER }
I20260713 09:08:46.447880 22892 raft_consensus.cc:385] T 00000000000000000000000000000000 P 1a2d59688ea84595ac9375dd85af2b70 [term 0 FOLLOWER]: Consensus starting up: Expiring failure detector timer to make a prompt election more likely
I20260713 09:08:46.448127 22892 raft_consensus.cc:740] T 00000000000000000000000000000000 P 1a2d59688ea84595ac9375dd85af2b70 [term 0 FOLLOWER]: Becoming Follower/Learner. State: Replica: 1a2d59688ea84595ac9375dd85af2b70, State: Initialized, Role: FOLLOWER
I20260713 09:08:46.448765 22892 consensus_queue.cc:260] T 00000000000000000000000000000000 P 1a2d59688ea84595ac9375dd85af2b70 [NON_LEADER]: Queue going to NON_LEADER mode. State: All replicated index: 0, Majority replicated index: 0, Committed index: 0, Last appended: 0.0, Last appended by leader: 0, Current term: 0, Majority size: -1, State: 0, Mode: NON_LEADER, active raft config: opid_index: -1 OBSOLETE_local: true peers { permanent_uuid: "1a2d59688ea84595ac9375dd85af2b70" member_type: VOTER }
I20260713 09:08:46.449205 22892 raft_consensus.cc:399] T 00000000000000000000000000000000 P 1a2d59688ea84595ac9375dd85af2b70 [term 0 FOLLOWER]: Only one voter in the Raft config. Triggering election immediately
I20260713 09:08:46.449416 22892 raft_consensus.cc:493] T 00000000000000000000000000000000 P 1a2d59688ea84595ac9375dd85af2b70 [term 0 FOLLOWER]: Starting leader election (initial election of a single-replica configuration)
I20260713 09:08:46.449714 22892 raft_consensus.cc:3060] T 00000000000000000000000000000000 P 1a2d59688ea84595ac9375dd85af2b70 [term 0 FOLLOWER]: Advancing to term 1
I20260713 09:08:46.453692 22892 raft_consensus.cc:515] T 00000000000000000000000000000000 P 1a2d59688ea84595ac9375dd85af2b70 [term 1 FOLLOWER]: Starting leader election with config: opid_index: -1 OBSOLETE_local: true peers { permanent_uuid: "1a2d59688ea84595ac9375dd85af2b70" member_type: VOTER }
I20260713 09:08:46.454195 22892 leader_election.cc:304] T 00000000000000000000000000000000 P 1a2d59688ea84595ac9375dd85af2b70 [CANDIDATE]: Term 1 election: Election decided. Result: candidate won. Election summary: received 1 responses out of 1 voters: 1 yes votes; 0 no votes. yes voters: 1a2d59688ea84595ac9375dd85af2b70; no voters: 
I20260713 09:08:46.455353 22892 leader_election.cc:290] T 00000000000000000000000000000000 P 1a2d59688ea84595ac9375dd85af2b70 [CANDIDATE]: Term 1 election: Requested vote from peers 
I20260713 09:08:46.455811 22895 raft_consensus.cc:2804] T 00000000000000000000000000000000 P 1a2d59688ea84595ac9375dd85af2b70 [term 1 FOLLOWER]: Leader election won for term 1
I20260713 09:08:46.457098 22895 raft_consensus.cc:697] T 00000000000000000000000000000000 P 1a2d59688ea84595ac9375dd85af2b70 [term 1 LEADER]: Becoming Leader. State: Replica: 1a2d59688ea84595ac9375dd85af2b70, State: Running, Role: LEADER
I20260713 09:08:46.457695 22895 consensus_queue.cc:237] T 00000000000000000000000000000000 P 1a2d59688ea84595ac9375dd85af2b70 [LEADER]: Queue going to LEADER mode. State: All replicated index: 0, Majority replicated index: 0, Committed index: 0, Last appended: 0.0, Last appended by leader: 0, Current term: 1, Majority size: 1, State: 0, Mode: LEADER, active raft config: opid_index: -1 OBSOLETE_local: true peers { permanent_uuid: "1a2d59688ea84595ac9375dd85af2b70" member_type: VOTER }
I20260713 09:08:46.458379 22892 sys_catalog.cc:565] T 00000000000000000000000000000000 P 1a2d59688ea84595ac9375dd85af2b70 [sys.catalog]: configured and running, proceeding with master startup.
I20260713 09:08:46.462339 22897 sys_catalog.cc:455] T 00000000000000000000000000000000 P 1a2d59688ea84595ac9375dd85af2b70 [sys.catalog]: SysCatalogTable state changed. Reason: New leader 1a2d59688ea84595ac9375dd85af2b70. Latest consensus state: current_term: 1 leader_uuid: "1a2d59688ea84595ac9375dd85af2b70" committed_config { opid_index: -1 OBSOLETE_local: true peers { permanent_uuid: "1a2d59688ea84595ac9375dd85af2b70" member_type: VOTER } }
I20260713 09:08:46.462431 22896 sys_catalog.cc:455] T 00000000000000000000000000000000 P 1a2d59688ea84595ac9375dd85af2b70 [sys.catalog]: SysCatalogTable state changed. Reason: RaftConsensus started. Latest consensus state: current_term: 1 leader_uuid: "1a2d59688ea84595ac9375dd85af2b70" committed_config { opid_index: -1 OBSOLETE_local: true peers { permanent_uuid: "1a2d59688ea84595ac9375dd85af2b70" member_type: VOTER } }
I20260713 09:08:46.463135 22897 sys_catalog.cc:458] T 00000000000000000000000000000000 P 1a2d59688ea84595ac9375dd85af2b70 [sys.catalog]: This master's current role is: LEADER
I20260713 09:08:46.463230 22896 sys_catalog.cc:458] T 00000000000000000000000000000000 P 1a2d59688ea84595ac9375dd85af2b70 [sys.catalog]: This master's current role is: LEADER
I20260713 09:08:46.468397 22901 catalog_manager.cc:1511] Loading table and tablet metadata into memory...
I20260713 09:08:46.474802 22901 catalog_manager.cc:1520] Initializing Kudu cluster ID...
I20260713 09:08:46.475755 21860 internal_mini_cluster.cc:184] Waiting to initialize catalog manager on master 0
I20260713 09:08:46.483186 22901 catalog_manager.cc:1383] Generated new cluster ID: 7faf36df75e5483c8e9edb5e28f76ac1
I20260713 09:08:46.483418 22901 catalog_manager.cc:1531] Initializing Kudu internal certificate authority...
I20260713 09:08:46.503594 22901 catalog_manager.cc:1406] Generated new certificate authority record
I20260713 09:08:46.504825 22901 catalog_manager.cc:1540] Loading token signing keys...
I20260713 09:08:46.516525 22901 catalog_manager.cc:6070] T 00000000000000000000000000000000 P 1a2d59688ea84595ac9375dd85af2b70: Generated new TSK 0
I20260713 09:08:46.517077 22901 catalog_manager.cc:1550] Initializing in-progress tserver states...
I20260713 09:08:46.541821 21860 file_cache.cc:504] Constructed file cache file cache with capacity 419430
W20260713 09:08:46.547538 22913 instance_detector.cc:116] could not retrieve AWS instance metadata: Network error: curl error: HTTP response code said error: The requested URL returned error: 404
W20260713 09:08:46.548842 22914 instance_detector.cc:116] could not retrieve Azure instance metadata: Network error: curl error: HTTP response code said error: The requested URL returned error: 404
I20260713 09:08:46.551371 21860 server_base.cc:1061] running on GCE node
W20260713 09:08:46.551337 22916 instance_detector.cc:116] could not retrieve OpenStack instance metadata: Network error: curl error: HTTP response code said error: The requested URL returned error: 404
I20260713 09:08:46.552335 21860 hybrid_clock.cc:584] initializing the hybrid clock with 'system_unsync' time source
W20260713 09:08:46.552543 21860 system_unsync_time.cc:38] NTP support is disabled. Clock error bounds will not be accurate. This configuration is not suitable for distributed clusters.
I20260713 09:08:46.552718 21860 hybrid_clock.cc:648] HybridClock initialized: now 1783933726552683 us; error 0 us; skew 500 ppm
I20260713 09:08:46.553256 21860 server_base.cc:861] Flag tcmalloc_max_total_thread_cache_bytes is not working since tcmalloc is not enabled.
I20260713 09:08:46.555677 21860 webserver.cc:533] Webserver started at http://127.21.89.1:35535/ using document root <none> and password file <none>
I20260713 09:08:46.556154 21860 fs_manager.cc:362] Metadata directory not provided
I20260713 09:08:46.556308 21860 fs_manager.cc:368] Using write-ahead log directory (fs_wal_dir) as metadata directory
I20260713 09:08:46.556624 21860 server_base.cc:909] This appears to be a new deployment of Kudu; creating new FS layout
I20260713 09:08:46.557652 21860 fs_manager.cc:1068] Generated new instance metadata in path /tmp/dist-test-taskzdXcv9/test-tmp/auto_leader_rebalancer-test.0.LeaderRebalancerTest.AddTserver.1783933703661785-21860-0/minicluster-data/ts-0-root/instance:
uuid: "2ce0f1477768418d80206bdad182741a"
format_stamp: "Formatted at 2026-07-13 09:08:46 on dist-test-slave-8bh7"
I20260713 09:08:46.562518 21860 fs_manager.cc:696] Time spent creating directory manager: real 0.004s	user 0.004s	sys 0.003s
I20260713 09:08:46.565833 22921 log_block_manager.cc:4127] Time spent loading block containers with low live blocks: real 0.000s	user 0.000s	sys 0.000s
I20260713 09:08:46.566653 21860 fs_manager.cc:730] Time spent opening block manager: real 0.002s	user 0.000s	sys 0.003s
I20260713 09:08:46.566972 21860 fs_manager.cc:647] Opened local filesystem: /tmp/dist-test-taskzdXcv9/test-tmp/auto_leader_rebalancer-test.0.LeaderRebalancerTest.AddTserver.1783933703661785-21860-0/minicluster-data/ts-0-root
uuid: "2ce0f1477768418d80206bdad182741a"
format_stamp: "Formatted at 2026-07-13 09:08:46 on dist-test-slave-8bh7"
I20260713 09:08:46.567260 21860 fs_report.cc:389] FS layout report
--------------------
wal directory: /tmp/dist-test-taskzdXcv9/test-tmp/auto_leader_rebalancer-test.0.LeaderRebalancerTest.AddTserver.1783933703661785-21860-0/minicluster-data/ts-0-root
metadata directory: /tmp/dist-test-taskzdXcv9/test-tmp/auto_leader_rebalancer-test.0.LeaderRebalancerTest.AddTserver.1783933703661785-21860-0/minicluster-data/ts-0-root
1 data directories: /tmp/dist-test-taskzdXcv9/test-tmp/auto_leader_rebalancer-test.0.LeaderRebalancerTest.AddTserver.1783933703661785-21860-0/minicluster-data/ts-0-root/data
Total live blocks: 0
Total live bytes: 0
Total live bytes (after alignment): 0
Total number of LBM containers: 0 (0 full)
Did not check for missing blocks
Did not check for orphaned blocks
Total full LBM containers with extra space: 0 (0 repaired)
Total full LBM container extra space in bytes: 0 (0 repaired)
Total incomplete LBM containers: 0 (0 repaired)
Total LBM partial records: 0 (0 repaired)
Total corrupted LBM metadata records in RocksDB: 0 (0 repaired)
I20260713 09:08:46.579123 21860 rpc_server.cc:225] running with OpenSSL 1.1.1  11 Sep 2018
I20260713 09:08:46.580318 21860 kserver.cc:163] Server-wide thread pool size limit: 3276
I20260713 09:08:46.581751 21860 txn_system_client.cc:432] TxnSystemClient initialization is disabled...
I20260713 09:08:46.583997 21860 ts_tablet_manager.cc:585] Loaded tablet metadata (0 total tablets, 0 live tablets)
I20260713 09:08:46.584208 21860 ts_tablet_manager.cc:531] Time spent load tablet metadata: real 0.000s	user 0.000s	sys 0.000s
I20260713 09:08:46.584451 21860 ts_tablet_manager.cc:616] Registered 0 tablets
I20260713 09:08:46.584645 21860 ts_tablet_manager.cc:595] Time spent register tablets: real 0.000s	user 0.000s	sys 0.000s
I20260713 09:08:46.623907 21860 rpc_server.cc:307] RPC server started. Bound to: 127.21.89.1:33071
I20260713 09:08:46.624004 22983 acceptor_pool.cc:272] collecting diagnostics on the listening RPC socket 127.21.89.1:33071 every 8 connection(s)
I20260713 09:08:46.628811 21860 file_cache.cc:504] Constructed file cache file cache with capacity 419430
W20260713 09:08:46.636333 22988 instance_detector.cc:116] could not retrieve AWS instance metadata: Network error: curl error: HTTP response code said error: The requested URL returned error: 404
W20260713 09:08:46.637053 22989 instance_detector.cc:116] could not retrieve Azure instance metadata: Network error: curl error: HTTP response code said error: The requested URL returned error: 404
W20260713 09:08:46.640441 22991 instance_detector.cc:116] could not retrieve OpenStack instance metadata: Network error: curl error: HTTP response code said error: The requested URL returned error: 404
I20260713 09:08:46.641063 21860 server_base.cc:1061] running on GCE node
I20260713 09:08:46.642154 21860 hybrid_clock.cc:584] initializing the hybrid clock with 'system_unsync' time source
W20260713 09:08:46.642444 21860 system_unsync_time.cc:38] NTP support is disabled. Clock error bounds will not be accurate. This configuration is not suitable for distributed clusters.
I20260713 09:08:46.642649 21860 hybrid_clock.cc:648] HybridClock initialized: now 1783933726642613 us; error 0 us; skew 500 ppm
I20260713 09:08:46.643323 21860 server_base.cc:861] Flag tcmalloc_max_total_thread_cache_bytes is not working since tcmalloc is not enabled.
I20260713 09:08:46.644863 22984 heartbeater.cc:344] Connected to a master server at 127.21.89.62:33787
I20260713 09:08:46.645205 22984 heartbeater.cc:461] Registering TS with master...
I20260713 09:08:46.645962 21860 webserver.cc:533] Webserver started at http://127.21.89.2:42807/ using document root <none> and password file <none>
I20260713 09:08:46.646010 22984 heartbeater.cc:507] Master 127.21.89.62:33787 requested a full tablet report, sending...
I20260713 09:08:46.646579 21860 fs_manager.cc:362] Metadata directory not provided
I20260713 09:08:46.646790 21860 fs_manager.cc:368] Using write-ahead log directory (fs_wal_dir) as metadata directory
I20260713 09:08:46.647059 21860 server_base.cc:909] This appears to be a new deployment of Kudu; creating new FS layout
I20260713 09:08:46.648204 21860 fs_manager.cc:1068] Generated new instance metadata in path /tmp/dist-test-taskzdXcv9/test-tmp/auto_leader_rebalancer-test.0.LeaderRebalancerTest.AddTserver.1783933703661785-21860-0/minicluster-data/ts-1-root/instance:
uuid: "31380a3fe99e4c58b61ac5cdba98828f"
format_stamp: "Formatted at 2026-07-13 09:08:46 on dist-test-slave-8bh7"
I20260713 09:08:46.648252 22857 ts_manager.cc:194] Registered new tserver with Master: 2ce0f1477768418d80206bdad182741a (127.21.89.1:33071)
I20260713 09:08:46.649960 22857 master_service.cc:502] Signed X509 certificate for tserver {username='slave'} at 127.0.0.1:36454
I20260713 09:08:46.652772 21860 fs_manager.cc:696] Time spent creating directory manager: real 0.004s	user 0.006s	sys 0.000s
I20260713 09:08:46.655918 22996 log_block_manager.cc:4127] Time spent loading block containers with low live blocks: real 0.000s	user 0.000s	sys 0.000s
I20260713 09:08:46.656667 21860 fs_manager.cc:730] Time spent opening block manager: real 0.002s	user 0.001s	sys 0.000s
I20260713 09:08:46.656966 21860 fs_manager.cc:647] Opened local filesystem: /tmp/dist-test-taskzdXcv9/test-tmp/auto_leader_rebalancer-test.0.LeaderRebalancerTest.AddTserver.1783933703661785-21860-0/minicluster-data/ts-1-root
uuid: "31380a3fe99e4c58b61ac5cdba98828f"
format_stamp: "Formatted at 2026-07-13 09:08:46 on dist-test-slave-8bh7"
I20260713 09:08:46.657204 21860 fs_report.cc:389] FS layout report
--------------------
wal directory: /tmp/dist-test-taskzdXcv9/test-tmp/auto_leader_rebalancer-test.0.LeaderRebalancerTest.AddTserver.1783933703661785-21860-0/minicluster-data/ts-1-root
metadata directory: /tmp/dist-test-taskzdXcv9/test-tmp/auto_leader_rebalancer-test.0.LeaderRebalancerTest.AddTserver.1783933703661785-21860-0/minicluster-data/ts-1-root
1 data directories: /tmp/dist-test-taskzdXcv9/test-tmp/auto_leader_rebalancer-test.0.LeaderRebalancerTest.AddTserver.1783933703661785-21860-0/minicluster-data/ts-1-root/data
Total live blocks: 0
Total live bytes: 0
Total live bytes (after alignment): 0
Total number of LBM containers: 0 (0 full)
Did not check for missing blocks
Did not check for orphaned blocks
Total full LBM containers with extra space: 0 (0 repaired)
Total full LBM container extra space in bytes: 0 (0 repaired)
Total incomplete LBM containers: 0 (0 repaired)
Total LBM partial records: 0 (0 repaired)
Total corrupted LBM metadata records in RocksDB: 0 (0 repaired)
I20260713 09:08:46.671492 21860 rpc_server.cc:225] running with OpenSSL 1.1.1  11 Sep 2018
I20260713 09:08:46.672619 21860 kserver.cc:163] Server-wide thread pool size limit: 3276
I20260713 09:08:46.673998 21860 txn_system_client.cc:432] TxnSystemClient initialization is disabled...
I20260713 09:08:46.676123 21860 ts_tablet_manager.cc:585] Loaded tablet metadata (0 total tablets, 0 live tablets)
I20260713 09:08:46.676316 21860 ts_tablet_manager.cc:531] Time spent load tablet metadata: real 0.000s	user 0.000s	sys 0.000s
I20260713 09:08:46.676584 21860 ts_tablet_manager.cc:616] Registered 0 tablets
I20260713 09:08:46.676739 21860 ts_tablet_manager.cc:595] Time spent register tablets: real 0.000s	user 0.000s	sys 0.000s
I20260713 09:08:46.714186 21860 rpc_server.cc:307] RPC server started. Bound to: 127.21.89.2:46799
I20260713 09:08:46.714359 23058 acceptor_pool.cc:272] collecting diagnostics on the listening RPC socket 127.21.89.2:46799 every 8 connection(s)
I20260713 09:08:46.718679 21860 file_cache.cc:504] Constructed file cache file cache with capacity 419430
W20260713 09:08:46.725627 23062 instance_detector.cc:116] could not retrieve AWS instance metadata: Network error: curl error: HTTP response code said error: The requested URL returned error: 404
W20260713 09:08:46.727386 23063 instance_detector.cc:116] could not retrieve Azure instance metadata: Network error: curl error: HTTP response code said error: The requested URL returned error: 404
W20260713 09:08:46.729744 23065 instance_detector.cc:116] could not retrieve OpenStack instance metadata: Network error: curl error: HTTP response code said error: The requested URL returned error: 404
I20260713 09:08:46.729916 21860 server_base.cc:1061] running on GCE node
I20260713 09:08:46.730547 23059 heartbeater.cc:344] Connected to a master server at 127.21.89.62:33787
I20260713 09:08:46.730890 23059 heartbeater.cc:461] Registering TS with master...
I20260713 09:08:46.730976 21860 hybrid_clock.cc:584] initializing the hybrid clock with 'system_unsync' time source
W20260713 09:08:46.731276 21860 system_unsync_time.cc:38] NTP support is disabled. Clock error bounds will not be accurate. This configuration is not suitable for distributed clusters.
I20260713 09:08:46.731460 21860 hybrid_clock.cc:648] HybridClock initialized: now 1783933726731445 us; error 0 us; skew 500 ppm
I20260713 09:08:46.731487 23059 heartbeater.cc:507] Master 127.21.89.62:33787 requested a full tablet report, sending...
I20260713 09:08:46.732103 21860 server_base.cc:861] Flag tcmalloc_max_total_thread_cache_bytes is not working since tcmalloc is not enabled.
I20260713 09:08:46.733675 22857 ts_manager.cc:194] Registered new tserver with Master: 31380a3fe99e4c58b61ac5cdba98828f (127.21.89.2:46799)
I20260713 09:08:46.734894 21860 webserver.cc:533] Webserver started at http://127.21.89.3:40881/ using document root <none> and password file <none>
I20260713 09:08:46.735499 21860 fs_manager.cc:362] Metadata directory not provided
I20260713 09:08:46.735430 22857 master_service.cc:502] Signed X509 certificate for tserver {username='slave'} at 127.0.0.1:36462
I20260713 09:08:46.735841 21860 fs_manager.cc:368] Using write-ahead log directory (fs_wal_dir) as metadata directory
I20260713 09:08:46.736162 21860 server_base.cc:909] This appears to be a new deployment of Kudu; creating new FS layout
I20260713 09:08:46.737440 21860 fs_manager.cc:1068] Generated new instance metadata in path /tmp/dist-test-taskzdXcv9/test-tmp/auto_leader_rebalancer-test.0.LeaderRebalancerTest.AddTserver.1783933703661785-21860-0/minicluster-data/ts-2-root/instance:
uuid: "0489f29d207341cfa2a0d4a813f09bbd"
format_stamp: "Formatted at 2026-07-13 09:08:46 on dist-test-slave-8bh7"
I20260713 09:08:46.741763 21860 fs_manager.cc:696] Time spent creating directory manager: real 0.004s	user 0.001s	sys 0.005s
I20260713 09:08:46.744895 23070 log_block_manager.cc:4127] Time spent loading block containers with low live blocks: real 0.000s	user 0.000s	sys 0.000s
I20260713 09:08:46.745654 21860 fs_manager.cc:730] Time spent opening block manager: real 0.002s	user 0.002s	sys 0.000s
I20260713 09:08:46.745939 21860 fs_manager.cc:647] Opened local filesystem: /tmp/dist-test-taskzdXcv9/test-tmp/auto_leader_rebalancer-test.0.LeaderRebalancerTest.AddTserver.1783933703661785-21860-0/minicluster-data/ts-2-root
uuid: "0489f29d207341cfa2a0d4a813f09bbd"
format_stamp: "Formatted at 2026-07-13 09:08:46 on dist-test-slave-8bh7"
I20260713 09:08:46.746212 21860 fs_report.cc:389] FS layout report
--------------------
wal directory: /tmp/dist-test-taskzdXcv9/test-tmp/auto_leader_rebalancer-test.0.LeaderRebalancerTest.AddTserver.1783933703661785-21860-0/minicluster-data/ts-2-root
metadata directory: /tmp/dist-test-taskzdXcv9/test-tmp/auto_leader_rebalancer-test.0.LeaderRebalancerTest.AddTserver.1783933703661785-21860-0/minicluster-data/ts-2-root
1 data directories: /tmp/dist-test-taskzdXcv9/test-tmp/auto_leader_rebalancer-test.0.LeaderRebalancerTest.AddTserver.1783933703661785-21860-0/minicluster-data/ts-2-root/data
Total live blocks: 0
Total live bytes: 0
Total live bytes (after alignment): 0
Total number of LBM containers: 0 (0 full)
Did not check for missing blocks
Did not check for orphaned blocks
Total full LBM containers with extra space: 0 (0 repaired)
Total full LBM container extra space in bytes: 0 (0 repaired)
Total incomplete LBM containers: 0 (0 repaired)
Total LBM partial records: 0 (0 repaired)
Total corrupted LBM metadata records in RocksDB: 0 (0 repaired)
I20260713 09:08:46.779796 21860 rpc_server.cc:225] running with OpenSSL 1.1.1  11 Sep 2018
I20260713 09:08:46.780939 21860 kserver.cc:163] Server-wide thread pool size limit: 3276
I20260713 09:08:46.782436 21860 txn_system_client.cc:432] TxnSystemClient initialization is disabled...
I20260713 09:08:46.785271 21860 ts_tablet_manager.cc:585] Loaded tablet metadata (0 total tablets, 0 live tablets)
I20260713 09:08:46.785493 21860 ts_tablet_manager.cc:531] Time spent load tablet metadata: real 0.000s	user 0.000s	sys 0.000s
I20260713 09:08:46.785772 21860 ts_tablet_manager.cc:616] Registered 0 tablets
I20260713 09:08:46.785941 21860 ts_tablet_manager.cc:595] Time spent register tablets: real 0.000s	user 0.000s	sys 0.000s
I20260713 09:08:46.824837 21860 rpc_server.cc:307] RPC server started. Bound to: 127.21.89.3:34211
I20260713 09:08:46.824958 23132 acceptor_pool.cc:272] collecting diagnostics on the listening RPC socket 127.21.89.3:34211 every 8 connection(s)
I20260713 09:08:46.838140 23133 heartbeater.cc:344] Connected to a master server at 127.21.89.62:33787
I20260713 09:08:46.838528 23133 heartbeater.cc:461] Registering TS with master...
I20260713 09:08:46.839184 23133 heartbeater.cc:507] Master 127.21.89.62:33787 requested a full tablet report, sending...
I20260713 09:08:46.840960 22857 ts_manager.cc:194] Registered new tserver with Master: 0489f29d207341cfa2a0d4a813f09bbd (127.21.89.3:34211)
I20260713 09:08:46.841173 21860 internal_mini_cluster.cc:371] 3 TS(s) registered with all masters after 0.013265072s
I20260713 09:08:46.842321 22857 master_service.cc:502] Signed X509 certificate for tserver {username='slave'} at 127.0.0.1:36476
I20260713 09:08:46.866014 22857 catalog_manager.cc:2283] Servicing CreateTable request from {username='slave'} at 127.0.0.1:36480:
name: "test-workload"
schema {
  columns {
    name: "key"
    type: INT32
    is_key: true
    is_nullable: false
    encoding: AUTO_ENCODING
    compression: DEFAULT_COMPRESSION
    cfile_block_size: 0
    immutable: false
  }
  columns {
    name: "int_val"
    type: INT32
    is_key: false
    is_nullable: false
    encoding: AUTO_ENCODING
    compression: DEFAULT_COMPRESSION
    cfile_block_size: 0
    immutable: false
  }
  columns {
    name: "string_val"
    type: STRING
    is_key: false
    is_nullable: true
    encoding: AUTO_ENCODING
    compression: DEFAULT_COMPRESSION
    cfile_block_size: 0
    immutable: false
  }
}
num_replicas: 3
split_rows_range_bounds {
  rows: "\004\001\000UUU\005\004\001\000\252\252\252\n\004\001\000\377\377\377\017\004\001\000TUU\025\004\001\000\251\252\252\032\004\001\000\376\377\377\037\004\001\000SUU%\004\001\000\250\252\252*\004\001\000\375\377\377/\004\001\000RUU5\004\001\000\247\252\252:\004\001\000\374\377\377?\004\001\000QUUE\004\001\000\246\252\252J\004\001\000\373\377\377O\004\001\000PUUU\004\001\000\245\252\252Z\004\001\000\372\377\377_\004\001\000OUUe\004\001\000\244\252\252j\004\001\000\371\377\377o\004\001\000NUUu\004\001\000\243\252\252z""\004\001\000UUU\005\004\001\000\252\252\252\n\004\001\000\377\377\377\017\004\001\000TUU\025\004\001\000\251\252\252\032\004\001\000\376\377\377\037\004\001\000SUU%\004\001\000\250\252\252*\004\001\000\375\377\377/\004\001\000RUU5\004\001\000\247\252\252:\004\001\000\374\377\377?\004\001\000QUUE\004\001\000\246\252\252J\004\001\000\373\377\377O\004\001\000PUUU\004\001\000\245\252\252Z\004\001\000\372\377\377_\004\001\000OUUe\004\001\000\244\252\252j\004\001\000\371\377\377o\004\001\000NUUu\004\001\000\243\252\252z"
  indirect_data: """"
}
partition_schema {
  range_schema {
    columns {
      name: "key"
    }
  }
}
W20260713 09:08:46.869854 22857 catalog_manager.cc:7077] The number of live tablet servers is not enough to re-replicate a tablet replica of the newly created table test-workload in case of a server failure: 4 tablet servers would be needed, 3 are available. Consider bringing up more tablet servers.
I20260713 09:08:46.987121 23024 tablet_service.cc:1511] Processing CreateTablet for tablet 475f8a83ed49491985d9644f615d6e11 (DEFAULT_TABLE table=test-workload [id=9ba0568822b445aa85a040a507753cb4]), partition=RANGE (key) PARTITION VALUES < 89478485
I20260713 09:08:46.987730 23023 tablet_service.cc:1511] Processing CreateTablet for tablet 2e01b88f56c64431a25dcb5ea5d581f1 (DEFAULT_TABLE table=test-workload [id=9ba0568822b445aa85a040a507753cb4]), partition=RANGE (key) PARTITION 89478485 <= VALUES < 178956970
I20260713 09:08:46.988667 23024 data_dirs.cc:400] Could only allocate 1 dirs of requested 3 for tablet 475f8a83ed49491985d9644f615d6e11. 1 dirs total, 0 dirs full, 0 dirs failed
I20260713 09:08:46.989236 23023 data_dirs.cc:400] Could only allocate 1 dirs of requested 3 for tablet 2e01b88f56c64431a25dcb5ea5d581f1. 1 dirs total, 0 dirs full, 0 dirs failed
I20260713 09:08:46.991894 23022 tablet_service.cc:1511] Processing CreateTablet for tablet e2a0282d512f4707b98ca9c3fcef479c (DEFAULT_TABLE table=test-workload [id=9ba0568822b445aa85a040a507753cb4]), partition=RANGE (key) PARTITION 178956970 <= VALUES < 268435455
I20260713 09:08:46.993238 23022 data_dirs.cc:400] Could only allocate 1 dirs of requested 3 for tablet e2a0282d512f4707b98ca9c3fcef479c. 1 dirs total, 0 dirs full, 0 dirs failed
I20260713 09:08:47.006332 23023 tablet_service.cc:1511] Processing CreateTablet for tablet 0c24fb3d8ad14eccb26350542823a4d6 (DEFAULT_TABLE table=test-workload [id=9ba0568822b445aa85a040a507753cb4]), partition=RANGE (key) PARTITION 268435455 <= VALUES < 357913940
I20260713 09:08:47.007655 23023 data_dirs.cc:400] Could only allocate 1 dirs of requested 3 for tablet 0c24fb3d8ad14eccb26350542823a4d6. 1 dirs total, 0 dirs full, 0 dirs failed
I20260713 09:08:47.009555 23098 tablet_service.cc:1511] Processing CreateTablet for tablet 475f8a83ed49491985d9644f615d6e11 (DEFAULT_TABLE table=test-workload [id=9ba0568822b445aa85a040a507753cb4]), partition=RANGE (key) PARTITION VALUES < 89478485
I20260713 09:08:47.010885 23098 data_dirs.cc:400] Could only allocate 1 dirs of requested 3 for tablet 475f8a83ed49491985d9644f615d6e11. 1 dirs total, 0 dirs full, 0 dirs failed
I20260713 09:08:47.011843 23022 tablet_service.cc:1511] Processing CreateTablet for tablet dc91bfa5d9534e0a97b3ea86fd835967 (DEFAULT_TABLE table=test-workload [id=9ba0568822b445aa85a040a507753cb4]), partition=RANGE (key) PARTITION 357913940 <= VALUES < 447392425
I20260713 09:08:47.015501 23021 tablet_service.cc:1511] Processing CreateTablet for tablet 771cfe2ae1ee45ff8797a797e15b6dc1 (DEFAULT_TABLE table=test-workload [id=9ba0568822b445aa85a040a507753cb4]), partition=RANGE (key) PARTITION 447392425 <= VALUES < 536870910
I20260713 09:08:47.016541 23022 data_dirs.cc:400] Could only allocate 1 dirs of requested 3 for tablet dc91bfa5d9534e0a97b3ea86fd835967. 1 dirs total, 0 dirs full, 0 dirs failed
I20260713 09:08:47.016350 23095 tablet_service.cc:1511] Processing CreateTablet for tablet 0c24fb3d8ad14eccb26350542823a4d6 (DEFAULT_TABLE table=test-workload [id=9ba0568822b445aa85a040a507753cb4]), partition=RANGE (key) PARTITION 268435455 <= VALUES < 357913940
I20260713 09:08:47.017130 23021 data_dirs.cc:400] Could only allocate 1 dirs of requested 3 for tablet 771cfe2ae1ee45ff8797a797e15b6dc1. 1 dirs total, 0 dirs full, 0 dirs failed
I20260713 09:08:47.015578 23148 tablet_bootstrap.cc:492] T 475f8a83ed49491985d9644f615d6e11 P 31380a3fe99e4c58b61ac5cdba98828f: Bootstrap starting.
I20260713 09:08:47.017680 23095 data_dirs.cc:400] Could only allocate 1 dirs of requested 3 for tablet 0c24fb3d8ad14eccb26350542823a4d6. 1 dirs total, 0 dirs full, 0 dirs failed
I20260713 09:08:47.019409 23094 tablet_service.cc:1511] Processing CreateTablet for tablet dc91bfa5d9534e0a97b3ea86fd835967 (DEFAULT_TABLE table=test-workload [id=9ba0568822b445aa85a040a507753cb4]), partition=RANGE (key) PARTITION 357913940 <= VALUES < 447392425
I20260713 09:08:47.020730 23094 data_dirs.cc:400] Could only allocate 1 dirs of requested 3 for tablet dc91bfa5d9534e0a97b3ea86fd835967. 1 dirs total, 0 dirs full, 0 dirs failed
I20260713 09:08:47.023218 23096 tablet_service.cc:1511] Processing CreateTablet for tablet e2a0282d512f4707b98ca9c3fcef479c (DEFAULT_TABLE table=test-workload [id=9ba0568822b445aa85a040a507753cb4]), partition=RANGE (key) PARTITION 178956970 <= VALUES < 268435455
I20260713 09:08:47.024430 23096 data_dirs.cc:400] Could only allocate 1 dirs of requested 3 for tablet e2a0282d512f4707b98ca9c3fcef479c. 1 dirs total, 0 dirs full, 0 dirs failed
I20260713 09:08:47.024945 23024 tablet_service.cc:1511] Processing CreateTablet for tablet 01ed55fa7e64473f8faf86035b439c95 (DEFAULT_TABLE table=test-workload [id=9ba0568822b445aa85a040a507753cb4]), partition=RANGE (key) PARTITION 536870910 <= VALUES < 626349395
I20260713 09:08:47.026086 23024 data_dirs.cc:400] Could only allocate 1 dirs of requested 3 for tablet 01ed55fa7e64473f8faf86035b439c95. 1 dirs total, 0 dirs full, 0 dirs failed
I20260713 09:08:47.027753 23093 tablet_service.cc:1511] Processing CreateTablet for tablet 771cfe2ae1ee45ff8797a797e15b6dc1 (DEFAULT_TABLE table=test-workload [id=9ba0568822b445aa85a040a507753cb4]), partition=RANGE (key) PARTITION 447392425 <= VALUES < 536870910
I20260713 09:08:47.029503 23093 data_dirs.cc:400] Could only allocate 1 dirs of requested 3 for tablet 771cfe2ae1ee45ff8797a797e15b6dc1. 1 dirs total, 0 dirs full, 0 dirs failed
I20260713 09:08:47.029645 23092 tablet_service.cc:1511] Processing CreateTablet for tablet 01ed55fa7e64473f8faf86035b439c95 (DEFAULT_TABLE table=test-workload [id=9ba0568822b445aa85a040a507753cb4]), partition=RANGE (key) PARTITION 536870910 <= VALUES < 626349395
I20260713 09:08:47.030444 23097 tablet_service.cc:1511] Processing CreateTablet for tablet 2e01b88f56c64431a25dcb5ea5d581f1 (DEFAULT_TABLE table=test-workload [id=9ba0568822b445aa85a040a507753cb4]), partition=RANGE (key) PARTITION 89478485 <= VALUES < 178956970
I20260713 09:08:47.031399 23092 data_dirs.cc:400] Could only allocate 1 dirs of requested 3 for tablet 01ed55fa7e64473f8faf86035b439c95. 1 dirs total, 0 dirs full, 0 dirs failed
I20260713 09:08:47.032506 23097 data_dirs.cc:400] Could only allocate 1 dirs of requested 3 for tablet 2e01b88f56c64431a25dcb5ea5d581f1. 1 dirs total, 0 dirs full, 0 dirs failed
I20260713 09:08:47.035385 23020 tablet_service.cc:1511] Processing CreateTablet for tablet 7a95b5f19c3f427fb335e7c84fe0dfb6 (DEFAULT_TABLE table=test-workload [id=9ba0568822b445aa85a040a507753cb4]), partition=RANGE (key) PARTITION 626349395 <= VALUES < 715827880
I20260713 09:08:47.036717 23020 data_dirs.cc:400] Could only allocate 1 dirs of requested 3 for tablet 7a95b5f19c3f427fb335e7c84fe0dfb6. 1 dirs total, 0 dirs full, 0 dirs failed
I20260713 09:08:47.038775 23091 tablet_service.cc:1511] Processing CreateTablet for tablet 7a95b5f19c3f427fb335e7c84fe0dfb6 (DEFAULT_TABLE table=test-workload [id=9ba0568822b445aa85a040a507753cb4]), partition=RANGE (key) PARTITION 626349395 <= VALUES < 715827880
I20260713 09:08:47.039698 23019 tablet_service.cc:1511] Processing CreateTablet for tablet 39fc92c0394646c69761dd4491836d8e (DEFAULT_TABLE table=test-workload [id=9ba0568822b445aa85a040a507753cb4]), partition=RANGE (key) PARTITION 715827880 <= VALUES < 805306365
I20260713 09:08:47.040140 23091 data_dirs.cc:400] Could only allocate 1 dirs of requested 3 for tablet 7a95b5f19c3f427fb335e7c84fe0dfb6. 1 dirs total, 0 dirs full, 0 dirs failed
I20260713 09:08:47.040946 23019 data_dirs.cc:400] Could only allocate 1 dirs of requested 3 for tablet 39fc92c0394646c69761dd4491836d8e. 1 dirs total, 0 dirs full, 0 dirs failed
I20260713 09:08:47.044098 23090 tablet_service.cc:1511] Processing CreateTablet for tablet 39fc92c0394646c69761dd4491836d8e (DEFAULT_TABLE table=test-workload [id=9ba0568822b445aa85a040a507753cb4]), partition=RANGE (key) PARTITION 715827880 <= VALUES < 805306365
I20260713 09:08:47.044867 23018 tablet_service.cc:1511] Processing CreateTablet for tablet 876639b5e2874395b44c3dd3306f3e53 (DEFAULT_TABLE table=test-workload [id=9ba0568822b445aa85a040a507753cb4]), partition=RANGE (key) PARTITION 805306365 <= VALUES < 894784850
I20260713 09:08:47.045420 23090 data_dirs.cc:400] Could only allocate 1 dirs of requested 3 for tablet 39fc92c0394646c69761dd4491836d8e. 1 dirs total, 0 dirs full, 0 dirs failed
I20260713 09:08:47.046146 23018 data_dirs.cc:400] Could only allocate 1 dirs of requested 3 for tablet 876639b5e2874395b44c3dd3306f3e53. 1 dirs total, 0 dirs full, 0 dirs failed
I20260713 09:08:47.050998 23017 tablet_service.cc:1511] Processing CreateTablet for tablet de9615a0bfec43969c0acf544b99ad20 (DEFAULT_TABLE table=test-workload [id=9ba0568822b445aa85a040a507753cb4]), partition=RANGE (key) PARTITION 894784850 <= VALUES < 984263335
I20260713 09:08:47.049863 23089 tablet_service.cc:1511] Processing CreateTablet for tablet 876639b5e2874395b44c3dd3306f3e53 (DEFAULT_TABLE table=test-workload [id=9ba0568822b445aa85a040a507753cb4]), partition=RANGE (key) PARTITION 805306365 <= VALUES < 894784850
I20260713 09:08:47.052268 23089 data_dirs.cc:400] Could only allocate 1 dirs of requested 3 for tablet 876639b5e2874395b44c3dd3306f3e53. 1 dirs total, 0 dirs full, 0 dirs failed
