I20260713 09:00:48.235129  2323 raft_consensus.cc:2804] T 0fe336a5fdd4425da6cc74eedc130b20 P 965227c72e804f9197429222716c67eb [term 2 FOLLOWER]: Leader election won for term 2
I20260713 09:00:48.235575  2323 raft_consensus.cc:697] T 0fe336a5fdd4425da6cc74eedc130b20 P 965227c72e804f9197429222716c67eb [term 2 LEADER]: Becoming Leader. State: Replica: 965227c72e804f9197429222716c67eb, State: Running, Role: LEADER
I20260713 09:00:48.235920  1555 leader_election.cc:290] T 0fe336a5fdd4425da6cc74eedc130b20 P 965227c72e804f9197429222716c67eb [CANDIDATE]: Term 2 election: Requested vote from peers 691817efc5bc42779405a9e40dacb20f (127.0.107.194:33803), a6e25031adfe4503ac9b570f7c3a71b6 (127.0.107.195:37695)
I20260713 09:00:48.236471  2323 consensus_queue.cc:237] T 0fe336a5fdd4425da6cc74eedc130b20 P 965227c72e804f9197429222716c67eb [LEADER]: Queue going to LEADER mode. State: All replicated index: 0, Majority replicated index: 1, Committed index: 1, Last appended: 1.1, Last appended by leader: 1, Current term: 2, Majority size: 2, State: 0, Mode: LEADER, active raft config: opid_index: -1 OBSOLETE_local: false peers { permanent_uuid: "965227c72e804f9197429222716c67eb" member_type: VOTER last_known_addr { host: "127.0.107.193" port: 36967 } } peers { permanent_uuid: "691817efc5bc42779405a9e40dacb20f" member_type: VOTER last_known_addr { host: "127.0.107.194" port: 33803 } } peers { permanent_uuid: "a6e25031adfe4503ac9b570f7c3a71b6" member_type: VOTER last_known_addr { host: "127.0.107.195" port: 37695 } }
I20260713 09:00:48.247973  1451 catalog_manager.cc:5697] T 76dfbe1e5d284a499e2dcfe507d59dd2 P 691817efc5bc42779405a9e40dacb20f reported cstate change: term changed from 1 to 2, leader changed from a6e25031adfe4503ac9b570f7c3a71b6 (127.0.107.195) to 691817efc5bc42779405a9e40dacb20f (127.0.107.194). New cstate: current_term: 2 leader_uuid: "691817efc5bc42779405a9e40dacb20f" committed_config { opid_index: -1 OBSOLETE_local: false peers { permanent_uuid: "965227c72e804f9197429222716c67eb" member_type: VOTER last_known_addr { host: "127.0.107.193" port: 36967 } health_report { overall_health: UNKNOWN } } peers { permanent_uuid: "691817efc5bc42779405a9e40dacb20f" member_type: VOTER last_known_addr { host: "127.0.107.194" port: 33803 } health_report { overall_health: HEALTHY } } peers { permanent_uuid: "a6e25031adfe4503ac9b570f7c3a71b6" member_type: VOTER last_known_addr { host: "127.0.107.195" port: 37695 } health_report { overall_health: UNKNOWN } } }
I20260713 09:00:48.248070  1454 catalog_manager.cc:5697] T 0fe336a5fdd4425da6cc74eedc130b20 P 965227c72e804f9197429222716c67eb reported cstate change: term changed from 1 to 2, leader changed from a6e25031adfe4503ac9b570f7c3a71b6 (127.0.107.195) to 965227c72e804f9197429222716c67eb (127.0.107.193). New cstate: current_term: 2 leader_uuid: "965227c72e804f9197429222716c67eb" committed_config { opid_index: -1 OBSOLETE_local: false peers { permanent_uuid: "965227c72e804f9197429222716c67eb" member_type: VOTER last_known_addr { host: "127.0.107.193" port: 36967 } health_report { overall_health: HEALTHY } } peers { permanent_uuid: "691817efc5bc42779405a9e40dacb20f" member_type: VOTER last_known_addr { host: "127.0.107.194" port: 33803 } health_report { overall_health: UNKNOWN } } peers { permanent_uuid: "a6e25031adfe4503ac9b570f7c3a71b6" member_type: VOTER last_known_addr { host: "127.0.107.195" port: 37695 } health_report { overall_health: UNKNOWN } } }
I20260713 09:00:48.349817  2328 raft_consensus.cc:993] T 1ebc5289f96a4470bf04cd3c1db46b40 P a6e25031adfe4503ac9b570f7c3a71b6: : Instructing follower d385ae465972421796209dfc3f5ede1f to start an election
I20260713 09:00:48.350303  2324 raft_consensus.cc:1081] T 1ebc5289f96a4470bf04cd3c1db46b40 P a6e25031adfe4503ac9b570f7c3a71b6 [term 1 LEADER]: Signalling peer d385ae465972421796209dfc3f5ede1f to start an election
I20260713 09:00:48.351913  1953 tablet_service.cc:2044] Received Run Leader Election RPC: tablet_id: "1ebc5289f96a4470bf04cd3c1db46b40"
dest_uuid: "d385ae465972421796209dfc3f5ede1f"
 from {username='slave'} at 127.0.0.1:53006
I20260713 09:00:48.352387  1953 raft_consensus.cc:493] T 1ebc5289f96a4470bf04cd3c1db46b40 P d385ae465972421796209dfc3f5ede1f [term 1 FOLLOWER]: Starting forced leader election (received explicit request)
I20260713 09:00:48.352653  1953 raft_consensus.cc:3060] T 1ebc5289f96a4470bf04cd3c1db46b40 P d385ae465972421796209dfc3f5ede1f [term 1 FOLLOWER]: Advancing to term 2
I20260713 09:00:48.357275  1953 raft_consensus.cc:515] T 1ebc5289f96a4470bf04cd3c1db46b40 P d385ae465972421796209dfc3f5ede1f [term 2 FOLLOWER]: Starting forced leader election with config: opid_index: 4 OBSOLETE_local: false peers { permanent_uuid: "691817efc5bc42779405a9e40dacb20f" member_type: VOTER last_known_addr { host: "127.0.107.194" port: 33803 } } peers { permanent_uuid: "a6e25031adfe4503ac9b570f7c3a71b6" member_type: VOTER last_known_addr { host: "127.0.107.195" port: 37695 } } peers { permanent_uuid: "d385ae465972421796209dfc3f5ede1f" member_type: VOTER last_known_addr { host: "127.0.107.196" port: 34535 } attrs { promote: false } }
I20260713 09:00:48.359997  1953 leader_election.cc:290] T 1ebc5289f96a4470bf04cd3c1db46b40 P d385ae465972421796209dfc3f5ede1f [CANDIDATE]: Term 2 election: Requested vote from peers 691817efc5bc42779405a9e40dacb20f (127.0.107.194:33803), a6e25031adfe4503ac9b570f7c3a71b6 (127.0.107.195:37695)
I20260713 09:00:48.360695  1631 tablet_service.cc:1917] Received RequestConsensusVote() RPC: tablet_id: "1ebc5289f96a4470bf04cd3c1db46b40" candidate_uuid: "d385ae465972421796209dfc3f5ede1f" candidate_term: 2 candidate_status { last_received { term: 1 index: 4 } } ignore_live_leader: true dest_uuid: "691817efc5bc42779405a9e40dacb20f"
I20260713 09:00:48.360976  1705 tablet_service.cc:1917] Received RequestConsensusVote() RPC: tablet_id: "1ebc5289f96a4470bf04cd3c1db46b40" candidate_uuid: "d385ae465972421796209dfc3f5ede1f" candidate_term: 2 candidate_status { last_received { term: 1 index: 4 } } ignore_live_leader: true dest_uuid: "a6e25031adfe4503ac9b570f7c3a71b6"
I20260713 09:00:48.361277  1631 raft_consensus.cc:3060] T 1ebc5289f96a4470bf04cd3c1db46b40 P 691817efc5bc42779405a9e40dacb20f [term 1 FOLLOWER]: Advancing to term 2
I20260713 09:00:48.361555  1705 raft_consensus.cc:3055] T 1ebc5289f96a4470bf04cd3c1db46b40 P a6e25031adfe4503ac9b570f7c3a71b6 [term 1 LEADER]: Stepping down as leader of term 1
I20260713 09:00:48.361856  1705 raft_consensus.cc:740] T 1ebc5289f96a4470bf04cd3c1db46b40 P a6e25031adfe4503ac9b570f7c3a71b6 [term 1 LEADER]: Becoming Follower/Learner. State: Replica: a6e25031adfe4503ac9b570f7c3a71b6, State: Running, Role: LEADER
I20260713 09:00:48.362452  1705 consensus_queue.cc:260] T 1ebc5289f96a4470bf04cd3c1db46b40 P a6e25031adfe4503ac9b570f7c3a71b6 [NON_LEADER]: Queue going to NON_LEADER mode. State: All replicated index: 0, Majority replicated index: 4, Committed index: 4, Last appended: 1.4, Last appended by leader: 4, Current term: 1, Majority size: -1, State: 0, Mode: NON_LEADER, active raft config: opid_index: 4 OBSOLETE_local: false peers { permanent_uuid: "691817efc5bc42779405a9e40dacb20f" member_type: VOTER last_known_addr { host: "127.0.107.194" port: 33803 } } peers { permanent_uuid: "a6e25031adfe4503ac9b570f7c3a71b6" member_type: VOTER last_known_addr { host: "127.0.107.195" port: 37695 } } peers { permanent_uuid: "d385ae465972421796209dfc3f5ede1f" member_type: VOTER last_known_addr { host: "127.0.107.196" port: 34535 } attrs { promote: false } }
I20260713 09:00:48.363639  1705 raft_consensus.cc:3060] T 1ebc5289f96a4470bf04cd3c1db46b40 P a6e25031adfe4503ac9b570f7c3a71b6 [term 1 FOLLOWER]: Advancing to term 2
I20260713 09:00:48.366551  1631 raft_consensus.cc:2468] T 1ebc5289f96a4470bf04cd3c1db46b40 P 691817efc5bc42779405a9e40dacb20f [term 2 FOLLOWER]: Leader election vote request: Granting yes vote for candidate d385ae465972421796209dfc3f5ede1f in term 2.
I20260713 09:00:48.367586  1920 leader_election.cc:304] T 1ebc5289f96a4470bf04cd3c1db46b40 P d385ae465972421796209dfc3f5ede1f [CANDIDATE]: Term 2 election: Election decided. Result: candidate won. Election summary: received 2 responses out of 3 voters: 2 yes votes; 0 no votes. yes voters: 691817efc5bc42779405a9e40dacb20f, d385ae465972421796209dfc3f5ede1f; no voters: 
I20260713 09:00:48.368630  1705 raft_consensus.cc:2468] T 1ebc5289f96a4470bf04cd3c1db46b40 P a6e25031adfe4503ac9b570f7c3a71b6 [term 2 FOLLOWER]: Leader election vote request: Granting yes vote for candidate d385ae465972421796209dfc3f5ede1f in term 2.
I20260713 09:00:48.369045  2336 raft_consensus.cc:2804] T 1ebc5289f96a4470bf04cd3c1db46b40 P d385ae465972421796209dfc3f5ede1f [term 2 FOLLOWER]: Leader election won for term 2
I20260713 09:00:48.370335  2336 raft_consensus.cc:697] T 1ebc5289f96a4470bf04cd3c1db46b40 P d385ae465972421796209dfc3f5ede1f [term 2 LEADER]: Becoming Leader. State: Replica: d385ae465972421796209dfc3f5ede1f, State: Running, Role: LEADER
I20260713 09:00:48.371232  2336 consensus_queue.cc:237] T 1ebc5289f96a4470bf04cd3c1db46b40 P d385ae465972421796209dfc3f5ede1f [LEADER]: Queue going to LEADER mode. State: All replicated index: 0, Majority replicated index: 4, Committed index: 4, Last appended: 1.4, Last appended by leader: 4, Current term: 2, Majority size: 2, State: 0, Mode: LEADER, active raft config: opid_index: 4 OBSOLETE_local: false peers { permanent_uuid: "691817efc5bc42779405a9e40dacb20f" member_type: VOTER last_known_addr { host: "127.0.107.194" port: 33803 } } peers { permanent_uuid: "a6e25031adfe4503ac9b570f7c3a71b6" member_type: VOTER last_known_addr { host: "127.0.107.195" port: 37695 } } peers { permanent_uuid: "d385ae465972421796209dfc3f5ede1f" member_type: VOTER last_known_addr { host: "127.0.107.196" port: 34535 } attrs { promote: false } }
I20260713 09:00:48.378861  1454 catalog_manager.cc:5697] T 1ebc5289f96a4470bf04cd3c1db46b40 P d385ae465972421796209dfc3f5ede1f reported cstate change: term changed from 1 to 2, leader changed from a6e25031adfe4503ac9b570f7c3a71b6 (127.0.107.195) to d385ae465972421796209dfc3f5ede1f (127.0.107.196). New cstate: current_term: 2 leader_uuid: "d385ae465972421796209dfc3f5ede1f" committed_config { opid_index: 4 OBSOLETE_local: false peers { permanent_uuid: "691817efc5bc42779405a9e40dacb20f" member_type: VOTER last_known_addr { host: "127.0.107.194" port: 33803 } health_report { overall_health: UNKNOWN } } peers { permanent_uuid: "a6e25031adfe4503ac9b570f7c3a71b6" member_type: VOTER last_known_addr { host: "127.0.107.195" port: 37695 } health_report { overall_health: UNKNOWN } } peers { permanent_uuid: "d385ae465972421796209dfc3f5ede1f" member_type: VOTER last_known_addr { host: "127.0.107.196" port: 34535 } attrs { promote: false } health_report { overall_health: HEALTHY } } }
I20260713 09:00:48.528446  2287 raft_consensus.cc:993] T 2dd9776af2bc40ecade33c6d272c0215 P 965227c72e804f9197429222716c67eb: : Instructing follower d385ae465972421796209dfc3f5ede1f to start an election
I20260713 09:00:48.528892  2323 raft_consensus.cc:1081] T 2dd9776af2bc40ecade33c6d272c0215 P 965227c72e804f9197429222716c67eb [term 1 LEADER]: Signalling peer d385ae465972421796209dfc3f5ede1f to start an election
I20260713 09:00:48.530318  1954 tablet_service.cc:2044] Received Run Leader Election RPC: tablet_id: "2dd9776af2bc40ecade33c6d272c0215"
dest_uuid: "d385ae465972421796209dfc3f5ede1f"
 from {username='slave'} at 127.0.0.1:53034
I20260713 09:00:48.530725  1954 raft_consensus.cc:493] T 2dd9776af2bc40ecade33c6d272c0215 P d385ae465972421796209dfc3f5ede1f [term 1 FOLLOWER]: Starting forced leader election (received explicit request)
I20260713 09:00:48.530988  1954 raft_consensus.cc:3060] T 2dd9776af2bc40ecade33c6d272c0215 P d385ae465972421796209dfc3f5ede1f [term 1 FOLLOWER]: Advancing to term 2
I20260713 09:00:48.535756  1954 raft_consensus.cc:515] T 2dd9776af2bc40ecade33c6d272c0215 P d385ae465972421796209dfc3f5ede1f [term 2 FOLLOWER]: Starting forced leader election with config: opid_index: 4 OBSOLETE_local: false peers { permanent_uuid: "965227c72e804f9197429222716c67eb" member_type: VOTER last_known_addr { host: "127.0.107.193" port: 36967 } } peers { permanent_uuid: "a6e25031adfe4503ac9b570f7c3a71b6" member_type: VOTER last_known_addr { host: "127.0.107.195" port: 37695 } } peers { permanent_uuid: "d385ae465972421796209dfc3f5ede1f" member_type: VOTER last_known_addr { host: "127.0.107.196" port: 34535 } attrs { promote: false } }
I20260713 09:00:48.538276  1954 leader_election.cc:290] T 2dd9776af2bc40ecade33c6d272c0215 P d385ae465972421796209dfc3f5ede1f [CANDIDATE]: Term 2 election: Requested vote from peers 965227c72e804f9197429222716c67eb (127.0.107.193:36967), a6e25031adfe4503ac9b570f7c3a71b6 (127.0.107.195:37695)
I20260713 09:00:48.538964  1555 tablet_service.cc:1917] Received RequestConsensusVote() RPC: tablet_id: "2dd9776af2bc40ecade33c6d272c0215" candidate_uuid: "d385ae465972421796209dfc3f5ede1f" candidate_term: 2 candidate_status { last_received { term: 1 index: 4 } } ignore_live_leader: true dest_uuid: "965227c72e804f9197429222716c67eb"
I20260713 09:00:48.539324  1705 tablet_service.cc:1917] Received RequestConsensusVote() RPC: tablet_id: "2dd9776af2bc40ecade33c6d272c0215" candidate_uuid: "d385ae465972421796209dfc3f5ede1f" candidate_term: 2 candidate_status { last_received { term: 1 index: 4 } } ignore_live_leader: true dest_uuid: "a6e25031adfe4503ac9b570f7c3a71b6"
I20260713 09:00:48.539518  2287 raft_consensus.cc:993] T 21070ebb42164a76beda1a7277d0c78a P 965227c72e804f9197429222716c67eb: : Instructing follower 691817efc5bc42779405a9e40dacb20f to start an election
I20260713 09:00:48.539534  1555 raft_consensus.cc:3055] T 2dd9776af2bc40ecade33c6d272c0215 P 965227c72e804f9197429222716c67eb [term 1 LEADER]: Stepping down as leader of term 1
I20260713 09:00:48.539888  1705 raft_consensus.cc:3060] T 2dd9776af2bc40ecade33c6d272c0215 P a6e25031adfe4503ac9b570f7c3a71b6 [term 1 FOLLOWER]: Advancing to term 2
I20260713 09:00:48.540055  1555 raft_consensus.cc:740] T 2dd9776af2bc40ecade33c6d272c0215 P 965227c72e804f9197429222716c67eb [term 1 LEADER]: Becoming Follower/Learner. State: Replica: 965227c72e804f9197429222716c67eb, State: Running, Role: LEADER
I20260713 09:00:48.541014  1555 consensus_queue.cc:260] T 2dd9776af2bc40ecade33c6d272c0215 P 965227c72e804f9197429222716c67eb [NON_LEADER]: Queue going to NON_LEADER mode. State: All replicated index: 0, Majority replicated index: 4, Committed index: 4, Last appended: 1.4, Last appended by leader: 4, Current term: 1, Majority size: -1, State: 0, Mode: NON_LEADER, active raft config: opid_index: 4 OBSOLETE_local: false peers { permanent_uuid: "965227c72e804f9197429222716c67eb" member_type: VOTER last_known_addr { host: "127.0.107.193" port: 36967 } } peers { permanent_uuid: "a6e25031adfe4503ac9b570f7c3a71b6" member_type: VOTER last_known_addr { host: "127.0.107.195" port: 37695 } } peers { permanent_uuid: "d385ae465972421796209dfc3f5ede1f" member_type: VOTER last_known_addr { host: "127.0.107.196" port: 34535 } attrs { promote: false } }
I20260713 09:00:48.542162  1555 raft_consensus.cc:3060] T 2dd9776af2bc40ecade33c6d272c0215 P 965227c72e804f9197429222716c67eb [term 1 FOLLOWER]: Advancing to term 2
I20260713 09:00:48.540138  2287 raft_consensus.cc:1081] T 21070ebb42164a76beda1a7277d0c78a P 965227c72e804f9197429222716c67eb [term 1 LEADER]: Signalling peer 691817efc5bc42779405a9e40dacb20f to start an election
I20260713 09:00:48.545853  1705 raft_consensus.cc:2468] T 2dd9776af2bc40ecade33c6d272c0215 P a6e25031adfe4503ac9b570f7c3a71b6 [term 2 FOLLOWER]: Leader election vote request: Granting yes vote for candidate d385ae465972421796209dfc3f5ede1f in term 2.
I20260713 09:00:48.547132  1923 leader_election.cc:304] T 2dd9776af2bc40ecade33c6d272c0215 P d385ae465972421796209dfc3f5ede1f [CANDIDATE]: Term 2 election: Election decided. Result: candidate won. Election summary: received 2 responses out of 3 voters: 2 yes votes; 0 no votes. yes voters: a6e25031adfe4503ac9b570f7c3a71b6, d385ae465972421796209dfc3f5ede1f; no voters: 
I20260713 09:00:48.547416  1631 tablet_service.cc:2044] Received Run Leader Election RPC: tablet_id: "21070ebb42164a76beda1a7277d0c78a"
dest_uuid: "691817efc5bc42779405a9e40dacb20f"
 from {username='slave'} at 127.0.0.1:58434
I20260713 09:00:48.547950  1631 raft_consensus.cc:493] T 21070ebb42164a76beda1a7277d0c78a P 691817efc5bc42779405a9e40dacb20f [term 1 FOLLOWER]: Starting forced leader election (received explicit request)
I20260713 09:00:48.548276  2336 raft_consensus.cc:2804] T 2dd9776af2bc40ecade33c6d272c0215 P d385ae465972421796209dfc3f5ede1f [term 2 FOLLOWER]: Leader election won for term 2
I20260713 09:00:48.548431  1555 raft_consensus.cc:2468] T 2dd9776af2bc40ecade33c6d272c0215 P 965227c72e804f9197429222716c67eb [term 2 FOLLOWER]: Leader election vote request: Granting yes vote for candidate d385ae465972421796209dfc3f5ede1f in term 2.
I20260713 09:00:48.548305  1631 raft_consensus.cc:3060] T 21070ebb42164a76beda1a7277d0c78a P 691817efc5bc42779405a9e40dacb20f [term 1 FOLLOWER]: Advancing to term 2
I20260713 09:00:48.549816  2336 raft_consensus.cc:697] T 2dd9776af2bc40ecade33c6d272c0215 P d385ae465972421796209dfc3f5ede1f [term 2 LEADER]: Becoming Leader. State: Replica: d385ae465972421796209dfc3f5ede1f, State: Running, Role: LEADER
I20260713 09:00:48.550735  2336 consensus_queue.cc:237] T 2dd9776af2bc40ecade33c6d272c0215 P d385ae465972421796209dfc3f5ede1f [LEADER]: Queue going to LEADER mode. State: All replicated index: 0, Majority replicated index: 4, Committed index: 4, Last appended: 1.4, Last appended by leader: 4, Current term: 2, Majority size: 2, State: 0, Mode: LEADER, active raft config: opid_index: 4 OBSOLETE_local: false peers { permanent_uuid: "965227c72e804f9197429222716c67eb" member_type: VOTER last_known_addr { host: "127.0.107.193" port: 36967 } } peers { permanent_uuid: "a6e25031adfe4503ac9b570f7c3a71b6" member_type: VOTER last_known_addr { host: "127.0.107.195" port: 37695 } } peers { permanent_uuid: "d385ae465972421796209dfc3f5ede1f" member_type: VOTER last_known_addr { host: "127.0.107.196" port: 34535 } attrs { promote: false } }
I20260713 09:00:48.555773  1631 raft_consensus.cc:515] T 21070ebb42164a76beda1a7277d0c78a P 691817efc5bc42779405a9e40dacb20f [term 2 FOLLOWER]: Starting forced leader election with config: opid_index: -1 OBSOLETE_local: false peers { permanent_uuid: "965227c72e804f9197429222716c67eb" member_type: VOTER last_known_addr { host: "127.0.107.193" port: 36967 } } peers { permanent_uuid: "691817efc5bc42779405a9e40dacb20f" member_type: VOTER last_known_addr { host: "127.0.107.194" port: 33803 } } peers { permanent_uuid: "a6e25031adfe4503ac9b570f7c3a71b6" member_type: VOTER last_known_addr { host: "127.0.107.195" port: 37695 } }
I20260713 09:00:48.557828  1631 leader_election.cc:290] T 21070ebb42164a76beda1a7277d0c78a P 691817efc5bc42779405a9e40dacb20f [CANDIDATE]: Term 2 election: Requested vote from peers 965227c72e804f9197429222716c67eb (127.0.107.193:36967), a6e25031adfe4503ac9b570f7c3a71b6 (127.0.107.195:37695)
I20260713 09:00:48.558333  1705 tablet_service.cc:1917] Received RequestConsensusVote() RPC: tablet_id: "21070ebb42164a76beda1a7277d0c78a" candidate_uuid: "691817efc5bc42779405a9e40dacb20f" candidate_term: 2 candidate_status { last_received { term: 1 index: 1 } } ignore_live_leader: true dest_uuid: "a6e25031adfe4503ac9b570f7c3a71b6"
I20260713 09:00:48.558267  1555 tablet_service.cc:1917] Received RequestConsensusVote() RPC: tablet_id: "21070ebb42164a76beda1a7277d0c78a" candidate_uuid: "691817efc5bc42779405a9e40dacb20f" candidate_term: 2 candidate_status { last_received { term: 1 index: 1 } } ignore_live_leader: true dest_uuid: "965227c72e804f9197429222716c67eb"
I20260713 09:00:48.559065  1705 raft_consensus.cc:3060] T 21070ebb42164a76beda1a7277d0c78a P a6e25031adfe4503ac9b570f7c3a71b6 [term 1 FOLLOWER]: Advancing to term 2
I20260713 09:00:48.559170  1555 raft_consensus.cc:3055] T 21070ebb42164a76beda1a7277d0c78a P 965227c72e804f9197429222716c67eb [term 1 LEADER]: Stepping down as leader of term 1
I20260713 09:00:48.559598  1555 raft_consensus.cc:740] T 21070ebb42164a76beda1a7277d0c78a P 965227c72e804f9197429222716c67eb [term 1 LEADER]: Becoming Follower/Learner. State: Replica: 965227c72e804f9197429222716c67eb, State: Running, Role: LEADER
I20260713 09:00:48.560444  1555 consensus_queue.cc:260] T 21070ebb42164a76beda1a7277d0c78a P 965227c72e804f9197429222716c67eb [NON_LEADER]: Queue going to NON_LEADER mode. State: All replicated index: 0, Majority replicated index: 1, Committed index: 1, Last appended: 1.1, Last appended by leader: 1, Current term: 1, Majority size: -1, State: 0, Mode: NON_LEADER, active raft config: opid_index: -1 OBSOLETE_local: false peers { permanent_uuid: "965227c72e804f9197429222716c67eb" member_type: VOTER last_known_addr { host: "127.0.107.193" port: 36967 } } peers { permanent_uuid: "691817efc5bc42779405a9e40dacb20f" member_type: VOTER last_known_addr { host: "127.0.107.194" port: 33803 } } peers { permanent_uuid: "a6e25031adfe4503ac9b570f7c3a71b6" member_type: VOTER last_known_addr { host: "127.0.107.195" port: 37695 } }
I20260713 09:00:48.561671  1555 raft_consensus.cc:3060] T 21070ebb42164a76beda1a7277d0c78a P 965227c72e804f9197429222716c67eb [term 1 FOLLOWER]: Advancing to term 2
I20260713 09:00:48.560878  1454 catalog_manager.cc:5697] T 2dd9776af2bc40ecade33c6d272c0215 P d385ae465972421796209dfc3f5ede1f reported cstate change: term changed from 1 to 2, leader changed from 965227c72e804f9197429222716c67eb (127.0.107.193) to d385ae465972421796209dfc3f5ede1f (127.0.107.196). New cstate: current_term: 2 leader_uuid: "d385ae465972421796209dfc3f5ede1f" committed_config { opid_index: 4 OBSOLETE_local: false peers { permanent_uuid: "965227c72e804f9197429222716c67eb" member_type: VOTER last_known_addr { host: "127.0.107.193" port: 36967 } health_report { overall_health: UNKNOWN } } peers { permanent_uuid: "a6e25031adfe4503ac9b570f7c3a71b6" member_type: VOTER last_known_addr { host: "127.0.107.195" port: 37695 } health_report { overall_health: UNKNOWN } } peers { permanent_uuid: "d385ae465972421796209dfc3f5ede1f" member_type: VOTER last_known_addr { host: "127.0.107.196" port: 34535 } attrs { promote: false } health_report { overall_health: HEALTHY } } }
I20260713 09:00:48.568619  1555 raft_consensus.cc:2468] T 21070ebb42164a76beda1a7277d0c78a P 965227c72e804f9197429222716c67eb [term 2 FOLLOWER]: Leader election vote request: Granting yes vote for candidate 691817efc5bc42779405a9e40dacb20f in term 2.
I20260713 09:00:48.569890  1595 leader_election.cc:304] T 21070ebb42164a76beda1a7277d0c78a P 691817efc5bc42779405a9e40dacb20f [CANDIDATE]: Term 2 election: Election decided. Result: candidate won. Election summary: received 2 responses out of 3 voters: 2 yes votes; 0 no votes. yes voters: 691817efc5bc42779405a9e40dacb20f, 965227c72e804f9197429222716c67eb; no voters: 
I20260713 09:00:48.570189  1705 raft_consensus.cc:2468] T 21070ebb42164a76beda1a7277d0c78a P a6e25031adfe4503ac9b570f7c3a71b6 [term 2 FOLLOWER]: Leader election vote request: Granting yes vote for candidate 691817efc5bc42779405a9e40dacb20f in term 2.
I20260713 09:00:48.571566  2322 raft_consensus.cc:2804] T 21070ebb42164a76beda1a7277d0c78a P 691817efc5bc42779405a9e40dacb20f [term 2 FOLLOWER]: Leader election won for term 2
I20260713 09:00:48.572045  2322 raft_consensus.cc:697] T 21070ebb42164a76beda1a7277d0c78a P 691817efc5bc42779405a9e40dacb20f [term 2 LEADER]: Becoming Leader. State: Replica: 691817efc5bc42779405a9e40dacb20f, State: Running, Role: LEADER
I20260713 09:00:48.572767  2322 consensus_queue.cc:237] T 21070ebb42164a76beda1a7277d0c78a P 691817efc5bc42779405a9e40dacb20f [LEADER]: Queue going to LEADER mode. State: All replicated index: 0, Majority replicated index: 1, Committed index: 1, Last appended: 1.1, Last appended by leader: 1, Current term: 2, Majority size: 2, State: 0, Mode: LEADER, active raft config: opid_index: -1 OBSOLETE_local: false peers { permanent_uuid: "965227c72e804f9197429222716c67eb" member_type: VOTER last_known_addr { host: "127.0.107.193" port: 36967 } } peers { permanent_uuid: "691817efc5bc42779405a9e40dacb20f" member_type: VOTER last_known_addr { host: "127.0.107.194" port: 33803 } } peers { permanent_uuid: "a6e25031adfe4503ac9b570f7c3a71b6" member_type: VOTER last_known_addr { host: "127.0.107.195" port: 37695 } }
I20260713 09:00:48.580128  1454 catalog_manager.cc:5697] T 21070ebb42164a76beda1a7277d0c78a P 691817efc5bc42779405a9e40dacb20f reported cstate change: term changed from 1 to 2, leader changed from 965227c72e804f9197429222716c67eb (127.0.107.193) to 691817efc5bc42779405a9e40dacb20f (127.0.107.194). New cstate: current_term: 2 leader_uuid: "691817efc5bc42779405a9e40dacb20f" committed_config { opid_index: -1 OBSOLETE_local: false peers { permanent_uuid: "965227c72e804f9197429222716c67eb" member_type: VOTER last_known_addr { host: "127.0.107.193" port: 36967 } health_report { overall_health: UNKNOWN } } peers { permanent_uuid: "691817efc5bc42779405a9e40dacb20f" member_type: VOTER last_known_addr { host: "127.0.107.194" port: 33803 } health_report { overall_health: HEALTHY } } peers { permanent_uuid: "a6e25031adfe4503ac9b570f7c3a71b6" member_type: VOTER last_known_addr { host: "127.0.107.195" port: 37695 } health_report { overall_health: UNKNOWN } } }
I20260713 09:00:48.677794  1705 raft_consensus.cc:1275] T 0fe336a5fdd4425da6cc74eedc130b20 P a6e25031adfe4503ac9b570f7c3a71b6 [term 2 FOLLOWER]: Refusing update from remote peer 965227c72e804f9197429222716c67eb: Log matching property violated. Preceding OpId in replica: term: 1 index: 1. Preceding OpId from leader: term: 2 index: 2. (index mismatch)
I20260713 09:00:48.679024  2287 consensus_queue.cc:1048] T 0fe336a5fdd4425da6cc74eedc130b20 P 965227c72e804f9197429222716c67eb [LEADER]: Connected to new peer: Peer: permanent_uuid: "a6e25031adfe4503ac9b570f7c3a71b6" member_type: VOTER last_known_addr { host: "127.0.107.195" port: 37695 }, Status: LMP_MISMATCH, Last received: 0.0, Next index: 2, Last known committed idx: 1, Time since last communication: 0.000s
I20260713 09:00:48.691773  1631 raft_consensus.cc:1275] T 0fe336a5fdd4425da6cc74eedc130b20 P 691817efc5bc42779405a9e40dacb20f [term 2 FOLLOWER]: Refusing update from remote peer 965227c72e804f9197429222716c67eb: Log matching property violated. Preceding OpId in replica: term: 1 index: 1. Preceding OpId from leader: term: 2 index: 2. (index mismatch)
I20260713 09:00:48.693241  2343 consensus_queue.cc:1048] T 0fe336a5fdd4425da6cc74eedc130b20 P 965227c72e804f9197429222716c67eb [LEADER]: Connected to new peer: Peer: permanent_uuid: "691817efc5bc42779405a9e40dacb20f" member_type: VOTER last_known_addr { host: "127.0.107.194" port: 33803 }, Status: LMP_MISMATCH, Last received: 0.0, Next index: 2, Last known committed idx: 1, Time since last communication: 0.001s
I20260713 09:00:48.705459  1705 raft_consensus.cc:1275] T 76dfbe1e5d284a499e2dcfe507d59dd2 P a6e25031adfe4503ac9b570f7c3a71b6 [term 2 FOLLOWER]: Refusing update from remote peer 691817efc5bc42779405a9e40dacb20f: Log matching property violated. Preceding OpId in replica: term: 1 index: 1. Preceding OpId from leader: term: 2 index: 2. (index mismatch)
I20260713 09:00:48.707155  2322 consensus_queue.cc:1048] T 76dfbe1e5d284a499e2dcfe507d59dd2 P 691817efc5bc42779405a9e40dacb20f [LEADER]: Connected to new peer: Peer: permanent_uuid: "a6e25031adfe4503ac9b570f7c3a71b6" member_type: VOTER last_known_addr { host: "127.0.107.195" port: 37695 }, Status: LMP_MISMATCH, Last received: 0.0, Next index: 2, Last known committed idx: 1, Time since last communication: 0.000s
I20260713 09:00:48.715742  1555 raft_consensus.cc:1275] T 76dfbe1e5d284a499e2dcfe507d59dd2 P 965227c72e804f9197429222716c67eb [term 2 FOLLOWER]: Refusing update from remote peer 691817efc5bc42779405a9e40dacb20f: Log matching property violated. Preceding OpId in replica: term: 1 index: 1. Preceding OpId from leader: term: 2 index: 2. (index mismatch)
I20260713 09:00:48.717271  2322 consensus_queue.cc:1048] T 76dfbe1e5d284a499e2dcfe507d59dd2 P 691817efc5bc42779405a9e40dacb20f [LEADER]: Connected to new peer: Peer: permanent_uuid: "965227c72e804f9197429222716c67eb" member_type: VOTER last_known_addr { host: "127.0.107.193" port: 36967 }, Status: LMP_MISMATCH, Last received: 0.0, Next index: 2, Last known committed idx: 1, Time since last communication: 0.000s
I20260713 09:00:48.782220  1631 raft_consensus.cc:1275] T 1ebc5289f96a4470bf04cd3c1db46b40 P 691817efc5bc42779405a9e40dacb20f [term 2 FOLLOWER]: Refusing update from remote peer d385ae465972421796209dfc3f5ede1f: Log matching property violated. Preceding OpId in replica: term: 1 index: 4. Preceding OpId from leader: term: 2 index: 5. (index mismatch)
I20260713 09:00:48.783483  2336 consensus_queue.cc:1048] T 1ebc5289f96a4470bf04cd3c1db46b40 P d385ae465972421796209dfc3f5ede1f [LEADER]: Connected to new peer: Peer: permanent_uuid: "691817efc5bc42779405a9e40dacb20f" member_type: VOTER last_known_addr { host: "127.0.107.194" port: 33803 }, Status: LMP_MISMATCH, Last received: 0.0, Next index: 5, Last known committed idx: 4, Time since last communication: 0.000s
I20260713 09:00:48.792830  1705 raft_consensus.cc:1275] T 1ebc5289f96a4470bf04cd3c1db46b40 P a6e25031adfe4503ac9b570f7c3a71b6 [term 2 FOLLOWER]: Refusing update from remote peer d385ae465972421796209dfc3f5ede1f: Log matching property violated. Preceding OpId in replica: term: 1 index: 4. Preceding OpId from leader: term: 2 index: 5. (index mismatch)
I20260713 09:00:48.793969  2336 consensus_queue.cc:1048] T 1ebc5289f96a4470bf04cd3c1db46b40 P d385ae465972421796209dfc3f5ede1f [LEADER]: Connected to new peer: Peer: permanent_uuid: "a6e25031adfe4503ac9b570f7c3a71b6" member_type: VOTER last_known_addr { host: "127.0.107.195" port: 37695 }, Status: LMP_MISMATCH, Last received: 0.0, Next index: 5, Last known committed idx: 4, Time since last communication: 0.000s
I20260713 09:00:48.952288  1705 raft_consensus.cc:1275] T 21070ebb42164a76beda1a7277d0c78a P a6e25031adfe4503ac9b570f7c3a71b6 [term 2 FOLLOWER]: Refusing update from remote peer 691817efc5bc42779405a9e40dacb20f: Log matching property violated. Preceding OpId in replica: term: 1 index: 1. Preceding OpId from leader: term: 2 index: 2. (index mismatch)
I20260713 09:00:48.953578  2319 consensus_queue.cc:1048] T 21070ebb42164a76beda1a7277d0c78a P 691817efc5bc42779405a9e40dacb20f [LEADER]: Connected to new peer: Peer: permanent_uuid: "a6e25031adfe4503ac9b570f7c3a71b6" member_type: VOTER last_known_addr { host: "127.0.107.195" port: 37695 }, Status: LMP_MISMATCH, Last received: 0.0, Next index: 2, Last known committed idx: 1, Time since last communication: 0.000s
I20260713 09:00:48.962699  1555 raft_consensus.cc:1275] T 21070ebb42164a76beda1a7277d0c78a P 965227c72e804f9197429222716c67eb [term 2 FOLLOWER]: Refusing update from remote peer 691817efc5bc42779405a9e40dacb20f: Log matching property violated. Preceding OpId in replica: term: 1 index: 1. Preceding OpId from leader: term: 2 index: 2. (index mismatch)
I20260713 09:00:48.964201  2348 consensus_queue.cc:1048] T 21070ebb42164a76beda1a7277d0c78a P 691817efc5bc42779405a9e40dacb20f [LEADER]: Connected to new peer: Peer: permanent_uuid: "965227c72e804f9197429222716c67eb" member_type: VOTER last_known_addr { host: "127.0.107.193" port: 36967 }, Status: LMP_MISMATCH, Last received: 0.0, Next index: 2, Last known committed idx: 1, Time since last communication: 0.000s
I20260713 09:00:48.992718  1555 raft_consensus.cc:1275] T 2dd9776af2bc40ecade33c6d272c0215 P 965227c72e804f9197429222716c67eb [term 2 FOLLOWER]: Refusing update from remote peer d385ae465972421796209dfc3f5ede1f: Log matching property violated. Preceding OpId in replica: term: 1 index: 4. Preceding OpId from leader: term: 2 index: 5. (index mismatch)
I20260713 09:00:48.993842  2336 consensus_queue.cc:1048] T 2dd9776af2bc40ecade33c6d272c0215 P d385ae465972421796209dfc3f5ede1f [LEADER]: Connected to new peer: Peer: permanent_uuid: "965227c72e804f9197429222716c67eb" member_type: VOTER last_known_addr { host: "127.0.107.193" port: 36967 }, Status: LMP_MISMATCH, Last received: 0.0, Next index: 5, Last known committed idx: 4, Time since last communication: 0.000s
I20260713 09:00:49.004485  1705 raft_consensus.cc:1275] T 2dd9776af2bc40ecade33c6d272c0215 P a6e25031adfe4503ac9b570f7c3a71b6 [term 2 FOLLOWER]: Refusing update from remote peer d385ae465972421796209dfc3f5ede1f: Log matching property violated. Preceding OpId in replica: term: 1 index: 4. Preceding OpId from leader: term: 2 index: 5. (index mismatch)
I20260713 09:00:49.006953  2336 consensus_queue.cc:1048] T 2dd9776af2bc40ecade33c6d272c0215 P d385ae465972421796209dfc3f5ede1f [LEADER]: Connected to new peer: Peer: permanent_uuid: "a6e25031adfe4503ac9b570f7c3a71b6" member_type: VOTER last_known_addr { host: "127.0.107.195" port: 37695 }, Status: LMP_MISMATCH, Last received: 0.0, Next index: 5, Last known committed idx: 4, Time since last communication: 0.000s
I20260713 09:00:49.180801   431 auto_leader_rebalancer.cc:141] leader rebalance for table test-workload
I20260713 09:00:49.197293   431 auto_leader_rebalancer.cc:141] leader rebalance for table test-workload
I20260713 09:00:49.222667  1631 tablet_service.cc:2072] Received LeaderStepDown RPC: tablet_id: "104fda0475e2470a8a171e3fe6e9972b"
dest_uuid: "691817efc5bc42779405a9e40dacb20f"
mode: GRACEFUL
new_leader_uuid: "d385ae465972421796209dfc3f5ede1f"
 from {username='slave'} at 127.0.0.1:59428
I20260713 09:00:49.223258  1631 raft_consensus.cc:606] T 104fda0475e2470a8a171e3fe6e9972b P 691817efc5bc42779405a9e40dacb20f [term 1 LEADER]: Received request to transfer leadership to TS d385ae465972421796209dfc3f5ede1f
I20260713 09:00:49.225751  1705 tablet_service.cc:2072] Received LeaderStepDown RPC: tablet_id: "bcd64450184742369118bc9f0d120aeb"
dest_uuid: "a6e25031adfe4503ac9b570f7c3a71b6"
mode: GRACEFUL
new_leader_uuid: "d385ae465972421796209dfc3f5ede1f"
 from {username='slave'} at 127.0.0.1:41016
I20260713 09:00:49.226173  1705 raft_consensus.cc:606] T bcd64450184742369118bc9f0d120aeb P a6e25031adfe4503ac9b570f7c3a71b6 [term 1 LEADER]: Received request to transfer leadership to TS d385ae465972421796209dfc3f5ede1f
I20260713 09:00:49.228394  1631 tablet_service.cc:2072] Received LeaderStepDown RPC: tablet_id: "e0b478b544bc4dd988e346c21e44993f"
dest_uuid: "691817efc5bc42779405a9e40dacb20f"
mode: GRACEFUL
new_leader_uuid: "d385ae465972421796209dfc3f5ede1f"
 from {username='slave'} at 127.0.0.1:59428
I20260713 09:00:49.228823  1631 raft_consensus.cc:606] T e0b478b544bc4dd988e346c21e44993f P 691817efc5bc42779405a9e40dacb20f [term 1 LEADER]: Received request to transfer leadership to TS d385ae465972421796209dfc3f5ede1f
I20260713 09:00:49.230947  1555 tablet_service.cc:2072] Received LeaderStepDown RPC: tablet_id: "ead7b667f97c4b9bbb4e16b06f73067e"
dest_uuid: "965227c72e804f9197429222716c67eb"
mode: GRACEFUL
new_leader_uuid: "d385ae465972421796209dfc3f5ede1f"
 from {username='slave'} at 127.0.0.1:56710
I20260713 09:00:49.231375  1555 raft_consensus.cc:606] T ead7b667f97c4b9bbb4e16b06f73067e P 965227c72e804f9197429222716c67eb [term 1 LEADER]: Received request to transfer leadership to TS d385ae465972421796209dfc3f5ede1f
I20260713 09:00:49.232456   431 auto_leader_rebalancer.cc:479] table: test-workload, leader rebalance finish, leader transfer count: 4
I20260713 09:00:49.233032   431 auto_leader_rebalancer.cc:554] All tables' leader rebalancing finished this round
I20260713 09:00:49.259055  2323 raft_consensus.cc:993] T ead7b667f97c4b9bbb4e16b06f73067e P 965227c72e804f9197429222716c67eb: : Instructing follower d385ae465972421796209dfc3f5ede1f to start an election
I20260713 09:00:49.259539  2287 raft_consensus.cc:1081] T ead7b667f97c4b9bbb4e16b06f73067e P 965227c72e804f9197429222716c67eb [term 1 LEADER]: Signalling peer d385ae465972421796209dfc3f5ede1f to start an election
I20260713 09:00:49.260896  1954 tablet_service.cc:2044] Received Run Leader Election RPC: tablet_id: "ead7b667f97c4b9bbb4e16b06f73067e"
dest_uuid: "d385ae465972421796209dfc3f5ede1f"
 from {username='slave'} at 127.0.0.1:53034
I20260713 09:00:49.261436  1954 raft_consensus.cc:493] T ead7b667f97c4b9bbb4e16b06f73067e P d385ae465972421796209dfc3f5ede1f [term 1 FOLLOWER]: Starting forced leader election (received explicit request)
I20260713 09:00:49.261771  1954 raft_consensus.cc:3060] T ead7b667f97c4b9bbb4e16b06f73067e P d385ae465972421796209dfc3f5ede1f [term 1 FOLLOWER]: Advancing to term 2
I20260713 09:00:49.266395  1954 raft_consensus.cc:515] T ead7b667f97c4b9bbb4e16b06f73067e P d385ae465972421796209dfc3f5ede1f [term 2 FOLLOWER]: Starting forced leader election with config: opid_index: 4 OBSOLETE_local: false peers { permanent_uuid: "965227c72e804f9197429222716c67eb" member_type: VOTER last_known_addr { host: "127.0.107.193" port: 36967 } } peers { permanent_uuid: "691817efc5bc42779405a9e40dacb20f" member_type: VOTER last_known_addr { host: "127.0.107.194" port: 33803 } } peers { permanent_uuid: "d385ae465972421796209dfc3f5ede1f" member_type: VOTER last_known_addr { host: "127.0.107.196" port: 34535 } attrs { promote: false } }
I20260713 09:00:49.268240  1954 leader_election.cc:290] T ead7b667f97c4b9bbb4e16b06f73067e P d385ae465972421796209dfc3f5ede1f [CANDIDATE]: Term 2 election: Requested vote from peers 965227c72e804f9197429222716c67eb (127.0.107.193:36967), 691817efc5bc42779405a9e40dacb20f (127.0.107.194:33803)
I20260713 09:00:49.269009  1555 tablet_service.cc:1917] Received RequestConsensusVote() RPC: tablet_id: "ead7b667f97c4b9bbb4e16b06f73067e" candidate_uuid: "d385ae465972421796209dfc3f5ede1f" candidate_term: 2 candidate_status { last_received { term: 1 index: 4 } } ignore_live_leader: true dest_uuid: "965227c72e804f9197429222716c67eb"
I20260713 09:00:49.269208  1631 tablet_service.cc:1917] Received RequestConsensusVote() RPC: tablet_id: "ead7b667f97c4b9bbb4e16b06f73067e" candidate_uuid: "d385ae465972421796209dfc3f5ede1f" candidate_term: 2 candidate_status { last_received { term: 1 index: 4 } } ignore_live_leader: true dest_uuid: "691817efc5bc42779405a9e40dacb20f"
I20260713 09:00:49.269604  1555 raft_consensus.cc:3055] T ead7b667f97c4b9bbb4e16b06f73067e P 965227c72e804f9197429222716c67eb [term 1 LEADER]: Stepping down as leader of term 1
I20260713 09:00:49.269774  1631 raft_consensus.cc:3060] T ead7b667f97c4b9bbb4e16b06f73067e P 691817efc5bc42779405a9e40dacb20f [term 1 FOLLOWER]: Advancing to term 2
I20260713 09:00:49.270033  1555 raft_consensus.cc:740] T ead7b667f97c4b9bbb4e16b06f73067e P 965227c72e804f9197429222716c67eb [term 1 LEADER]: Becoming Follower/Learner. State: Replica: 965227c72e804f9197429222716c67eb, State: Running, Role: LEADER
I20260713 09:00:49.271054  1555 consensus_queue.cc:260] T ead7b667f97c4b9bbb4e16b06f73067e P 965227c72e804f9197429222716c67eb [NON_LEADER]: Queue going to NON_LEADER mode. State: All replicated index: 0, Majority replicated index: 4, Committed index: 4, Last appended: 1.4, Last appended by leader: 4, Current term: 1, Majority size: -1, State: 0, Mode: NON_LEADER, active raft config: opid_index: 4 OBSOLETE_local: false peers { permanent_uuid: "965227c72e804f9197429222716c67eb" member_type: VOTER last_known_addr { host: "127.0.107.193" port: 36967 } } peers { permanent_uuid: "691817efc5bc42779405a9e40dacb20f" member_type: VOTER last_known_addr { host: "127.0.107.194" port: 33803 } } peers { permanent_uuid: "d385ae465972421796209dfc3f5ede1f" member_type: VOTER last_known_addr { host: "127.0.107.196" port: 34535 } attrs { promote: false } }
I20260713 09:00:49.271940  1555 raft_consensus.cc:3060] T ead7b667f97c4b9bbb4e16b06f73067e P 965227c72e804f9197429222716c67eb [term 1 FOLLOWER]: Advancing to term 2
I20260713 09:00:49.274238  1631 raft_consensus.cc:2468] T ead7b667f97c4b9bbb4e16b06f73067e P 691817efc5bc42779405a9e40dacb20f [term 2 FOLLOWER]: Leader election vote request: Granting yes vote for candidate d385ae465972421796209dfc3f5ede1f in term 2.
I20260713 09:00:49.275142  1920 leader_election.cc:304] T ead7b667f97c4b9bbb4e16b06f73067e P d385ae465972421796209dfc3f5ede1f [CANDIDATE]: Term 2 election: Election decided. Result: candidate won. Election summary: received 2 responses out of 3 voters: 2 yes votes; 0 no votes. yes voters: 691817efc5bc42779405a9e40dacb20f, d385ae465972421796209dfc3f5ede1f; no voters: 
I20260713 09:00:49.275872  2337 raft_consensus.cc:2804] T ead7b667f97c4b9bbb4e16b06f73067e P d385ae465972421796209dfc3f5ede1f [term 2 FOLLOWER]: Leader election won for term 2
I20260713 09:00:49.276180  1555 raft_consensus.cc:2468] T ead7b667f97c4b9bbb4e16b06f73067e P 965227c72e804f9197429222716c67eb [term 2 FOLLOWER]: Leader election vote request: Granting yes vote for candidate d385ae465972421796209dfc3f5ede1f in term 2.
I20260713 09:00:49.276254  2337 raft_consensus.cc:697] T ead7b667f97c4b9bbb4e16b06f73067e P d385ae465972421796209dfc3f5ede1f [term 2 LEADER]: Becoming Leader. State: Replica: d385ae465972421796209dfc3f5ede1f, State: Running, Role: LEADER
I20260713 09:00:49.277310  2337 consensus_queue.cc:237] T ead7b667f97c4b9bbb4e16b06f73067e P d385ae465972421796209dfc3f5ede1f [LEADER]: Queue going to LEADER mode. State: All replicated index: 0, Majority replicated index: 4, Committed index: 4, Last appended: 1.4, Last appended by leader: 4, Current term: 2, Majority size: 2, State: 0, Mode: LEADER, active raft config: opid_index: 4 OBSOLETE_local: false peers { permanent_uuid: "965227c72e804f9197429222716c67eb" member_type: VOTER last_known_addr { host: "127.0.107.193" port: 36967 } } peers { permanent_uuid: "691817efc5bc42779405a9e40dacb20f" member_type: VOTER last_known_addr { host: "127.0.107.194" port: 33803 } } peers { permanent_uuid: "d385ae465972421796209dfc3f5ede1f" member_type: VOTER last_known_addr { host: "127.0.107.196" port: 34535 } attrs { promote: false } }
I20260713 09:00:49.284945  1454 catalog_manager.cc:5697] T ead7b667f97c4b9bbb4e16b06f73067e P d385ae465972421796209dfc3f5ede1f reported cstate change: term changed from 1 to 2, leader changed from 965227c72e804f9197429222716c67eb (127.0.107.193) to d385ae465972421796209dfc3f5ede1f (127.0.107.196). New cstate: current_term: 2 leader_uuid: "d385ae465972421796209dfc3f5ede1f" committed_config { opid_index: 4 OBSOLETE_local: false peers { permanent_uuid: "965227c72e804f9197429222716c67eb" member_type: VOTER last_known_addr { host: "127.0.107.193" port: 36967 } health_report { overall_health: UNKNOWN } } peers { permanent_uuid: "691817efc5bc42779405a9e40dacb20f" member_type: VOTER last_known_addr { host: "127.0.107.194" port: 33803 } health_report { overall_health: UNKNOWN } } peers { permanent_uuid: "d385ae465972421796209dfc3f5ede1f" member_type: VOTER last_known_addr { host: "127.0.107.196" port: 34535 } attrs { promote: false } health_report { overall_health: HEALTHY } } }
I20260713 09:00:49.310851  2319 raft_consensus.cc:993] T e0b478b544bc4dd988e346c21e44993f P 691817efc5bc42779405a9e40dacb20f: : Instructing follower d385ae465972421796209dfc3f5ede1f to start an election
I20260713 09:00:49.311400  2348 raft_consensus.cc:1081] T e0b478b544bc4dd988e346c21e44993f P 691817efc5bc42779405a9e40dacb20f [term 1 LEADER]: Signalling peer d385ae465972421796209dfc3f5ede1f to start an election
I20260713 09:00:49.312825  1954 tablet_service.cc:2044] Received Run Leader Election RPC: tablet_id: "e0b478b544bc4dd988e346c21e44993f"
dest_uuid: "d385ae465972421796209dfc3f5ede1f"
 from {username='slave'} at 127.0.0.1:53022
I20260713 09:00:49.313364  1954 raft_consensus.cc:493] T e0b478b544bc4dd988e346c21e44993f P d385ae465972421796209dfc3f5ede1f [term 1 FOLLOWER]: Starting forced leader election (received explicit request)
I20260713 09:00:49.313705  1954 raft_consensus.cc:3060] T e0b478b544bc4dd988e346c21e44993f P d385ae465972421796209dfc3f5ede1f [term 1 FOLLOWER]: Advancing to term 2
I20260713 09:00:49.318766  1954 raft_consensus.cc:515] T e0b478b544bc4dd988e346c21e44993f P d385ae465972421796209dfc3f5ede1f [term 2 FOLLOWER]: Starting forced leader election with config: opid_index: 4 OBSOLETE_local: false peers { permanent_uuid: "965227c72e804f9197429222716c67eb" member_type: VOTER last_known_addr { host: "127.0.107.193" port: 36967 } } peers { permanent_uuid: "691817efc5bc42779405a9e40dacb20f" member_type: VOTER last_known_addr { host: "127.0.107.194" port: 33803 } } peers { permanent_uuid: "d385ae465972421796209dfc3f5ede1f" member_type: VOTER last_known_addr { host: "127.0.107.196" port: 34535 } attrs { promote: false } }
I20260713 09:00:49.320374  1954 leader_election.cc:290] T e0b478b544bc4dd988e346c21e44993f P d385ae465972421796209dfc3f5ede1f [CANDIDATE]: Term 2 election: Requested vote from peers 965227c72e804f9197429222716c67eb (127.0.107.193:36967), 691817efc5bc42779405a9e40dacb20f (127.0.107.194:33803)
I20260713 09:00:49.321168  1555 tablet_service.cc:1917] Received RequestConsensusVote() RPC: tablet_id: "e0b478b544bc4dd988e346c21e44993f" candidate_uuid: "d385ae465972421796209dfc3f5ede1f" candidate_term: 2 candidate_status { last_received { term: 1 index: 4 } } ignore_live_leader: true dest_uuid: "965227c72e804f9197429222716c67eb"
I20260713 09:00:49.321230  1631 tablet_service.cc:1917] Received RequestConsensusVote() RPC: tablet_id: "e0b478b544bc4dd988e346c21e44993f" candidate_uuid: "d385ae465972421796209dfc3f5ede1f" candidate_term: 2 candidate_status { last_received { term: 1 index: 4 } } ignore_live_leader: true dest_uuid: "691817efc5bc42779405a9e40dacb20f"
I20260713 09:00:49.321913  1631 raft_consensus.cc:3055] T e0b478b544bc4dd988e346c21e44993f P 691817efc5bc42779405a9e40dacb20f [term 1 LEADER]: Stepping down as leader of term 1
I20260713 09:00:49.321888  1555 raft_consensus.cc:3060] T e0b478b544bc4dd988e346c21e44993f P 965227c72e804f9197429222716c67eb [term 1 FOLLOWER]: Advancing to term 2
I20260713 09:00:49.322376  1631 raft_consensus.cc:740] T e0b478b544bc4dd988e346c21e44993f P 691817efc5bc42779405a9e40dacb20f [term 1 LEADER]: Becoming Follower/Learner. State: Replica: 691817efc5bc42779405a9e40dacb20f, State: Running, Role: LEADER
I20260713 09:00:49.323192  1631 consensus_queue.cc:260] T e0b478b544bc4dd988e346c21e44993f P 691817efc5bc42779405a9e40dacb20f [NON_LEADER]: Queue going to NON_LEADER mode. State: All replicated index: 0, Majority replicated index: 4, Committed index: 4, Last appended: 1.4, Last appended by leader: 4, Current term: 1, Majority size: -1, State: 0, Mode: NON_LEADER, active raft config: opid_index: 4 OBSOLETE_local: false peers { permanent_uuid: "965227c72e804f9197429222716c67eb" member_type: VOTER last_known_addr { host: "127.0.107.193" port: 36967 } } peers { permanent_uuid: "691817efc5bc42779405a9e40dacb20f" member_type: VOTER last_known_addr { host: "127.0.107.194" port: 33803 } } peers { permanent_uuid: "d385ae465972421796209dfc3f5ede1f" member_type: VOTER last_known_addr { host: "127.0.107.196" port: 34535 } attrs { promote: false } }
I20260713 09:00:49.324330  1631 raft_consensus.cc:3060] T e0b478b544bc4dd988e346c21e44993f P 691817efc5bc42779405a9e40dacb20f [term 1 FOLLOWER]: Advancing to term 2
I20260713 09:00:49.328429  1555 raft_consensus.cc:2468] T e0b478b544bc4dd988e346c21e44993f P 965227c72e804f9197429222716c67eb [term 2 FOLLOWER]: Leader election vote request: Granting yes vote for candidate d385ae465972421796209dfc3f5ede1f in term 2.
I20260713 09:00:49.328946  2348 raft_consensus.cc:993] T 104fda0475e2470a8a171e3fe6e9972b P 691817efc5bc42779405a9e40dacb20f: : Instructing follower d385ae465972421796209dfc3f5ede1f to start an election
I20260713 09:00:49.329452  2348 raft_consensus.cc:1081] T 104fda0475e2470a8a171e3fe6e9972b P 691817efc5bc42779405a9e40dacb20f [term 1 LEADER]: Signalling peer d385ae465972421796209dfc3f5ede1f to start an election
I20260713 09:00:49.329723  1921 leader_election.cc:304] T e0b478b544bc4dd988e346c21e44993f P d385ae465972421796209dfc3f5ede1f [CANDIDATE]: Term 2 election: Election decided. Result: candidate won. Election summary: received 2 responses out of 3 voters: 2 yes votes; 0 no votes. yes voters: 965227c72e804f9197429222716c67eb, d385ae465972421796209dfc3f5ede1f; no voters: 
I20260713 09:00:49.330603  2337 raft_consensus.cc:2804] T e0b478b544bc4dd988e346c21e44993f P d385ae465972421796209dfc3f5ede1f [term 2 FOLLOWER]: Leader election won for term 2
I20260713 09:00:49.331075  2337 raft_consensus.cc:697] T e0b478b544bc4dd988e346c21e44993f P d385ae465972421796209dfc3f5ede1f [term 2 LEADER]: Becoming Leader. State: Replica: d385ae465972421796209dfc3f5ede1f, State: Running, Role: LEADER
I20260713 09:00:49.331885  2337 consensus_queue.cc:237] T e0b478b544bc4dd988e346c21e44993f P d385ae465972421796209dfc3f5ede1f [LEADER]: Queue going to LEADER mode. State: All replicated index: 0, Majority replicated index: 4, Committed index: 4, Last appended: 1.4, Last appended by leader: 4, Current term: 2, Majority size: 2, State: 0, Mode: LEADER, active raft config: opid_index: 4 OBSOLETE_local: false peers { permanent_uuid: "965227c72e804f9197429222716c67eb" member_type: VOTER last_known_addr { host: "127.0.107.193" port: 36967 } } peers { permanent_uuid: "691817efc5bc42779405a9e40dacb20f" member_type: VOTER last_known_addr { host: "127.0.107.194" port: 33803 } } peers { permanent_uuid: "d385ae465972421796209dfc3f5ede1f" member_type: VOTER last_known_addr { host: "127.0.107.196" port: 34535 } attrs { promote: false } }
I20260713 09:00:49.332432  1631 raft_consensus.cc:2468] T e0b478b544bc4dd988e346c21e44993f P 691817efc5bc42779405a9e40dacb20f [term 2 FOLLOWER]: Leader election vote request: Granting yes vote for candidate d385ae465972421796209dfc3f5ede1f in term 2.
I20260713 09:00:49.334000  1954 tablet_service.cc:2044] Received Run Leader Election RPC: tablet_id: "104fda0475e2470a8a171e3fe6e9972b"
dest_uuid: "d385ae465972421796209dfc3f5ede1f"
 from {username='slave'} at 127.0.0.1:53022
