I20260713 08:58:44.995577  1536 tablet_service.cc:1511] Processing CreateTablet for tablet 808f36b89ee04f5dbcffaaf13a1aef0e (DEFAULT_TABLE table=test-workload [id=1233f11450d243878680f8df09a4963b]), partition=RANGE (key) PARTITION 1521134245 <= VALUES < 1610612730
I20260713 08:58:44.992931  1540 data_dirs.cc:400] Could only allocate 1 dirs of requested 3 for tablet 4ba14b7ca29f41baad00d70eb22f6992. 1 dirs total, 0 dirs full, 0 dirs failed
I20260713 08:58:44.995986  1612 tablet_service.cc:1511] Processing CreateTablet for tablet 808f36b89ee04f5dbcffaaf13a1aef0e (DEFAULT_TABLE table=test-workload [id=1233f11450d243878680f8df09a4963b]), partition=RANGE (key) PARTITION 1521134245 <= VALUES < 1610612730
I20260713 08:58:45.007455  1612 data_dirs.cc:400] Could only allocate 1 dirs of requested 3 for tablet 808f36b89ee04f5dbcffaaf13a1aef0e. 1 dirs total, 0 dirs full, 0 dirs failed
I20260713 08:58:45.009398  1536 data_dirs.cc:400] Could only allocate 1 dirs of requested 3 for tablet 808f36b89ee04f5dbcffaaf13a1aef0e. 1 dirs total, 0 dirs full, 0 dirs failed
I20260713 08:58:45.002460  1725 heartbeater.cc:499] Master 127.0.107.254:42691 was elected leader, sending a full tablet report...
I20260713 08:58:45.011981  1741 ts_tablet_manager.cc:1434] T e44c8f33d3de4cd5b95d09ccb9504261 P a8b6d10aea1947c496345fafa38bb862: Time spent starting tablet: real 0.097s	user 0.009s	sys 0.000s
I20260713 08:58:45.013003  1741 tablet_bootstrap.cc:492] T 6e8491d33445499fb757dbe5c9c87ba0 P a8b6d10aea1947c496345fafa38bb862: Bootstrap starting.
I20260713 08:58:45.003074  1749 raft_consensus.cc:493] T 52988463e8ef4e3c97653c7570d54e1c P 48ee22c2302046d082b19798dff57eee [term 0 FOLLOWER]: Starting pre-election (no leader contacted us within the election timeout)
I20260713 08:58:45.014719  1541 tablet_service.cc:1511] Processing CreateTablet for tablet 0d3cbdf2c1394385a61d552c16470239 (DEFAULT_TABLE table=test-workload [id=1233f11450d243878680f8df09a4963b]), partition=RANGE (key) PARTITION 1610612730 <= VALUES < 1700091215
I20260713 08:58:45.014815  1749 raft_consensus.cc:515] T 52988463e8ef4e3c97653c7570d54e1c P 48ee22c2302046d082b19798dff57eee [term 0 FOLLOWER]: Starting pre-election with config: opid_index: -1 OBSOLETE_local: false peers { permanent_uuid: "006430cc0df54d858dddeed2db22673d" member_type: VOTER last_known_addr { host: "127.0.107.193" port: 39773 } } peers { permanent_uuid: "a8b6d10aea1947c496345fafa38bb862" member_type: VOTER last_known_addr { host: "127.0.107.194" port: 33867 } } peers { permanent_uuid: "48ee22c2302046d082b19798dff57eee" member_type: VOTER last_known_addr { host: "127.0.107.195" port: 36077 } }
I20260713 08:58:45.015976  1541 data_dirs.cc:400] Could only allocate 1 dirs of requested 3 for tablet 0d3cbdf2c1394385a61d552c16470239. 1 dirs total, 0 dirs full, 0 dirs failed
I20260713 08:58:45.017760  1609 tablet_service.cc:1511] Processing CreateTablet for tablet 0d3cbdf2c1394385a61d552c16470239 (DEFAULT_TABLE table=test-workload [id=1233f11450d243878680f8df09a4963b]), partition=RANGE (key) PARTITION 1610612730 <= VALUES < 1700091215
I20260713 08:58:45.019011  1609 data_dirs.cc:400] Could only allocate 1 dirs of requested 3 for tablet 0d3cbdf2c1394385a61d552c16470239. 1 dirs total, 0 dirs full, 0 dirs failed
I20260713 08:58:45.019655  1686 tablet_service.cc:1511] Processing CreateTablet for tablet 741088699ccd4a1cbdc52a0e6c33df40 (DEFAULT_TABLE table=test-workload [id=1233f11450d243878680f8df09a4963b]), partition=RANGE (key) PARTITION 1342177275 <= VALUES < 1431655760
I20260713 08:58:45.020710  1740 tablet_bootstrap.cc:492] T 889fff103d024233a74676432808c2b4 P 006430cc0df54d858dddeed2db22673d: No bootstrap required, opened a new log
I20260713 08:58:45.021289  1740 ts_tablet_manager.cc:1403] T 889fff103d024233a74676432808c2b4 P 006430cc0df54d858dddeed2db22673d: Time spent bootstrapping tablet: real 0.114s	user 0.017s	sys 0.021s
I20260713 08:58:45.024403  1740 raft_consensus.cc:359] T 889fff103d024233a74676432808c2b4 P 006430cc0df54d858dddeed2db22673d [term 0 FOLLOWER]: Replica starting. Triggering 0 pending ops. Active config: opid_index: -1 OBSOLETE_local: false peers { permanent_uuid: "006430cc0df54d858dddeed2db22673d" member_type: VOTER last_known_addr { host: "127.0.107.193" port: 39773 } } peers { permanent_uuid: "48ee22c2302046d082b19798dff57eee" member_type: VOTER last_known_addr { host: "127.0.107.195" port: 36077 } } peers { permanent_uuid: "a8b6d10aea1947c496345fafa38bb862" member_type: VOTER last_known_addr { host: "127.0.107.194" port: 33867 } }
I20260713 08:58:45.004117  1687 tablet_service.cc:1511] Processing CreateTablet for tablet 808f36b89ee04f5dbcffaaf13a1aef0e (DEFAULT_TABLE table=test-workload [id=1233f11450d243878680f8df09a4963b]), partition=RANGE (key) PARTITION 1521134245 <= VALUES < 1610612730
I20260713 08:58:45.005599  1651 heartbeater.cc:499] Master 127.0.107.254:42691 was elected leader, sending a full tablet report...
I20260713 08:58:45.003114  1743 ts_tablet_manager.cc:1434] T 52988463e8ef4e3c97653c7570d54e1c P 48ee22c2302046d082b19798dff57eee: Time spent starting tablet: real 0.079s	user 0.007s	sys 0.023s
I20260713 08:58:45.026717  1686 data_dirs.cc:400] Could only allocate 1 dirs of requested 3 for tablet 741088699ccd4a1cbdc52a0e6c33df40. 1 dirs total, 0 dirs full, 0 dirs failed
I20260713 08:58:45.033911  1740 raft_consensus.cc:385] T 889fff103d024233a74676432808c2b4 P 006430cc0df54d858dddeed2db22673d [term 0 FOLLOWER]: Consensus starting up: Expiring failure detector timer to make a prompt election more likely
I20260713 08:58:45.038810  1687 data_dirs.cc:400] Could only allocate 1 dirs of requested 3 for tablet 808f36b89ee04f5dbcffaaf13a1aef0e. 1 dirs total, 0 dirs full, 0 dirs failed
I20260713 08:58:45.041671  1681 tablet_service.cc:1511] Processing CreateTablet for tablet 0d3cbdf2c1394385a61d552c16470239 (DEFAULT_TABLE table=test-workload [id=1233f11450d243878680f8df09a4963b]), partition=RANGE (key) PARTITION 1610612730 <= VALUES < 1700091215
I20260713 08:58:45.044155  1539 tablet_service.cc:1511] Processing CreateTablet for tablet 6e125e1a969c463483cb9ebec362e44e (DEFAULT_TABLE table=test-workload [id=1233f11450d243878680f8df09a4963b]), partition=RANGE (key) PARTITION 1700091215 <= VALUES < 1789569700
I20260713 08:58:45.047392  1539 data_dirs.cc:400] Could only allocate 1 dirs of requested 3 for tablet 6e125e1a969c463483cb9ebec362e44e. 1 dirs total, 0 dirs full, 0 dirs failed
W20260713 08:58:45.049059  1497 auto_rebalancer.cc:288] Could not retrieve cluster info: Service unavailable: Tablet not running
I20260713 08:58:45.047392  1681 data_dirs.cc:400] Could only allocate 1 dirs of requested 3 for tablet 0d3cbdf2c1394385a61d552c16470239. 1 dirs total, 0 dirs full, 0 dirs failed
I20260713 08:58:45.054664  1740 raft_consensus.cc:740] T 889fff103d024233a74676432808c2b4 P 006430cc0df54d858dddeed2db22673d [term 0 FOLLOWER]: Becoming Follower/Learner. State: Replica: 006430cc0df54d858dddeed2db22673d, State: Initialized, Role: FOLLOWER
I20260713 08:58:45.055181  1626 tablet_service.cc:1917] Received RequestConsensusVote() RPC: tablet_id: "6e8491d33445499fb757dbe5c9c87ba0" candidate_uuid: "006430cc0df54d858dddeed2db22673d" candidate_term: 1 candidate_status { last_received { term: 0 index: 0 } } ignore_live_leader: false dest_uuid: "a8b6d10aea1947c496345fafa38bb862" is_pre_election: true
I20260713 08:58:45.055600  1740 consensus_queue.cc:260] T 889fff103d024233a74676432808c2b4 P 006430cc0df54d858dddeed2db22673d [NON_LEADER]: Queue going to NON_LEADER mode. State: All replicated index: 0, Majority replicated index: 0, Committed index: 0, Last appended: 0.0, Last appended by leader: 0, Current term: 0, Majority size: -1, State: 0, Mode: NON_LEADER, active raft config: opid_index: -1 OBSOLETE_local: false peers { permanent_uuid: "006430cc0df54d858dddeed2db22673d" member_type: VOTER last_known_addr { host: "127.0.107.193" port: 39773 } } peers { permanent_uuid: "48ee22c2302046d082b19798dff57eee" member_type: VOTER last_known_addr { host: "127.0.107.195" port: 36077 } } peers { permanent_uuid: "a8b6d10aea1947c496345fafa38bb862" member_type: VOTER last_known_addr { host: "127.0.107.194" port: 33867 } }
W20260713 08:58:45.056946  1515 leader_election.cc:343] T 6e8491d33445499fb757dbe5c9c87ba0 P 006430cc0df54d858dddeed2db22673d [CANDIDATE]: Term 1 pre-election: Tablet error from VoteRequest() call to peer a8b6d10aea1947c496345fafa38bb862 (127.0.107.194:33867): Illegal state: must be running to vote when last-logged opid is not known
I20260713 08:58:45.057365  1749 leader_election.cc:290] T 52988463e8ef4e3c97653c7570d54e1c P 48ee22c2302046d082b19798dff57eee [CANDIDATE]: Term 1 pre-election: Requested pre-vote from peers 006430cc0df54d858dddeed2db22673d (127.0.107.193:39773), a8b6d10aea1947c496345fafa38bb862 (127.0.107.194:33867)
I20260713 08:58:45.058164  1740 ts_tablet_manager.cc:1434] T 889fff103d024233a74676432808c2b4 P 006430cc0df54d858dddeed2db22673d: Time spent starting tablet: real 0.036s	user 0.005s	sys 0.001s
I20260713 08:58:45.060024  1740 tablet_bootstrap.cc:492] T d9184f0372aa40848bb7c3a2172f3ee9 P 006430cc0df54d858dddeed2db22673d: Bootstrap starting.
I20260713 08:58:45.064303  1743 tablet_bootstrap.cc:492] T cbf297148f0347a084bbbe85538b4e8e P 48ee22c2302046d082b19798dff57eee: Bootstrap starting.
I20260713 08:58:45.066224  1740 tablet_bootstrap.cc:654] T d9184f0372aa40848bb7c3a2172f3ee9 P 006430cc0df54d858dddeed2db22673d: Neither blocks nor log segments found. Creating new log.
I20260713 08:58:45.071590  1700 tablet_service.cc:1917] Received RequestConsensusVote() RPC: tablet_id: "6e8491d33445499fb757dbe5c9c87ba0" candidate_uuid: "006430cc0df54d858dddeed2db22673d" candidate_term: 1 candidate_status { last_received { term: 0 index: 0 } } ignore_live_leader: false dest_uuid: "48ee22c2302046d082b19798dff57eee" is_pre_election: true
W20260713 08:58:45.073266  1514 leader_election.cc:343] T 6e8491d33445499fb757dbe5c9c87ba0 P 006430cc0df54d858dddeed2db22673d [CANDIDATE]: Term 1 pre-election: Tablet error from VoteRequest() call to peer 48ee22c2302046d082b19798dff57eee (127.0.107.195:36077): Illegal state: must be running to vote when last-logged opid is not known
I20260713 08:58:45.073740  1514 leader_election.cc:304] T 6e8491d33445499fb757dbe5c9c87ba0 P 006430cc0df54d858dddeed2db22673d [CANDIDATE]: Term 1 pre-election: Election decided. Result: candidate lost. Election summary: received 3 responses out of 3 voters: 1 yes votes; 2 no votes. yes voters: 006430cc0df54d858dddeed2db22673d; no voters: 48ee22c2302046d082b19798dff57eee, a8b6d10aea1947c496345fafa38bb862
I20260713 08:58:45.074555  1744 raft_consensus.cc:2749] T 6e8491d33445499fb757dbe5c9c87ba0 P 006430cc0df54d858dddeed2db22673d [term 0 FOLLOWER]: Leader pre-election lost for term 1. Reason: could not achieve majority
I20260713 08:58:45.082693  1743 tablet_bootstrap.cc:654] T cbf297148f0347a084bbbe85538b4e8e P 48ee22c2302046d082b19798dff57eee: Neither blocks nor log segments found. Creating new log.
I20260713 08:58:45.092835  1616 tablet_service.cc:1511] Processing CreateTablet for tablet 6e125e1a969c463483cb9ebec362e44e (DEFAULT_TABLE table=test-workload [id=1233f11450d243878680f8df09a4963b]), partition=RANGE (key) PARTITION 1700091215 <= VALUES < 1789569700
I20260713 08:58:45.115458  1616 data_dirs.cc:400] Could only allocate 1 dirs of requested 3 for tablet 6e125e1a969c463483cb9ebec362e44e. 1 dirs total, 0 dirs full, 0 dirs failed
I20260713 08:58:45.144263  1535 tablet_service.cc:1511] Processing CreateTablet for tablet 8a28759d032c4551b0c1ac2802738b27 (DEFAULT_TABLE table=test-workload [id=1233f11450d243878680f8df09a4963b]), partition=RANGE (key) PARTITION 1789569700 <= VALUES < 1879048185
I20260713 08:58:45.145746  1535 data_dirs.cc:400] Could only allocate 1 dirs of requested 3 for tablet 8a28759d032c4551b0c1ac2802738b27. 1 dirs total, 0 dirs full, 0 dirs failed
I20260713 08:58:45.146695  1612 tablet_service.cc:1511] Processing CreateTablet for tablet 8a28759d032c4551b0c1ac2802738b27 (DEFAULT_TABLE table=test-workload [id=1233f11450d243878680f8df09a4963b]), partition=RANGE (key) PARTITION 1789569700 <= VALUES < 1879048185
I20260713 08:58:45.148108  1612 data_dirs.cc:400] Could only allocate 1 dirs of requested 3 for tablet 8a28759d032c4551b0c1ac2802738b27. 1 dirs total, 0 dirs full, 0 dirs failed
I20260713 08:58:45.154425  1687 tablet_service.cc:1511] Processing CreateTablet for tablet 8a28759d032c4551b0c1ac2802738b27 (DEFAULT_TABLE table=test-workload [id=1233f11450d243878680f8df09a4963b]), partition=RANGE (key) PARTITION 1789569700 <= VALUES < 1879048185
I20260713 08:58:45.156747  1741 tablet_bootstrap.cc:654] T 6e8491d33445499fb757dbe5c9c87ba0 P a8b6d10aea1947c496345fafa38bb862: Neither blocks nor log segments found. Creating new log.
I20260713 08:58:45.156823  1687 data_dirs.cc:400] Could only allocate 1 dirs of requested 3 for tablet 8a28759d032c4551b0c1ac2802738b27. 1 dirs total, 0 dirs full, 0 dirs failed
I20260713 08:58:45.177074  1613 tablet_service.cc:1511] Processing CreateTablet for tablet e749ece46b50425ca55bfe824b2bc7d3 (DEFAULT_TABLE table=test-workload [id=1233f11450d243878680f8df09a4963b]), partition=RANGE (key) PARTITION 1879048185 <= VALUES < 1968526670
I20260713 08:58:45.180253  1613 data_dirs.cc:400] Could only allocate 1 dirs of requested 3 for tablet e749ece46b50425ca55bfe824b2bc7d3. 1 dirs total, 0 dirs full, 0 dirs failed
I20260713 08:58:45.185055  1743 tablet_bootstrap.cc:492] T cbf297148f0347a084bbbe85538b4e8e P 48ee22c2302046d082b19798dff57eee: No bootstrap required, opened a new log
I20260713 08:58:45.185621  1743 ts_tablet_manager.cc:1403] T cbf297148f0347a084bbbe85538b4e8e P 48ee22c2302046d082b19798dff57eee: Time spent bootstrapping tablet: real 0.122s	user 0.006s	sys 0.014s
I20260713 08:58:45.186826  1740 tablet_bootstrap.cc:492] T d9184f0372aa40848bb7c3a2172f3ee9 P 006430cc0df54d858dddeed2db22673d: No bootstrap required, opened a new log
I20260713 08:58:45.187330  1740 ts_tablet_manager.cc:1403] T d9184f0372aa40848bb7c3a2172f3ee9 P 006430cc0df54d858dddeed2db22673d: Time spent bootstrapping tablet: real 0.128s	user 0.016s	sys 0.015s
I20260713 08:58:45.190868  1743 raft_consensus.cc:359] T cbf297148f0347a084bbbe85538b4e8e P 48ee22c2302046d082b19798dff57eee [term 0 FOLLOWER]: Replica starting. Triggering 0 pending ops. Active config: opid_index: -1 OBSOLETE_local: false peers { permanent_uuid: "006430cc0df54d858dddeed2db22673d" member_type: VOTER last_known_addr { host: "127.0.107.193" port: 39773 } } peers { permanent_uuid: "a8b6d10aea1947c496345fafa38bb862" member_type: VOTER last_known_addr { host: "127.0.107.194" port: 33867 } } peers { permanent_uuid: "48ee22c2302046d082b19798dff57eee" member_type: VOTER last_known_addr { host: "127.0.107.195" port: 36077 } }
I20260713 08:58:45.191654  1743 raft_consensus.cc:385] T cbf297148f0347a084bbbe85538b4e8e P 48ee22c2302046d082b19798dff57eee [term 0 FOLLOWER]: Consensus starting up: Expiring failure detector timer to make a prompt election more likely
I20260713 08:58:45.191963  1743 raft_consensus.cc:740] T cbf297148f0347a084bbbe85538b4e8e P 48ee22c2302046d082b19798dff57eee [term 0 FOLLOWER]: Becoming Follower/Learner. State: Replica: 48ee22c2302046d082b19798dff57eee, State: Initialized, Role: FOLLOWER
I20260713 08:58:45.192711  1743 consensus_queue.cc:260] T cbf297148f0347a084bbbe85538b4e8e P 48ee22c2302046d082b19798dff57eee [NON_LEADER]: Queue going to NON_LEADER mode. State: All replicated index: 0, Majority replicated index: 0, Committed index: 0, Last appended: 0.0, Last appended by leader: 0, Current term: 0, Majority size: -1, State: 0, Mode: NON_LEADER, active raft config: opid_index: -1 OBSOLETE_local: false peers { permanent_uuid: "006430cc0df54d858dddeed2db22673d" member_type: VOTER last_known_addr { host: "127.0.107.193" port: 39773 } } peers { permanent_uuid: "a8b6d10aea1947c496345fafa38bb862" member_type: VOTER last_known_addr { host: "127.0.107.194" port: 33867 } } peers { permanent_uuid: "48ee22c2302046d082b19798dff57eee" member_type: VOTER last_known_addr { host: "127.0.107.195" port: 36077 } }
I20260713 08:58:45.195575  1743 ts_tablet_manager.cc:1434] T cbf297148f0347a084bbbe85538b4e8e P 48ee22c2302046d082b19798dff57eee: Time spent starting tablet: real 0.010s	user 0.007s	sys 0.001s
I20260713 08:58:45.196709  1743 tablet_bootstrap.cc:492] T e44c8f33d3de4cd5b95d09ccb9504261 P 48ee22c2302046d082b19798dff57eee: Bootstrap starting.
I20260713 08:58:45.197777  1683 tablet_service.cc:1511] Processing CreateTablet for tablet e749ece46b50425ca55bfe824b2bc7d3 (DEFAULT_TABLE table=test-workload [id=1233f11450d243878680f8df09a4963b]), partition=RANGE (key) PARTITION 1879048185 <= VALUES < 1968526670
I20260713 08:58:45.199126  1683 data_dirs.cc:400] Could only allocate 1 dirs of requested 3 for tablet e749ece46b50425ca55bfe824b2bc7d3. 1 dirs total, 0 dirs full, 0 dirs failed
I20260713 08:58:45.203495  1743 tablet_bootstrap.cc:654] T e44c8f33d3de4cd5b95d09ccb9504261 P 48ee22c2302046d082b19798dff57eee: Neither blocks nor log segments found. Creating new log.
I20260713 08:58:45.209631  1540 tablet_service.cc:1511] Processing CreateTablet for tablet e749ece46b50425ca55bfe824b2bc7d3 (DEFAULT_TABLE table=test-workload [id=1233f11450d243878680f8df09a4963b]), partition=RANGE (key) PARTITION 1879048185 <= VALUES < 1968526670
I20260713 08:58:45.220942  1540 data_dirs.cc:400] Could only allocate 1 dirs of requested 3 for tablet e749ece46b50425ca55bfe824b2bc7d3. 1 dirs total, 0 dirs full, 0 dirs failed
I20260713 08:58:45.233821  1626 tablet_service.cc:1917] Received RequestConsensusVote() RPC: tablet_id: "52988463e8ef4e3c97653c7570d54e1c" candidate_uuid: "48ee22c2302046d082b19798dff57eee" candidate_term: 1 candidate_status { last_received { term: 0 index: 0 } } ignore_live_leader: false dest_uuid: "a8b6d10aea1947c496345fafa38bb862" is_pre_election: true
W20260713 08:58:45.238273  1664 leader_election.cc:343] T 52988463e8ef4e3c97653c7570d54e1c P 48ee22c2302046d082b19798dff57eee [CANDIDATE]: Term 1 pre-election: Tablet error from VoteRequest() call to peer a8b6d10aea1947c496345fafa38bb862 (127.0.107.194:33867): Illegal state: must be running to vote when last-logged opid is not known
I20260713 08:58:45.238461  1744 raft_consensus.cc:493] T 889fff103d024233a74676432808c2b4 P 006430cc0df54d858dddeed2db22673d [term 0 FOLLOWER]: Starting pre-election (no leader contacted us within the election timeout)
I20260713 08:58:45.239595  1744 raft_consensus.cc:515] T 889fff103d024233a74676432808c2b4 P 006430cc0df54d858dddeed2db22673d [term 0 FOLLOWER]: Starting pre-election with config: opid_index: -1 OBSOLETE_local: false peers { permanent_uuid: "006430cc0df54d858dddeed2db22673d" member_type: VOTER last_known_addr { host: "127.0.107.193" port: 39773 } } peers { permanent_uuid: "48ee22c2302046d082b19798dff57eee" member_type: VOTER last_known_addr { host: "127.0.107.195" port: 36077 } } peers { permanent_uuid: "a8b6d10aea1947c496345fafa38bb862" member_type: VOTER last_known_addr { host: "127.0.107.194" port: 33867 } }
I20260713 08:58:45.242859  1539 tablet_service.cc:1511] Processing CreateTablet for tablet 87f0dc34aa4b41a599783136a3a6a0c0 (DEFAULT_TABLE table=test-workload [id=1233f11450d243878680f8df09a4963b]), partition=RANGE (key) PARTITION 1968526670 <= VALUES < 2058005155
I20260713 08:58:45.243199  1626 tablet_service.cc:1917] Received RequestConsensusVote() RPC: tablet_id: "889fff103d024233a74676432808c2b4" candidate_uuid: "006430cc0df54d858dddeed2db22673d" candidate_term: 1 candidate_status { last_received { term: 0 index: 0 } } ignore_live_leader: false dest_uuid: "a8b6d10aea1947c496345fafa38bb862" is_pre_election: true
I20260713 08:58:45.243803  1700 tablet_service.cc:1917] Received RequestConsensusVote() RPC: tablet_id: "889fff103d024233a74676432808c2b4" candidate_uuid: "006430cc0df54d858dddeed2db22673d" candidate_term: 1 candidate_status { last_received { term: 0 index: 0 } } ignore_live_leader: false dest_uuid: "48ee22c2302046d082b19798dff57eee" is_pre_election: true
I20260713 08:58:45.244267  1539 data_dirs.cc:400] Could only allocate 1 dirs of requested 3 for tablet 87f0dc34aa4b41a599783136a3a6a0c0. 1 dirs total, 0 dirs full, 0 dirs failed
I20260713 08:58:45.245036  1689 tablet_service.cc:1511] Processing CreateTablet for tablet 87f0dc34aa4b41a599783136a3a6a0c0 (DEFAULT_TABLE table=test-workload [id=1233f11450d243878680f8df09a4963b]), partition=RANGE (key) PARTITION 1968526670 <= VALUES < 2058005155
W20260713 08:58:45.245452  1514 leader_election.cc:343] T 889fff103d024233a74676432808c2b4 P 006430cc0df54d858dddeed2db22673d [CANDIDATE]: Term 1 pre-election: Tablet error from VoteRequest() call to peer 48ee22c2302046d082b19798dff57eee (127.0.107.195:36077): Illegal state: must be running to vote when last-logged opid is not known
I20260713 08:58:45.243953  1744 leader_election.cc:290] T 889fff103d024233a74676432808c2b4 P 006430cc0df54d858dddeed2db22673d [CANDIDATE]: Term 1 pre-election: Requested pre-vote from peers 48ee22c2302046d082b19798dff57eee (127.0.107.195:36077), a8b6d10aea1947c496345fafa38bb862 (127.0.107.194:33867)
I20260713 08:58:45.246330  1689 data_dirs.cc:400] Could only allocate 1 dirs of requested 3 for tablet 87f0dc34aa4b41a599783136a3a6a0c0. 1 dirs total, 0 dirs full, 0 dirs failed
I20260713 08:58:45.190896  1740 raft_consensus.cc:359] T d9184f0372aa40848bb7c3a2172f3ee9 P 006430cc0df54d858dddeed2db22673d [term 0 FOLLOWER]: Replica starting. Triggering 0 pending ops. Active config: opid_index: -1 OBSOLETE_local: false peers { permanent_uuid: "006430cc0df54d858dddeed2db22673d" member_type: VOTER last_known_addr { host: "127.0.107.193" port: 39773 } } peers { permanent_uuid: "a8b6d10aea1947c496345fafa38bb862" member_type: VOTER last_known_addr { host: "127.0.107.194" port: 33867 } } peers { permanent_uuid: "48ee22c2302046d082b19798dff57eee" member_type: VOTER last_known_addr { host: "127.0.107.195" port: 36077 } }
W20260713 08:58:45.247968  1515 leader_election.cc:343] T 889fff103d024233a74676432808c2b4 P 006430cc0df54d858dddeed2db22673d [CANDIDATE]: Term 1 pre-election: Tablet error from VoteRequest() call to peer a8b6d10aea1947c496345fafa38bb862 (127.0.107.194:33867): Illegal state: must be running to vote when last-logged opid is not known
I20260713 08:58:45.248474  1515 leader_election.cc:304] T 889fff103d024233a74676432808c2b4 P 006430cc0df54d858dddeed2db22673d [CANDIDATE]: Term 1 pre-election: Election decided. Result: candidate lost. Election summary: received 3 responses out of 3 voters: 1 yes votes; 2 no votes. yes voters: 006430cc0df54d858dddeed2db22673d; no voters: 48ee22c2302046d082b19798dff57eee, a8b6d10aea1947c496345fafa38bb862
I20260713 08:58:45.248782  1612 tablet_service.cc:1511] Processing CreateTablet for tablet 87f0dc34aa4b41a599783136a3a6a0c0 (DEFAULT_TABLE table=test-workload [id=1233f11450d243878680f8df09a4963b]), partition=RANGE (key) PARTITION 1968526670 <= VALUES < 2058005155
I20260713 08:58:45.249753  1744 raft_consensus.cc:2749] T 889fff103d024233a74676432808c2b4 P 006430cc0df54d858dddeed2db22673d [term 0 FOLLOWER]: Leader pre-election lost for term 1. Reason: could not achieve majority
I20260713 08:58:45.247968  1740 raft_consensus.cc:385] T d9184f0372aa40848bb7c3a2172f3ee9 P 006430cc0df54d858dddeed2db22673d [term 0 FOLLOWER]: Consensus starting up: Expiring failure detector timer to make a prompt election more likely
I20260713 08:58:45.256975  1690 tablet_service.cc:1511] Processing CreateTablet for tablet 0f3de96a19a04bf7abbca1dd9b2a08a6 (DEFAULT_TABLE table=test-workload [id=1233f11450d243878680f8df09a4963b]), partition=RANGE (key) PARTITION 2058005155 <= VALUES
I20260713 08:58:45.257438  1740 raft_consensus.cc:740] T d9184f0372aa40848bb7c3a2172f3ee9 P 006430cc0df54d858dddeed2db22673d [term 0 FOLLOWER]: Becoming Follower/Learner. State: Replica: 006430cc0df54d858dddeed2db22673d, State: Initialized, Role: FOLLOWER
I20260713 08:58:45.258344  1690 data_dirs.cc:400] Could only allocate 1 dirs of requested 3 for tablet 0f3de96a19a04bf7abbca1dd9b2a08a6. 1 dirs total, 0 dirs full, 0 dirs failed
I20260713 08:58:45.258803  1740 consensus_queue.cc:260] T d9184f0372aa40848bb7c3a2172f3ee9 P 006430cc0df54d858dddeed2db22673d [NON_LEADER]: Queue going to NON_LEADER mode. State: All replicated index: 0, Majority replicated index: 0, Committed index: 0, Last appended: 0.0, Last appended by leader: 0, Current term: 0, Majority size: -1, State: 0, Mode: NON_LEADER, active raft config: opid_index: -1 OBSOLETE_local: false peers { permanent_uuid: "006430cc0df54d858dddeed2db22673d" member_type: VOTER last_known_addr { host: "127.0.107.193" port: 39773 } } peers { permanent_uuid: "a8b6d10aea1947c496345fafa38bb862" member_type: VOTER last_known_addr { host: "127.0.107.194" port: 33867 } } peers { permanent_uuid: "48ee22c2302046d082b19798dff57eee" member_type: VOTER last_known_addr { host: "127.0.107.195" port: 36077 } }
I20260713 08:58:45.252269  1612 data_dirs.cc:400] Could only allocate 1 dirs of requested 3 for tablet 87f0dc34aa4b41a599783136a3a6a0c0. 1 dirs total, 0 dirs full, 0 dirs failed
I20260713 08:58:45.256959  1741 tablet_bootstrap.cc:492] T 6e8491d33445499fb757dbe5c9c87ba0 P a8b6d10aea1947c496345fafa38bb862: No bootstrap required, opened a new log
I20260713 08:58:45.267555  1741 ts_tablet_manager.cc:1403] T 6e8491d33445499fb757dbe5c9c87ba0 P a8b6d10aea1947c496345fafa38bb862: Time spent bootstrapping tablet: real 0.254s	user 0.021s	sys 0.011s
I20260713 08:58:45.271477  1610 tablet_service.cc:1511] Processing CreateTablet for tablet 0f3de96a19a04bf7abbca1dd9b2a08a6 (DEFAULT_TABLE table=test-workload [id=1233f11450d243878680f8df09a4963b]), partition=RANGE (key) PARTITION 2058005155 <= VALUES
I20260713 08:58:45.272239  1740 ts_tablet_manager.cc:1434] T d9184f0372aa40848bb7c3a2172f3ee9 P 006430cc0df54d858dddeed2db22673d: Time spent starting tablet: real 0.085s	user 0.006s	sys 0.003s
I20260713 08:58:45.273200  1740 tablet_bootstrap.cc:492] T eebd0c000bb04164b618bd370c75cd37 P 006430cc0df54d858dddeed2db22673d: Bootstrap starting.
I20260713 08:58:45.278956  1610 data_dirs.cc:400] Could only allocate 1 dirs of requested 3 for tablet 0f3de96a19a04bf7abbca1dd9b2a08a6. 1 dirs total, 0 dirs full, 0 dirs failed
I20260713 08:58:45.279546  1740 tablet_bootstrap.cc:654] T eebd0c000bb04164b618bd370c75cd37 P 006430cc0df54d858dddeed2db22673d: Neither blocks nor log segments found. Creating new log.
I20260713 08:58:45.283572  1535 tablet_service.cc:1511] Processing CreateTablet for tablet 0f3de96a19a04bf7abbca1dd9b2a08a6 (DEFAULT_TABLE table=test-workload [id=1233f11450d243878680f8df09a4963b]), partition=RANGE (key) PARTITION 2058005155 <= VALUES
I20260713 08:58:45.284839  1535 data_dirs.cc:400] Could only allocate 1 dirs of requested 3 for tablet 0f3de96a19a04bf7abbca1dd9b2a08a6. 1 dirs total, 0 dirs full, 0 dirs failed
I20260713 08:58:45.289372  1741 raft_consensus.cc:359] T 6e8491d33445499fb757dbe5c9c87ba0 P a8b6d10aea1947c496345fafa38bb862 [term 0 FOLLOWER]: Replica starting. Triggering 0 pending ops. Active config: opid_index: -1 OBSOLETE_local: false peers { permanent_uuid: "006430cc0df54d858dddeed2db22673d" member_type: VOTER last_known_addr { host: "127.0.107.193" port: 39773 } } peers { permanent_uuid: "a8b6d10aea1947c496345fafa38bb862" member_type: VOTER last_known_addr { host: "127.0.107.194" port: 33867 } } peers { permanent_uuid: "48ee22c2302046d082b19798dff57eee" member_type: VOTER last_known_addr { host: "127.0.107.195" port: 36077 } }
I20260713 08:58:45.290127  1741 raft_consensus.cc:385] T 6e8491d33445499fb757dbe5c9c87ba0 P a8b6d10aea1947c496345fafa38bb862 [term 0 FOLLOWER]: Consensus starting up: Expiring failure detector timer to make a prompt election more likely
I20260713 08:58:45.270298  1681 tablet_service.cc:1511] Processing CreateTablet for tablet 6e125e1a969c463483cb9ebec362e44e (DEFAULT_TABLE table=test-workload [id=1233f11450d243878680f8df09a4963b]), partition=RANGE (key) PARTITION 1700091215 <= VALUES < 1789569700
I20260713 08:58:45.300033  1681 data_dirs.cc:400] Could only allocate 1 dirs of requested 3 for tablet 6e125e1a969c463483cb9ebec362e44e. 1 dirs total, 0 dirs full, 0 dirs failed
I20260713 08:58:45.304720  1743 tablet_bootstrap.cc:492] T e44c8f33d3de4cd5b95d09ccb9504261 P 48ee22c2302046d082b19798dff57eee: No bootstrap required, opened a new log
I20260713 08:58:45.305238  1743 ts_tablet_manager.cc:1403] T e44c8f33d3de4cd5b95d09ccb9504261 P 48ee22c2302046d082b19798dff57eee: Time spent bootstrapping tablet: real 0.109s	user 0.009s	sys 0.023s
I20260713 08:58:45.306607  1551 tablet_service.cc:1917] Received RequestConsensusVote() RPC: tablet_id: "52988463e8ef4e3c97653c7570d54e1c" candidate_uuid: "48ee22c2302046d082b19798dff57eee" candidate_term: 1 candidate_status { last_received { term: 0 index: 0 } } ignore_live_leader: false dest_uuid: "006430cc0df54d858dddeed2db22673d" is_pre_election: true
W20260713 08:58:45.308228  1665 leader_election.cc:343] T 52988463e8ef4e3c97653c7570d54e1c P 48ee22c2302046d082b19798dff57eee [CANDIDATE]: Term 1 pre-election: Tablet error from VoteRequest() call to peer 006430cc0df54d858dddeed2db22673d (127.0.107.193:39773): Illegal state: must be running to vote when last-logged opid is not known
I20260713 08:58:45.308175  1743 raft_consensus.cc:359] T e44c8f33d3de4cd5b95d09ccb9504261 P 48ee22c2302046d082b19798dff57eee [term 0 FOLLOWER]: Replica starting. Triggering 0 pending ops. Active config: opid_index: -1 OBSOLETE_local: false peers { permanent_uuid: "006430cc0df54d858dddeed2db22673d" member_type: VOTER last_known_addr { host: "127.0.107.193" port: 39773 } } peers { permanent_uuid: "a8b6d10aea1947c496345fafa38bb862" member_type: VOTER last_known_addr { host: "127.0.107.194" port: 33867 } } peers { permanent_uuid: "48ee22c2302046d082b19798dff57eee" member_type: VOTER last_known_addr { host: "127.0.107.195" port: 36077 } }
I20260713 08:58:45.308977  1743 raft_consensus.cc:385] T e44c8f33d3de4cd5b95d09ccb9504261 P 48ee22c2302046d082b19798dff57eee [term 0 FOLLOWER]: Consensus starting up: Expiring failure detector timer to make a prompt election more likely
I20260713 08:58:45.308799  1665 leader_election.cc:304] T 52988463e8ef4e3c97653c7570d54e1c P 48ee22c2302046d082b19798dff57eee [CANDIDATE]: Term 1 pre-election: Election decided. Result: candidate lost. Election summary: received 3 responses out of 3 voters: 1 yes votes; 2 no votes. yes voters: 48ee22c2302046d082b19798dff57eee; no voters: 006430cc0df54d858dddeed2db22673d, a8b6d10aea1947c496345fafa38bb862
I20260713 08:58:45.309301  1743 raft_consensus.cc:740] T e44c8f33d3de4cd5b95d09ccb9504261 P 48ee22c2302046d082b19798dff57eee [term 0 FOLLOWER]: Becoming Follower/Learner. State: Replica: 48ee22c2302046d082b19798dff57eee, State: Initialized, Role: FOLLOWER
I20260713 08:58:45.309778  1752 raft_consensus.cc:2749] T 52988463e8ef4e3c97653c7570d54e1c P 48ee22c2302046d082b19798dff57eee [term 0 FOLLOWER]: Leader pre-election lost for term 1. Reason: could not achieve majority
I20260713 08:58:45.310177  1743 consensus_queue.cc:260] T e44c8f33d3de4cd5b95d09ccb9504261 P 48ee22c2302046d082b19798dff57eee [NON_LEADER]: Queue going to NON_LEADER mode. State: All replicated index: 0, Majority replicated index: 0, Committed index: 0, Last appended: 0.0, Last appended by leader: 0, Current term: 0, Majority size: -1, State: 0, Mode: NON_LEADER, active raft config: opid_index: -1 OBSOLETE_local: false peers { permanent_uuid: "006430cc0df54d858dddeed2db22673d" member_type: VOTER last_known_addr { host: "127.0.107.193" port: 39773 } } peers { permanent_uuid: "a8b6d10aea1947c496345fafa38bb862" member_type: VOTER last_known_addr { host: "127.0.107.194" port: 33867 } } peers { permanent_uuid: "48ee22c2302046d082b19798dff57eee" member_type: VOTER last_known_addr { host: "127.0.107.195" port: 36077 } }
I20260713 08:58:45.313428  1743 ts_tablet_manager.cc:1434] T e44c8f33d3de4cd5b95d09ccb9504261 P 48ee22c2302046d082b19798dff57eee: Time spent starting tablet: real 0.008s	user 0.004s	sys 0.005s
I20260713 08:58:45.315778  1748 raft_consensus.cc:493] T e44c8f33d3de4cd5b95d09ccb9504261 P a8b6d10aea1947c496345fafa38bb862 [term 0 FOLLOWER]: Starting pre-election (no leader contacted us within the election timeout)
I20260713 08:58:45.316282  1748 raft_consensus.cc:515] T e44c8f33d3de4cd5b95d09ccb9504261 P a8b6d10aea1947c496345fafa38bb862 [term 0 FOLLOWER]: Starting pre-election with config: opid_index: -1 OBSOLETE_local: false peers { permanent_uuid: "006430cc0df54d858dddeed2db22673d" member_type: VOTER last_known_addr { host: "127.0.107.193" port: 39773 } } peers { permanent_uuid: "a8b6d10aea1947c496345fafa38bb862" member_type: VOTER last_known_addr { host: "127.0.107.194" port: 33867 } } peers { permanent_uuid: "48ee22c2302046d082b19798dff57eee" member_type: VOTER last_known_addr { host: "127.0.107.195" port: 36077 } }
I20260713 08:58:45.290416  1741 raft_consensus.cc:740] T 6e8491d33445499fb757dbe5c9c87ba0 P a8b6d10aea1947c496345fafa38bb862 [term 0 FOLLOWER]: Becoming Follower/Learner. State: Replica: a8b6d10aea1947c496345fafa38bb862, State: Initialized, Role: FOLLOWER
I20260713 08:58:45.324494  1743 tablet_bootstrap.cc:492] T 89a13ef8d2ea4291b43c8cf7e5b91e66 P 48ee22c2302046d082b19798dff57eee: Bootstrap starting.
I20260713 08:58:45.320533  1748 leader_election.cc:290] T e44c8f33d3de4cd5b95d09ccb9504261 P a8b6d10aea1947c496345fafa38bb862 [CANDIDATE]: Term 1 pre-election: Requested pre-vote from peers 006430cc0df54d858dddeed2db22673d (127.0.107.193:39773), 48ee22c2302046d082b19798dff57eee (127.0.107.195:36077)
I20260713 08:58:45.342892  1741 consensus_queue.cc:260] T 6e8491d33445499fb757dbe5c9c87ba0 P a8b6d10aea1947c496345fafa38bb862 [NON_LEADER]: Queue going to NON_LEADER mode. State: All replicated index: 0, Majority replicated index: 0, Committed index: 0, Last appended: 0.0, Last appended by leader: 0, Current term: 0, Majority size: -1, State: 0, Mode: NON_LEADER, active raft config: opid_index: -1 OBSOLETE_local: false peers { permanent_uuid: "006430cc0df54d858dddeed2db22673d" member_type: VOTER last_known_addr { host: "127.0.107.193" port: 39773 } } peers { permanent_uuid: "a8b6d10aea1947c496345fafa38bb862" member_type: VOTER last_known_addr { host: "127.0.107.194" port: 33867 } } peers { permanent_uuid: "48ee22c2302046d082b19798dff57eee" member_type: VOTER last_known_addr { host: "127.0.107.195" port: 36077 } }
I20260713 08:58:45.345228  1741 ts_tablet_manager.cc:1434] T 6e8491d33445499fb757dbe5c9c87ba0 P a8b6d10aea1947c496345fafa38bb862: Time spent starting tablet: real 0.059s	user 0.006s	sys 0.000s
I20260713 08:58:45.346172  1743 tablet_bootstrap.cc:654] T 89a13ef8d2ea4291b43c8cf7e5b91e66 P 48ee22c2302046d082b19798dff57eee: Neither blocks nor log segments found. Creating new log.
I20260713 08:58:45.346251  1741 tablet_bootstrap.cc:492] T eebd0c000bb04164b618bd370c75cd37 P a8b6d10aea1947c496345fafa38bb862: Bootstrap starting.
I20260713 08:58:45.362636  1740 tablet_bootstrap.cc:492] T eebd0c000bb04164b618bd370c75cd37 P 006430cc0df54d858dddeed2db22673d: No bootstrap required, opened a new log
I20260713 08:58:45.363144  1740 ts_tablet_manager.cc:1403] T eebd0c000bb04164b618bd370c75cd37 P 006430cc0df54d858dddeed2db22673d: Time spent bootstrapping tablet: real 0.090s	user 0.028s	sys 0.034s
I20260713 08:58:45.364262  1741 tablet_bootstrap.cc:654] T eebd0c000bb04164b618bd370c75cd37 P a8b6d10aea1947c496345fafa38bb862: Neither blocks nor log segments found. Creating new log.
I20260713 08:58:45.366175  1740 raft_consensus.cc:359] T eebd0c000bb04164b618bd370c75cd37 P 006430cc0df54d858dddeed2db22673d [term 0 FOLLOWER]: Replica starting. Triggering 0 pending ops. Active config: opid_index: -1 OBSOLETE_local: false peers { permanent_uuid: "006430cc0df54d858dddeed2db22673d" member_type: VOTER last_known_addr { host: "127.0.107.193" port: 39773 } } peers { permanent_uuid: "a8b6d10aea1947c496345fafa38bb862" member_type: VOTER last_known_addr { host: "127.0.107.194" port: 33867 } } peers { permanent_uuid: "48ee22c2302046d082b19798dff57eee" member_type: VOTER last_known_addr { host: "127.0.107.195" port: 36077 } }
I20260713 08:58:45.367120  1740 raft_consensus.cc:385] T eebd0c000bb04164b618bd370c75cd37 P 006430cc0df54d858dddeed2db22673d [term 0 FOLLOWER]: Consensus starting up: Expiring failure detector timer to make a prompt election more likely
I20260713 08:58:45.367434  1740 raft_consensus.cc:740] T eebd0c000bb04164b618bd370c75cd37 P 006430cc0df54d858dddeed2db22673d [term 0 FOLLOWER]: Becoming Follower/Learner. State: Replica: 006430cc0df54d858dddeed2db22673d, State: Initialized, Role: FOLLOWER
I20260713 08:58:45.368373  1740 consensus_queue.cc:260] T eebd0c000bb04164b618bd370c75cd37 P 006430cc0df54d858dddeed2db22673d [NON_LEADER]: Queue going to NON_LEADER mode. State: All replicated index: 0, Majority replicated index: 0, Committed index: 0, Last appended: 0.0, Last appended by leader: 0, Current term: 0, Majority size: -1, State: 0, Mode: NON_LEADER, active raft config: opid_index: -1 OBSOLETE_local: false peers { permanent_uuid: "006430cc0df54d858dddeed2db22673d" member_type: VOTER last_known_addr { host: "127.0.107.193" port: 39773 } } peers { permanent_uuid: "a8b6d10aea1947c496345fafa38bb862" member_type: VOTER last_known_addr { host: "127.0.107.194" port: 33867 } } peers { permanent_uuid: "48ee22c2302046d082b19798dff57eee" member_type: VOTER last_known_addr { host: "127.0.107.195" port: 36077 } }
I20260713 08:58:45.369875  1741 tablet_bootstrap.cc:492] T eebd0c000bb04164b618bd370c75cd37 P a8b6d10aea1947c496345fafa38bb862: No bootstrap required, opened a new log
I20260713 08:58:45.370513  1740 ts_tablet_manager.cc:1434] T eebd0c000bb04164b618bd370c75cd37 P 006430cc0df54d858dddeed2db22673d: Time spent starting tablet: real 0.007s	user 0.005s	sys 0.000s
I20260713 08:58:45.370602  1741 ts_tablet_manager.cc:1403] T eebd0c000bb04164b618bd370c75cd37 P a8b6d10aea1947c496345fafa38bb862: Time spent bootstrapping tablet: real 0.025s	user 0.006s	sys 0.006s
I20260713 08:58:45.371628  1740 tablet_bootstrap.cc:492] T cbf297148f0347a084bbbe85538b4e8e P 006430cc0df54d858dddeed2db22673d: Bootstrap starting.
I20260713 08:58:45.381325  1740 tablet_bootstrap.cc:654] T cbf297148f0347a084bbbe85538b4e8e P 006430cc0df54d858dddeed2db22673d: Neither blocks nor log segments found. Creating new log.
I20260713 08:58:45.382124  1741 raft_consensus.cc:359] T eebd0c000bb04164b618bd370c75cd37 P a8b6d10aea1947c496345fafa38bb862 [term 0 FOLLOWER]: Replica starting. Triggering 0 pending ops. Active config: opid_index: -1 OBSOLETE_local: false peers { permanent_uuid: "006430cc0df54d858dddeed2db22673d" member_type: VOTER last_known_addr { host: "127.0.107.193" port: 39773 } } peers { permanent_uuid: "a8b6d10aea1947c496345fafa38bb862" member_type: VOTER last_known_addr { host: "127.0.107.194" port: 33867 } } peers { permanent_uuid: "48ee22c2302046d082b19798dff57eee" member_type: VOTER last_known_addr { host: "127.0.107.195" port: 36077 } }
I20260713 08:58:45.383265  1741 raft_consensus.cc:385] T eebd0c000bb04164b618bd370c75cd37 P a8b6d10aea1947c496345fafa38bb862 [term 0 FOLLOWER]: Consensus starting up: Expiring failure detector timer to make a prompt election more likely
I20260713 08:58:45.383752  1741 raft_consensus.cc:740] T eebd0c000bb04164b618bd370c75cd37 P a8b6d10aea1947c496345fafa38bb862 [term 0 FOLLOWER]: Becoming Follower/Learner. State: Replica: a8b6d10aea1947c496345fafa38bb862, State: Initialized, Role: FOLLOWER
I20260713 08:58:45.384852  1741 consensus_queue.cc:260] T eebd0c000bb04164b618bd370c75cd37 P a8b6d10aea1947c496345fafa38bb862 [NON_LEADER]: Queue going to NON_LEADER mode. State: All replicated index: 0, Majority replicated index: 0, Committed index: 0, Last appended: 0.0, Last appended by leader: 0, Current term: 0, Majority size: -1, State: 0, Mode: NON_LEADER, active raft config: opid_index: -1 OBSOLETE_local: false peers { permanent_uuid: "006430cc0df54d858dddeed2db22673d" member_type: VOTER last_known_addr { host: "127.0.107.193" port: 39773 } } peers { permanent_uuid: "a8b6d10aea1947c496345fafa38bb862" member_type: VOTER last_known_addr { host: "127.0.107.194" port: 33867 } } peers { permanent_uuid: "48ee22c2302046d082b19798dff57eee" member_type: VOTER last_known_addr { host: "127.0.107.195" port: 36077 } }
I20260713 08:58:45.392802  1700 tablet_service.cc:1917] Received RequestConsensusVote() RPC: tablet_id: "e44c8f33d3de4cd5b95d09ccb9504261" candidate_uuid: "a8b6d10aea1947c496345fafa38bb862" candidate_term: 1 candidate_status { last_received { term: 0 index: 0 } } ignore_live_leader: false dest_uuid: "48ee22c2302046d082b19798dff57eee" is_pre_election: true
I20260713 08:58:45.393700  1700 raft_consensus.cc:2468] T e44c8f33d3de4cd5b95d09ccb9504261 P 48ee22c2302046d082b19798dff57eee [term 0 FOLLOWER]: Leader pre-election vote request: Granting yes vote for candidate a8b6d10aea1947c496345fafa38bb862 in term 0.
I20260713 08:58:45.395377  1589 leader_election.cc:304] T e44c8f33d3de4cd5b95d09ccb9504261 P a8b6d10aea1947c496345fafa38bb862 [CANDIDATE]: Term 1 pre-election: Election decided. Result: candidate won. Election summary: received 2 responses out of 3 voters: 2 yes votes; 0 no votes. yes voters: 48ee22c2302046d082b19798dff57eee, a8b6d10aea1947c496345fafa38bb862; no voters: 
I20260713 08:58:45.396670  1748 raft_consensus.cc:2804] T e44c8f33d3de4cd5b95d09ccb9504261 P a8b6d10aea1947c496345fafa38bb862 [term 0 FOLLOWER]: Leader pre-election won for term 1
I20260713 08:58:45.397192  1748 raft_consensus.cc:493] T e44c8f33d3de4cd5b95d09ccb9504261 P a8b6d10aea1947c496345fafa38bb862 [term 0 FOLLOWER]: Starting leader election (no leader contacted us within the election timeout)
I20260713 08:58:45.397276  1741 ts_tablet_manager.cc:1434] T eebd0c000bb04164b618bd370c75cd37 P a8b6d10aea1947c496345fafa38bb862: Time spent starting tablet: real 0.026s	user 0.006s	sys 0.004s
I20260713 08:58:45.397696  1748 raft_consensus.cc:3060] T e44c8f33d3de4cd5b95d09ccb9504261 P a8b6d10aea1947c496345fafa38bb862 [term 0 FOLLOWER]: Advancing to term 1
I20260713 08:58:45.407874  1741 tablet_bootstrap.cc:492] T 889fff103d024233a74676432808c2b4 P a8b6d10aea1947c496345fafa38bb862: Bootstrap starting.
I20260713 08:58:45.415772  1551 tablet_service.cc:1917] Received RequestConsensusVote() RPC: tablet_id: "e44c8f33d3de4cd5b95d09ccb9504261" candidate_uuid: "a8b6d10aea1947c496345fafa38bb862" candidate_term: 1 candidate_status { last_received { term: 0 index: 0 } } ignore_live_leader: false dest_uuid: "006430cc0df54d858dddeed2db22673d" is_pre_election: true
W20260713 08:58:45.418268  1591 leader_election.cc:343] T e44c8f33d3de4cd5b95d09ccb9504261 P a8b6d10aea1947c496345fafa38bb862 [CANDIDATE]: Term 1 pre-election: Tablet error from VoteRequest() call to peer 006430cc0df54d858dddeed2db22673d (127.0.107.193:39773): Illegal state: must be running to vote when last-logged opid is not known
I20260713 08:58:45.420375  1741 tablet_bootstrap.cc:654] T 889fff103d024233a74676432808c2b4 P a8b6d10aea1947c496345fafa38bb862: Neither blocks nor log segments found. Creating new log.
I20260713 08:58:45.420542  1740 tablet_bootstrap.cc:492] T cbf297148f0347a084bbbe85538b4e8e P 006430cc0df54d858dddeed2db22673d: No bootstrap required, opened a new log
I20260713 08:58:45.420544  1743 tablet_bootstrap.cc:492] T 89a13ef8d2ea4291b43c8cf7e5b91e66 P 48ee22c2302046d082b19798dff57eee: No bootstrap required, opened a new log
I20260713 08:58:45.421269  1743 ts_tablet_manager.cc:1403] T 89a13ef8d2ea4291b43c8cf7e5b91e66 P 48ee22c2302046d082b19798dff57eee: Time spent bootstrapping tablet: real 0.097s	user 0.025s	sys 0.038s
I20260713 08:58:45.421269  1740 ts_tablet_manager.cc:1403] T cbf297148f0347a084bbbe85538b4e8e P 006430cc0df54d858dddeed2db22673d: Time spent bootstrapping tablet: real 0.050s	user 0.019s	sys 0.023s
I20260713 08:58:45.424502  1740 raft_consensus.cc:359] T cbf297148f0347a084bbbe85538b4e8e P 006430cc0df54d858dddeed2db22673d [term 0 FOLLOWER]: Replica starting. Triggering 0 pending ops. Active config: opid_index: -1 OBSOLETE_local: false peers { permanent_uuid: "006430cc0df54d858dddeed2db22673d" member_type: VOTER last_known_addr { host: "127.0.107.193" port: 39773 } } peers { permanent_uuid: "a8b6d10aea1947c496345fafa38bb862" member_type: VOTER last_known_addr { host: "127.0.107.194" port: 33867 } } peers { permanent_uuid: "48ee22c2302046d082b19798dff57eee" member_type: VOTER last_known_addr { host: "127.0.107.195" port: 36077 } }
I20260713 08:58:45.425029  1741 tablet_bootstrap.cc:492] T 889fff103d024233a74676432808c2b4 P a8b6d10aea1947c496345fafa38bb862: No bootstrap required, opened a new log
I20260713 08:58:45.424619  1743 raft_consensus.cc:359] T 89a13ef8d2ea4291b43c8cf7e5b91e66 P 48ee22c2302046d082b19798dff57eee [term 0 FOLLOWER]: Replica starting. Triggering 0 pending ops. Active config: opid_index: -1 OBSOLETE_local: false peers { permanent_uuid: "006430cc0df54d858dddeed2db22673d" member_type: VOTER last_known_addr { host: "127.0.107.193" port: 39773 } } peers { permanent_uuid: "a8b6d10aea1947c496345fafa38bb862" member_type: VOTER last_known_addr { host: "127.0.107.194" port: 33867 } } peers { permanent_uuid: "48ee22c2302046d082b19798dff57eee" member_type: VOTER last_known_addr { host: "127.0.107.195" port: 36077 } }
I20260713 08:58:45.425292  1740 raft_consensus.cc:385] T cbf297148f0347a084bbbe85538b4e8e P 006430cc0df54d858dddeed2db22673d [term 0 FOLLOWER]: Consensus starting up: Expiring failure detector timer to make a prompt election more likely
I20260713 08:58:45.425413  1743 raft_consensus.cc:385] T 89a13ef8d2ea4291b43c8cf7e5b91e66 P 48ee22c2302046d082b19798dff57eee [term 0 FOLLOWER]: Consensus starting up: Expiring failure detector timer to make a prompt election more likely
I20260713 08:58:45.425526  1741 ts_tablet_manager.cc:1403] T 889fff103d024233a74676432808c2b4 P a8b6d10aea1947c496345fafa38bb862: Time spent bootstrapping tablet: real 0.018s	user 0.015s	sys 0.000s
I20260713 08:58:45.425817  1740 raft_consensus.cc:740] T cbf297148f0347a084bbbe85538b4e8e P 006430cc0df54d858dddeed2db22673d [term 0 FOLLOWER]: Becoming Follower/Learner. State: Replica: 006430cc0df54d858dddeed2db22673d, State: Initialized, Role: FOLLOWER
I20260713 08:58:45.425870  1743 raft_consensus.cc:740] T 89a13ef8d2ea4291b43c8cf7e5b91e66 P 48ee22c2302046d082b19798dff57eee [term 0 FOLLOWER]: Becoming Follower/Learner. State: Replica: 48ee22c2302046d082b19798dff57eee, State: Initialized, Role: FOLLOWER
I20260713 08:58:45.426720  1740 consensus_queue.cc:260] T cbf297148f0347a084bbbe85538b4e8e P 006430cc0df54d858dddeed2db22673d [NON_LEADER]: Queue going to NON_LEADER mode. State: All replicated index: 0, Majority replicated index: 0, Committed index: 0, Last appended: 0.0, Last appended by leader: 0, Current term: 0, Majority size: -1, State: 0, Mode: NON_LEADER, active raft config: opid_index: -1 OBSOLETE_local: false peers { permanent_uuid: "006430cc0df54d858dddeed2db22673d" member_type: VOTER last_known_addr { host: "127.0.107.193" port: 39773 } } peers { permanent_uuid: "a8b6d10aea1947c496345fafa38bb862" member_type: VOTER last_known_addr { host: "127.0.107.194" port: 33867 } } peers { permanent_uuid: "48ee22c2302046d082b19798dff57eee" member_type: VOTER last_known_addr { host: "127.0.107.195" port: 36077 } }
I20260713 08:58:45.426723  1743 consensus_queue.cc:260] T 89a13ef8d2ea4291b43c8cf7e5b91e66 P 48ee22c2302046d082b19798dff57eee [NON_LEADER]: Queue going to NON_LEADER mode. State: All replicated index: 0, Majority replicated index: 0, Committed index: 0, Last appended: 0.0, Last appended by leader: 0, Current term: 0, Majority size: -1, State: 0, Mode: NON_LEADER, active raft config: opid_index: -1 OBSOLETE_local: false peers { permanent_uuid: "006430cc0df54d858dddeed2db22673d" member_type: VOTER last_known_addr { host: "127.0.107.193" port: 39773 } } peers { permanent_uuid: "a8b6d10aea1947c496345fafa38bb862" member_type: VOTER last_known_addr { host: "127.0.107.194" port: 33867 } } peers { permanent_uuid: "48ee22c2302046d082b19798dff57eee" member_type: VOTER last_known_addr { host: "127.0.107.195" port: 36077 } }
I20260713 08:58:45.428512  1741 raft_consensus.cc:359] T 889fff103d024233a74676432808c2b4 P a8b6d10aea1947c496345fafa38bb862 [term 0 FOLLOWER]: Replica starting. Triggering 0 pending ops. Active config: opid_index: -1 OBSOLETE_local: false peers { permanent_uuid: "006430cc0df54d858dddeed2db22673d" member_type: VOTER last_known_addr { host: "127.0.107.193" port: 39773 } } peers { permanent_uuid: "48ee22c2302046d082b19798dff57eee" member_type: VOTER last_known_addr { host: "127.0.107.195" port: 36077 } } peers { permanent_uuid: "a8b6d10aea1947c496345fafa38bb862" member_type: VOTER last_known_addr { host: "127.0.107.194" port: 33867 } }
I20260713 08:58:45.429100  1743 ts_tablet_manager.cc:1434] T 89a13ef8d2ea4291b43c8cf7e5b91e66 P 48ee22c2302046d082b19798dff57eee: Time spent starting tablet: real 0.007s	user 0.006s	sys 0.000s
I20260713 08:58:45.429091  1740 ts_tablet_manager.cc:1434] T cbf297148f0347a084bbbe85538b4e8e P 006430cc0df54d858dddeed2db22673d: Time spent starting tablet: real 0.007s	user 0.005s	sys 0.000s
I20260713 08:58:45.429235  1741 raft_consensus.cc:385] T 889fff103d024233a74676432808c2b4 P a8b6d10aea1947c496345fafa38bb862 [term 0 FOLLOWER]: Consensus starting up: Expiring failure detector timer to make a prompt election more likely
I20260713 08:58:45.429683  1741 raft_consensus.cc:740] T 889fff103d024233a74676432808c2b4 P a8b6d10aea1947c496345fafa38bb862 [term 0 FOLLOWER]: Becoming Follower/Learner. State: Replica: a8b6d10aea1947c496345fafa38bb862, State: Initialized, Role: FOLLOWER
I20260713 08:58:45.430187  1740 tablet_bootstrap.cc:492] T 52988463e8ef4e3c97653c7570d54e1c P 006430cc0df54d858dddeed2db22673d: Bootstrap starting.
I20260713 08:58:45.430191  1743 tablet_bootstrap.cc:492] T d9184f0372aa40848bb7c3a2172f3ee9 P 48ee22c2302046d082b19798dff57eee: Bootstrap starting.
