I20260713 08:58:52.927598  2113 tablet_copy_client.cc:670] T 52988463e8ef4e3c97653c7570d54e1c P 5ce5f5c1a9d44d338bc35febe5e76583: tablet copy: Starting download of 1 WAL segments...
I20260713 08:58:52.931480  2113 tablet_copy_client.cc:538] T 52988463e8ef4e3c97653c7570d54e1c P 5ce5f5c1a9d44d338bc35febe5e76583: tablet copy: Tablet Copy complete. Replacing tablet superblock.
I20260713 08:58:52.937893  2113 tablet_bootstrap.cc:492] T 52988463e8ef4e3c97653c7570d54e1c P 5ce5f5c1a9d44d338bc35febe5e76583: Bootstrap starting.
I20260713 08:58:52.957944  2113 tablet_bootstrap.cc:492] T 52988463e8ef4e3c97653c7570d54e1c P 5ce5f5c1a9d44d338bc35febe5e76583: Bootstrap replayed 1/1 log segments. Stats: ops{read=2 overwritten=0 applied=2 ignored=0} inserts{seen=0 ignored=0} mutations{seen=0 ignored=0} orphaned_commits=0. Pending: 0 replicates
I20260713 08:58:52.959002  2113 tablet_bootstrap.cc:492] T 52988463e8ef4e3c97653c7570d54e1c P 5ce5f5c1a9d44d338bc35febe5e76583: Bootstrap complete.
I20260713 08:58:52.959607  2113 ts_tablet_manager.cc:1403] T 52988463e8ef4e3c97653c7570d54e1c P 5ce5f5c1a9d44d338bc35febe5e76583: Time spent bootstrapping tablet: real 0.022s	user 0.012s	sys 0.012s
I20260713 08:58:52.961925  2113 raft_consensus.cc:359] T 52988463e8ef4e3c97653c7570d54e1c P 5ce5f5c1a9d44d338bc35febe5e76583 [term 1 LEARNER]: Replica starting. Triggering 0 pending ops. Active config: opid_index: 2 OBSOLETE_local: false peers { permanent_uuid: "006430cc0df54d858dddeed2db22673d" member_type: VOTER last_known_addr { host: "127.0.107.193" port: 39773 } } peers { permanent_uuid: "a8b6d10aea1947c496345fafa38bb862" member_type: VOTER last_known_addr { host: "127.0.107.194" port: 33867 } } peers { permanent_uuid: "48ee22c2302046d082b19798dff57eee" member_type: VOTER last_known_addr { host: "127.0.107.195" port: 36077 } attrs { replace: true } } peers { permanent_uuid: "5ce5f5c1a9d44d338bc35febe5e76583" member_type: NON_VOTER last_known_addr { host: "127.0.107.196" port: 45155 } attrs { promote: true } }
I20260713 08:58:52.962584  2113 raft_consensus.cc:740] T 52988463e8ef4e3c97653c7570d54e1c P 5ce5f5c1a9d44d338bc35febe5e76583 [term 1 LEARNER]: Becoming Follower/Learner. State: Replica: 5ce5f5c1a9d44d338bc35febe5e76583, State: Initialized, Role: LEARNER
I20260713 08:58:52.963220  2113 consensus_queue.cc:260] T 52988463e8ef4e3c97653c7570d54e1c P 5ce5f5c1a9d44d338bc35febe5e76583 [NON_LEADER]: Queue going to NON_LEADER mode. State: All replicated index: 0, Majority replicated index: 0, Committed index: 2, Last appended: 1.2, Last appended by leader: 2, Current term: 0, Majority size: -1, State: 0, Mode: NON_LEADER, active raft config: opid_index: 2 OBSOLETE_local: false peers { permanent_uuid: "006430cc0df54d858dddeed2db22673d" member_type: VOTER last_known_addr { host: "127.0.107.193" port: 39773 } } peers { permanent_uuid: "a8b6d10aea1947c496345fafa38bb862" member_type: VOTER last_known_addr { host: "127.0.107.194" port: 33867 } } peers { permanent_uuid: "48ee22c2302046d082b19798dff57eee" member_type: VOTER last_known_addr { host: "127.0.107.195" port: 36077 } attrs { replace: true } } peers { permanent_uuid: "5ce5f5c1a9d44d338bc35febe5e76583" member_type: NON_VOTER last_known_addr { host: "127.0.107.196" port: 45155 } attrs { promote: true } }
I20260713 08:58:52.965552  2113 ts_tablet_manager.cc:1434] T 52988463e8ef4e3c97653c7570d54e1c P 5ce5f5c1a9d44d338bc35febe5e76583: Time spent starting tablet: real 0.006s	user 0.000s	sys 0.004s
I20260713 08:58:52.967396  1561 tablet_copy_service.cc:342] P 006430cc0df54d858dddeed2db22673d: Request end of tablet copy session 5ce5f5c1a9d44d338bc35febe5e76583-52988463e8ef4e3c97653c7570d54e1c received from {username='slave'} at 127.0.0.1:35912
I20260713 08:58:52.967836  1561 tablet_copy_service.cc:434] P 006430cc0df54d858dddeed2db22673d: ending tablet copy session 5ce5f5c1a9d44d338bc35febe5e76583-52988463e8ef4e3c97653c7570d54e1c on tablet 52988463e8ef4e3c97653c7570d54e1c with peer 5ce5f5c1a9d44d338bc35febe5e76583
I20260713 08:58:53.030318  2113 ts_tablet_manager.cc:933] T 87f0dc34aa4b41a599783136a3a6a0c0 P 5ce5f5c1a9d44d338bc35febe5e76583: Initiating tablet copy from peer 48ee22c2302046d082b19798dff57eee (127.0.107.195:36077)
I20260713 08:58:53.032068  2113 tablet_copy_client.cc:323] T 87f0dc34aa4b41a599783136a3a6a0c0 P 5ce5f5c1a9d44d338bc35febe5e76583: tablet copy: Beginning tablet copy session from remote peer at address 127.0.107.195:36077
I20260713 08:58:53.033751  1709 tablet_copy_service.cc:140] P 48ee22c2302046d082b19798dff57eee: Received BeginTabletCopySession request for tablet 87f0dc34aa4b41a599783136a3a6a0c0 from peer 5ce5f5c1a9d44d338bc35febe5e76583 ({username='slave'} at 127.0.0.1:41398)
I20260713 08:58:53.034232  1709 tablet_copy_service.cc:161] P 48ee22c2302046d082b19798dff57eee: Beginning new tablet copy session on tablet 87f0dc34aa4b41a599783136a3a6a0c0 from peer 5ce5f5c1a9d44d338bc35febe5e76583 at {username='slave'} at 127.0.0.1:41398: session id = 5ce5f5c1a9d44d338bc35febe5e76583-87f0dc34aa4b41a599783136a3a6a0c0
I20260713 08:58:53.039211  1709 tablet_copy_source_session.cc:215] T 87f0dc34aa4b41a599783136a3a6a0c0 P 48ee22c2302046d082b19798dff57eee: Tablet Copy: opened 0 blocks and 1 log segments
I20260713 08:58:53.042196  2113 data_dirs.cc:400] Could only allocate 1 dirs of requested 3 for tablet 87f0dc34aa4b41a599783136a3a6a0c0. 1 dirs total, 0 dirs full, 0 dirs failed
I20260713 08:58:53.053398  2113 tablet_copy_client.cc:806] T 87f0dc34aa4b41a599783136a3a6a0c0 P 5ce5f5c1a9d44d338bc35febe5e76583: tablet copy: Starting download of 0 data blocks...
I20260713 08:58:53.054010  2113 tablet_copy_client.cc:670] T 87f0dc34aa4b41a599783136a3a6a0c0 P 5ce5f5c1a9d44d338bc35febe5e76583: tablet copy: Starting download of 1 WAL segments...
I20260713 08:58:53.057277  2113 tablet_copy_client.cc:538] T 87f0dc34aa4b41a599783136a3a6a0c0 P 5ce5f5c1a9d44d338bc35febe5e76583: tablet copy: Tablet Copy complete. Replacing tablet superblock.
I20260713 08:58:53.063609  2113 tablet_bootstrap.cc:492] T 87f0dc34aa4b41a599783136a3a6a0c0 P 5ce5f5c1a9d44d338bc35febe5e76583: Bootstrap starting.
I20260713 08:58:53.080646  2113 tablet_bootstrap.cc:492] T 87f0dc34aa4b41a599783136a3a6a0c0 P 5ce5f5c1a9d44d338bc35febe5e76583: Bootstrap replayed 1/1 log segments. Stats: ops{read=2 overwritten=0 applied=2 ignored=0} inserts{seen=0 ignored=0} mutations{seen=0 ignored=0} orphaned_commits=0. Pending: 0 replicates
I20260713 08:58:53.081583  2113 tablet_bootstrap.cc:492] T 87f0dc34aa4b41a599783136a3a6a0c0 P 5ce5f5c1a9d44d338bc35febe5e76583: Bootstrap complete.
I20260713 08:58:53.082283  2113 ts_tablet_manager.cc:1403] T 87f0dc34aa4b41a599783136a3a6a0c0 P 5ce5f5c1a9d44d338bc35febe5e76583: Time spent bootstrapping tablet: real 0.019s	user 0.016s	sys 0.002s
I20260713 08:58:53.085253  2113 raft_consensus.cc:359] T 87f0dc34aa4b41a599783136a3a6a0c0 P 5ce5f5c1a9d44d338bc35febe5e76583 [term 1 LEARNER]: Replica starting. Triggering 0 pending ops. Active config: opid_index: 2 OBSOLETE_local: false peers { permanent_uuid: "006430cc0df54d858dddeed2db22673d" member_type: VOTER last_known_addr { host: "127.0.107.193" port: 39773 } attrs { replace: true } } peers { permanent_uuid: "a8b6d10aea1947c496345fafa38bb862" member_type: VOTER last_known_addr { host: "127.0.107.194" port: 33867 } } peers { permanent_uuid: "48ee22c2302046d082b19798dff57eee" member_type: VOTER last_known_addr { host: "127.0.107.195" port: 36077 } } peers { permanent_uuid: "5ce5f5c1a9d44d338bc35febe5e76583" member_type: NON_VOTER last_known_addr { host: "127.0.107.196" port: 45155 } attrs { promote: true } }
I20260713 08:58:53.086113  2113 raft_consensus.cc:740] T 87f0dc34aa4b41a599783136a3a6a0c0 P 5ce5f5c1a9d44d338bc35febe5e76583 [term 1 LEARNER]: Becoming Follower/Learner. State: Replica: 5ce5f5c1a9d44d338bc35febe5e76583, State: Initialized, Role: LEARNER
I20260713 08:58:53.086781  2113 consensus_queue.cc:260] T 87f0dc34aa4b41a599783136a3a6a0c0 P 5ce5f5c1a9d44d338bc35febe5e76583 [NON_LEADER]: Queue going to NON_LEADER mode. State: All replicated index: 0, Majority replicated index: 0, Committed index: 2, Last appended: 1.2, Last appended by leader: 2, Current term: 0, Majority size: -1, State: 0, Mode: NON_LEADER, active raft config: opid_index: 2 OBSOLETE_local: false peers { permanent_uuid: "006430cc0df54d858dddeed2db22673d" member_type: VOTER last_known_addr { host: "127.0.107.193" port: 39773 } attrs { replace: true } } peers { permanent_uuid: "a8b6d10aea1947c496345fafa38bb862" member_type: VOTER last_known_addr { host: "127.0.107.194" port: 33867 } } peers { permanent_uuid: "48ee22c2302046d082b19798dff57eee" member_type: VOTER last_known_addr { host: "127.0.107.195" port: 36077 } } peers { permanent_uuid: "5ce5f5c1a9d44d338bc35febe5e76583" member_type: NON_VOTER last_known_addr { host: "127.0.107.196" port: 45155 } attrs { promote: true } }
I20260713 08:58:53.089462  2113 ts_tablet_manager.cc:1434] T 87f0dc34aa4b41a599783136a3a6a0c0 P 5ce5f5c1a9d44d338bc35febe5e76583: Time spent starting tablet: real 0.007s	user 0.005s	sys 0.000s
I20260713 08:58:53.091701  1709 tablet_copy_service.cc:342] P 48ee22c2302046d082b19798dff57eee: Request end of tablet copy session 5ce5f5c1a9d44d338bc35febe5e76583-87f0dc34aa4b41a599783136a3a6a0c0 received from {username='slave'} at 127.0.0.1:41398
I20260713 08:58:53.092180  1709 tablet_copy_service.cc:434] P 48ee22c2302046d082b19798dff57eee: ending tablet copy session 5ce5f5c1a9d44d338bc35febe5e76583-87f0dc34aa4b41a599783136a3a6a0c0 on tablet 87f0dc34aa4b41a599783136a3a6a0c0 with peer 5ce5f5c1a9d44d338bc35febe5e76583
I20260713 08:58:53.302316  1963 raft_consensus.cc:1217] T 8a28759d032c4551b0c1ac2802738b27 P 5ce5f5c1a9d44d338bc35febe5e76583 [term 1 LEARNER]: Deduplicated request from leader. Original: 1.1->[1.2-1.2]   Dedup: 1.2->[]
I20260713 08:58:53.303957  1962 raft_consensus.cc:1217] T 0d3cbdf2c1394385a61d552c16470239 P 5ce5f5c1a9d44d338bc35febe5e76583 [term 1 LEARNER]: Deduplicated request from leader. Original: 1.1->[1.2-1.2]   Dedup: 1.2->[]
I20260713 08:58:53.310706  1962 raft_consensus.cc:1217] T 52988463e8ef4e3c97653c7570d54e1c P 5ce5f5c1a9d44d338bc35febe5e76583 [term 1 LEARNER]: Deduplicated request from leader. Original: 1.1->[1.2-1.2]   Dedup: 1.2->[]
I20260713 08:58:53.589636  1962 raft_consensus.cc:1217] T 87f0dc34aa4b41a599783136a3a6a0c0 P 5ce5f5c1a9d44d338bc35febe5e76583 [term 1 LEARNER]: Deduplicated request from leader. Original: 1.1->[1.2-1.2]   Dedup: 1.2->[]
W20260713 08:58:53.658687  1721 debug-util.cc:398] Leaking SignalData structure 0x7b0800196540 after lost signal to thread 434
W20260713 08:58:53.659823  1721 debug-util.cc:398] Leaking SignalData structure 0x7b080003d9c0 after lost signal to thread 1483
W20260713 08:58:53.660984  1721 debug-util.cc:398] Leaking SignalData structure 0x7b0800278080 after lost signal to thread 1575
W20260713 08:58:53.661998  1721 debug-util.cc:398] Leaking SignalData structure 0x7b080021ac20 after lost signal to thread 1650
W20260713 08:58:53.663028  1721 debug-util.cc:398] Leaking SignalData structure 0x7b0800219180 after lost signal to thread 1724
W20260713 08:58:53.664024  1721 debug-util.cc:398] Leaking SignalData structure 0x7b0800276be0 after lost signal to thread 1995
I20260713 08:58:53.696370  2097 raft_consensus.cc:1064] T 52988463e8ef4e3c97653c7570d54e1c P 006430cc0df54d858dddeed2db22673d: attempting to promote NON_VOTER 5ce5f5c1a9d44d338bc35febe5e76583 to VOTER
I20260713 08:58:53.698829  2097 consensus_queue.cc:237] T 52988463e8ef4e3c97653c7570d54e1c P 006430cc0df54d858dddeed2db22673d [LEADER]: Queue going to LEADER mode. State: All replicated index: 0, Majority replicated index: 2, Committed index: 2, Last appended: 1.2, Last appended by leader: 0, Current term: 1, Majority size: 3, State: 0, Mode: LEADER, active raft config: opid_index: 3 OBSOLETE_local: false peers { permanent_uuid: "006430cc0df54d858dddeed2db22673d" member_type: VOTER last_known_addr { host: "127.0.107.193" port: 39773 } } peers { permanent_uuid: "a8b6d10aea1947c496345fafa38bb862" member_type: VOTER last_known_addr { host: "127.0.107.194" port: 33867 } } peers { permanent_uuid: "48ee22c2302046d082b19798dff57eee" member_type: VOTER last_known_addr { host: "127.0.107.195" port: 36077 } attrs { replace: true } } peers { permanent_uuid: "5ce5f5c1a9d44d338bc35febe5e76583" member_type: VOTER last_known_addr { host: "127.0.107.196" port: 45155 } attrs { promote: false } }
I20260713 08:58:53.706425  1697 raft_consensus.cc:1275] T 52988463e8ef4e3c97653c7570d54e1c P 48ee22c2302046d082b19798dff57eee [term 1 FOLLOWER]: Refusing update from remote peer 006430cc0df54d858dddeed2db22673d: Log matching property violated. Preceding OpId in replica: term: 1 index: 2. Preceding OpId from leader: term: 1 index: 3. (index mismatch)
I20260713 08:58:53.706425  1963 raft_consensus.cc:1275] T 52988463e8ef4e3c97653c7570d54e1c P 5ce5f5c1a9d44d338bc35febe5e76583 [term 1 LEARNER]: Refusing update from remote peer 006430cc0df54d858dddeed2db22673d: Log matching property violated. Preceding OpId in replica: term: 1 index: 2. Preceding OpId from leader: term: 1 index: 3. (index mismatch)
I20260713 08:58:53.710150  1625 raft_consensus.cc:1275] T 52988463e8ef4e3c97653c7570d54e1c P a8b6d10aea1947c496345fafa38bb862 [term 1 FOLLOWER]: Refusing update from remote peer 006430cc0df54d858dddeed2db22673d: Log matching property violated. Preceding OpId in replica: term: 1 index: 2. Preceding OpId from leader: term: 1 index: 3. (index mismatch)
I20260713 08:58:53.712049  2097 consensus_queue.cc:1048] T 52988463e8ef4e3c97653c7570d54e1c P 006430cc0df54d858dddeed2db22673d [LEADER]: Connected to new peer: Peer: permanent_uuid: "5ce5f5c1a9d44d338bc35febe5e76583" member_type: VOTER last_known_addr { host: "127.0.107.196" port: 45155 } attrs { promote: false }, Status: LMP_MISMATCH, Last received: 0.0, Next index: 3, Last known committed idx: 2, Time since last communication: 0.000s
I20260713 08:58:53.713660  2092 consensus_queue.cc:1048] T 52988463e8ef4e3c97653c7570d54e1c P 006430cc0df54d858dddeed2db22673d [LEADER]: Connected to new peer: Peer: permanent_uuid: "a8b6d10aea1947c496345fafa38bb862" member_type: VOTER last_known_addr { host: "127.0.107.194" port: 33867 }, Status: LMP_MISMATCH, Last received: 0.0, Next index: 3, Last known committed idx: 2, Time since last communication: 0.000s
I20260713 08:58:53.714550  2120 consensus_queue.cc:1048] T 52988463e8ef4e3c97653c7570d54e1c P 006430cc0df54d858dddeed2db22673d [LEADER]: Connected to new peer: Peer: permanent_uuid: "48ee22c2302046d082b19798dff57eee" member_type: VOTER last_known_addr { host: "127.0.107.195" port: 36077 } attrs { replace: true }, Status: LMP_MISMATCH, Last received: 0.0, Next index: 3, Last known committed idx: 2, Time since last communication: 0.000s
I20260713 08:58:53.746476  2092 raft_consensus.cc:2955] T 52988463e8ef4e3c97653c7570d54e1c P 006430cc0df54d858dddeed2db22673d [term 1 LEADER]: Committing config change with OpId 1.3: config changed from index 2 to 3, 5ce5f5c1a9d44d338bc35febe5e76583 (127.0.107.196) changed from NON_VOTER to VOTER. New config: { opid_index: 3 OBSOLETE_local: false peers { permanent_uuid: "006430cc0df54d858dddeed2db22673d" member_type: VOTER last_known_addr { host: "127.0.107.193" port: 39773 } } peers { permanent_uuid: "a8b6d10aea1947c496345fafa38bb862" member_type: VOTER last_known_addr { host: "127.0.107.194" port: 33867 } } peers { permanent_uuid: "48ee22c2302046d082b19798dff57eee" member_type: VOTER last_known_addr { host: "127.0.107.195" port: 36077 } attrs { replace: true } } peers { permanent_uuid: "5ce5f5c1a9d44d338bc35febe5e76583" member_type: VOTER last_known_addr { host: "127.0.107.196" port: 45155 } attrs { promote: false } } }
I20260713 08:58:53.751984  1625 raft_consensus.cc:2955] T 52988463e8ef4e3c97653c7570d54e1c P a8b6d10aea1947c496345fafa38bb862 [term 1 FOLLOWER]: Committing config change with OpId 1.3: config changed from index 2 to 3, 5ce5f5c1a9d44d338bc35febe5e76583 (127.0.107.196) changed from NON_VOTER to VOTER. New config: { opid_index: 3 OBSOLETE_local: false peers { permanent_uuid: "006430cc0df54d858dddeed2db22673d" member_type: VOTER last_known_addr { host: "127.0.107.193" port: 39773 } } peers { permanent_uuid: "a8b6d10aea1947c496345fafa38bb862" member_type: VOTER last_known_addr { host: "127.0.107.194" port: 33867 } } peers { permanent_uuid: "48ee22c2302046d082b19798dff57eee" member_type: VOTER last_known_addr { host: "127.0.107.195" port: 36077 } attrs { replace: true } } peers { permanent_uuid: "5ce5f5c1a9d44d338bc35febe5e76583" member_type: VOTER last_known_addr { host: "127.0.107.196" port: 45155 } attrs { promote: false } } }
I20260713 08:58:53.761811  1962 raft_consensus.cc:2955] T 52988463e8ef4e3c97653c7570d54e1c P 5ce5f5c1a9d44d338bc35febe5e76583 [term 1 FOLLOWER]: Committing config change with OpId 1.3: config changed from index 2 to 3, 5ce5f5c1a9d44d338bc35febe5e76583 (127.0.107.196) changed from NON_VOTER to VOTER. New config: { opid_index: 3 OBSOLETE_local: false peers { permanent_uuid: "006430cc0df54d858dddeed2db22673d" member_type: VOTER last_known_addr { host: "127.0.107.193" port: 39773 } } peers { permanent_uuid: "a8b6d10aea1947c496345fafa38bb862" member_type: VOTER last_known_addr { host: "127.0.107.194" port: 33867 } } peers { permanent_uuid: "48ee22c2302046d082b19798dff57eee" member_type: VOTER last_known_addr { host: "127.0.107.195" port: 36077 } attrs { replace: true } } peers { permanent_uuid: "5ce5f5c1a9d44d338bc35febe5e76583" member_type: VOTER last_known_addr { host: "127.0.107.196" port: 45155 } attrs { promote: false } } }
I20260713 08:58:53.768612  2049 raft_consensus.cc:1064] T 8a28759d032c4551b0c1ac2802738b27 P 48ee22c2302046d082b19798dff57eee: attempting to promote NON_VOTER 5ce5f5c1a9d44d338bc35febe5e76583 to VOTER
I20260713 08:58:53.769485  1449 catalog_manager.cc:5697] T 52988463e8ef4e3c97653c7570d54e1c P 006430cc0df54d858dddeed2db22673d reported cstate change: config changed from index 2 to 3, 5ce5f5c1a9d44d338bc35febe5e76583 (127.0.107.196) changed from NON_VOTER to VOTER. New cstate: current_term: 1 leader_uuid: "006430cc0df54d858dddeed2db22673d" committed_config { opid_index: 3 OBSOLETE_local: false peers { permanent_uuid: "006430cc0df54d858dddeed2db22673d" member_type: VOTER last_known_addr { host: "127.0.107.193" port: 39773 } health_report { overall_health: HEALTHY } } peers { permanent_uuid: "a8b6d10aea1947c496345fafa38bb862" member_type: VOTER last_known_addr { host: "127.0.107.194" port: 33867 } health_report { overall_health: HEALTHY } } peers { permanent_uuid: "48ee22c2302046d082b19798dff57eee" member_type: VOTER last_known_addr { host: "127.0.107.195" port: 36077 } attrs { replace: true } health_report { overall_health: UNKNOWN } } peers { permanent_uuid: "5ce5f5c1a9d44d338bc35febe5e76583" member_type: VOTER last_known_addr { host: "127.0.107.196" port: 45155 } attrs { promote: false } health_report { overall_health: HEALTHY } } }
I20260713 08:58:53.778326  2049 consensus_queue.cc:237] T 8a28759d032c4551b0c1ac2802738b27 P 48ee22c2302046d082b19798dff57eee [LEADER]: Queue going to LEADER mode. State: All replicated index: 0, Majority replicated index: 2, Committed index: 2, Last appended: 1.2, Last appended by leader: 0, Current term: 1, Majority size: 3, State: 0, Mode: LEADER, active raft config: opid_index: 3 OBSOLETE_local: false peers { permanent_uuid: "006430cc0df54d858dddeed2db22673d" member_type: VOTER last_known_addr { host: "127.0.107.193" port: 39773 } attrs { replace: true } } peers { permanent_uuid: "a8b6d10aea1947c496345fafa38bb862" member_type: VOTER last_known_addr { host: "127.0.107.194" port: 33867 } } peers { permanent_uuid: "48ee22c2302046d082b19798dff57eee" member_type: VOTER last_known_addr { host: "127.0.107.195" port: 36077 } } peers { permanent_uuid: "5ce5f5c1a9d44d338bc35febe5e76583" member_type: VOTER last_known_addr { host: "127.0.107.196" port: 45155 } attrs { promote: false } }
I20260713 08:58:53.790066  1697 raft_consensus.cc:2955] T 52988463e8ef4e3c97653c7570d54e1c P 48ee22c2302046d082b19798dff57eee [term 1 FOLLOWER]: Committing config change with OpId 1.3: config changed from index 2 to 3, 5ce5f5c1a9d44d338bc35febe5e76583 (127.0.107.196) changed from NON_VOTER to VOTER. New config: { opid_index: 3 OBSOLETE_local: false peers { permanent_uuid: "006430cc0df54d858dddeed2db22673d" member_type: VOTER last_known_addr { host: "127.0.107.193" port: 39773 } } peers { permanent_uuid: "a8b6d10aea1947c496345fafa38bb862" member_type: VOTER last_known_addr { host: "127.0.107.194" port: 33867 } } peers { permanent_uuid: "48ee22c2302046d082b19798dff57eee" member_type: VOTER last_known_addr { host: "127.0.107.195" port: 36077 } attrs { replace: true } } peers { permanent_uuid: "5ce5f5c1a9d44d338bc35febe5e76583" member_type: VOTER last_known_addr { host: "127.0.107.196" port: 45155 } attrs { promote: false } } }
I20260713 08:58:53.804593  1962 raft_consensus.cc:1275] T 8a28759d032c4551b0c1ac2802738b27 P 5ce5f5c1a9d44d338bc35febe5e76583 [term 1 LEARNER]: Refusing update from remote peer 48ee22c2302046d082b19798dff57eee: Log matching property violated. Preceding OpId in replica: term: 1 index: 2. Preceding OpId from leader: term: 1 index: 3. (index mismatch)
I20260713 08:58:53.807248  1812 consensus_queue.cc:1048] T 8a28759d032c4551b0c1ac2802738b27 P 48ee22c2302046d082b19798dff57eee [LEADER]: Connected to new peer: Peer: permanent_uuid: "5ce5f5c1a9d44d338bc35febe5e76583" member_type: VOTER last_known_addr { host: "127.0.107.196" port: 45155 } attrs { promote: false }, Status: LMP_MISMATCH, Last received: 0.0, Next index: 3, Last known committed idx: 2, Time since last communication: 0.000s
I20260713 08:58:53.810395  1625 raft_consensus.cc:1275] T 8a28759d032c4551b0c1ac2802738b27 P a8b6d10aea1947c496345fafa38bb862 [term 1 FOLLOWER]: Refusing update from remote peer 48ee22c2302046d082b19798dff57eee: Log matching property violated. Preceding OpId in replica: term: 1 index: 2. Preceding OpId from leader: term: 1 index: 3. (index mismatch)
I20260713 08:58:53.812088  2083 consensus_queue.cc:1048] T 8a28759d032c4551b0c1ac2802738b27 P 48ee22c2302046d082b19798dff57eee [LEADER]: Connected to new peer: Peer: permanent_uuid: "a8b6d10aea1947c496345fafa38bb862" member_type: VOTER last_known_addr { host: "127.0.107.194" port: 33867 }, Status: LMP_MISMATCH, Last received: 0.0, Next index: 3, Last known committed idx: 2, Time since last communication: 0.000s
I20260713 08:58:53.818878  1550 raft_consensus.cc:1275] T 8a28759d032c4551b0c1ac2802738b27 P 006430cc0df54d858dddeed2db22673d [term 1 FOLLOWER]: Refusing update from remote peer 48ee22c2302046d082b19798dff57eee: Log matching property violated. Preceding OpId in replica: term: 1 index: 2. Preceding OpId from leader: term: 1 index: 3. (index mismatch)
I20260713 08:58:53.820709  2049 consensus_queue.cc:1048] T 8a28759d032c4551b0c1ac2802738b27 P 48ee22c2302046d082b19798dff57eee [LEADER]: Connected to new peer: Peer: permanent_uuid: "006430cc0df54d858dddeed2db22673d" member_type: VOTER last_known_addr { host: "127.0.107.193" port: 39773 } attrs { replace: true }, Status: LMP_MISMATCH, Last received: 0.0, Next index: 3, Last known committed idx: 2, Time since last communication: 0.001s
I20260713 08:58:53.833877  2049 raft_consensus.cc:2955] T 8a28759d032c4551b0c1ac2802738b27 P 48ee22c2302046d082b19798dff57eee [term 1 LEADER]: Committing config change with OpId 1.3: config changed from index 2 to 3, 5ce5f5c1a9d44d338bc35febe5e76583 (127.0.107.196) changed from NON_VOTER to VOTER. New config: { opid_index: 3 OBSOLETE_local: false peers { permanent_uuid: "006430cc0df54d858dddeed2db22673d" member_type: VOTER last_known_addr { host: "127.0.107.193" port: 39773 } attrs { replace: true } } peers { permanent_uuid: "a8b6d10aea1947c496345fafa38bb862" member_type: VOTER last_known_addr { host: "127.0.107.194" port: 33867 } } peers { permanent_uuid: "48ee22c2302046d082b19798dff57eee" member_type: VOTER last_known_addr { host: "127.0.107.195" port: 36077 } } peers { permanent_uuid: "5ce5f5c1a9d44d338bc35febe5e76583" member_type: VOTER last_known_addr { host: "127.0.107.196" port: 45155 } attrs { promote: false } } }
I20260713 08:58:53.841434  1962 raft_consensus.cc:2955] T 8a28759d032c4551b0c1ac2802738b27 P 5ce5f5c1a9d44d338bc35febe5e76583 [term 1 FOLLOWER]: Committing config change with OpId 1.3: config changed from index 2 to 3, 5ce5f5c1a9d44d338bc35febe5e76583 (127.0.107.196) changed from NON_VOTER to VOTER. New config: { opid_index: 3 OBSOLETE_local: false peers { permanent_uuid: "006430cc0df54d858dddeed2db22673d" member_type: VOTER last_known_addr { host: "127.0.107.193" port: 39773 } attrs { replace: true } } peers { permanent_uuid: "a8b6d10aea1947c496345fafa38bb862" member_type: VOTER last_known_addr { host: "127.0.107.194" port: 33867 } } peers { permanent_uuid: "48ee22c2302046d082b19798dff57eee" member_type: VOTER last_known_addr { host: "127.0.107.195" port: 36077 } } peers { permanent_uuid: "5ce5f5c1a9d44d338bc35febe5e76583" member_type: VOTER last_known_addr { host: "127.0.107.196" port: 45155 } attrs { promote: false } } }
I20260713 08:58:53.865597  1550 raft_consensus.cc:2955] T 8a28759d032c4551b0c1ac2802738b27 P 006430cc0df54d858dddeed2db22673d [term 1 FOLLOWER]: Committing config change with OpId 1.3: config changed from index 2 to 3, 5ce5f5c1a9d44d338bc35febe5e76583 (127.0.107.196) changed from NON_VOTER to VOTER. New config: { opid_index: 3 OBSOLETE_local: false peers { permanent_uuid: "006430cc0df54d858dddeed2db22673d" member_type: VOTER last_known_addr { host: "127.0.107.193" port: 39773 } attrs { replace: true } } peers { permanent_uuid: "a8b6d10aea1947c496345fafa38bb862" member_type: VOTER last_known_addr { host: "127.0.107.194" port: 33867 } } peers { permanent_uuid: "48ee22c2302046d082b19798dff57eee" member_type: VOTER last_known_addr { host: "127.0.107.195" port: 36077 } } peers { permanent_uuid: "5ce5f5c1a9d44d338bc35febe5e76583" member_type: VOTER last_known_addr { host: "127.0.107.196" port: 45155 } attrs { promote: false } } }
I20260713 08:58:53.874979  1625 raft_consensus.cc:2955] T 8a28759d032c4551b0c1ac2802738b27 P a8b6d10aea1947c496345fafa38bb862 [term 1 FOLLOWER]: Committing config change with OpId 1.3: config changed from index 2 to 3, 5ce5f5c1a9d44d338bc35febe5e76583 (127.0.107.196) changed from NON_VOTER to VOTER. New config: { opid_index: 3 OBSOLETE_local: false peers { permanent_uuid: "006430cc0df54d858dddeed2db22673d" member_type: VOTER last_known_addr { host: "127.0.107.193" port: 39773 } attrs { replace: true } } peers { permanent_uuid: "a8b6d10aea1947c496345fafa38bb862" member_type: VOTER last_known_addr { host: "127.0.107.194" port: 33867 } } peers { permanent_uuid: "48ee22c2302046d082b19798dff57eee" member_type: VOTER last_known_addr { host: "127.0.107.195" port: 36077 } } peers { permanent_uuid: "5ce5f5c1a9d44d338bc35febe5e76583" member_type: VOTER last_known_addr { host: "127.0.107.196" port: 45155 } attrs { promote: false } } }
I20260713 08:58:53.899714  1550 consensus_queue.cc:237] T 52988463e8ef4e3c97653c7570d54e1c P 006430cc0df54d858dddeed2db22673d [LEADER]: Queue going to LEADER mode. State: All replicated index: 0, Majority replicated index: 3, Committed index: 3, Last appended: 1.3, Last appended by leader: 0, Current term: 1, Majority size: 2, State: 0, Mode: LEADER, active raft config: opid_index: 4 OBSOLETE_local: false peers { permanent_uuid: "006430cc0df54d858dddeed2db22673d" member_type: VOTER last_known_addr { host: "127.0.107.193" port: 39773 } } peers { permanent_uuid: "a8b6d10aea1947c496345fafa38bb862" member_type: VOTER last_known_addr { host: "127.0.107.194" port: 33867 } } peers { permanent_uuid: "5ce5f5c1a9d44d338bc35febe5e76583" member_type: VOTER last_known_addr { host: "127.0.107.196" port: 45155 } attrs { promote: false } }
I20260713 08:58:53.907852  1962 raft_consensus.cc:1275] T 52988463e8ef4e3c97653c7570d54e1c P 5ce5f5c1a9d44d338bc35febe5e76583 [term 1 FOLLOWER]: Refusing update from remote peer 006430cc0df54d858dddeed2db22673d: Log matching property violated. Preceding OpId in replica: term: 1 index: 3. Preceding OpId from leader: term: 1 index: 4. (index mismatch)
I20260713 08:58:53.909999  2120 consensus_queue.cc:1048] T 52988463e8ef4e3c97653c7570d54e1c P 006430cc0df54d858dddeed2db22673d [LEADER]: Connected to new peer: Peer: permanent_uuid: "5ce5f5c1a9d44d338bc35febe5e76583" member_type: VOTER last_known_addr { host: "127.0.107.196" port: 45155 } attrs { promote: false }, Status: LMP_MISMATCH, Last received: 0.0, Next index: 4, Last known committed idx: 3, Time since last communication: 0.001s
I20260713 08:58:53.913882  1448 catalog_manager.cc:5697] T 8a28759d032c4551b0c1ac2802738b27 P 006430cc0df54d858dddeed2db22673d reported cstate change: config changed from index 2 to 3, 5ce5f5c1a9d44d338bc35febe5e76583 (127.0.107.196) changed from NON_VOTER to VOTER. New cstate: current_term: 1 leader_uuid: "48ee22c2302046d082b19798dff57eee" committed_config { opid_index: 3 OBSOLETE_local: false peers { permanent_uuid: "006430cc0df54d858dddeed2db22673d" member_type: VOTER last_known_addr { host: "127.0.107.193" port: 39773 } attrs { replace: true } } peers { permanent_uuid: "a8b6d10aea1947c496345fafa38bb862" member_type: VOTER last_known_addr { host: "127.0.107.194" port: 33867 } } peers { permanent_uuid: "48ee22c2302046d082b19798dff57eee" member_type: VOTER last_known_addr { host: "127.0.107.195" port: 36077 } } peers { permanent_uuid: "5ce5f5c1a9d44d338bc35febe5e76583" member_type: VOTER last_known_addr { host: "127.0.107.196" port: 45155 } attrs { promote: false } } }
I20260713 08:58:53.921061  2097 raft_consensus.cc:1064] T 0d3cbdf2c1394385a61d552c16470239 P 006430cc0df54d858dddeed2db22673d: attempting to promote NON_VOTER 5ce5f5c1a9d44d338bc35febe5e76583 to VOTER
I20260713 08:58:53.923445  2097 consensus_queue.cc:237] T 0d3cbdf2c1394385a61d552c16470239 P 006430cc0df54d858dddeed2db22673d [LEADER]: Queue going to LEADER mode. State: All replicated index: 0, Majority replicated index: 2, Committed index: 2, Last appended: 1.2, Last appended by leader: 0, Current term: 1, Majority size: 3, State: 0, Mode: LEADER, active raft config: opid_index: 3 OBSOLETE_local: false peers { permanent_uuid: "006430cc0df54d858dddeed2db22673d" member_type: VOTER last_known_addr { host: "127.0.107.193" port: 39773 } } peers { permanent_uuid: "a8b6d10aea1947c496345fafa38bb862" member_type: VOTER last_known_addr { host: "127.0.107.194" port: 33867 } } peers { permanent_uuid: "48ee22c2302046d082b19798dff57eee" member_type: VOTER last_known_addr { host: "127.0.107.195" port: 36077 } attrs { replace: true } } peers { permanent_uuid: "5ce5f5c1a9d44d338bc35febe5e76583" member_type: VOTER last_known_addr { host: "127.0.107.196" port: 45155 } attrs { promote: false } }
I20260713 08:58:53.925383  2092 raft_consensus.cc:2955] T 52988463e8ef4e3c97653c7570d54e1c P 006430cc0df54d858dddeed2db22673d [term 1 LEADER]: Committing config change with OpId 1.4: config changed from index 3 to 4, VOTER 48ee22c2302046d082b19798dff57eee (127.0.107.195) evicted. New config: { opid_index: 4 OBSOLETE_local: false peers { permanent_uuid: "006430cc0df54d858dddeed2db22673d" member_type: VOTER last_known_addr { host: "127.0.107.193" port: 39773 } } peers { permanent_uuid: "a8b6d10aea1947c496345fafa38bb862" member_type: VOTER last_known_addr { host: "127.0.107.194" port: 33867 } } peers { permanent_uuid: "5ce5f5c1a9d44d338bc35febe5e76583" member_type: VOTER last_known_addr { host: "127.0.107.196" port: 45155 } attrs { promote: false } } }
I20260713 08:58:53.924510  1625 raft_consensus.cc:1275] T 52988463e8ef4e3c97653c7570d54e1c P a8b6d10aea1947c496345fafa38bb862 [term 1 FOLLOWER]: Refusing update from remote peer 006430cc0df54d858dddeed2db22673d: Log matching property violated. Preceding OpId in replica: term: 1 index: 3. Preceding OpId from leader: term: 1 index: 4. (index mismatch)
I20260713 08:58:53.935879  1697 consensus_queue.cc:237] T 8a28759d032c4551b0c1ac2802738b27 P 48ee22c2302046d082b19798dff57eee [LEADER]: Queue going to LEADER mode. State: All replicated index: 0, Majority replicated index: 3, Committed index: 3, Last appended: 1.3, Last appended by leader: 0, Current term: 1, Majority size: 2, State: 0, Mode: LEADER, active raft config: opid_index: 4 OBSOLETE_local: false peers { permanent_uuid: "a8b6d10aea1947c496345fafa38bb862" member_type: VOTER last_known_addr { host: "127.0.107.194" port: 33867 } } peers { permanent_uuid: "48ee22c2302046d082b19798dff57eee" member_type: VOTER last_known_addr { host: "127.0.107.195" port: 36077 } } peers { permanent_uuid: "5ce5f5c1a9d44d338bc35febe5e76583" member_type: VOTER last_known_addr { host: "127.0.107.196" port: 45155 } attrs { promote: false } }
I20260713 08:58:53.956333  2120 consensus_queue.cc:1048] T 52988463e8ef4e3c97653c7570d54e1c P 006430cc0df54d858dddeed2db22673d [LEADER]: Connected to new peer: Peer: permanent_uuid: "a8b6d10aea1947c496345fafa38bb862" member_type: VOTER last_known_addr { host: "127.0.107.194" port: 33867 }, Status: LMP_MISMATCH, Last received: 0.0, Next index: 4, Last known committed idx: 3, Time since last communication: 0.001s
I20260713 08:58:53.991990  1962 raft_consensus.cc:1275] T 8a28759d032c4551b0c1ac2802738b27 P 5ce5f5c1a9d44d338bc35febe5e76583 [term 1 FOLLOWER]: Refusing update from remote peer 48ee22c2302046d082b19798dff57eee: Log matching property violated. Preceding OpId in replica: term: 1 index: 3. Preceding OpId from leader: term: 1 index: 4. (index mismatch)
I20260713 08:58:53.992174  1625 raft_consensus.cc:1275] T 8a28759d032c4551b0c1ac2802738b27 P a8b6d10aea1947c496345fafa38bb862 [term 1 FOLLOWER]: Refusing update from remote peer 48ee22c2302046d082b19798dff57eee: Log matching property violated. Preceding OpId in replica: term: 1 index: 3. Preceding OpId from leader: term: 1 index: 4. (index mismatch)
I20260713 08:58:53.993602  2049 consensus_queue.cc:1048] T 8a28759d032c4551b0c1ac2802738b27 P 48ee22c2302046d082b19798dff57eee [LEADER]: Connected to new peer: Peer: permanent_uuid: "5ce5f5c1a9d44d338bc35febe5e76583" member_type: VOTER last_known_addr { host: "127.0.107.196" port: 45155 } attrs { promote: false }, Status: LMP_MISMATCH, Last received: 0.0, Next index: 4, Last known committed idx: 3, Time since last communication: 0.000s
I20260713 08:58:53.994536  2083 consensus_queue.cc:1048] T 8a28759d032c4551b0c1ac2802738b27 P 48ee22c2302046d082b19798dff57eee [LEADER]: Connected to new peer: Peer: permanent_uuid: "a8b6d10aea1947c496345fafa38bb862" member_type: VOTER last_known_addr { host: "127.0.107.194" port: 33867 }, Status: LMP_MISMATCH, Last received: 0.0, Next index: 4, Last known committed idx: 3, Time since last communication: 0.000s
I20260713 08:58:54.006192  1812 raft_consensus.cc:2955] T 8a28759d032c4551b0c1ac2802738b27 P 48ee22c2302046d082b19798dff57eee [term 1 LEADER]: Committing config change with OpId 1.4: config changed from index 3 to 4, VOTER 006430cc0df54d858dddeed2db22673d (127.0.107.193) evicted. New config: { opid_index: 4 OBSOLETE_local: false peers { permanent_uuid: "a8b6d10aea1947c496345fafa38bb862" member_type: VOTER last_known_addr { host: "127.0.107.194" port: 33867 } } peers { permanent_uuid: "48ee22c2302046d082b19798dff57eee" member_type: VOTER last_known_addr { host: "127.0.107.195" port: 36077 } } peers { permanent_uuid: "5ce5f5c1a9d44d338bc35febe5e76583" member_type: VOTER last_known_addr { host: "127.0.107.196" port: 45155 } attrs { promote: false } } }
I20260713 08:58:54.027700  1433 catalog_manager.cc:5210] ChangeConfig:REMOVE_PEER RPC for tablet 8a28759d032c4551b0c1ac2802738b27 with cas_config_opid_index 3: ChangeConfig:REMOVE_PEER succeeded (attempt 1)
I20260713 08:58:54.024106  1624 raft_consensus.cc:2955] T 8a28759d032c4551b0c1ac2802738b27 P a8b6d10aea1947c496345fafa38bb862 [term 1 FOLLOWER]: Committing config change with OpId 1.4: config changed from index 3 to 4, VOTER 006430cc0df54d858dddeed2db22673d (127.0.107.193) evicted. New config: { opid_index: 4 OBSOLETE_local: false peers { permanent_uuid: "a8b6d10aea1947c496345fafa38bb862" member_type: VOTER last_known_addr { host: "127.0.107.194" port: 33867 } } peers { permanent_uuid: "48ee22c2302046d082b19798dff57eee" member_type: VOTER last_known_addr { host: "127.0.107.195" port: 36077 } } peers { permanent_uuid: "5ce5f5c1a9d44d338bc35febe5e76583" member_type: VOTER last_known_addr { host: "127.0.107.196" port: 45155 } attrs { promote: false } } }
I20260713 08:58:54.029832  1963 raft_consensus.cc:2955] T 52988463e8ef4e3c97653c7570d54e1c P 5ce5f5c1a9d44d338bc35febe5e76583 [term 1 FOLLOWER]: Committing config change with OpId 1.4: config changed from index 3 to 4, VOTER 48ee22c2302046d082b19798dff57eee (127.0.107.195) evicted. New config: { opid_index: 4 OBSOLETE_local: false peers { permanent_uuid: "006430cc0df54d858dddeed2db22673d" member_type: VOTER last_known_addr { host: "127.0.107.193" port: 39773 } } peers { permanent_uuid: "a8b6d10aea1947c496345fafa38bb862" member_type: VOTER last_known_addr { host: "127.0.107.194" port: 33867 } } peers { permanent_uuid: "5ce5f5c1a9d44d338bc35febe5e76583" member_type: VOTER last_known_addr { host: "127.0.107.196" port: 45155 } attrs { promote: false } } }
I20260713 08:58:54.021770  1435 catalog_manager.cc:5210] ChangeConfig:REMOVE_PEER RPC for tablet 52988463e8ef4e3c97653c7570d54e1c with cas_config_opid_index 3: ChangeConfig:REMOVE_PEER succeeded (attempt 1)
I20260713 08:58:54.045521  1448 catalog_manager.cc:5697] T 8a28759d032c4551b0c1ac2802738b27 P 48ee22c2302046d082b19798dff57eee reported cstate change: config changed from index 3 to 4, VOTER 006430cc0df54d858dddeed2db22673d (127.0.107.193) evicted. New cstate: current_term: 1 leader_uuid: "48ee22c2302046d082b19798dff57eee" committed_config { opid_index: 4 OBSOLETE_local: false peers { permanent_uuid: "a8b6d10aea1947c496345fafa38bb862" member_type: VOTER last_known_addr { host: "127.0.107.194" port: 33867 } health_report { overall_health: HEALTHY } } peers { permanent_uuid: "48ee22c2302046d082b19798dff57eee" member_type: VOTER last_known_addr { host: "127.0.107.195" port: 36077 } health_report { overall_health: HEALTHY } } peers { permanent_uuid: "5ce5f5c1a9d44d338bc35febe5e76583" member_type: VOTER last_known_addr { host: "127.0.107.196" port: 45155 } attrs { promote: false } health_report { overall_health: UNKNOWN } } }
I20260713 08:58:54.047331  1962 raft_consensus.cc:2955] T 8a28759d032c4551b0c1ac2802738b27 P 5ce5f5c1a9d44d338bc35febe5e76583 [term 1 FOLLOWER]: Committing config change with OpId 1.4: config changed from index 3 to 4, VOTER 006430cc0df54d858dddeed2db22673d (127.0.107.193) evicted. New config: { opid_index: 4 OBSOLETE_local: false peers { permanent_uuid: "a8b6d10aea1947c496345fafa38bb862" member_type: VOTER last_known_addr { host: "127.0.107.194" port: 33867 } } peers { permanent_uuid: "48ee22c2302046d082b19798dff57eee" member_type: VOTER last_known_addr { host: "127.0.107.195" port: 36077 } } peers { permanent_uuid: "5ce5f5c1a9d44d338bc35febe5e76583" member_type: VOTER last_known_addr { host: "127.0.107.196" port: 45155 } attrs { promote: false } } }
W20260713 08:58:54.048797  1515 outbound_call.cc:321] RPC callback for RPC call kudu.consensus.ConsensusService.UpdateConsensus -> {remote=127.0.107.194:33867, user_credentials={real_user=slave}} blocked reactor thread for 84110.7us
I20260713 08:58:54.063573  2134 raft_consensus.cc:1064] T 87f0dc34aa4b41a599783136a3a6a0c0 P 48ee22c2302046d082b19798dff57eee: attempting to promote NON_VOTER 5ce5f5c1a9d44d338bc35febe5e76583 to VOTER
I20260713 08:58:54.067999  2134 consensus_queue.cc:237] T 87f0dc34aa4b41a599783136a3a6a0c0 P 48ee22c2302046d082b19798dff57eee [LEADER]: Queue going to LEADER mode. State: All replicated index: 0, Majority replicated index: 2, Committed index: 2, Last appended: 1.2, Last appended by leader: 0, Current term: 1, Majority size: 3, State: 0, Mode: LEADER, active raft config: opid_index: 3 OBSOLETE_local: false peers { permanent_uuid: "006430cc0df54d858dddeed2db22673d" member_type: VOTER last_known_addr { host: "127.0.107.193" port: 39773 } attrs { replace: true } } peers { permanent_uuid: "a8b6d10aea1947c496345fafa38bb862" member_type: VOTER last_known_addr { host: "127.0.107.194" port: 33867 } } peers { permanent_uuid: "48ee22c2302046d082b19798dff57eee" member_type: VOTER last_known_addr { host: "127.0.107.195" port: 36077 } } peers { permanent_uuid: "5ce5f5c1a9d44d338bc35febe5e76583" member_type: VOTER last_known_addr { host: "127.0.107.196" port: 45155 } attrs { promote: false } }
I20260713 08:58:54.061786  1623 raft_consensus.cc:2955] T 52988463e8ef4e3c97653c7570d54e1c P a8b6d10aea1947c496345fafa38bb862 [term 1 FOLLOWER]: Committing config change with OpId 1.4: config changed from index 3 to 4, VOTER 48ee22c2302046d082b19798dff57eee (127.0.107.195) evicted. New config: { opid_index: 4 OBSOLETE_local: false peers { permanent_uuid: "006430cc0df54d858dddeed2db22673d" member_type: VOTER last_known_addr { host: "127.0.107.193" port: 39773 } } peers { permanent_uuid: "a8b6d10aea1947c496345fafa38bb862" member_type: VOTER last_known_addr { host: "127.0.107.194" port: 33867 } } peers { permanent_uuid: "5ce5f5c1a9d44d338bc35febe5e76583" member_type: VOTER last_known_addr { host: "127.0.107.196" port: 45155 } attrs { promote: false } } }
I20260713 08:58:54.076537  1540 tablet_service.cc:1558] Processing DeleteTablet for tablet 8a28759d032c4551b0c1ac2802738b27 with delete_type TABLET_DATA_TOMBSTONED (TS 006430cc0df54d858dddeed2db22673d not found in new config with opid_index 4) from {username='slave'} at 127.0.0.1:35868
I20260713 08:58:54.097388  1448 catalog_manager.cc:5697] T 52988463e8ef4e3c97653c7570d54e1c P 006430cc0df54d858dddeed2db22673d reported cstate change: config changed from index 3 to 4, VOTER 48ee22c2302046d082b19798dff57eee (127.0.107.195) evicted. New cstate: current_term: 1 leader_uuid: "006430cc0df54d858dddeed2db22673d" committed_config { opid_index: 4 OBSOLETE_local: false peers { permanent_uuid: "006430cc0df54d858dddeed2db22673d" member_type: VOTER last_known_addr { host: "127.0.107.193" port: 39773 } health_report { overall_health: HEALTHY } } peers { permanent_uuid: "a8b6d10aea1947c496345fafa38bb862" member_type: VOTER last_known_addr { host: "127.0.107.194" port: 33867 } health_report { overall_health: UNKNOWN } } peers { permanent_uuid: "5ce5f5c1a9d44d338bc35febe5e76583" member_type: VOTER last_known_addr { host: "127.0.107.196" port: 45155 } attrs { promote: false } health_report { overall_health: HEALTHY } } }
I20260713 08:58:54.103765  2143 tablet_replica.cc:333] T 8a28759d032c4551b0c1ac2802738b27 P 006430cc0df54d858dddeed2db22673d: stopping tablet replica
I20260713 08:58:54.104831  2143 raft_consensus.cc:2243] T 8a28759d032c4551b0c1ac2802738b27 P 006430cc0df54d858dddeed2db22673d [term 1 FOLLOWER]: Raft consensus shutting down.
I20260713 08:58:54.105566  2143 raft_consensus.cc:2272] T 8a28759d032c4551b0c1ac2802738b27 P 006430cc0df54d858dddeed2db22673d [term 1 FOLLOWER]: Raft consensus is shut down!
I20260713 08:58:54.110023  1962 raft_consensus.cc:1275] T 0d3cbdf2c1394385a61d552c16470239 P 5ce5f5c1a9d44d338bc35febe5e76583 [term 1 LEARNER]: Refusing update from remote peer 006430cc0df54d858dddeed2db22673d: Log matching property violated. Preceding OpId in replica: term: 1 index: 2. Preceding OpId from leader: term: 1 index: 3. (index mismatch)
I20260713 08:58:54.112098  2140 consensus_queue.cc:1048] T 0d3cbdf2c1394385a61d552c16470239 P 006430cc0df54d858dddeed2db22673d [LEADER]: Connected to new peer: Peer: permanent_uuid: "5ce5f5c1a9d44d338bc35febe5e76583" member_type: VOTER last_known_addr { host: "127.0.107.196" port: 45155 } attrs { promote: false }, Status: LMP_MISMATCH, Last received: 0.0, Next index: 3, Last known committed idx: 2, Time since last communication: 0.001s
I20260713 08:58:54.142692  2143 ts_tablet_manager.cc:1916] T 8a28759d032c4551b0c1ac2802738b27 P 006430cc0df54d858dddeed2db22673d: Deleting tablet data with delete state TABLET_DATA_TOMBSTONED
I20260713 08:58:54.142982  1697 raft_consensus.cc:1275] T 0d3cbdf2c1394385a61d552c16470239 P 48ee22c2302046d082b19798dff57eee [term 1 FOLLOWER]: Refusing update from remote peer 006430cc0df54d858dddeed2db22673d: Log matching property violated. Preceding OpId in replica: term: 1 index: 2. Preceding OpId from leader: term: 1 index: 3. (index mismatch)
I20260713 08:58:54.145556  2092 consensus_queue.cc:1048] T 0d3cbdf2c1394385a61d552c16470239 P 006430cc0df54d858dddeed2db22673d [LEADER]: Connected to new peer: Peer: permanent_uuid: "48ee22c2302046d082b19798dff57eee" member_type: VOTER last_known_addr { host: "127.0.107.195" port: 36077 } attrs { replace: true }, Status: LMP_MISMATCH, Last received: 0.0, Next index: 3, Last known committed idx: 2, Time since last communication: 0.000s
I20260713 08:58:54.150235  1625 raft_consensus.cc:1275] T 87f0dc34aa4b41a599783136a3a6a0c0 P a8b6d10aea1947c496345fafa38bb862 [term 1 FOLLOWER]: Refusing update from remote peer 48ee22c2302046d082b19798dff57eee: Log matching property violated. Preceding OpId in replica: term: 1 index: 2. Preceding OpId from leader: term: 1 index: 3. (index mismatch)
I20260713 08:58:54.152483  2049 consensus_queue.cc:1048] T 87f0dc34aa4b41a599783136a3a6a0c0 P 48ee22c2302046d082b19798dff57eee [LEADER]: Connected to new peer: Peer: permanent_uuid: "a8b6d10aea1947c496345fafa38bb862" member_type: VOTER last_known_addr { host: "127.0.107.194" port: 33867 }, Status: LMP_MISMATCH, Last received: 0.0, Next index: 3, Last known committed idx: 2, Time since last communication: 0.000s
I20260713 08:58:54.158845  1550 raft_consensus.cc:1275] T 87f0dc34aa4b41a599783136a3a6a0c0 P 006430cc0df54d858dddeed2db22673d [term 1 FOLLOWER]: Refusing update from remote peer 48ee22c2302046d082b19798dff57eee: Log matching property violated. Preceding OpId in replica: term: 1 index: 2. Preceding OpId from leader: term: 1 index: 3. (index mismatch)
I20260713 08:58:54.161880  2049 consensus_queue.cc:1048] T 87f0dc34aa4b41a599783136a3a6a0c0 P 48ee22c2302046d082b19798dff57eee [LEADER]: Connected to new peer: Peer: permanent_uuid: "006430cc0df54d858dddeed2db22673d" member_type: VOTER last_known_addr { host: "127.0.107.193" port: 39773 } attrs { replace: true }, Status: LMP_MISMATCH, Last received: 0.0, Next index: 3, Last known committed idx: 2, Time since last communication: 0.000s
I20260713 08:58:54.150235  1964 raft_consensus.cc:1275] T 87f0dc34aa4b41a599783136a3a6a0c0 P 5ce5f5c1a9d44d338bc35febe5e76583 [term 1 LEARNER]: Refusing update from remote peer 48ee22c2302046d082b19798dff57eee: Log matching property violated. Preceding OpId in replica: term: 1 index: 2. Preceding OpId from leader: term: 1 index: 3. (index mismatch)
I20260713 08:58:54.165975  1812 consensus_queue.cc:1048] T 87f0dc34aa4b41a599783136a3a6a0c0 P 48ee22c2302046d082b19798dff57eee [LEADER]: Connected to new peer: Peer: permanent_uuid: "5ce5f5c1a9d44d338bc35febe5e76583" member_type: VOTER last_known_addr { host: "127.0.107.196" port: 45155 } attrs { promote: false }, Status: LMP_MISMATCH, Last received: 0.0, Next index: 3, Last known committed idx: 2, Time since last communication: 0.000s
I20260713 08:58:54.185477  2143 ts_tablet_manager.cc:1929] T 8a28759d032c4551b0c1ac2802738b27 P 006430cc0df54d858dddeed2db22673d: tablet deleted with delete type TABLET_DATA_TOMBSTONED: last-logged OpId 1.3
I20260713 08:58:54.190155  2143 log.cc:1199] T 8a28759d032c4551b0c1ac2802738b27 P 006430cc0df54d858dddeed2db22673d: Deleting WAL directory at /tmp/dist-test-taskirLGid/test-tmp/auto_leader_rebalancer-test.0.LeaderRebalancerTest.AddTserver.1783933100004579-431-0/minicluster-data/ts-0-root/wals/8a28759d032c4551b0c1ac2802738b27
I20260713 08:58:54.190856  2140 raft_consensus.cc:2955] T 0d3cbdf2c1394385a61d552c16470239 P 006430cc0df54d858dddeed2db22673d [term 1 LEADER]: Committing config change with OpId 1.3: config changed from index 2 to 3, 5ce5f5c1a9d44d338bc35febe5e76583 (127.0.107.196) changed from NON_VOTER to VOTER. New config: { opid_index: 3 OBSOLETE_local: false peers { permanent_uuid: "006430cc0df54d858dddeed2db22673d" member_type: VOTER last_known_addr { host: "127.0.107.193" port: 39773 } } peers { permanent_uuid: "a8b6d10aea1947c496345fafa38bb862" member_type: VOTER last_known_addr { host: "127.0.107.194" port: 33867 } } peers { permanent_uuid: "48ee22c2302046d082b19798dff57eee" member_type: VOTER last_known_addr { host: "127.0.107.195" port: 36077 } attrs { replace: true } } peers { permanent_uuid: "5ce5f5c1a9d44d338bc35febe5e76583" member_type: VOTER last_known_addr { host: "127.0.107.196" port: 45155 } attrs { promote: false } } }
I20260713 08:58:54.192477  1697 raft_consensus.cc:2955] T 0d3cbdf2c1394385a61d552c16470239 P 48ee22c2302046d082b19798dff57eee [term 1 FOLLOWER]: Committing config change with OpId 1.3: config changed from index 2 to 3, 5ce5f5c1a9d44d338bc35febe5e76583 (127.0.107.196) changed from NON_VOTER to VOTER. New config: { opid_index: 3 OBSOLETE_local: false peers { permanent_uuid: "006430cc0df54d858dddeed2db22673d" member_type: VOTER last_known_addr { host: "127.0.107.193" port: 39773 } } peers { permanent_uuid: "a8b6d10aea1947c496345fafa38bb862" member_type: VOTER last_known_addr { host: "127.0.107.194" port: 33867 } } peers { permanent_uuid: "48ee22c2302046d082b19798dff57eee" member_type: VOTER last_known_addr { host: "127.0.107.195" port: 36077 } attrs { replace: true } } peers { permanent_uuid: "5ce5f5c1a9d44d338bc35febe5e76583" member_type: VOTER last_known_addr { host: "127.0.107.196" port: 45155 } attrs { promote: false } } }
I20260713 08:58:54.194741  1681 tablet_service.cc:1558] Processing DeleteTablet for tablet 52988463e8ef4e3c97653c7570d54e1c with delete_type TABLET_DATA_TOMBSTONED (TS 48ee22c2302046d082b19798dff57eee not found in new config with opid_index 4) from {username='slave'} at 127.0.0.1:41360
