I20260713 09:08:35.426824 22284 raft_consensus.cc:515] T 4a1bb840c72c451c833b1ff98a92bdaa P 344694b9d8d442729aed6689740dc683 [term 4 FOLLOWER]: Starting forced leader election with config: opid_index: -1 OBSOLETE_local: false peers { permanent_uuid: "344694b9d8d442729aed6689740dc683" member_type: VOTER last_known_addr { host: "127.21.37.65" port: 38899 } } peers { permanent_uuid: "95f5aa72de6a493f9d0104560d2815ef" member_type: VOTER last_known_addr { host: "127.21.37.66" port: 39131 } } peers { permanent_uuid: "ffa04347cccb4895af9115773069940e" member_type: VOTER last_known_addr { host: "127.21.37.67" port: 45539 } }
I20260713 09:08:35.428691 22284 leader_election.cc:290] T 4a1bb840c72c451c833b1ff98a92bdaa P 344694b9d8d442729aed6689740dc683 [CANDIDATE]: Term 4 election: Requested vote from peers 95f5aa72de6a493f9d0104560d2815ef (127.21.37.66:39131), ffa04347cccb4895af9115773069940e (127.21.37.67:45539)
I20260713 09:08:35.429397 22358 tablet_service.cc:1917] Received RequestConsensusVote() RPC: tablet_id: "4a1bb840c72c451c833b1ff98a92bdaa" candidate_uuid: "344694b9d8d442729aed6689740dc683" candidate_term: 4 candidate_status { last_received { term: 3 index: 3 } } ignore_live_leader: true dest_uuid: "95f5aa72de6a493f9d0104560d2815ef"
I20260713 09:08:35.429889 22358 raft_consensus.cc:3060] T 4a1bb840c72c451c833b1ff98a92bdaa P 95f5aa72de6a493f9d0104560d2815ef [term 3 FOLLOWER]: Advancing to term 4
I20260713 09:08:35.429940 22432 tablet_service.cc:1917] Received RequestConsensusVote() RPC: tablet_id: "4a1bb840c72c451c833b1ff98a92bdaa" candidate_uuid: "344694b9d8d442729aed6689740dc683" candidate_term: 4 candidate_status { last_received { term: 3 index: 3 } } ignore_live_leader: true dest_uuid: "ffa04347cccb4895af9115773069940e"
I20260713 09:08:35.430541 22432 raft_consensus.cc:3055] T 4a1bb840c72c451c833b1ff98a92bdaa P ffa04347cccb4895af9115773069940e [term 3 LEADER]: Stepping down as leader of term 3
I20260713 09:08:35.430864 22432 raft_consensus.cc:740] T 4a1bb840c72c451c833b1ff98a92bdaa P ffa04347cccb4895af9115773069940e [term 3 LEADER]: Becoming Follower/Learner. State: Replica: ffa04347cccb4895af9115773069940e, State: Running, Role: LEADER
I20260713 09:08:35.431558 22432 consensus_queue.cc:260] T 4a1bb840c72c451c833b1ff98a92bdaa P ffa04347cccb4895af9115773069940e [NON_LEADER]: Queue going to NON_LEADER mode. State: All replicated index: 0, Majority replicated index: 3, Committed index: 3, Last appended: 3.3, Last appended by leader: 3, Current term: 3, Majority size: -1, State: 0, Mode: NON_LEADER, active raft config: opid_index: -1 OBSOLETE_local: false peers { permanent_uuid: "344694b9d8d442729aed6689740dc683" member_type: VOTER last_known_addr { host: "127.21.37.65" port: 38899 } } peers { permanent_uuid: "95f5aa72de6a493f9d0104560d2815ef" member_type: VOTER last_known_addr { host: "127.21.37.66" port: 39131 } } peers { permanent_uuid: "ffa04347cccb4895af9115773069940e" member_type: VOTER last_known_addr { host: "127.21.37.67" port: 45539 } }
I20260713 09:08:35.432606 22432 raft_consensus.cc:3060] T 4a1bb840c72c451c833b1ff98a92bdaa P ffa04347cccb4895af9115773069940e [term 3 FOLLOWER]: Advancing to term 4
I20260713 09:08:35.435825 22358 raft_consensus.cc:2468] T 4a1bb840c72c451c833b1ff98a92bdaa P 95f5aa72de6a493f9d0104560d2815ef [term 4 FOLLOWER]: Leader election vote request: Granting yes vote for candidate 344694b9d8d442729aed6689740dc683 in term 4.
I20260713 09:08:35.436838 22247 leader_election.cc:304] T 4a1bb840c72c451c833b1ff98a92bdaa P 344694b9d8d442729aed6689740dc683 [CANDIDATE]: Term 4 election: Election decided. Result: candidate won. Election summary: received 2 responses out of 3 voters: 2 yes votes; 0 no votes. yes voters: 344694b9d8d442729aed6689740dc683, 95f5aa72de6a493f9d0104560d2815ef; no voters: 
I20260713 09:08:35.437628 22573 raft_consensus.cc:2804] T 4a1bb840c72c451c833b1ff98a92bdaa P 344694b9d8d442729aed6689740dc683 [term 4 FOLLOWER]: Leader election won for term 4
I20260713 09:08:35.438035 22573 raft_consensus.cc:697] T 4a1bb840c72c451c833b1ff98a92bdaa P 344694b9d8d442729aed6689740dc683 [term 4 LEADER]: Becoming Leader. State: Replica: 344694b9d8d442729aed6689740dc683, State: Running, Role: LEADER
I20260713 09:08:35.438340 22432 raft_consensus.cc:2468] T 4a1bb840c72c451c833b1ff98a92bdaa P ffa04347cccb4895af9115773069940e [term 4 FOLLOWER]: Leader election vote request: Granting yes vote for candidate 344694b9d8d442729aed6689740dc683 in term 4.
I20260713 09:08:35.438776 22573 consensus_queue.cc:237] T 4a1bb840c72c451c833b1ff98a92bdaa P 344694b9d8d442729aed6689740dc683 [LEADER]: Queue going to LEADER mode. State: All replicated index: 0, Majority replicated index: 3, Committed index: 3, Last appended: 3.3, Last appended by leader: 3, Current term: 4, Majority size: 2, State: 0, Mode: LEADER, active raft config: opid_index: -1 OBSOLETE_local: false peers { permanent_uuid: "344694b9d8d442729aed6689740dc683" member_type: VOTER last_known_addr { host: "127.21.37.65" port: 38899 } } peers { permanent_uuid: "95f5aa72de6a493f9d0104560d2815ef" member_type: VOTER last_known_addr { host: "127.21.37.66" port: 39131 } } peers { permanent_uuid: "ffa04347cccb4895af9115773069940e" member_type: VOTER last_known_addr { host: "127.21.37.67" port: 45539 } }
I20260713 09:08:35.444180 22181 catalog_manager.cc:5697] T 4a1bb840c72c451c833b1ff98a92bdaa P 344694b9d8d442729aed6689740dc683 reported cstate change: term changed from 3 to 4, leader changed from ffa04347cccb4895af9115773069940e (127.21.37.67) to 344694b9d8d442729aed6689740dc683 (127.21.37.65). New cstate: current_term: 4 leader_uuid: "344694b9d8d442729aed6689740dc683" committed_config { opid_index: -1 OBSOLETE_local: false peers { permanent_uuid: "344694b9d8d442729aed6689740dc683" member_type: VOTER last_known_addr { host: "127.21.37.65" port: 38899 } health_report { overall_health: HEALTHY } } peers { permanent_uuid: "95f5aa72de6a493f9d0104560d2815ef" member_type: VOTER last_known_addr { host: "127.21.37.66" port: 39131 } health_report { overall_health: UNKNOWN } } peers { permanent_uuid: "ffa04347cccb4895af9115773069940e" member_type: VOTER last_known_addr { host: "127.21.37.67" port: 45539 } health_report { overall_health: UNKNOWN } } }
I20260713 09:08:35.645149 22358 raft_consensus.cc:1275] T 8939d154823f4d6a83195143fbcf94d8 P 95f5aa72de6a493f9d0104560d2815ef [term 3 FOLLOWER]: Refusing update from remote peer 344694b9d8d442729aed6689740dc683: Log matching property violated. Preceding OpId in replica: term: 2 index: 2. Preceding OpId from leader: term: 3 index: 3. (index mismatch)
I20260713 09:08:35.646284 22573 consensus_queue.cc:1048] T 8939d154823f4d6a83195143fbcf94d8 P 344694b9d8d442729aed6689740dc683 [LEADER]: Connected to new peer: Peer: permanent_uuid: "95f5aa72de6a493f9d0104560d2815ef" member_type: VOTER last_known_addr { host: "127.21.37.66" port: 39131 }, Status: LMP_MISMATCH, Last received: 0.0, Next index: 3, Last known committed idx: 2, Time since last communication: 0.000s
I20260713 09:08:35.659260 22432 raft_consensus.cc:1275] T 8939d154823f4d6a83195143fbcf94d8 P ffa04347cccb4895af9115773069940e [term 3 FOLLOWER]: Refusing update from remote peer 344694b9d8d442729aed6689740dc683: Log matching property violated. Preceding OpId in replica: term: 2 index: 2. Preceding OpId from leader: term: 3 index: 3. (index mismatch)
I20260713 09:08:35.660696 22601 consensus_queue.cc:1048] T 8939d154823f4d6a83195143fbcf94d8 P 344694b9d8d442729aed6689740dc683 [LEADER]: Connected to new peer: Peer: permanent_uuid: "ffa04347cccb4895af9115773069940e" member_type: VOTER last_known_addr { host: "127.21.37.67" port: 45539 }, Status: LMP_MISMATCH, Last received: 0.0, Next index: 3, Last known committed idx: 2, Time since last communication: 0.001s
I20260713 09:08:35.691227 22432 raft_consensus.cc:1275] T f09789c2f5134cd381f4cf57ad0c1dba P ffa04347cccb4895af9115773069940e [term 3 FOLLOWER]: Refusing update from remote peer 344694b9d8d442729aed6689740dc683: Log matching property violated. Preceding OpId in replica: term: 2 index: 2. Preceding OpId from leader: term: 3 index: 3. (index mismatch)
I20260713 09:08:35.692314 22601 consensus_queue.cc:1048] T f09789c2f5134cd381f4cf57ad0c1dba P 344694b9d8d442729aed6689740dc683 [LEADER]: Connected to new peer: Peer: permanent_uuid: "ffa04347cccb4895af9115773069940e" member_type: VOTER last_known_addr { host: "127.21.37.67" port: 45539 }, Status: LMP_MISMATCH, Last received: 0.0, Next index: 3, Last known committed idx: 2, Time since last communication: 0.000s
I20260713 09:08:35.699041 22358 raft_consensus.cc:1275] T f09789c2f5134cd381f4cf57ad0c1dba P 95f5aa72de6a493f9d0104560d2815ef [term 3 FOLLOWER]: Refusing update from remote peer 344694b9d8d442729aed6689740dc683: Log matching property violated. Preceding OpId in replica: term: 2 index: 2. Preceding OpId from leader: term: 3 index: 3. (index mismatch)
I20260713 09:08:35.700430 22601 consensus_queue.cc:1048] T f09789c2f5134cd381f4cf57ad0c1dba P 344694b9d8d442729aed6689740dc683 [LEADER]: Connected to new peer: Peer: permanent_uuid: "95f5aa72de6a493f9d0104560d2815ef" member_type: VOTER last_known_addr { host: "127.21.37.66" port: 39131 }, Status: LMP_MISMATCH, Last received: 0.0, Next index: 3, Last known committed idx: 2, Time since last communication: 0.001s
I20260713 09:08:35.707619 22432 raft_consensus.cc:1275] T 96297d026ab0437d892440d965a6b7a5 P ffa04347cccb4895af9115773069940e [term 2 FOLLOWER]: Refusing update from remote peer 344694b9d8d442729aed6689740dc683: Log matching property violated. Preceding OpId in replica: term: 1 index: 1. Preceding OpId from leader: term: 2 index: 2. (index mismatch)
I20260713 09:08:35.708825 22601 consensus_queue.cc:1048] T 96297d026ab0437d892440d965a6b7a5 P 344694b9d8d442729aed6689740dc683 [LEADER]: Connected to new peer: Peer: permanent_uuid: "ffa04347cccb4895af9115773069940e" member_type: VOTER last_known_addr { host: "127.21.37.67" port: 45539 }, Status: LMP_MISMATCH, Last received: 0.0, Next index: 2, Last known committed idx: 1, Time since last communication: 0.001s
I20260713 09:08:35.717887 22358 raft_consensus.cc:1275] T 96297d026ab0437d892440d965a6b7a5 P 95f5aa72de6a493f9d0104560d2815ef [term 2 FOLLOWER]: Refusing update from remote peer 344694b9d8d442729aed6689740dc683: Log matching property violated. Preceding OpId in replica: term: 1 index: 1. Preceding OpId from leader: term: 2 index: 2. (index mismatch)
I20260713 09:08:35.719445 22602 consensus_queue.cc:1048] T 96297d026ab0437d892440d965a6b7a5 P 344694b9d8d442729aed6689740dc683 [LEADER]: Connected to new peer: Peer: permanent_uuid: "95f5aa72de6a493f9d0104560d2815ef" member_type: VOTER last_known_addr { host: "127.21.37.66" port: 39131 }, Status: LMP_MISMATCH, Last received: 0.0, Next index: 2, Last known committed idx: 1, Time since last communication: 0.000s
I20260713 09:08:35.829881 22358 raft_consensus.cc:1275] T 4a1bb840c72c451c833b1ff98a92bdaa P 95f5aa72de6a493f9d0104560d2815ef [term 4 FOLLOWER]: Refusing update from remote peer 344694b9d8d442729aed6689740dc683: Log matching property violated. Preceding OpId in replica: term: 3 index: 3. Preceding OpId from leader: term: 4 index: 4. (index mismatch)
I20260713 09:08:35.830910 22602 consensus_queue.cc:1048] T 4a1bb840c72c451c833b1ff98a92bdaa P 344694b9d8d442729aed6689740dc683 [LEADER]: Connected to new peer: Peer: permanent_uuid: "95f5aa72de6a493f9d0104560d2815ef" member_type: VOTER last_known_addr { host: "127.21.37.66" port: 39131 }, Status: LMP_MISMATCH, Last received: 0.0, Next index: 4, Last known committed idx: 3, Time since last communication: 0.000s
I20260713 09:08:35.839478 22433 raft_consensus.cc:1275] T 99f78fb7d8f540bb814e2a998e67a474 P ffa04347cccb4895af9115773069940e [term 2 FOLLOWER]: Refusing update from remote peer 344694b9d8d442729aed6689740dc683: Log matching property violated. Preceding OpId in replica: term: 1 index: 1. Preceding OpId from leader: term: 2 index: 2. (index mismatch)
I20260713 09:08:35.840463 22432 raft_consensus.cc:1275] T 4a1bb840c72c451c833b1ff98a92bdaa P ffa04347cccb4895af9115773069940e [term 4 FOLLOWER]: Refusing update from remote peer 344694b9d8d442729aed6689740dc683: Log matching property violated. Preceding OpId in replica: term: 3 index: 3. Preceding OpId from leader: term: 4 index: 4. (index mismatch)
I20260713 09:08:35.840896 22590 consensus_queue.cc:1048] T 99f78fb7d8f540bb814e2a998e67a474 P 344694b9d8d442729aed6689740dc683 [LEADER]: Connected to new peer: Peer: permanent_uuid: "ffa04347cccb4895af9115773069940e" member_type: VOTER last_known_addr { host: "127.21.37.67" port: 45539 }, Status: LMP_MISMATCH, Last received: 0.0, Next index: 2, Last known committed idx: 1, Time since last communication: 0.000s
I20260713 09:08:35.841703 22601 consensus_queue.cc:1048] T 4a1bb840c72c451c833b1ff98a92bdaa P 344694b9d8d442729aed6689740dc683 [LEADER]: Connected to new peer: Peer: permanent_uuid: "ffa04347cccb4895af9115773069940e" member_type: VOTER last_known_addr { host: "127.21.37.67" port: 45539 }, Status: LMP_MISMATCH, Last received: 0.0, Next index: 4, Last known committed idx: 3, Time since last communication: 0.001s
I20260713 09:08:35.851639 22358 raft_consensus.cc:1275] T 99f78fb7d8f540bb814e2a998e67a474 P 95f5aa72de6a493f9d0104560d2815ef [term 2 FOLLOWER]: Refusing update from remote peer 344694b9d8d442729aed6689740dc683: Log matching property violated. Preceding OpId in replica: term: 1 index: 1. Preceding OpId from leader: term: 2 index: 2. (index mismatch)
I20260713 09:08:35.852984 22602 consensus_queue.cc:1048] T 99f78fb7d8f540bb814e2a998e67a474 P 344694b9d8d442729aed6689740dc683 [LEADER]: Connected to new peer: Peer: permanent_uuid: "95f5aa72de6a493f9d0104560d2815ef" member_type: VOTER last_known_addr { host: "127.21.37.66" port: 39131 }, Status: LMP_MISMATCH, Last received: 0.0, Next index: 2, Last known committed idx: 1, Time since last communication: 0.000s
I20260713 09:08:37.970162 21653 auto_leader_rebalancer.cc:141] leader rebalance for table test-workload
I20260713 09:08:37.977501 22284 tablet_service.cc:2072] Received LeaderStepDown RPC: tablet_id: "4735ae5b0440482398eff8e1e05511cf"
dest_uuid: "344694b9d8d442729aed6689740dc683"
mode: GRACEFUL
new_leader_uuid: "95f5aa72de6a493f9d0104560d2815ef"
 from {username='slave'} at 127.0.0.1:54802
I20260713 09:08:37.978207 22284 raft_consensus.cc:606] T 4735ae5b0440482398eff8e1e05511cf P 344694b9d8d442729aed6689740dc683 [term 1 LEADER]: Received request to transfer leadership to TS 95f5aa72de6a493f9d0104560d2815ef
I20260713 09:08:37.980703 22284 tablet_service.cc:2072] Received LeaderStepDown RPC: tablet_id: "70302b2a04d944049b43fb7ce2dba905"
dest_uuid: "344694b9d8d442729aed6689740dc683"
mode: GRACEFUL
new_leader_uuid: "ffa04347cccb4895af9115773069940e"
 from {username='slave'} at 127.0.0.1:54802
I20260713 09:08:37.981091 22284 raft_consensus.cc:606] T 70302b2a04d944049b43fb7ce2dba905 P 344694b9d8d442729aed6689740dc683 [term 2 LEADER]: Received request to transfer leadership to TS ffa04347cccb4895af9115773069940e
I20260713 09:08:37.983101 22284 tablet_service.cc:2072] Received LeaderStepDown RPC: tablet_id: "8939d154823f4d6a83195143fbcf94d8"
dest_uuid: "344694b9d8d442729aed6689740dc683"
mode: GRACEFUL
new_leader_uuid: "95f5aa72de6a493f9d0104560d2815ef"
 from {username='slave'} at 127.0.0.1:54802
I20260713 09:08:37.983469 22284 raft_consensus.cc:606] T 8939d154823f4d6a83195143fbcf94d8 P 344694b9d8d442729aed6689740dc683 [term 3 LEADER]: Received request to transfer leadership to TS 95f5aa72de6a493f9d0104560d2815ef
I20260713 09:08:37.985420 22284 tablet_service.cc:2072] Received LeaderStepDown RPC: tablet_id: "ca8d159beff540e6bd50d02d9bfe4c35"
dest_uuid: "344694b9d8d442729aed6689740dc683"
mode: GRACEFUL
new_leader_uuid: "ffa04347cccb4895af9115773069940e"
 from {username='slave'} at 127.0.0.1:54802
I20260713 09:08:37.985819 22284 raft_consensus.cc:606] T ca8d159beff540e6bd50d02d9bfe4c35 P 344694b9d8d442729aed6689740dc683 [term 1 LEADER]: Received request to transfer leadership to TS ffa04347cccb4895af9115773069940e
I20260713 09:08:37.986721 21653 auto_leader_rebalancer.cc:479] table: test-workload, leader rebalance finish, leader transfer count: 4
I20260713 09:08:37.987119 21653 auto_leader_rebalancer.cc:554] All tables' leader rebalancing finished this round
I20260713 09:08:38.194260 22613 raft_consensus.cc:993] T 4735ae5b0440482398eff8e1e05511cf P 344694b9d8d442729aed6689740dc683: : Instructing follower 95f5aa72de6a493f9d0104560d2815ef to start an election
I20260713 09:08:38.194926 22573 raft_consensus.cc:1081] T 4735ae5b0440482398eff8e1e05511cf P 344694b9d8d442729aed6689740dc683 [term 1 LEADER]: Signalling peer 95f5aa72de6a493f9d0104560d2815ef to start an election
I20260713 09:08:38.196913 22359 tablet_service.cc:2044] Received Run Leader Election RPC: tablet_id: "4735ae5b0440482398eff8e1e05511cf"
dest_uuid: "95f5aa72de6a493f9d0104560d2815ef"
 from {username='slave'} at 127.0.0.1:43302
I20260713 09:08:38.197602 22359 raft_consensus.cc:493] T 4735ae5b0440482398eff8e1e05511cf P 95f5aa72de6a493f9d0104560d2815ef [term 1 FOLLOWER]: Starting forced leader election (received explicit request)
I20260713 09:08:38.198091 22359 raft_consensus.cc:3060] T 4735ae5b0440482398eff8e1e05511cf P 95f5aa72de6a493f9d0104560d2815ef [term 1 FOLLOWER]: Advancing to term 2
I20260713 09:08:38.206020 22359 raft_consensus.cc:515] T 4735ae5b0440482398eff8e1e05511cf P 95f5aa72de6a493f9d0104560d2815ef [term 2 FOLLOWER]: Starting forced leader election with config: opid_index: -1 OBSOLETE_local: false peers { permanent_uuid: "95f5aa72de6a493f9d0104560d2815ef" member_type: VOTER last_known_addr { host: "127.21.37.66" port: 39131 } } peers { permanent_uuid: "344694b9d8d442729aed6689740dc683" member_type: VOTER last_known_addr { host: "127.21.37.65" port: 38899 } } peers { permanent_uuid: "ffa04347cccb4895af9115773069940e" member_type: VOTER last_known_addr { host: "127.21.37.67" port: 45539 } }
I20260713 09:08:38.207616 22359 leader_election.cc:290] T 4735ae5b0440482398eff8e1e05511cf P 95f5aa72de6a493f9d0104560d2815ef [CANDIDATE]: Term 2 election: Requested vote from peers 344694b9d8d442729aed6689740dc683 (127.21.37.65:38899), ffa04347cccb4895af9115773069940e (127.21.37.67:45539)
I20260713 09:08:38.208412 22284 tablet_service.cc:1917] Received RequestConsensusVote() RPC: tablet_id: "4735ae5b0440482398eff8e1e05511cf" candidate_uuid: "95f5aa72de6a493f9d0104560d2815ef" candidate_term: 2 candidate_status { last_received { term: 1 index: 1 } } ignore_live_leader: true dest_uuid: "344694b9d8d442729aed6689740dc683"
I20260713 09:08:38.208958 22432 tablet_service.cc:1917] Received RequestConsensusVote() RPC: tablet_id: "4735ae5b0440482398eff8e1e05511cf" candidate_uuid: "95f5aa72de6a493f9d0104560d2815ef" candidate_term: 2 candidate_status { last_received { term: 1 index: 1 } } ignore_live_leader: true dest_uuid: "ffa04347cccb4895af9115773069940e"
I20260713 09:08:38.209172 22284 raft_consensus.cc:3055] T 4735ae5b0440482398eff8e1e05511cf P 344694b9d8d442729aed6689740dc683 [term 1 LEADER]: Stepping down as leader of term 1
I20260713 09:08:38.209461 22432 raft_consensus.cc:3060] T 4735ae5b0440482398eff8e1e05511cf P ffa04347cccb4895af9115773069940e [term 1 FOLLOWER]: Advancing to term 2
I20260713 09:08:38.209503 22284 raft_consensus.cc:740] T 4735ae5b0440482398eff8e1e05511cf P 344694b9d8d442729aed6689740dc683 [term 1 LEADER]: Becoming Follower/Learner. State: Replica: 344694b9d8d442729aed6689740dc683, State: Running, Role: LEADER
I20260713 09:08:38.210423 22284 consensus_queue.cc:260] T 4735ae5b0440482398eff8e1e05511cf P 344694b9d8d442729aed6689740dc683 [NON_LEADER]: Queue going to NON_LEADER mode. State: All replicated index: 0, Majority replicated index: 1, Committed index: 1, Last appended: 1.1, Last appended by leader: 1, Current term: 1, Majority size: -1, State: 0, Mode: NON_LEADER, active raft config: opid_index: -1 OBSOLETE_local: false peers { permanent_uuid: "95f5aa72de6a493f9d0104560d2815ef" member_type: VOTER last_known_addr { host: "127.21.37.66" port: 39131 } } peers { permanent_uuid: "344694b9d8d442729aed6689740dc683" member_type: VOTER last_known_addr { host: "127.21.37.65" port: 38899 } } peers { permanent_uuid: "ffa04347cccb4895af9115773069940e" member_type: VOTER last_known_addr { host: "127.21.37.67" port: 45539 } }
I20260713 09:08:38.211637 22284 raft_consensus.cc:3060] T 4735ae5b0440482398eff8e1e05511cf P 344694b9d8d442729aed6689740dc683 [term 1 FOLLOWER]: Advancing to term 2
I20260713 09:08:38.216176 22432 raft_consensus.cc:2468] T 4735ae5b0440482398eff8e1e05511cf P ffa04347cccb4895af9115773069940e [term 2 FOLLOWER]: Leader election vote request: Granting yes vote for candidate 95f5aa72de6a493f9d0104560d2815ef in term 2.
I20260713 09:08:38.217365 22323 leader_election.cc:304] T 4735ae5b0440482398eff8e1e05511cf P 95f5aa72de6a493f9d0104560d2815ef [CANDIDATE]: Term 2 election: Election decided. Result: candidate won. Election summary: received 2 responses out of 3 voters: 2 yes votes; 0 no votes. yes voters: 95f5aa72de6a493f9d0104560d2815ef, ffa04347cccb4895af9115773069940e; no voters: 
I20260713 09:08:38.218237 22284 raft_consensus.cc:2468] T 4735ae5b0440482398eff8e1e05511cf P 344694b9d8d442729aed6689740dc683 [term 2 FOLLOWER]: Leader election vote request: Granting yes vote for candidate 95f5aa72de6a493f9d0104560d2815ef in term 2.
I20260713 09:08:38.218252 22589 raft_consensus.cc:2804] T 4735ae5b0440482398eff8e1e05511cf P 95f5aa72de6a493f9d0104560d2815ef [term 2 FOLLOWER]: Leader election won for term 2
I20260713 09:08:38.220286 22589 raft_consensus.cc:697] T 4735ae5b0440482398eff8e1e05511cf P 95f5aa72de6a493f9d0104560d2815ef [term 2 LEADER]: Becoming Leader. State: Replica: 95f5aa72de6a493f9d0104560d2815ef, State: Running, Role: LEADER
I20260713 09:08:38.221223 22589 consensus_queue.cc:237] T 4735ae5b0440482398eff8e1e05511cf P 95f5aa72de6a493f9d0104560d2815ef [LEADER]: Queue going to LEADER mode. State: All replicated index: 0, Majority replicated index: 1, Committed index: 1, Last appended: 1.1, Last appended by leader: 1, Current term: 2, Majority size: 2, State: 0, Mode: LEADER, active raft config: opid_index: -1 OBSOLETE_local: false peers { permanent_uuid: "95f5aa72de6a493f9d0104560d2815ef" member_type: VOTER last_known_addr { host: "127.21.37.66" port: 39131 } } peers { permanent_uuid: "344694b9d8d442729aed6689740dc683" member_type: VOTER last_known_addr { host: "127.21.37.65" port: 38899 } } peers { permanent_uuid: "ffa04347cccb4895af9115773069940e" member_type: VOTER last_known_addr { host: "127.21.37.67" port: 45539 } }
I20260713 09:08:38.231042 22180 catalog_manager.cc:5697] T 4735ae5b0440482398eff8e1e05511cf P 95f5aa72de6a493f9d0104560d2815ef reported cstate change: term changed from 1 to 2, leader changed from 344694b9d8d442729aed6689740dc683 (127.21.37.65) to 95f5aa72de6a493f9d0104560d2815ef (127.21.37.66). New cstate: current_term: 2 leader_uuid: "95f5aa72de6a493f9d0104560d2815ef" committed_config { opid_index: -1 OBSOLETE_local: false peers { permanent_uuid: "95f5aa72de6a493f9d0104560d2815ef" member_type: VOTER last_known_addr { host: "127.21.37.66" port: 39131 } health_report { overall_health: HEALTHY } } peers { permanent_uuid: "344694b9d8d442729aed6689740dc683" member_type: VOTER last_known_addr { host: "127.21.37.65" port: 38899 } health_report { overall_health: UNKNOWN } } peers { permanent_uuid: "ffa04347cccb4895af9115773069940e" member_type: VOTER last_known_addr { host: "127.21.37.67" port: 45539 } health_report { overall_health: UNKNOWN } } }
I20260713 09:08:38.287927 22613 raft_consensus.cc:993] T 8939d154823f4d6a83195143fbcf94d8 P 344694b9d8d442729aed6689740dc683: : Instructing follower 95f5aa72de6a493f9d0104560d2815ef to start an election
I20260713 09:08:38.288399 22573 raft_consensus.cc:1081] T 8939d154823f4d6a83195143fbcf94d8 P 344694b9d8d442729aed6689740dc683 [term 3 LEADER]: Signalling peer 95f5aa72de6a493f9d0104560d2815ef to start an election
I20260713 09:08:38.289809 22357 tablet_service.cc:2044] Received Run Leader Election RPC: tablet_id: "8939d154823f4d6a83195143fbcf94d8"
dest_uuid: "95f5aa72de6a493f9d0104560d2815ef"
 from {username='slave'} at 127.0.0.1:43302
I20260713 09:08:38.290288 22357 raft_consensus.cc:493] T 8939d154823f4d6a83195143fbcf94d8 P 95f5aa72de6a493f9d0104560d2815ef [term 3 FOLLOWER]: Starting forced leader election (received explicit request)
I20260713 09:08:38.290583 22357 raft_consensus.cc:3060] T 8939d154823f4d6a83195143fbcf94d8 P 95f5aa72de6a493f9d0104560d2815ef [term 3 FOLLOWER]: Advancing to term 4
I20260713 09:08:38.295318 22357 raft_consensus.cc:515] T 8939d154823f4d6a83195143fbcf94d8 P 95f5aa72de6a493f9d0104560d2815ef [term 4 FOLLOWER]: Starting forced leader election with config: opid_index: -1 OBSOLETE_local: false peers { permanent_uuid: "344694b9d8d442729aed6689740dc683" member_type: VOTER last_known_addr { host: "127.21.37.65" port: 38899 } } peers { permanent_uuid: "95f5aa72de6a493f9d0104560d2815ef" member_type: VOTER last_known_addr { host: "127.21.37.66" port: 39131 } } peers { permanent_uuid: "ffa04347cccb4895af9115773069940e" member_type: VOTER last_known_addr { host: "127.21.37.67" port: 45539 } }
I20260713 09:08:38.296833 22357 leader_election.cc:290] T 8939d154823f4d6a83195143fbcf94d8 P 95f5aa72de6a493f9d0104560d2815ef [CANDIDATE]: Term 4 election: Requested vote from peers 344694b9d8d442729aed6689740dc683 (127.21.37.65:38899), ffa04347cccb4895af9115773069940e (127.21.37.67:45539)
I20260713 09:08:38.297788 22284 tablet_service.cc:1917] Received RequestConsensusVote() RPC: tablet_id: "8939d154823f4d6a83195143fbcf94d8" candidate_uuid: "95f5aa72de6a493f9d0104560d2815ef" candidate_term: 4 candidate_status { last_received { term: 3 index: 3 } } ignore_live_leader: true dest_uuid: "344694b9d8d442729aed6689740dc683"
I20260713 09:08:38.297879 22432 tablet_service.cc:1917] Received RequestConsensusVote() RPC: tablet_id: "8939d154823f4d6a83195143fbcf94d8" candidate_uuid: "95f5aa72de6a493f9d0104560d2815ef" candidate_term: 4 candidate_status { last_received { term: 3 index: 3 } } ignore_live_leader: true dest_uuid: "ffa04347cccb4895af9115773069940e"
I20260713 09:08:38.298508 22284 raft_consensus.cc:3055] T 8939d154823f4d6a83195143fbcf94d8 P 344694b9d8d442729aed6689740dc683 [term 3 LEADER]: Stepping down as leader of term 3
I20260713 09:08:38.298529 22432 raft_consensus.cc:3060] T 8939d154823f4d6a83195143fbcf94d8 P ffa04347cccb4895af9115773069940e [term 3 FOLLOWER]: Advancing to term 4
I20260713 09:08:38.298972 22284 raft_consensus.cc:740] T 8939d154823f4d6a83195143fbcf94d8 P 344694b9d8d442729aed6689740dc683 [term 3 LEADER]: Becoming Follower/Learner. State: Replica: 344694b9d8d442729aed6689740dc683, State: Running, Role: LEADER
I20260713 09:08:38.299790 22284 consensus_queue.cc:260] T 8939d154823f4d6a83195143fbcf94d8 P 344694b9d8d442729aed6689740dc683 [NON_LEADER]: Queue going to NON_LEADER mode. State: All replicated index: 0, Majority replicated index: 3, Committed index: 3, Last appended: 3.3, Last appended by leader: 3, Current term: 3, Majority size: -1, State: 0, Mode: NON_LEADER, active raft config: opid_index: -1 OBSOLETE_local: false peers { permanent_uuid: "344694b9d8d442729aed6689740dc683" member_type: VOTER last_known_addr { host: "127.21.37.65" port: 38899 } } peers { permanent_uuid: "95f5aa72de6a493f9d0104560d2815ef" member_type: VOTER last_known_addr { host: "127.21.37.66" port: 39131 } } peers { permanent_uuid: "ffa04347cccb4895af9115773069940e" member_type: VOTER last_known_addr { host: "127.21.37.67" port: 45539 } }
I20260713 09:08:38.304713 22432 raft_consensus.cc:2468] T 8939d154823f4d6a83195143fbcf94d8 P ffa04347cccb4895af9115773069940e [term 4 FOLLOWER]: Leader election vote request: Granting yes vote for candidate 95f5aa72de6a493f9d0104560d2815ef in term 4.
I20260713 09:08:38.305055 22284 raft_consensus.cc:3060] T 8939d154823f4d6a83195143fbcf94d8 P 344694b9d8d442729aed6689740dc683 [term 3 FOLLOWER]: Advancing to term 4
I20260713 09:08:38.305538 22433 raft_consensus.cc:1240] T 8939d154823f4d6a83195143fbcf94d8 P ffa04347cccb4895af9115773069940e [term 4 FOLLOWER]: Rejecting Update request from peer 344694b9d8d442729aed6689740dc683 for earlier term 3. Current term is 4. Ops: []
I20260713 09:08:38.306412 22323 leader_election.cc:304] T 8939d154823f4d6a83195143fbcf94d8 P 95f5aa72de6a493f9d0104560d2815ef [CANDIDATE]: Term 4 election: Election decided. Result: candidate won. Election summary: received 2 responses out of 3 voters: 2 yes votes; 0 no votes. yes voters: 95f5aa72de6a493f9d0104560d2815ef, ffa04347cccb4895af9115773069940e; no voters: 
I20260713 09:08:38.307370 22589 raft_consensus.cc:2804] T 8939d154823f4d6a83195143fbcf94d8 P 95f5aa72de6a493f9d0104560d2815ef [term 4 FOLLOWER]: Leader election won for term 4
I20260713 09:08:38.307888 22589 raft_consensus.cc:697] T 8939d154823f4d6a83195143fbcf94d8 P 95f5aa72de6a493f9d0104560d2815ef [term 4 LEADER]: Becoming Leader. State: Replica: 95f5aa72de6a493f9d0104560d2815ef, State: Running, Role: LEADER
I20260713 09:08:38.308826 22589 consensus_queue.cc:237] T 8939d154823f4d6a83195143fbcf94d8 P 95f5aa72de6a493f9d0104560d2815ef [LEADER]: Queue going to LEADER mode. State: All replicated index: 0, Majority replicated index: 3, Committed index: 3, Last appended: 3.3, Last appended by leader: 3, Current term: 4, Majority size: 2, State: 0, Mode: LEADER, active raft config: opid_index: -1 OBSOLETE_local: false peers { permanent_uuid: "344694b9d8d442729aed6689740dc683" member_type: VOTER last_known_addr { host: "127.21.37.65" port: 38899 } } peers { permanent_uuid: "95f5aa72de6a493f9d0104560d2815ef" member_type: VOTER last_known_addr { host: "127.21.37.66" port: 39131 } } peers { permanent_uuid: "ffa04347cccb4895af9115773069940e" member_type: VOTER last_known_addr { host: "127.21.37.67" port: 45539 } }
I20260713 09:08:38.312142 22284 raft_consensus.cc:2468] T 8939d154823f4d6a83195143fbcf94d8 P 344694b9d8d442729aed6689740dc683 [term 4 FOLLOWER]: Leader election vote request: Granting yes vote for candidate 95f5aa72de6a493f9d0104560d2815ef in term 4.
I20260713 09:08:38.316951 22180 catalog_manager.cc:5697] T 8939d154823f4d6a83195143fbcf94d8 P 95f5aa72de6a493f9d0104560d2815ef reported cstate change: term changed from 3 to 4, leader changed from 344694b9d8d442729aed6689740dc683 (127.21.37.65) to 95f5aa72de6a493f9d0104560d2815ef (127.21.37.66). New cstate: current_term: 4 leader_uuid: "95f5aa72de6a493f9d0104560d2815ef" committed_config { opid_index: -1 OBSOLETE_local: false peers { permanent_uuid: "344694b9d8d442729aed6689740dc683" member_type: VOTER last_known_addr { host: "127.21.37.65" port: 38899 } health_report { overall_health: UNKNOWN } } peers { permanent_uuid: "95f5aa72de6a493f9d0104560d2815ef" member_type: VOTER last_known_addr { host: "127.21.37.66" port: 39131 } health_report { overall_health: HEALTHY } } peers { permanent_uuid: "ffa04347cccb4895af9115773069940e" member_type: VOTER last_known_addr { host: "127.21.37.67" port: 45539 } health_report { overall_health: UNKNOWN } } }
I20260713 09:08:38.427129 22613 raft_consensus.cc:993] T ca8d159beff540e6bd50d02d9bfe4c35 P 344694b9d8d442729aed6689740dc683: : Instructing follower ffa04347cccb4895af9115773069940e to start an election
I20260713 09:08:38.427539 22573 raft_consensus.cc:1081] T ca8d159beff540e6bd50d02d9bfe4c35 P 344694b9d8d442729aed6689740dc683 [term 1 LEADER]: Signalling peer ffa04347cccb4895af9115773069940e to start an election
I20260713 09:08:38.428802 22433 tablet_service.cc:2044] Received Run Leader Election RPC: tablet_id: "ca8d159beff540e6bd50d02d9bfe4c35"
dest_uuid: "ffa04347cccb4895af9115773069940e"
 from {username='slave'} at 127.0.0.1:50020
I20260713 09:08:38.429255 22433 raft_consensus.cc:493] T ca8d159beff540e6bd50d02d9bfe4c35 P ffa04347cccb4895af9115773069940e [term 1 FOLLOWER]: Starting forced leader election (received explicit request)
I20260713 09:08:38.429556 22433 raft_consensus.cc:3060] T ca8d159beff540e6bd50d02d9bfe4c35 P ffa04347cccb4895af9115773069940e [term 1 FOLLOWER]: Advancing to term 2
I20260713 09:08:38.436328 22433 raft_consensus.cc:515] T ca8d159beff540e6bd50d02d9bfe4c35 P ffa04347cccb4895af9115773069940e [term 2 FOLLOWER]: Starting forced leader election with config: opid_index: -1 OBSOLETE_local: false peers { permanent_uuid: "344694b9d8d442729aed6689740dc683" member_type: VOTER last_known_addr { host: "127.21.37.65" port: 38899 } } peers { permanent_uuid: "95f5aa72de6a493f9d0104560d2815ef" member_type: VOTER last_known_addr { host: "127.21.37.66" port: 39131 } } peers { permanent_uuid: "ffa04347cccb4895af9115773069940e" member_type: VOTER last_known_addr { host: "127.21.37.67" port: 45539 } }
I20260713 09:08:38.438194 22433 leader_election.cc:290] T ca8d159beff540e6bd50d02d9bfe4c35 P ffa04347cccb4895af9115773069940e [CANDIDATE]: Term 2 election: Requested vote from peers 344694b9d8d442729aed6689740dc683 (127.21.37.65:38899), 95f5aa72de6a493f9d0104560d2815ef (127.21.37.66:39131)
I20260713 09:08:38.438871 22284 tablet_service.cc:1917] Received RequestConsensusVote() RPC: tablet_id: "ca8d159beff540e6bd50d02d9bfe4c35" candidate_uuid: "ffa04347cccb4895af9115773069940e" candidate_term: 2 candidate_status { last_received { term: 1 index: 1 } } ignore_live_leader: true dest_uuid: "344694b9d8d442729aed6689740dc683"
I20260713 09:08:38.439213 22357 tablet_service.cc:1917] Received RequestConsensusVote() RPC: tablet_id: "ca8d159beff540e6bd50d02d9bfe4c35" candidate_uuid: "ffa04347cccb4895af9115773069940e" candidate_term: 2 candidate_status { last_received { term: 1 index: 1 } } ignore_live_leader: true dest_uuid: "95f5aa72de6a493f9d0104560d2815ef"
I20260713 09:08:38.439432 22284 raft_consensus.cc:3055] T ca8d159beff540e6bd50d02d9bfe4c35 P 344694b9d8d442729aed6689740dc683 [term 1 LEADER]: Stepping down as leader of term 1
I20260713 09:08:38.439771 22284 raft_consensus.cc:740] T ca8d159beff540e6bd50d02d9bfe4c35 P 344694b9d8d442729aed6689740dc683 [term 1 LEADER]: Becoming Follower/Learner. State: Replica: 344694b9d8d442729aed6689740dc683, State: Running, Role: LEADER
I20260713 09:08:38.439744 22357 raft_consensus.cc:3060] T ca8d159beff540e6bd50d02d9bfe4c35 P 95f5aa72de6a493f9d0104560d2815ef [term 1 FOLLOWER]: Advancing to term 2
I20260713 09:08:38.440577 22284 consensus_queue.cc:260] T ca8d159beff540e6bd50d02d9bfe4c35 P 344694b9d8d442729aed6689740dc683 [NON_LEADER]: Queue going to NON_LEADER mode. State: All replicated index: 0, Majority replicated index: 1, Committed index: 1, Last appended: 1.1, Last appended by leader: 1, Current term: 1, Majority size: -1, State: 0, Mode: NON_LEADER, active raft config: opid_index: -1 OBSOLETE_local: false peers { permanent_uuid: "344694b9d8d442729aed6689740dc683" member_type: VOTER last_known_addr { host: "127.21.37.65" port: 38899 } } peers { permanent_uuid: "95f5aa72de6a493f9d0104560d2815ef" member_type: VOTER last_known_addr { host: "127.21.37.66" port: 39131 } } peers { permanent_uuid: "ffa04347cccb4895af9115773069940e" member_type: VOTER last_known_addr { host: "127.21.37.67" port: 45539 } }
I20260713 09:08:38.441488 22284 raft_consensus.cc:3060] T ca8d159beff540e6bd50d02d9bfe4c35 P 344694b9d8d442729aed6689740dc683 [term 1 FOLLOWER]: Advancing to term 2
I20260713 09:08:38.444520 22357 raft_consensus.cc:2468] T ca8d159beff540e6bd50d02d9bfe4c35 P 95f5aa72de6a493f9d0104560d2815ef [term 2 FOLLOWER]: Leader election vote request: Granting yes vote for candidate ffa04347cccb4895af9115773069940e in term 2.
I20260713 09:08:38.445446 22284 raft_consensus.cc:2468] T ca8d159beff540e6bd50d02d9bfe4c35 P 344694b9d8d442729aed6689740dc683 [term 2 FOLLOWER]: Leader election vote request: Granting yes vote for candidate ffa04347cccb4895af9115773069940e in term 2.
I20260713 09:08:38.445776 22396 leader_election.cc:304] T ca8d159beff540e6bd50d02d9bfe4c35 P ffa04347cccb4895af9115773069940e [CANDIDATE]: Term 2 election: Election decided. Result: candidate won. Election summary: received 2 responses out of 3 voters: 2 yes votes; 0 no votes. yes voters: 95f5aa72de6a493f9d0104560d2815ef, ffa04347cccb4895af9115773069940e; no voters: 
I20260713 09:08:38.446727 22612 raft_consensus.cc:2804] T ca8d159beff540e6bd50d02d9bfe4c35 P ffa04347cccb4895af9115773069940e [term 2 FOLLOWER]: Leader election won for term 2
I20260713 09:08:38.447687 22612 raft_consensus.cc:697] T ca8d159beff540e6bd50d02d9bfe4c35 P ffa04347cccb4895af9115773069940e [term 2 LEADER]: Becoming Leader. State: Replica: ffa04347cccb4895af9115773069940e, State: Running, Role: LEADER
I20260713 09:08:38.448541 22612 consensus_queue.cc:237] T ca8d159beff540e6bd50d02d9bfe4c35 P ffa04347cccb4895af9115773069940e [LEADER]: Queue going to LEADER mode. State: All replicated index: 0, Majority replicated index: 1, Committed index: 1, Last appended: 1.1, Last appended by leader: 1, Current term: 2, Majority size: 2, State: 0, Mode: LEADER, active raft config: opid_index: -1 OBSOLETE_local: false peers { permanent_uuid: "344694b9d8d442729aed6689740dc683" member_type: VOTER last_known_addr { host: "127.21.37.65" port: 38899 } } peers { permanent_uuid: "95f5aa72de6a493f9d0104560d2815ef" member_type: VOTER last_known_addr { host: "127.21.37.66" port: 39131 } } peers { permanent_uuid: "ffa04347cccb4895af9115773069940e" member_type: VOTER last_known_addr { host: "127.21.37.67" port: 45539 } }
I20260713 09:08:38.454561 22180 catalog_manager.cc:5697] T ca8d159beff540e6bd50d02d9bfe4c35 P ffa04347cccb4895af9115773069940e reported cstate change: term changed from 1 to 2, leader changed from 344694b9d8d442729aed6689740dc683 (127.21.37.65) to ffa04347cccb4895af9115773069940e (127.21.37.67). New cstate: current_term: 2 leader_uuid: "ffa04347cccb4895af9115773069940e" committed_config { opid_index: -1 OBSOLETE_local: false peers { permanent_uuid: "344694b9d8d442729aed6689740dc683" member_type: VOTER last_known_addr { host: "127.21.37.65" port: 38899 } health_report { overall_health: UNKNOWN } } peers { permanent_uuid: "95f5aa72de6a493f9d0104560d2815ef" member_type: VOTER last_known_addr { host: "127.21.37.66" port: 39131 } health_report { overall_health: UNKNOWN } } peers { permanent_uuid: "ffa04347cccb4895af9115773069940e" member_type: VOTER last_known_addr { host: "127.21.37.67" port: 45539 } health_report { overall_health: HEALTHY } } }
I20260713 09:08:38.464095 22613 raft_consensus.cc:993] T 70302b2a04d944049b43fb7ce2dba905 P 344694b9d8d442729aed6689740dc683: : Instructing follower ffa04347cccb4895af9115773069940e to start an election
I20260713 09:08:38.464522 22573 raft_consensus.cc:1081] T 70302b2a04d944049b43fb7ce2dba905 P 344694b9d8d442729aed6689740dc683 [term 2 LEADER]: Signalling peer ffa04347cccb4895af9115773069940e to start an election
I20260713 09:08:38.466063 22433 tablet_service.cc:2044] Received Run Leader Election RPC: tablet_id: "70302b2a04d944049b43fb7ce2dba905"
dest_uuid: "ffa04347cccb4895af9115773069940e"
 from {username='slave'} at 127.0.0.1:50020
I20260713 09:08:38.466451 22433 raft_consensus.cc:493] T 70302b2a04d944049b43fb7ce2dba905 P ffa04347cccb4895af9115773069940e [term 2 FOLLOWER]: Starting forced leader election (received explicit request)
I20260713 09:08:38.466719 22433 raft_consensus.cc:3060] T 70302b2a04d944049b43fb7ce2dba905 P ffa04347cccb4895af9115773069940e [term 2 FOLLOWER]: Advancing to term 3
I20260713 09:08:38.471009 22433 raft_consensus.cc:515] T 70302b2a04d944049b43fb7ce2dba905 P ffa04347cccb4895af9115773069940e [term 3 FOLLOWER]: Starting forced leader election with config: opid_index: -1 OBSOLETE_local: false peers { permanent_uuid: "344694b9d8d442729aed6689740dc683" member_type: VOTER last_known_addr { host: "127.21.37.65" port: 38899 } } peers { permanent_uuid: "95f5aa72de6a493f9d0104560d2815ef" member_type: VOTER last_known_addr { host: "127.21.37.66" port: 39131 } } peers { permanent_uuid: "ffa04347cccb4895af9115773069940e" member_type: VOTER last_known_addr { host: "127.21.37.67" port: 45539 } }
I20260713 09:08:38.472563 22433 leader_election.cc:290] T 70302b2a04d944049b43fb7ce2dba905 P ffa04347cccb4895af9115773069940e [CANDIDATE]: Term 3 election: Requested vote from peers 344694b9d8d442729aed6689740dc683 (127.21.37.65:38899), 95f5aa72de6a493f9d0104560d2815ef (127.21.37.66:39131)
I20260713 09:08:38.473189 22284 tablet_service.cc:1917] Received RequestConsensusVote() RPC: tablet_id: "70302b2a04d944049b43fb7ce2dba905" candidate_uuid: "ffa04347cccb4895af9115773069940e" candidate_term: 3 candidate_status { last_received { term: 2 index: 2 } } ignore_live_leader: true dest_uuid: "344694b9d8d442729aed6689740dc683"
I20260713 09:08:38.473595 22357 tablet_service.cc:1917] Received RequestConsensusVote() RPC: tablet_id: "70302b2a04d944049b43fb7ce2dba905" candidate_uuid: "ffa04347cccb4895af9115773069940e" candidate_term: 3 candidate_status { last_received { term: 2 index: 2 } } ignore_live_leader: true dest_uuid: "95f5aa72de6a493f9d0104560d2815ef"
I20260713 09:08:38.473794 22284 raft_consensus.cc:3055] T 70302b2a04d944049b43fb7ce2dba905 P 344694b9d8d442729aed6689740dc683 [term 2 LEADER]: Stepping down as leader of term 2
I20260713 09:08:38.474134 22284 raft_consensus.cc:740] T 70302b2a04d944049b43fb7ce2dba905 P 344694b9d8d442729aed6689740dc683 [term 2 LEADER]: Becoming Follower/Learner. State: Replica: 344694b9d8d442729aed6689740dc683, State: Running, Role: LEADER
I20260713 09:08:38.474172 22357 raft_consensus.cc:3060] T 70302b2a04d944049b43fb7ce2dba905 P 95f5aa72de6a493f9d0104560d2815ef [term 2 FOLLOWER]: Advancing to term 3
I20260713 09:08:38.474720 22284 consensus_queue.cc:260] T 70302b2a04d944049b43fb7ce2dba905 P 344694b9d8d442729aed6689740dc683 [NON_LEADER]: Queue going to NON_LEADER mode. State: All replicated index: 0, Majority replicated index: 2, Committed index: 2, Last appended: 2.2, Last appended by leader: 2, Current term: 2, Majority size: -1, State: 0, Mode: NON_LEADER, active raft config: opid_index: -1 OBSOLETE_local: false peers { permanent_uuid: "344694b9d8d442729aed6689740dc683" member_type: VOTER last_known_addr { host: "127.21.37.65" port: 38899 } } peers { permanent_uuid: "95f5aa72de6a493f9d0104560d2815ef" member_type: VOTER last_known_addr { host: "127.21.37.66" port: 39131 } } peers { permanent_uuid: "ffa04347cccb4895af9115773069940e" member_type: VOTER last_known_addr { host: "127.21.37.67" port: 45539 } }
I20260713 09:08:38.475580 22284 raft_consensus.cc:3060] T 70302b2a04d944049b43fb7ce2dba905 P 344694b9d8d442729aed6689740dc683 [term 2 FOLLOWER]: Advancing to term 3
I20260713 09:08:38.478636 22357 raft_consensus.cc:2468] T 70302b2a04d944049b43fb7ce2dba905 P 95f5aa72de6a493f9d0104560d2815ef [term 3 FOLLOWER]: Leader election vote request: Granting yes vote for candidate ffa04347cccb4895af9115773069940e in term 3.
I20260713 09:08:38.479626 22396 leader_election.cc:304] T 70302b2a04d944049b43fb7ce2dba905 P ffa04347cccb4895af9115773069940e [CANDIDATE]: Term 3 election: Election decided. Result: candidate won. Election summary: received 2 responses out of 3 voters: 2 yes votes; 0 no votes. yes voters: 95f5aa72de6a493f9d0104560d2815ef, ffa04347cccb4895af9115773069940e; no voters: 
I20260713 09:08:38.479709 22284 raft_consensus.cc:2468] T 70302b2a04d944049b43fb7ce2dba905 P 344694b9d8d442729aed6689740dc683 [term 3 FOLLOWER]: Leader election vote request: Granting yes vote for candidate ffa04347cccb4895af9115773069940e in term 3.
I20260713 09:08:38.480450 22612 raft_consensus.cc:2804] T 70302b2a04d944049b43fb7ce2dba905 P ffa04347cccb4895af9115773069940e [term 3 FOLLOWER]: Leader election won for term 3
I20260713 09:08:38.480914 22612 raft_consensus.cc:697] T 70302b2a04d944049b43fb7ce2dba905 P ffa04347cccb4895af9115773069940e [term 3 LEADER]: Becoming Leader. State: Replica: ffa04347cccb4895af9115773069940e, State: Running, Role: LEADER
I20260713 09:08:38.482244 22612 consensus_queue.cc:237] T 70302b2a04d944049b43fb7ce2dba905 P ffa04347cccb4895af9115773069940e [LEADER]: Queue going to LEADER mode. State: All replicated index: 0, Majority replicated index: 2, Committed index: 2, Last appended: 2.2, Last appended by leader: 2, Current term: 3, Majority size: 2, State: 0, Mode: LEADER, active raft config: opid_index: -1 OBSOLETE_local: false peers { permanent_uuid: "344694b9d8d442729aed6689740dc683" member_type: VOTER last_known_addr { host: "127.21.37.65" port: 38899 } } peers { permanent_uuid: "95f5aa72de6a493f9d0104560d2815ef" member_type: VOTER last_known_addr { host: "127.21.37.66" port: 39131 } } peers { permanent_uuid: "ffa04347cccb4895af9115773069940e" member_type: VOTER last_known_addr { host: "127.21.37.67" port: 45539 } }
I20260713 09:08:38.488183 22180 catalog_manager.cc:5697] T 70302b2a04d944049b43fb7ce2dba905 P ffa04347cccb4895af9115773069940e reported cstate change: term changed from 2 to 3, leader changed from 344694b9d8d442729aed6689740dc683 (127.21.37.65) to ffa04347cccb4895af9115773069940e (127.21.37.67). New cstate: current_term: 3 leader_uuid: "ffa04347cccb4895af9115773069940e" committed_config { opid_index: -1 OBSOLETE_local: false peers { permanent_uuid: "344694b9d8d442729aed6689740dc683" member_type: VOTER last_known_addr { host: "127.21.37.65" port: 38899 } health_report { overall_health: UNKNOWN } } peers { permanent_uuid: "95f5aa72de6a493f9d0104560d2815ef" member_type: VOTER last_known_addr { host: "127.21.37.66" port: 39131 } health_report { overall_health: UNKNOWN } } peers { permanent_uuid: "ffa04347cccb4895af9115773069940e" member_type: VOTER last_known_addr { host: "127.21.37.67" port: 45539 } health_report { overall_health: HEALTHY } } }
I20260713 09:08:38.743695 22284 raft_consensus.cc:1275] T 8939d154823f4d6a83195143fbcf94d8 P 344694b9d8d442729aed6689740dc683 [term 4 FOLLOWER]: Refusing update from remote peer 95f5aa72de6a493f9d0104560d2815ef: Log matching property violated. Preceding OpId in replica: term: 3 index: 3. Preceding OpId from leader: term: 4 index: 4. (index mismatch)
I20260713 09:08:38.745030 22589 consensus_queue.cc:1048] T 8939d154823f4d6a83195143fbcf94d8 P 95f5aa72de6a493f9d0104560d2815ef [LEADER]: Connected to new peer: Peer: permanent_uuid: "344694b9d8d442729aed6689740dc683" member_type: VOTER last_known_addr { host: "127.21.37.65" port: 38899 }, Status: LMP_MISMATCH, Last received: 0.0, Next index: 4, Last known committed idx: 3, Time since last communication: 0.000s
I20260713 09:08:38.755975 22433 raft_consensus.cc:1275] T 8939d154823f4d6a83195143fbcf94d8 P ffa04347cccb4895af9115773069940e [term 4 FOLLOWER]: Refusing update from remote peer 95f5aa72de6a493f9d0104560d2815ef: Log matching property violated. Preceding OpId in replica: term: 3 index: 3. Preceding OpId from leader: term: 4 index: 4. (index mismatch)
I20260713 09:08:38.757754 22614 consensus_queue.cc:1048] T 8939d154823f4d6a83195143fbcf94d8 P 95f5aa72de6a493f9d0104560d2815ef [LEADER]: Connected to new peer: Peer: permanent_uuid: "ffa04347cccb4895af9115773069940e" member_type: VOTER last_known_addr { host: "127.21.37.67" port: 45539 }, Status: LMP_MISMATCH, Last received: 0.0, Next index: 4, Last known committed idx: 3, Time since last communication: 0.001s
I20260713 09:08:38.792002 22284 raft_consensus.cc:1275] T 4735ae5b0440482398eff8e1e05511cf P 344694b9d8d442729aed6689740dc683 [term 2 FOLLOWER]: Refusing update from remote peer 95f5aa72de6a493f9d0104560d2815ef: Log matching property violated. Preceding OpId in replica: term: 1 index: 1. Preceding OpId from leader: term: 2 index: 2. (index mismatch)
I20260713 09:08:38.793119 22614 consensus_queue.cc:1048] T 4735ae5b0440482398eff8e1e05511cf P 95f5aa72de6a493f9d0104560d2815ef [LEADER]: Connected to new peer: Peer: permanent_uuid: "344694b9d8d442729aed6689740dc683" member_type: VOTER last_known_addr { host: "127.21.37.65" port: 38899 }, Status: LMP_MISMATCH, Last received: 0.0, Next index: 2, Last known committed idx: 1, Time since last communication: 0.000s
I20260713 09:08:38.801671 22433 raft_consensus.cc:1275] T 4735ae5b0440482398eff8e1e05511cf P ffa04347cccb4895af9115773069940e [term 2 FOLLOWER]: Refusing update from remote peer 95f5aa72de6a493f9d0104560d2815ef: Log matching property violated. Preceding OpId in replica: term: 1 index: 1. Preceding OpId from leader: term: 2 index: 2. (index mismatch)
I20260713 09:08:38.803129 22614 consensus_queue.cc:1048] T 4735ae5b0440482398eff8e1e05511cf P 95f5aa72de6a493f9d0104560d2815ef [LEADER]: Connected to new peer: Peer: permanent_uuid: "ffa04347cccb4895af9115773069940e" member_type: VOTER last_known_addr { host: "127.21.37.67" port: 45539 }, Status: LMP_MISMATCH, Last received: 0.0, Next index: 2, Last known committed idx: 1, Time since last communication: 0.000s
I20260713 09:08:38.913647 22357 raft_consensus.cc:1275] T 70302b2a04d944049b43fb7ce2dba905 P 95f5aa72de6a493f9d0104560d2815ef [term 3 FOLLOWER]: Refusing update from remote peer ffa04347cccb4895af9115773069940e: Log matching property violated. Preceding OpId in replica: term: 2 index: 2. Preceding OpId from leader: term: 3 index: 3. (index mismatch)
I20260713 09:08:38.914894 22612 consensus_queue.cc:1048] T 70302b2a04d944049b43fb7ce2dba905 P ffa04347cccb4895af9115773069940e [LEADER]: Connected to new peer: Peer: permanent_uuid: "95f5aa72de6a493f9d0104560d2815ef" member_type: VOTER last_known_addr { host: "127.21.37.66" port: 39131 }, Status: LMP_MISMATCH, Last received: 0.0, Next index: 3, Last known committed idx: 2, Time since last communication: 0.000s
I20260713 09:08:38.923501 22284 raft_consensus.cc:1275] T 70302b2a04d944049b43fb7ce2dba905 P 344694b9d8d442729aed6689740dc683 [term 3 FOLLOWER]: Refusing update from remote peer ffa04347cccb4895af9115773069940e: Log matching property violated. Preceding OpId in replica: term: 2 index: 2. Preceding OpId from leader: term: 3 index: 3. (index mismatch)
