I20260713 09:08:37.511420 22536 catalog_manager.cc:5697] T 23d6a6f83d3543938a5d3e56850446d9 P b2d319cbff994544983c4133c01f2590 reported cstate change: term changed from 0 to 1, leader changed from <none> to b2d319cbff994544983c4133c01f2590 (127.21.12.129). New cstate: current_term: 1 leader_uuid: "b2d319cbff994544983c4133c01f2590" committed_config { opid_index: -1 OBSOLETE_local: false peers { permanent_uuid: "b2d319cbff994544983c4133c01f2590" member_type: VOTER last_known_addr { host: "127.21.12.129" port: 36819 } health_report { overall_health: HEALTHY } } peers { permanent_uuid: "880f07f6fc5846fc9ec76a0ec9e63fdd" member_type: VOTER last_known_addr { host: "127.21.12.130" port: 38523 } health_report { overall_health: UNKNOWN } } peers { permanent_uuid: "1be8c1ae14844cec97a5f7d0cd5a8f23" member_type: VOTER last_known_addr { host: "127.21.12.131" port: 45111 } health_report { overall_health: UNKNOWN } } }
I20260713 09:08:37.524717 22873 raft_consensus.cc:493] T 197220e783da4f1e88be3c0bd72d2b69 P b2d319cbff994544983c4133c01f2590 [term 0 FOLLOWER]: Starting pre-election (no leader contacted us within the election timeout)
I20260713 09:08:37.525043 22873 raft_consensus.cc:515] T 197220e783da4f1e88be3c0bd72d2b69 P b2d319cbff994544983c4133c01f2590 [term 0 FOLLOWER]: Starting pre-election with config: opid_index: -1 OBSOLETE_local: false peers { permanent_uuid: "b2d319cbff994544983c4133c01f2590" member_type: VOTER last_known_addr { host: "127.21.12.129" port: 36819 } } peers { permanent_uuid: "880f07f6fc5846fc9ec76a0ec9e63fdd" member_type: VOTER last_known_addr { host: "127.21.12.130" port: 38523 } } peers { permanent_uuid: "1be8c1ae14844cec97a5f7d0cd5a8f23" member_type: VOTER last_known_addr { host: "127.21.12.131" port: 45111 } }
I20260713 09:08:37.526365 22873 leader_election.cc:290] T 197220e783da4f1e88be3c0bd72d2b69 P b2d319cbff994544983c4133c01f2590 [CANDIDATE]: Term 1 pre-election: Requested pre-vote from peers 880f07f6fc5846fc9ec76a0ec9e63fdd (127.21.12.130:38523), 1be8c1ae14844cec97a5f7d0cd5a8f23 (127.21.12.131:45111)
I20260713 09:08:37.526938 22716 tablet_service.cc:1917] Received RequestConsensusVote() RPC: tablet_id: "197220e783da4f1e88be3c0bd72d2b69" candidate_uuid: "b2d319cbff994544983c4133c01f2590" candidate_term: 1 candidate_status { last_received { term: 0 index: 0 } } ignore_live_leader: false dest_uuid: "880f07f6fc5846fc9ec76a0ec9e63fdd" is_pre_election: true
I20260713 09:08:37.527187 22787 tablet_service.cc:1917] Received RequestConsensusVote() RPC: tablet_id: "197220e783da4f1e88be3c0bd72d2b69" candidate_uuid: "b2d319cbff994544983c4133c01f2590" candidate_term: 1 candidate_status { last_received { term: 0 index: 0 } } ignore_live_leader: false dest_uuid: "1be8c1ae14844cec97a5f7d0cd5a8f23" is_pre_election: true
I20260713 09:08:37.527508 22716 raft_consensus.cc:2468] T 197220e783da4f1e88be3c0bd72d2b69 P 880f07f6fc5846fc9ec76a0ec9e63fdd [term 0 FOLLOWER]: Leader pre-election vote request: Granting yes vote for candidate b2d319cbff994544983c4133c01f2590 in term 0.
W20260713 09:08:37.528211 22605 leader_election.cc:343] T 197220e783da4f1e88be3c0bd72d2b69 P b2d319cbff994544983c4133c01f2590 [CANDIDATE]: Term 1 pre-election: Tablet error from VoteRequest() call to peer 1be8c1ae14844cec97a5f7d0cd5a8f23 (127.21.12.131:45111): Illegal state: must be running to vote when last-logged opid is not known
I20260713 09:08:37.528623 22604 leader_election.cc:304] T 197220e783da4f1e88be3c0bd72d2b69 P b2d319cbff994544983c4133c01f2590 [CANDIDATE]: Term 1 pre-election: Election decided. Result: candidate won. Election summary: received 3 responses out of 3 voters: 2 yes votes; 1 no votes. yes voters: 880f07f6fc5846fc9ec76a0ec9e63fdd, b2d319cbff994544983c4133c01f2590; no voters: 1be8c1ae14844cec97a5f7d0cd5a8f23
I20260713 09:08:37.529175 22873 raft_consensus.cc:2804] T 197220e783da4f1e88be3c0bd72d2b69 P b2d319cbff994544983c4133c01f2590 [term 0 FOLLOWER]: Leader pre-election won for term 1
I20260713 09:08:37.529484 22873 raft_consensus.cc:493] T 197220e783da4f1e88be3c0bd72d2b69 P b2d319cbff994544983c4133c01f2590 [term 0 FOLLOWER]: Starting leader election (no leader contacted us within the election timeout)
I20260713 09:08:37.529693 22873 raft_consensus.cc:3060] T 197220e783da4f1e88be3c0bd72d2b69 P b2d319cbff994544983c4133c01f2590 [term 0 FOLLOWER]: Advancing to term 1
I20260713 09:08:37.537561 22830 tablet_bootstrap.cc:492] T f2ba0c2c9ae9487d96e0f183a1d122ea P 1be8c1ae14844cec97a5f7d0cd5a8f23: No bootstrap required, opened a new log
I20260713 09:08:37.537964 22830 ts_tablet_manager.cc:1403] T f2ba0c2c9ae9487d96e0f183a1d122ea P 1be8c1ae14844cec97a5f7d0cd5a8f23: Time spent bootstrapping tablet: real 0.045s	user 0.013s	sys 0.001s
I20260713 09:08:37.540318 22830 raft_consensus.cc:359] T f2ba0c2c9ae9487d96e0f183a1d122ea P 1be8c1ae14844cec97a5f7d0cd5a8f23 [term 0 FOLLOWER]: Replica starting. Triggering 0 pending ops. Active config: opid_index: -1 OBSOLETE_local: false peers { permanent_uuid: "b2d319cbff994544983c4133c01f2590" member_type: VOTER last_known_addr { host: "127.21.12.129" port: 36819 } } peers { permanent_uuid: "880f07f6fc5846fc9ec76a0ec9e63fdd" member_type: VOTER last_known_addr { host: "127.21.12.130" port: 38523 } } peers { permanent_uuid: "1be8c1ae14844cec97a5f7d0cd5a8f23" member_type: VOTER last_known_addr { host: "127.21.12.131" port: 45111 } }
I20260713 09:08:37.540899 22830 raft_consensus.cc:385] T f2ba0c2c9ae9487d96e0f183a1d122ea P 1be8c1ae14844cec97a5f7d0cd5a8f23 [term 0 FOLLOWER]: Consensus starting up: Expiring failure detector timer to make a prompt election more likely
I20260713 09:08:37.542549 22830 raft_consensus.cc:740] T f2ba0c2c9ae9487d96e0f183a1d122ea P 1be8c1ae14844cec97a5f7d0cd5a8f23 [term 0 FOLLOWER]: Becoming Follower/Learner. State: Replica: 1be8c1ae14844cec97a5f7d0cd5a8f23, State: Initialized, Role: FOLLOWER
I20260713 09:08:37.543169 22830 consensus_queue.cc:260] T f2ba0c2c9ae9487d96e0f183a1d122ea P 1be8c1ae14844cec97a5f7d0cd5a8f23 [NON_LEADER]: Queue going to NON_LEADER mode. State: All replicated index: 0, Majority replicated index: 0, Committed index: 0, Last appended: 0.0, Last appended by leader: 0, Current term: 0, Majority size: -1, State: 0, Mode: NON_LEADER, active raft config: opid_index: -1 OBSOLETE_local: false peers { permanent_uuid: "b2d319cbff994544983c4133c01f2590" member_type: VOTER last_known_addr { host: "127.21.12.129" port: 36819 } } peers { permanent_uuid: "880f07f6fc5846fc9ec76a0ec9e63fdd" member_type: VOTER last_known_addr { host: "127.21.12.130" port: 38523 } } peers { permanent_uuid: "1be8c1ae14844cec97a5f7d0cd5a8f23" member_type: VOTER last_known_addr { host: "127.21.12.131" port: 45111 } }
I20260713 09:08:37.545056 22830 ts_tablet_manager.cc:1434] T f2ba0c2c9ae9487d96e0f183a1d122ea P 1be8c1ae14844cec97a5f7d0cd5a8f23: Time spent starting tablet: real 0.007s	user 0.007s	sys 0.000s
I20260713 09:08:37.545162 22923 consensus_queue.cc:1048] T 74299471b62c4a1d99a678154a8dd9a6 P 1be8c1ae14844cec97a5f7d0cd5a8f23 [LEADER]: Connected to new peer: Peer: permanent_uuid: "880f07f6fc5846fc9ec76a0ec9e63fdd" member_type: VOTER last_known_addr { host: "127.21.12.130" port: 38523 }, Status: LMP_MISMATCH, Last received: 0.0, Next index: 1, Last known committed idx: 0, Time since last communication: 0.000s
I20260713 09:08:37.545861 22830 tablet_bootstrap.cc:492] T d6a8e9abdbdd46499ade7bf4549781a6 P 1be8c1ae14844cec97a5f7d0cd5a8f23: Bootstrap starting.
I20260713 09:08:37.551817 22830 tablet_bootstrap.cc:654] T d6a8e9abdbdd46499ade7bf4549781a6 P 1be8c1ae14844cec97a5f7d0cd5a8f23: Neither blocks nor log segments found. Creating new log.
I20260713 09:08:37.552501 22873 raft_consensus.cc:515] T 197220e783da4f1e88be3c0bd72d2b69 P b2d319cbff994544983c4133c01f2590 [term 1 FOLLOWER]: Starting leader election with config: opid_index: -1 OBSOLETE_local: false peers { permanent_uuid: "b2d319cbff994544983c4133c01f2590" member_type: VOTER last_known_addr { host: "127.21.12.129" port: 36819 } } peers { permanent_uuid: "880f07f6fc5846fc9ec76a0ec9e63fdd" member_type: VOTER last_known_addr { host: "127.21.12.130" port: 38523 } } peers { permanent_uuid: "1be8c1ae14844cec97a5f7d0cd5a8f23" member_type: VOTER last_known_addr { host: "127.21.12.131" port: 45111 } }
I20260713 09:08:37.555024 22714 tablet_service.cc:1917] Received RequestConsensusVote() RPC: tablet_id: "197220e783da4f1e88be3c0bd72d2b69" candidate_uuid: "b2d319cbff994544983c4133c01f2590" candidate_term: 1 candidate_status { last_received { term: 0 index: 0 } } ignore_live_leader: false dest_uuid: "880f07f6fc5846fc9ec76a0ec9e63fdd"
I20260713 09:08:37.555506 22714 raft_consensus.cc:3060] T 197220e783da4f1e88be3c0bd72d2b69 P 880f07f6fc5846fc9ec76a0ec9e63fdd [term 0 FOLLOWER]: Advancing to term 1
I20260713 09:08:37.557149 22790 tablet_service.cc:1917] Received RequestConsensusVote() RPC: tablet_id: "197220e783da4f1e88be3c0bd72d2b69" candidate_uuid: "b2d319cbff994544983c4133c01f2590" candidate_term: 1 candidate_status { last_received { term: 0 index: 0 } } ignore_live_leader: false dest_uuid: "1be8c1ae14844cec97a5f7d0cd5a8f23"
W20260713 09:08:37.558346 22605 leader_election.cc:343] T 197220e783da4f1e88be3c0bd72d2b69 P b2d319cbff994544983c4133c01f2590 [CANDIDATE]: Term 1 election: Tablet error from VoteRequest() call to peer 1be8c1ae14844cec97a5f7d0cd5a8f23 (127.21.12.131:45111): Illegal state: must be running to vote when last-logged opid is not known
I20260713 09:08:37.559145 22873 leader_election.cc:290] T 197220e783da4f1e88be3c0bd72d2b69 P b2d319cbff994544983c4133c01f2590 [CANDIDATE]: Term 1 election: Requested vote from peers 880f07f6fc5846fc9ec76a0ec9e63fdd (127.21.12.130:38523), 1be8c1ae14844cec97a5f7d0cd5a8f23 (127.21.12.131:45111)
I20260713 09:08:37.555478 22878 consensus_queue.cc:1048] T 949e958fa6254af0a567318043fc5151 P 880f07f6fc5846fc9ec76a0ec9e63fdd [LEADER]: Connected to new peer: Peer: permanent_uuid: "1be8c1ae14844cec97a5f7d0cd5a8f23" member_type: VOTER last_known_addr { host: "127.21.12.131" port: 45111 }, Status: LMP_MISMATCH, Last received: 0.0, Next index: 1, Last known committed idx: 0, Time since last communication: 0.005s
I20260713 09:08:37.567265 22714 raft_consensus.cc:2468] T 197220e783da4f1e88be3c0bd72d2b69 P 880f07f6fc5846fc9ec76a0ec9e63fdd [term 1 FOLLOWER]: Leader election vote request: Granting yes vote for candidate b2d319cbff994544983c4133c01f2590 in term 1.
I20260713 09:08:37.569811 22604 leader_election.cc:304] T 197220e783da4f1e88be3c0bd72d2b69 P b2d319cbff994544983c4133c01f2590 [CANDIDATE]: Term 1 election: Election decided. Result: candidate won. Election summary: received 3 responses out of 3 voters: 2 yes votes; 1 no votes. yes voters: 880f07f6fc5846fc9ec76a0ec9e63fdd, b2d319cbff994544983c4133c01f2590; no voters: 1be8c1ae14844cec97a5f7d0cd5a8f23
I20260713 09:08:37.570812 22873 raft_consensus.cc:2804] T 197220e783da4f1e88be3c0bd72d2b69 P b2d319cbff994544983c4133c01f2590 [term 1 FOLLOWER]: Leader election won for term 1
I20260713 09:08:37.571242 22873 raft_consensus.cc:697] T 197220e783da4f1e88be3c0bd72d2b69 P b2d319cbff994544983c4133c01f2590 [term 1 LEADER]: Becoming Leader. State: Replica: b2d319cbff994544983c4133c01f2590, State: Running, Role: LEADER
I20260713 09:08:37.572029 22873 consensus_queue.cc:237] T 197220e783da4f1e88be3c0bd72d2b69 P b2d319cbff994544983c4133c01f2590 [LEADER]: Queue going to LEADER mode. State: All replicated index: 0, Majority replicated index: 0, Committed index: 0, Last appended: 0.0, Last appended by leader: 0, Current term: 1, Majority size: 2, State: 0, Mode: LEADER, active raft config: opid_index: -1 OBSOLETE_local: false peers { permanent_uuid: "b2d319cbff994544983c4133c01f2590" member_type: VOTER last_known_addr { host: "127.21.12.129" port: 36819 } } peers { permanent_uuid: "880f07f6fc5846fc9ec76a0ec9e63fdd" member_type: VOTER last_known_addr { host: "127.21.12.130" port: 38523 } } peers { permanent_uuid: "1be8c1ae14844cec97a5f7d0cd5a8f23" member_type: VOTER last_known_addr { host: "127.21.12.131" port: 45111 } }
I20260713 09:08:37.578562 22830 tablet_bootstrap.cc:492] T d6a8e9abdbdd46499ade7bf4549781a6 P 1be8c1ae14844cec97a5f7d0cd5a8f23: No bootstrap required, opened a new log
I20260713 09:08:37.578946 22830 ts_tablet_manager.cc:1403] T d6a8e9abdbdd46499ade7bf4549781a6 P 1be8c1ae14844cec97a5f7d0cd5a8f23: Time spent bootstrapping tablet: real 0.033s	user 0.012s	sys 0.008s
I20260713 09:08:37.580583 22837 consensus_queue.cc:1048] T f2ba0c2c9ae9487d96e0f183a1d122ea P 880f07f6fc5846fc9ec76a0ec9e63fdd [LEADER]: Connected to new peer: Peer: permanent_uuid: "b2d319cbff994544983c4133c01f2590" member_type: VOTER last_known_addr { host: "127.21.12.129" port: 36819 }, Status: LMP_MISMATCH, Last received: 0.0, Next index: 1, Last known committed idx: 0, Time since last communication: 0.000s
I20260713 09:08:37.581204 22830 raft_consensus.cc:359] T d6a8e9abdbdd46499ade7bf4549781a6 P 1be8c1ae14844cec97a5f7d0cd5a8f23 [term 0 FOLLOWER]: Replica starting. Triggering 0 pending ops. Active config: opid_index: -1 OBSOLETE_local: false peers { permanent_uuid: "b2d319cbff994544983c4133c01f2590" member_type: VOTER last_known_addr { host: "127.21.12.129" port: 36819 } } peers { permanent_uuid: "880f07f6fc5846fc9ec76a0ec9e63fdd" member_type: VOTER last_known_addr { host: "127.21.12.130" port: 38523 } } peers { permanent_uuid: "1be8c1ae14844cec97a5f7d0cd5a8f23" member_type: VOTER last_known_addr { host: "127.21.12.131" port: 45111 } }
I20260713 09:08:37.581800 22830 raft_consensus.cc:385] T d6a8e9abdbdd46499ade7bf4549781a6 P 1be8c1ae14844cec97a5f7d0cd5a8f23 [term 0 FOLLOWER]: Consensus starting up: Expiring failure detector timer to make a prompt election more likely
I20260713 09:08:37.582057 22830 raft_consensus.cc:740] T d6a8e9abdbdd46499ade7bf4549781a6 P 1be8c1ae14844cec97a5f7d0cd5a8f23 [term 0 FOLLOWER]: Becoming Follower/Learner. State: Replica: 1be8c1ae14844cec97a5f7d0cd5a8f23, State: Initialized, Role: FOLLOWER
I20260713 09:08:37.584434 22830 consensus_queue.cc:260] T d6a8e9abdbdd46499ade7bf4549781a6 P 1be8c1ae14844cec97a5f7d0cd5a8f23 [NON_LEADER]: Queue going to NON_LEADER mode. State: All replicated index: 0, Majority replicated index: 0, Committed index: 0, Last appended: 0.0, Last appended by leader: 0, Current term: 0, Majority size: -1, State: 0, Mode: NON_LEADER, active raft config: opid_index: -1 OBSOLETE_local: false peers { permanent_uuid: "b2d319cbff994544983c4133c01f2590" member_type: VOTER last_known_addr { host: "127.21.12.129" port: 36819 } } peers { permanent_uuid: "880f07f6fc5846fc9ec76a0ec9e63fdd" member_type: VOTER last_known_addr { host: "127.21.12.130" port: 38523 } } peers { permanent_uuid: "1be8c1ae14844cec97a5f7d0cd5a8f23" member_type: VOTER last_known_addr { host: "127.21.12.131" port: 45111 } }
I20260713 09:08:37.585410 22832 tablet_bootstrap.cc:492] T f6ed0a77503d4ba39b8b0f792499b65b P 880f07f6fc5846fc9ec76a0ec9e63fdd: No bootstrap required, opened a new log
I20260713 09:08:37.585800 22832 ts_tablet_manager.cc:1403] T f6ed0a77503d4ba39b8b0f792499b65b P 880f07f6fc5846fc9ec76a0ec9e63fdd: Time spent bootstrapping tablet: real 0.093s	user 0.017s	sys 0.014s
I20260713 09:08:37.586477 22830 ts_tablet_manager.cc:1434] T d6a8e9abdbdd46499ade7bf4549781a6 P 1be8c1ae14844cec97a5f7d0cd5a8f23: Time spent starting tablet: real 0.007s	user 0.005s	sys 0.001s
I20260713 09:08:37.587283 22830 tablet_bootstrap.cc:492] T 6d4c39921610440c97b30a4c2de38fc1 P 1be8c1ae14844cec97a5f7d0cd5a8f23: Bootstrap starting.
I20260713 09:08:37.588117 22886 consensus_queue.cc:1048] T 949e958fa6254af0a567318043fc5151 P 880f07f6fc5846fc9ec76a0ec9e63fdd [LEADER]: Connected to new peer: Peer: permanent_uuid: "b2d319cbff994544983c4133c01f2590" member_type: VOTER last_known_addr { host: "127.21.12.129" port: 36819 }, Status: LMP_MISMATCH, Last received: 0.0, Next index: 1, Last known committed idx: 0, Time since last communication: 0.000s
I20260713 09:08:37.592711 22830 tablet_bootstrap.cc:654] T 6d4c39921610440c97b30a4c2de38fc1 P 1be8c1ae14844cec97a5f7d0cd5a8f23: Neither blocks nor log segments found. Creating new log.
I20260713 09:08:37.592589 22832 raft_consensus.cc:359] T f6ed0a77503d4ba39b8b0f792499b65b P 880f07f6fc5846fc9ec76a0ec9e63fdd [term 0 FOLLOWER]: Replica starting. Triggering 0 pending ops. Active config: opid_index: -1 OBSOLETE_local: false peers { permanent_uuid: "b2d319cbff994544983c4133c01f2590" member_type: VOTER last_known_addr { host: "127.21.12.129" port: 36819 } } peers { permanent_uuid: "880f07f6fc5846fc9ec76a0ec9e63fdd" member_type: VOTER last_known_addr { host: "127.21.12.130" port: 38523 } } peers { permanent_uuid: "1be8c1ae14844cec97a5f7d0cd5a8f23" member_type: VOTER last_known_addr { host: "127.21.12.131" port: 45111 } }
I20260713 09:08:37.593247 22832 raft_consensus.cc:385] T f6ed0a77503d4ba39b8b0f792499b65b P 880f07f6fc5846fc9ec76a0ec9e63fdd [term 0 FOLLOWER]: Consensus starting up: Expiring failure detector timer to make a prompt election more likely
I20260713 09:08:37.593523 22832 raft_consensus.cc:740] T f6ed0a77503d4ba39b8b0f792499b65b P 880f07f6fc5846fc9ec76a0ec9e63fdd [term 0 FOLLOWER]: Becoming Follower/Learner. State: Replica: 880f07f6fc5846fc9ec76a0ec9e63fdd, State: Initialized, Role: FOLLOWER
I20260713 09:08:37.594221 22832 consensus_queue.cc:260] T f6ed0a77503d4ba39b8b0f792499b65b P 880f07f6fc5846fc9ec76a0ec9e63fdd [NON_LEADER]: Queue going to NON_LEADER mode. State: All replicated index: 0, Majority replicated index: 0, Committed index: 0, Last appended: 0.0, Last appended by leader: 0, Current term: 0, Majority size: -1, State: 0, Mode: NON_LEADER, active raft config: opid_index: -1 OBSOLETE_local: false peers { permanent_uuid: "b2d319cbff994544983c4133c01f2590" member_type: VOTER last_known_addr { host: "127.21.12.129" port: 36819 } } peers { permanent_uuid: "880f07f6fc5846fc9ec76a0ec9e63fdd" member_type: VOTER last_known_addr { host: "127.21.12.130" port: 38523 } } peers { permanent_uuid: "1be8c1ae14844cec97a5f7d0cd5a8f23" member_type: VOTER last_known_addr { host: "127.21.12.131" port: 45111 } }
I20260713 09:08:37.596354 22832 ts_tablet_manager.cc:1434] T f6ed0a77503d4ba39b8b0f792499b65b P 880f07f6fc5846fc9ec76a0ec9e63fdd: Time spent starting tablet: real 0.010s	user 0.006s	sys 0.001s
I20260713 09:08:37.597172 22832 tablet_bootstrap.cc:492] T 9b0ab7c466b143ec9aeaf310cdb7ec36 P 880f07f6fc5846fc9ec76a0ec9e63fdd: Bootstrap starting.
I20260713 09:08:37.613269 22830 tablet_bootstrap.cc:492] T 6d4c39921610440c97b30a4c2de38fc1 P 1be8c1ae14844cec97a5f7d0cd5a8f23: No bootstrap required, opened a new log
I20260713 09:08:37.613708 22830 ts_tablet_manager.cc:1403] T 6d4c39921610440c97b30a4c2de38fc1 P 1be8c1ae14844cec97a5f7d0cd5a8f23: Time spent bootstrapping tablet: real 0.027s	user 0.013s	sys 0.013s
I20260713 09:08:37.617156 22832 tablet_bootstrap.cc:654] T 9b0ab7c466b143ec9aeaf310cdb7ec36 P 880f07f6fc5846fc9ec76a0ec9e63fdd: Neither blocks nor log segments found. Creating new log.
I20260713 09:08:37.617328 22830 raft_consensus.cc:359] T 6d4c39921610440c97b30a4c2de38fc1 P 1be8c1ae14844cec97a5f7d0cd5a8f23 [term 0 FOLLOWER]: Replica starting. Triggering 0 pending ops. Active config: opid_index: -1 OBSOLETE_local: false peers { permanent_uuid: "b2d319cbff994544983c4133c01f2590" member_type: VOTER last_known_addr { host: "127.21.12.129" port: 36819 } } peers { permanent_uuid: "880f07f6fc5846fc9ec76a0ec9e63fdd" member_type: VOTER last_known_addr { host: "127.21.12.130" port: 38523 } } peers { permanent_uuid: "1be8c1ae14844cec97a5f7d0cd5a8f23" member_type: VOTER last_known_addr { host: "127.21.12.131" port: 45111 } }
I20260713 09:08:37.617913 22830 raft_consensus.cc:385] T 6d4c39921610440c97b30a4c2de38fc1 P 1be8c1ae14844cec97a5f7d0cd5a8f23 [term 0 FOLLOWER]: Consensus starting up: Expiring failure detector timer to make a prompt election more likely
I20260713 09:08:37.618153 22830 raft_consensus.cc:740] T 6d4c39921610440c97b30a4c2de38fc1 P 1be8c1ae14844cec97a5f7d0cd5a8f23 [term 0 FOLLOWER]: Becoming Follower/Learner. State: Replica: 1be8c1ae14844cec97a5f7d0cd5a8f23, State: Initialized, Role: FOLLOWER
I20260713 09:08:37.618950 22830 consensus_queue.cc:260] T 6d4c39921610440c97b30a4c2de38fc1 P 1be8c1ae14844cec97a5f7d0cd5a8f23 [NON_LEADER]: Queue going to NON_LEADER mode. State: All replicated index: 0, Majority replicated index: 0, Committed index: 0, Last appended: 0.0, Last appended by leader: 0, Current term: 0, Majority size: -1, State: 0, Mode: NON_LEADER, active raft config: opid_index: -1 OBSOLETE_local: false peers { permanent_uuid: "b2d319cbff994544983c4133c01f2590" member_type: VOTER last_known_addr { host: "127.21.12.129" port: 36819 } } peers { permanent_uuid: "880f07f6fc5846fc9ec76a0ec9e63fdd" member_type: VOTER last_known_addr { host: "127.21.12.130" port: 38523 } } peers { permanent_uuid: "1be8c1ae14844cec97a5f7d0cd5a8f23" member_type: VOTER last_known_addr { host: "127.21.12.131" port: 45111 } }
I20260713 09:08:37.621899 22536 catalog_manager.cc:5697] T 197220e783da4f1e88be3c0bd72d2b69 P b2d319cbff994544983c4133c01f2590 reported cstate change: term changed from 0 to 1, leader changed from <none> to b2d319cbff994544983c4133c01f2590 (127.21.12.129). New cstate: current_term: 1 leader_uuid: "b2d319cbff994544983c4133c01f2590" committed_config { opid_index: -1 OBSOLETE_local: false peers { permanent_uuid: "b2d319cbff994544983c4133c01f2590" member_type: VOTER last_known_addr { host: "127.21.12.129" port: 36819 } health_report { overall_health: HEALTHY } } peers { permanent_uuid: "880f07f6fc5846fc9ec76a0ec9e63fdd" member_type: VOTER last_known_addr { host: "127.21.12.130" port: 38523 } health_report { overall_health: UNKNOWN } } peers { permanent_uuid: "1be8c1ae14844cec97a5f7d0cd5a8f23" member_type: VOTER last_known_addr { host: "127.21.12.131" port: 45111 } health_report { overall_health: UNKNOWN } } }
I20260713 09:08:37.623173 22830 ts_tablet_manager.cc:1434] T 6d4c39921610440c97b30a4c2de38fc1 P 1be8c1ae14844cec97a5f7d0cd5a8f23: Time spent starting tablet: real 0.009s	user 0.004s	sys 0.000s
I20260713 09:08:37.624122 22830 tablet_bootstrap.cc:492] T 9b0ab7c466b143ec9aeaf310cdb7ec36 P 1be8c1ae14844cec97a5f7d0cd5a8f23: Bootstrap starting.
I20260713 09:08:37.629271 22830 tablet_bootstrap.cc:654] T 9b0ab7c466b143ec9aeaf310cdb7ec36 P 1be8c1ae14844cec97a5f7d0cd5a8f23: Neither blocks nor log segments found. Creating new log.
I20260713 09:08:37.629400 22832 tablet_bootstrap.cc:492] T 9b0ab7c466b143ec9aeaf310cdb7ec36 P 880f07f6fc5846fc9ec76a0ec9e63fdd: No bootstrap required, opened a new log
I20260713 09:08:37.629807 22832 ts_tablet_manager.cc:1403] T 9b0ab7c466b143ec9aeaf310cdb7ec36 P 880f07f6fc5846fc9ec76a0ec9e63fdd: Time spent bootstrapping tablet: real 0.033s	user 0.002s	sys 0.008s
I20260713 09:08:37.632511 22832 raft_consensus.cc:359] T 9b0ab7c466b143ec9aeaf310cdb7ec36 P 880f07f6fc5846fc9ec76a0ec9e63fdd [term 0 FOLLOWER]: Replica starting. Triggering 0 pending ops. Active config: opid_index: -1 OBSOLETE_local: false peers { permanent_uuid: "b2d319cbff994544983c4133c01f2590" member_type: VOTER last_known_addr { host: "127.21.12.129" port: 36819 } } peers { permanent_uuid: "880f07f6fc5846fc9ec76a0ec9e63fdd" member_type: VOTER last_known_addr { host: "127.21.12.130" port: 38523 } } peers { permanent_uuid: "1be8c1ae14844cec97a5f7d0cd5a8f23" member_type: VOTER last_known_addr { host: "127.21.12.131" port: 45111 } }
I20260713 09:08:37.633087 22832 raft_consensus.cc:385] T 9b0ab7c466b143ec9aeaf310cdb7ec36 P 880f07f6fc5846fc9ec76a0ec9e63fdd [term 0 FOLLOWER]: Consensus starting up: Expiring failure detector timer to make a prompt election more likely
I20260713 09:08:37.633335 22832 raft_consensus.cc:740] T 9b0ab7c466b143ec9aeaf310cdb7ec36 P 880f07f6fc5846fc9ec76a0ec9e63fdd [term 0 FOLLOWER]: Becoming Follower/Learner. State: Replica: 880f07f6fc5846fc9ec76a0ec9e63fdd, State: Initialized, Role: FOLLOWER
I20260713 09:08:37.634042 22832 consensus_queue.cc:260] T 9b0ab7c466b143ec9aeaf310cdb7ec36 P 880f07f6fc5846fc9ec76a0ec9e63fdd [NON_LEADER]: Queue going to NON_LEADER mode. State: All replicated index: 0, Majority replicated index: 0, Committed index: 0, Last appended: 0.0, Last appended by leader: 0, Current term: 0, Majority size: -1, State: 0, Mode: NON_LEADER, active raft config: opid_index: -1 OBSOLETE_local: false peers { permanent_uuid: "b2d319cbff994544983c4133c01f2590" member_type: VOTER last_known_addr { host: "127.21.12.129" port: 36819 } } peers { permanent_uuid: "880f07f6fc5846fc9ec76a0ec9e63fdd" member_type: VOTER last_known_addr { host: "127.21.12.130" port: 38523 } } peers { permanent_uuid: "1be8c1ae14844cec97a5f7d0cd5a8f23" member_type: VOTER last_known_addr { host: "127.21.12.131" port: 45111 } }
I20260713 09:08:37.635821 22832 ts_tablet_manager.cc:1434] T 9b0ab7c466b143ec9aeaf310cdb7ec36 P 880f07f6fc5846fc9ec76a0ec9e63fdd: Time spent starting tablet: real 0.006s	user 0.004s	sys 0.000s
I20260713 09:08:37.636637 22832 tablet_bootstrap.cc:492] T 23d6a6f83d3543938a5d3e56850446d9 P 880f07f6fc5846fc9ec76a0ec9e63fdd: Bootstrap starting.
I20260713 09:08:37.641765 22832 tablet_bootstrap.cc:654] T 23d6a6f83d3543938a5d3e56850446d9 P 880f07f6fc5846fc9ec76a0ec9e63fdd: Neither blocks nor log segments found. Creating new log.
I20260713 09:08:37.644304 22830 tablet_bootstrap.cc:492] T 9b0ab7c466b143ec9aeaf310cdb7ec36 P 1be8c1ae14844cec97a5f7d0cd5a8f23: No bootstrap required, opened a new log
I20260713 09:08:37.644706 22830 ts_tablet_manager.cc:1403] T 9b0ab7c466b143ec9aeaf310cdb7ec36 P 1be8c1ae14844cec97a5f7d0cd5a8f23: Time spent bootstrapping tablet: real 0.021s	user 0.014s	sys 0.003s
I20260713 09:08:37.647389 22832 tablet_bootstrap.cc:492] T 23d6a6f83d3543938a5d3e56850446d9 P 880f07f6fc5846fc9ec76a0ec9e63fdd: No bootstrap required, opened a new log
I20260713 09:08:37.647784 22832 ts_tablet_manager.cc:1403] T 23d6a6f83d3543938a5d3e56850446d9 P 880f07f6fc5846fc9ec76a0ec9e63fdd: Time spent bootstrapping tablet: real 0.011s	user 0.008s	sys 0.001s
I20260713 09:08:37.647732 22830 raft_consensus.cc:359] T 9b0ab7c466b143ec9aeaf310cdb7ec36 P 1be8c1ae14844cec97a5f7d0cd5a8f23 [term 0 FOLLOWER]: Replica starting. Triggering 0 pending ops. Active config: opid_index: -1 OBSOLETE_local: false peers { permanent_uuid: "b2d319cbff994544983c4133c01f2590" member_type: VOTER last_known_addr { host: "127.21.12.129" port: 36819 } } peers { permanent_uuid: "880f07f6fc5846fc9ec76a0ec9e63fdd" member_type: VOTER last_known_addr { host: "127.21.12.130" port: 38523 } } peers { permanent_uuid: "1be8c1ae14844cec97a5f7d0cd5a8f23" member_type: VOTER last_known_addr { host: "127.21.12.131" port: 45111 } }
I20260713 09:08:37.648473 22830 raft_consensus.cc:385] T 9b0ab7c466b143ec9aeaf310cdb7ec36 P 1be8c1ae14844cec97a5f7d0cd5a8f23 [term 0 FOLLOWER]: Consensus starting up: Expiring failure detector timer to make a prompt election more likely
I20260713 09:08:37.648738 22830 raft_consensus.cc:740] T 9b0ab7c466b143ec9aeaf310cdb7ec36 P 1be8c1ae14844cec97a5f7d0cd5a8f23 [term 0 FOLLOWER]: Becoming Follower/Learner. State: Replica: 1be8c1ae14844cec97a5f7d0cd5a8f23, State: Initialized, Role: FOLLOWER
I20260713 09:08:37.649374 22830 consensus_queue.cc:260] T 9b0ab7c466b143ec9aeaf310cdb7ec36 P 1be8c1ae14844cec97a5f7d0cd5a8f23 [NON_LEADER]: Queue going to NON_LEADER mode. State: All replicated index: 0, Majority replicated index: 0, Committed index: 0, Last appended: 0.0, Last appended by leader: 0, Current term: 0, Majority size: -1, State: 0, Mode: NON_LEADER, active raft config: opid_index: -1 OBSOLETE_local: false peers { permanent_uuid: "b2d319cbff994544983c4133c01f2590" member_type: VOTER last_known_addr { host: "127.21.12.129" port: 36819 } } peers { permanent_uuid: "880f07f6fc5846fc9ec76a0ec9e63fdd" member_type: VOTER last_known_addr { host: "127.21.12.130" port: 38523 } } peers { permanent_uuid: "1be8c1ae14844cec97a5f7d0cd5a8f23" member_type: VOTER last_known_addr { host: "127.21.12.131" port: 45111 } }
I20260713 09:08:37.650167 22832 raft_consensus.cc:359] T 23d6a6f83d3543938a5d3e56850446d9 P 880f07f6fc5846fc9ec76a0ec9e63fdd [term 0 FOLLOWER]: Replica starting. Triggering 0 pending ops. Active config: opid_index: -1 OBSOLETE_local: false peers { permanent_uuid: "b2d319cbff994544983c4133c01f2590" member_type: VOTER last_known_addr { host: "127.21.12.129" port: 36819 } } peers { permanent_uuid: "880f07f6fc5846fc9ec76a0ec9e63fdd" member_type: VOTER last_known_addr { host: "127.21.12.130" port: 38523 } } peers { permanent_uuid: "1be8c1ae14844cec97a5f7d0cd5a8f23" member_type: VOTER last_known_addr { host: "127.21.12.131" port: 45111 } }
I20260713 09:08:37.650771 22832 raft_consensus.cc:385] T 23d6a6f83d3543938a5d3e56850446d9 P 880f07f6fc5846fc9ec76a0ec9e63fdd [term 0 FOLLOWER]: Consensus starting up: Expiring failure detector timer to make a prompt election more likely
I20260713 09:08:37.651018 22832 raft_consensus.cc:740] T 23d6a6f83d3543938a5d3e56850446d9 P 880f07f6fc5846fc9ec76a0ec9e63fdd [term 0 FOLLOWER]: Becoming Follower/Learner. State: Replica: 880f07f6fc5846fc9ec76a0ec9e63fdd, State: Initialized, Role: FOLLOWER
I20260713 09:08:37.651233 22830 ts_tablet_manager.cc:1434] T 9b0ab7c466b143ec9aeaf310cdb7ec36 P 1be8c1ae14844cec97a5f7d0cd5a8f23: Time spent starting tablet: real 0.005s	user 0.005s	sys 0.000s
I20260713 09:08:37.651693 22832 consensus_queue.cc:260] T 23d6a6f83d3543938a5d3e56850446d9 P 880f07f6fc5846fc9ec76a0ec9e63fdd [NON_LEADER]: Queue going to NON_LEADER mode. State: All replicated index: 0, Majority replicated index: 0, Committed index: 0, Last appended: 0.0, Last appended by leader: 0, Current term: 0, Majority size: -1, State: 0, Mode: NON_LEADER, active raft config: opid_index: -1 OBSOLETE_local: false peers { permanent_uuid: "b2d319cbff994544983c4133c01f2590" member_type: VOTER last_known_addr { host: "127.21.12.129" port: 36819 } } peers { permanent_uuid: "880f07f6fc5846fc9ec76a0ec9e63fdd" member_type: VOTER last_known_addr { host: "127.21.12.130" port: 38523 } } peers { permanent_uuid: "1be8c1ae14844cec97a5f7d0cd5a8f23" member_type: VOTER last_known_addr { host: "127.21.12.131" port: 45111 } }
I20260713 09:08:37.652173 22830 tablet_bootstrap.cc:492] T 197220e783da4f1e88be3c0bd72d2b69 P 1be8c1ae14844cec97a5f7d0cd5a8f23: Bootstrap starting.
I20260713 09:08:37.652360 22716 raft_consensus.cc:3060] T f6ed0a77503d4ba39b8b0f792499b65b P 880f07f6fc5846fc9ec76a0ec9e63fdd [term 0 FOLLOWER]: Advancing to term 1
I20260713 09:08:37.653644 22832 ts_tablet_manager.cc:1434] T 23d6a6f83d3543938a5d3e56850446d9 P 880f07f6fc5846fc9ec76a0ec9e63fdd: Time spent starting tablet: real 0.005s	user 0.004s	sys 0.000s
I20260713 09:08:37.657006 22832 tablet_bootstrap.cc:492] T beaa88bb6f7f4d04b5c88709f19c5e41 P 880f07f6fc5846fc9ec76a0ec9e63fdd: Bootstrap starting.
I20260713 09:08:37.657512 22830 tablet_bootstrap.cc:654] T 197220e783da4f1e88be3c0bd72d2b69 P 1be8c1ae14844cec97a5f7d0cd5a8f23: Neither blocks nor log segments found. Creating new log.
I20260713 09:08:37.662150 22832 tablet_bootstrap.cc:654] T beaa88bb6f7f4d04b5c88709f19c5e41 P 880f07f6fc5846fc9ec76a0ec9e63fdd: Neither blocks nor log segments found. Creating new log.
I20260713 09:08:37.668298 22890 consensus_queue.cc:1048] T f6ed0a77503d4ba39b8b0f792499b65b P b2d319cbff994544983c4133c01f2590 [LEADER]: Connected to new peer: Peer: permanent_uuid: "880f07f6fc5846fc9ec76a0ec9e63fdd" member_type: VOTER last_known_addr { host: "127.21.12.130" port: 38523 }, Status: LMP_MISMATCH, Last received: 0.0, Next index: 1, Last known committed idx: 0, Time since last communication: 0.000s
I20260713 09:08:37.680449 22830 tablet_bootstrap.cc:492] T 197220e783da4f1e88be3c0bd72d2b69 P 1be8c1ae14844cec97a5f7d0cd5a8f23: No bootstrap required, opened a new log
I20260713 09:08:37.681318 22837 raft_consensus.cc:493] T f6b23755733043fba1eea5edcc5a20b1 P 880f07f6fc5846fc9ec76a0ec9e63fdd [term 0 FOLLOWER]: Starting pre-election (no leader contacted us within the election timeout)
I20260713 09:08:37.681918 22830 ts_tablet_manager.cc:1403] T 197220e783da4f1e88be3c0bd72d2b69 P 1be8c1ae14844cec97a5f7d0cd5a8f23: Time spent bootstrapping tablet: real 0.030s	user 0.017s	sys 0.011s
I20260713 09:08:37.681766 22837 raft_consensus.cc:515] T f6b23755733043fba1eea5edcc5a20b1 P 880f07f6fc5846fc9ec76a0ec9e63fdd [term 0 FOLLOWER]: Starting pre-election with config: opid_index: -1 OBSOLETE_local: false peers { permanent_uuid: "b2d319cbff994544983c4133c01f2590" member_type: VOTER last_known_addr { host: "127.21.12.129" port: 36819 } } peers { permanent_uuid: "880f07f6fc5846fc9ec76a0ec9e63fdd" member_type: VOTER last_known_addr { host: "127.21.12.130" port: 38523 } } peers { permanent_uuid: "1be8c1ae14844cec97a5f7d0cd5a8f23" member_type: VOTER last_known_addr { host: "127.21.12.131" port: 45111 } }
I20260713 09:08:37.684311 22836 consensus_queue.cc:1048] T f6ed0a77503d4ba39b8b0f792499b65b P b2d319cbff994544983c4133c01f2590 [LEADER]: Connected to new peer: Peer: permanent_uuid: "1be8c1ae14844cec97a5f7d0cd5a8f23" member_type: VOTER last_known_addr { host: "127.21.12.131" port: 45111 }, Status: LMP_MISMATCH, Last received: 0.0, Next index: 1, Last known committed idx: 0, Time since last communication: 0.000s
I20260713 09:08:37.684427 22830 raft_consensus.cc:359] T 197220e783da4f1e88be3c0bd72d2b69 P 1be8c1ae14844cec97a5f7d0cd5a8f23 [term 0 FOLLOWER]: Replica starting. Triggering 0 pending ops. Active config: opid_index: -1 OBSOLETE_local: false peers { permanent_uuid: "b2d319cbff994544983c4133c01f2590" member_type: VOTER last_known_addr { host: "127.21.12.129" port: 36819 } } peers { permanent_uuid: "880f07f6fc5846fc9ec76a0ec9e63fdd" member_type: VOTER last_known_addr { host: "127.21.12.130" port: 38523 } } peers { permanent_uuid: "1be8c1ae14844cec97a5f7d0cd5a8f23" member_type: VOTER last_known_addr { host: "127.21.12.131" port: 45111 } }
I20260713 09:08:37.685010 22640 tablet_service.cc:1917] Received RequestConsensusVote() RPC: tablet_id: "f6b23755733043fba1eea5edcc5a20b1" candidate_uuid: "880f07f6fc5846fc9ec76a0ec9e63fdd" candidate_term: 1 candidate_status { last_received { term: 0 index: 0 } } ignore_live_leader: false dest_uuid: "b2d319cbff994544983c4133c01f2590" is_pre_election: true
I20260713 09:08:37.685607 22640 raft_consensus.cc:2468] T f6b23755733043fba1eea5edcc5a20b1 P b2d319cbff994544983c4133c01f2590 [term 0 FOLLOWER]: Leader pre-election vote request: Granting yes vote for candidate 880f07f6fc5846fc9ec76a0ec9e63fdd in term 0.
I20260713 09:08:37.686024 22790 tablet_service.cc:1917] Received RequestConsensusVote() RPC: tablet_id: "f6b23755733043fba1eea5edcc5a20b1" candidate_uuid: "880f07f6fc5846fc9ec76a0ec9e63fdd" candidate_term: 1 candidate_status { last_received { term: 0 index: 0 } } ignore_live_leader: false dest_uuid: "1be8c1ae14844cec97a5f7d0cd5a8f23" is_pre_election: true
I20260713 09:08:37.686578 22790 raft_consensus.cc:2468] T f6b23755733043fba1eea5edcc5a20b1 P 1be8c1ae14844cec97a5f7d0cd5a8f23 [term 0 FOLLOWER]: Leader pre-election vote request: Granting yes vote for candidate 880f07f6fc5846fc9ec76a0ec9e63fdd in term 0.
I20260713 09:08:37.687692 22680 leader_election.cc:304] T f6b23755733043fba1eea5edcc5a20b1 P 880f07f6fc5846fc9ec76a0ec9e63fdd [CANDIDATE]: Term 1 pre-election: Election decided. Result: candidate won. Election summary: received 2 responses out of 3 voters: 2 yes votes; 0 no votes. yes voters: 1be8c1ae14844cec97a5f7d0cd5a8f23, 880f07f6fc5846fc9ec76a0ec9e63fdd; no voters: 
I20260713 09:08:37.687999 22832 tablet_bootstrap.cc:492] T beaa88bb6f7f4d04b5c88709f19c5e41 P 880f07f6fc5846fc9ec76a0ec9e63fdd: No bootstrap required, opened a new log
I20260713 09:08:37.688369 22832 ts_tablet_manager.cc:1403] T beaa88bb6f7f4d04b5c88709f19c5e41 P 880f07f6fc5846fc9ec76a0ec9e63fdd: Time spent bootstrapping tablet: real 0.033s	user 0.014s	sys 0.008s
I20260713 09:08:37.688314 22923 raft_consensus.cc:493] T f2ba0c2c9ae9487d96e0f183a1d122ea P 1be8c1ae14844cec97a5f7d0cd5a8f23 [term 0 FOLLOWER]: Starting pre-election (no leader contacted us within the election timeout)
I20260713 09:08:37.688475 22886 raft_consensus.cc:2804] T f6b23755733043fba1eea5edcc5a20b1 P 880f07f6fc5846fc9ec76a0ec9e63fdd [term 0 FOLLOWER]: Leader pre-election won for term 1
I20260713 09:08:37.689280 22886 raft_consensus.cc:493] T f6b23755733043fba1eea5edcc5a20b1 P 880f07f6fc5846fc9ec76a0ec9e63fdd [term 0 FOLLOWER]: Starting leader election (no leader contacted us within the election timeout)
I20260713 09:08:37.688887 22923 raft_consensus.cc:515] T f2ba0c2c9ae9487d96e0f183a1d122ea P 1be8c1ae14844cec97a5f7d0cd5a8f23 [term 0 FOLLOWER]: Starting pre-election with config: opid_index: -1 OBSOLETE_local: false peers { permanent_uuid: "b2d319cbff994544983c4133c01f2590" member_type: VOTER last_known_addr { host: "127.21.12.129" port: 36819 } } peers { permanent_uuid: "880f07f6fc5846fc9ec76a0ec9e63fdd" member_type: VOTER last_known_addr { host: "127.21.12.130" port: 38523 } } peers { permanent_uuid: "1be8c1ae14844cec97a5f7d0cd5a8f23" member_type: VOTER last_known_addr { host: "127.21.12.131" port: 45111 } }
I20260713 09:08:37.689607 22886 raft_consensus.cc:3060] T f6b23755733043fba1eea5edcc5a20b1 P 880f07f6fc5846fc9ec76a0ec9e63fdd [term 0 FOLLOWER]: Advancing to term 1
I20260713 09:08:37.690891 22923 leader_election.cc:290] T f2ba0c2c9ae9487d96e0f183a1d122ea P 1be8c1ae14844cec97a5f7d0cd5a8f23 [CANDIDATE]: Term 1 pre-election: Requested pre-vote from peers b2d319cbff994544983c4133c01f2590 (127.21.12.129:36819), 880f07f6fc5846fc9ec76a0ec9e63fdd (127.21.12.130:38523)
I20260713 09:08:37.690780 22832 raft_consensus.cc:359] T beaa88bb6f7f4d04b5c88709f19c5e41 P 880f07f6fc5846fc9ec76a0ec9e63fdd [term 0 FOLLOWER]: Replica starting. Triggering 0 pending ops. Active config: opid_index: -1 OBSOLETE_local: false peers { permanent_uuid: "b2d319cbff994544983c4133c01f2590" member_type: VOTER last_known_addr { host: "127.21.12.129" port: 36819 } } peers { permanent_uuid: "880f07f6fc5846fc9ec76a0ec9e63fdd" member_type: VOTER last_known_addr { host: "127.21.12.130" port: 38523 } } peers { permanent_uuid: "1be8c1ae14844cec97a5f7d0cd5a8f23" member_type: VOTER last_known_addr { host: "127.21.12.131" port: 45111 } }
I20260713 09:08:37.691397 22832 raft_consensus.cc:385] T beaa88bb6f7f4d04b5c88709f19c5e41 P 880f07f6fc5846fc9ec76a0ec9e63fdd [term 0 FOLLOWER]: Consensus starting up: Expiring failure detector timer to make a prompt election more likely
I20260713 09:08:37.691659 22832 raft_consensus.cc:740] T beaa88bb6f7f4d04b5c88709f19c5e41 P 880f07f6fc5846fc9ec76a0ec9e63fdd [term 0 FOLLOWER]: Becoming Follower/Learner. State: Replica: 880f07f6fc5846fc9ec76a0ec9e63fdd, State: Initialized, Role: FOLLOWER
I20260713 09:08:37.692216 22832 consensus_queue.cc:260] T beaa88bb6f7f4d04b5c88709f19c5e41 P 880f07f6fc5846fc9ec76a0ec9e63fdd [NON_LEADER]: Queue going to NON_LEADER mode. State: All replicated index: 0, Majority replicated index: 0, Committed index: 0, Last appended: 0.0, Last appended by leader: 0, Current term: 0, Majority size: -1, State: 0, Mode: NON_LEADER, active raft config: opid_index: -1 OBSOLETE_local: false peers { permanent_uuid: "b2d319cbff994544983c4133c01f2590" member_type: VOTER last_known_addr { host: "127.21.12.129" port: 36819 } } peers { permanent_uuid: "880f07f6fc5846fc9ec76a0ec9e63fdd" member_type: VOTER last_known_addr { host: "127.21.12.130" port: 38523 } } peers { permanent_uuid: "1be8c1ae14844cec97a5f7d0cd5a8f23" member_type: VOTER last_known_addr { host: "127.21.12.131" port: 45111 } }
I20260713 09:08:37.693068 22640 tablet_service.cc:1917] Received RequestConsensusVote() RPC: tablet_id: "f2ba0c2c9ae9487d96e0f183a1d122ea" candidate_uuid: "1be8c1ae14844cec97a5f7d0cd5a8f23" candidate_term: 1 candidate_status { last_received { term: 0 index: 0 } } ignore_live_leader: false dest_uuid: "b2d319cbff994544983c4133c01f2590" is_pre_election: true
I20260713 09:08:37.694020 22832 ts_tablet_manager.cc:1434] T beaa88bb6f7f4d04b5c88709f19c5e41 P 880f07f6fc5846fc9ec76a0ec9e63fdd: Time spent starting tablet: real 0.005s	user 0.003s	sys 0.000s
I20260713 09:08:37.694831 22832 tablet_bootstrap.cc:492] T d6a8e9abdbdd46499ade7bf4549781a6 P 880f07f6fc5846fc9ec76a0ec9e63fdd: Bootstrap starting.
I20260713 09:08:37.694785 22714 tablet_service.cc:1917] Received RequestConsensusVote() RPC: tablet_id: "f2ba0c2c9ae9487d96e0f183a1d122ea" candidate_uuid: "1be8c1ae14844cec97a5f7d0cd5a8f23" candidate_term: 1 candidate_status { last_received { term: 0 index: 0 } } ignore_live_leader: false dest_uuid: "880f07f6fc5846fc9ec76a0ec9e63fdd" is_pre_election: true
I20260713 09:08:37.684319 22837 leader_election.cc:290] T f6b23755733043fba1eea5edcc5a20b1 P 880f07f6fc5846fc9ec76a0ec9e63fdd [CANDIDATE]: Term 1 pre-election: Requested pre-vote from peers b2d319cbff994544983c4133c01f2590 (127.21.12.129:36819), 1be8c1ae14844cec97a5f7d0cd5a8f23 (127.21.12.131:45111)
I20260713 09:08:37.696165 22753 leader_election.cc:304] T f2ba0c2c9ae9487d96e0f183a1d122ea P 1be8c1ae14844cec97a5f7d0cd5a8f23 [CANDIDATE]: Term 1 pre-election: Election decided. Result: candidate lost. Election summary: received 3 responses out of 3 voters: 1 yes votes; 2 no votes. yes voters: 1be8c1ae14844cec97a5f7d0cd5a8f23; no voters: 880f07f6fc5846fc9ec76a0ec9e63fdd, b2d319cbff994544983c4133c01f2590
I20260713 09:08:37.695492 22886 raft_consensus.cc:515] T f6b23755733043fba1eea5edcc5a20b1 P 880f07f6fc5846fc9ec76a0ec9e63fdd [term 1 FOLLOWER]: Starting leader election with config: opid_index: -1 OBSOLETE_local: false peers { permanent_uuid: "b2d319cbff994544983c4133c01f2590" member_type: VOTER last_known_addr { host: "127.21.12.129" port: 36819 } } peers { permanent_uuid: "880f07f6fc5846fc9ec76a0ec9e63fdd" member_type: VOTER last_known_addr { host: "127.21.12.130" port: 38523 } } peers { permanent_uuid: "1be8c1ae14844cec97a5f7d0cd5a8f23" member_type: VOTER last_known_addr { host: "127.21.12.131" port: 45111 } }
I20260713 09:08:37.697160 22923 raft_consensus.cc:2749] T f2ba0c2c9ae9487d96e0f183a1d122ea P 1be8c1ae14844cec97a5f7d0cd5a8f23 [term 0 FOLLOWER]: Leader pre-election lost for term 1. Reason: could not achieve majority
I20260713 09:08:37.697925 22886 leader_election.cc:290] T f6b23755733043fba1eea5edcc5a20b1 P 880f07f6fc5846fc9ec76a0ec9e63fdd [CANDIDATE]: Term 1 election: Requested vote from peers b2d319cbff994544983c4133c01f2590 (127.21.12.129:36819), 1be8c1ae14844cec97a5f7d0cd5a8f23 (127.21.12.131:45111)
I20260713 09:08:37.685042 22830 raft_consensus.cc:385] T 197220e783da4f1e88be3c0bd72d2b69 P 1be8c1ae14844cec97a5f7d0cd5a8f23 [term 0 FOLLOWER]: Consensus starting up: Expiring failure detector timer to make a prompt election more likely
I20260713 09:08:37.698436 22830 raft_consensus.cc:740] T 197220e783da4f1e88be3c0bd72d2b69 P 1be8c1ae14844cec97a5f7d0cd5a8f23 [term 0 FOLLOWER]: Becoming Follower/Learner. State: Replica: 1be8c1ae14844cec97a5f7d0cd5a8f23, State: Initialized, Role: FOLLOWER
I20260713 09:08:37.699221 22790 tablet_service.cc:1917] Received RequestConsensusVote() RPC: tablet_id: "f6b23755733043fba1eea5edcc5a20b1" candidate_uuid: "880f07f6fc5846fc9ec76a0ec9e63fdd" candidate_term: 1 candidate_status { last_received { term: 0 index: 0 } } ignore_live_leader: false dest_uuid: "1be8c1ae14844cec97a5f7d0cd5a8f23"
I20260713 09:08:37.699108 22830 consensus_queue.cc:260] T 197220e783da4f1e88be3c0bd72d2b69 P 1be8c1ae14844cec97a5f7d0cd5a8f23 [NON_LEADER]: Queue going to NON_LEADER mode. State: All replicated index: 0, Majority replicated index: 0, Committed index: 0, Last appended: 0.0, Last appended by leader: 0, Current term: 0, Majority size: -1, State: 0, Mode: NON_LEADER, active raft config: opid_index: -1 OBSOLETE_local: false peers { permanent_uuid: "b2d319cbff994544983c4133c01f2590" member_type: VOTER last_known_addr { host: "127.21.12.129" port: 36819 } } peers { permanent_uuid: "880f07f6fc5846fc9ec76a0ec9e63fdd" member_type: VOTER last_known_addr { host: "127.21.12.130" port: 38523 } } peers { permanent_uuid: "1be8c1ae14844cec97a5f7d0cd5a8f23" member_type: VOTER last_known_addr { host: "127.21.12.131" port: 45111 } }
I20260713 09:08:37.699753 22790 raft_consensus.cc:3060] T f6b23755733043fba1eea5edcc5a20b1 P 1be8c1ae14844cec97a5f7d0cd5a8f23 [term 0 FOLLOWER]: Advancing to term 1
I20260713 09:08:37.700392 22832 tablet_bootstrap.cc:654] T d6a8e9abdbdd46499ade7bf4549781a6 P 880f07f6fc5846fc9ec76a0ec9e63fdd: Neither blocks nor log segments found. Creating new log.
I20260713 09:08:37.700385 22640 tablet_service.cc:1917] Received RequestConsensusVote() RPC: tablet_id: "f6b23755733043fba1eea5edcc5a20b1" candidate_uuid: "880f07f6fc5846fc9ec76a0ec9e63fdd" candidate_term: 1 candidate_status { last_received { term: 0 index: 0 } } ignore_live_leader: false dest_uuid: "b2d319cbff994544983c4133c01f2590"
I20260713 09:08:37.700939 22830 ts_tablet_manager.cc:1434] T 197220e783da4f1e88be3c0bd72d2b69 P 1be8c1ae14844cec97a5f7d0cd5a8f23: Time spent starting tablet: real 0.019s	user 0.001s	sys 0.005s
I20260713 09:08:37.701089 22640 raft_consensus.cc:3060] T f6b23755733043fba1eea5edcc5a20b1 P b2d319cbff994544983c4133c01f2590 [term 0 FOLLOWER]: Advancing to term 1
I20260713 09:08:37.707088 22640 raft_consensus.cc:2468] T f6b23755733043fba1eea5edcc5a20b1 P b2d319cbff994544983c4133c01f2590 [term 1 FOLLOWER]: Leader election vote request: Granting yes vote for candidate 880f07f6fc5846fc9ec76a0ec9e63fdd in term 1.
I20260713 09:08:37.708280 22681 leader_election.cc:304] T f6b23755733043fba1eea5edcc5a20b1 P 880f07f6fc5846fc9ec76a0ec9e63fdd [CANDIDATE]: Term 1 election: Election decided. Result: candidate won. Election summary: received 2 responses out of 3 voters: 2 yes votes; 0 no votes. yes voters: 880f07f6fc5846fc9ec76a0ec9e63fdd, b2d319cbff994544983c4133c01f2590; no voters: 
I20260713 09:08:37.709406 22837 raft_consensus.cc:2804] T f6b23755733043fba1eea5edcc5a20b1 P 880f07f6fc5846fc9ec76a0ec9e63fdd [term 1 FOLLOWER]: Leader election won for term 1
I20260713 09:08:37.709834 22837 raft_consensus.cc:697] T f6b23755733043fba1eea5edcc5a20b1 P 880f07f6fc5846fc9ec76a0ec9e63fdd [term 1 LEADER]: Becoming Leader. State: Replica: 880f07f6fc5846fc9ec76a0ec9e63fdd, State: Running, Role: LEADER
I20260713 09:08:37.710592 22837 consensus_queue.cc:237] T f6b23755733043fba1eea5edcc5a20b1 P 880f07f6fc5846fc9ec76a0ec9e63fdd [LEADER]: Queue going to LEADER mode. State: All replicated index: 0, Majority replicated index: 0, Committed index: 0, Last appended: 0.0, Last appended by leader: 0, Current term: 1, Majority size: 2, State: 0, Mode: LEADER, active raft config: opid_index: -1 OBSOLETE_local: false peers { permanent_uuid: "b2d319cbff994544983c4133c01f2590" member_type: VOTER last_known_addr { host: "127.21.12.129" port: 36819 } } peers { permanent_uuid: "880f07f6fc5846fc9ec76a0ec9e63fdd" member_type: VOTER last_known_addr { host: "127.21.12.130" port: 38523 } } peers { permanent_uuid: "1be8c1ae14844cec97a5f7d0cd5a8f23" member_type: VOTER last_known_addr { host: "127.21.12.131" port: 45111 } }
I20260713 09:08:37.720920 22790 raft_consensus.cc:2468] T f6b23755733043fba1eea5edcc5a20b1 P 1be8c1ae14844cec97a5f7d0cd5a8f23 [term 1 FOLLOWER]: Leader election vote request: Granting yes vote for candidate 880f07f6fc5846fc9ec76a0ec9e63fdd in term 1.
I20260713 09:08:37.726768 22832 tablet_bootstrap.cc:492] T d6a8e9abdbdd46499ade7bf4549781a6 P 880f07f6fc5846fc9ec76a0ec9e63fdd: No bootstrap required, opened a new log
I20260713 09:08:37.727171 22832 ts_tablet_manager.cc:1403] T d6a8e9abdbdd46499ade7bf4549781a6 P 880f07f6fc5846fc9ec76a0ec9e63fdd: Time spent bootstrapping tablet: real 0.033s	user 0.023s	sys 0.007s
I20260713 09:08:37.727299 22539 catalog_manager.cc:5697] T f6b23755733043fba1eea5edcc5a20b1 P 880f07f6fc5846fc9ec76a0ec9e63fdd reported cstate change: term changed from 0 to 1, leader changed from <none> to 880f07f6fc5846fc9ec76a0ec9e63fdd (127.21.12.130). New cstate: current_term: 1 leader_uuid: "880f07f6fc5846fc9ec76a0ec9e63fdd" committed_config { opid_index: -1 OBSOLETE_local: false peers { permanent_uuid: "b2d319cbff994544983c4133c01f2590" member_type: VOTER last_known_addr { host: "127.21.12.129" port: 36819 } health_report { overall_health: UNKNOWN } } peers { permanent_uuid: "880f07f6fc5846fc9ec76a0ec9e63fdd" member_type: VOTER last_known_addr { host: "127.21.12.130" port: 38523 } health_report { overall_health: HEALTHY } } peers { permanent_uuid: "1be8c1ae14844cec97a5f7d0cd5a8f23" member_type: VOTER last_known_addr { host: "127.21.12.131" port: 45111 } health_report { overall_health: UNKNOWN } } }
I20260713 09:08:37.729444 22832 raft_consensus.cc:359] T d6a8e9abdbdd46499ade7bf4549781a6 P 880f07f6fc5846fc9ec76a0ec9e63fdd [term 0 FOLLOWER]: Replica starting. Triggering 0 pending ops. Active config: opid_index: -1 OBSOLETE_local: false peers { permanent_uuid: "b2d319cbff994544983c4133c01f2590" member_type: VOTER last_known_addr { host: "127.21.12.129" port: 36819 } } peers { permanent_uuid: "880f07f6fc5846fc9ec76a0ec9e63fdd" member_type: VOTER last_known_addr { host: "127.21.12.130" port: 38523 } } peers { permanent_uuid: "1be8c1ae14844cec97a5f7d0cd5a8f23" member_type: VOTER last_known_addr { host: "127.21.12.131" port: 45111 } }
I20260713 09:08:37.730067 22832 raft_consensus.cc:385] T d6a8e9abdbdd46499ade7bf4549781a6 P 880f07f6fc5846fc9ec76a0ec9e63fdd [term 0 FOLLOWER]: Consensus starting up: Expiring failure detector timer to make a prompt election more likely
I20260713 09:08:37.730319 22832 raft_consensus.cc:740] T d6a8e9abdbdd46499ade7bf4549781a6 P 880f07f6fc5846fc9ec76a0ec9e63fdd [term 0 FOLLOWER]: Becoming Follower/Learner. State: Replica: 880f07f6fc5846fc9ec76a0ec9e63fdd, State: Initialized, Role: FOLLOWER
