I20260713 09:08:26.489670 22390 raft_consensus.cc:740] T 5841d094940e4a4989554e49a2a36696 P b1d5577d390e40ec90544dcad134672d [term 1 LEADER]: Becoming Follower/Learner. State: Replica: b1d5577d390e40ec90544dcad134672d, State: Running, Role: LEADER
I20260713 09:08:26.490410 22390 consensus_queue.cc:260] T 5841d094940e4a4989554e49a2a36696 P b1d5577d390e40ec90544dcad134672d [NON_LEADER]: Queue going to NON_LEADER mode. State: All replicated index: 0, Majority replicated index: 1, Committed index: 1, Last appended: 1.1, Last appended by leader: 1, Current term: 1, Majority size: -1, State: 0, Mode: NON_LEADER, active raft config: opid_index: -1 OBSOLETE_local: false peers { permanent_uuid: "382659e5557b4279ac22cb48e4b768c6" member_type: VOTER last_known_addr { host: "127.21.40.67" port: 42011 } } peers { permanent_uuid: "784a9c69fa0b4b2eac53a69320871178" member_type: VOTER last_known_addr { host: "127.21.40.65" port: 34847 } } peers { permanent_uuid: "b1d5577d390e40ec90544dcad134672d" member_type: VOTER last_known_addr { host: "127.21.40.66" port: 33095 } }
I20260713 09:08:26.491555 22390 raft_consensus.cc:3060] T 5841d094940e4a4989554e49a2a36696 P b1d5577d390e40ec90544dcad134672d [term 1 FOLLOWER]: Advancing to term 2
I20260713 09:08:26.495121 22465 raft_consensus.cc:2468] T 5841d094940e4a4989554e49a2a36696 P 382659e5557b4279ac22cb48e4b768c6 [term 2 FOLLOWER]: Leader election vote request: Granting yes vote for candidate 784a9c69fa0b4b2eac53a69320871178 in term 2.
I20260713 09:08:26.496177 22281 leader_election.cc:304] T 5841d094940e4a4989554e49a2a36696 P 784a9c69fa0b4b2eac53a69320871178 [CANDIDATE]: Term 2 election: Election decided. Result: candidate won. Election summary: received 2 responses out of 3 voters: 2 yes votes; 0 no votes. yes voters: 382659e5557b4279ac22cb48e4b768c6, 784a9c69fa0b4b2eac53a69320871178; no voters: 
I20260713 09:08:26.496877 22607 raft_consensus.cc:2804] T 5841d094940e4a4989554e49a2a36696 P 784a9c69fa0b4b2eac53a69320871178 [term 2 FOLLOWER]: Leader election won for term 2
I20260713 09:08:26.497217 22607 raft_consensus.cc:697] T 5841d094940e4a4989554e49a2a36696 P 784a9c69fa0b4b2eac53a69320871178 [term 2 LEADER]: Becoming Leader. State: Replica: 784a9c69fa0b4b2eac53a69320871178, State: Running, Role: LEADER
I20260713 09:08:26.497511 22390 raft_consensus.cc:2468] T 5841d094940e4a4989554e49a2a36696 P b1d5577d390e40ec90544dcad134672d [term 2 FOLLOWER]: Leader election vote request: Granting yes vote for candidate 784a9c69fa0b4b2eac53a69320871178 in term 2.
I20260713 09:08:26.497911 22607 consensus_queue.cc:237] T 5841d094940e4a4989554e49a2a36696 P 784a9c69fa0b4b2eac53a69320871178 [LEADER]: Queue going to LEADER mode. State: All replicated index: 0, Majority replicated index: 1, Committed index: 1, Last appended: 1.1, Last appended by leader: 1, Current term: 2, Majority size: 2, State: 0, Mode: LEADER, active raft config: opid_index: -1 OBSOLETE_local: false peers { permanent_uuid: "382659e5557b4279ac22cb48e4b768c6" member_type: VOTER last_known_addr { host: "127.21.40.67" port: 42011 } } peers { permanent_uuid: "784a9c69fa0b4b2eac53a69320871178" member_type: VOTER last_known_addr { host: "127.21.40.65" port: 34847 } } peers { permanent_uuid: "b1d5577d390e40ec90544dcad134672d" member_type: VOTER last_known_addr { host: "127.21.40.66" port: 33095 } }
I20260713 09:08:26.504434 22214 catalog_manager.cc:5697] T 5841d094940e4a4989554e49a2a36696 P 784a9c69fa0b4b2eac53a69320871178 reported cstate change: term changed from 1 to 2, leader changed from b1d5577d390e40ec90544dcad134672d (127.21.40.66) to 784a9c69fa0b4b2eac53a69320871178 (127.21.40.65). New cstate: current_term: 2 leader_uuid: "784a9c69fa0b4b2eac53a69320871178" committed_config { opid_index: -1 OBSOLETE_local: false peers { permanent_uuid: "382659e5557b4279ac22cb48e4b768c6" member_type: VOTER last_known_addr { host: "127.21.40.67" port: 42011 } health_report { overall_health: UNKNOWN } } peers { permanent_uuid: "784a9c69fa0b4b2eac53a69320871178" member_type: VOTER last_known_addr { host: "127.21.40.65" port: 34847 } health_report { overall_health: HEALTHY } } peers { permanent_uuid: "b1d5577d390e40ec90544dcad134672d" member_type: VOTER last_known_addr { host: "127.21.40.66" port: 33095 } health_report { overall_health: UNKNOWN } } }
I20260713 09:08:26.582854 22599 raft_consensus.cc:993] T c36d4f3fa3104282b3b7d5f7ae139c46 P 382659e5557b4279ac22cb48e4b768c6: : Instructing follower 784a9c69fa0b4b2eac53a69320871178 to start an election
I20260713 09:08:26.583336 22587 raft_consensus.cc:1081] T c36d4f3fa3104282b3b7d5f7ae139c46 P 382659e5557b4279ac22cb48e4b768c6 [term 1 LEADER]: Signalling peer 784a9c69fa0b4b2eac53a69320871178 to start an election
I20260713 09:08:26.584712 22316 tablet_service.cc:2044] Received Run Leader Election RPC: tablet_id: "c36d4f3fa3104282b3b7d5f7ae139c46"
dest_uuid: "784a9c69fa0b4b2eac53a69320871178"
 from {username='slave'} at 127.0.0.1:60836
I20260713 09:08:26.585160 22316 raft_consensus.cc:493] T c36d4f3fa3104282b3b7d5f7ae139c46 P 784a9c69fa0b4b2eac53a69320871178 [term 1 FOLLOWER]: Starting forced leader election (received explicit request)
I20260713 09:08:26.585496 22316 raft_consensus.cc:3060] T c36d4f3fa3104282b3b7d5f7ae139c46 P 784a9c69fa0b4b2eac53a69320871178 [term 1 FOLLOWER]: Advancing to term 2
I20260713 09:08:26.590255 22316 raft_consensus.cc:515] T c36d4f3fa3104282b3b7d5f7ae139c46 P 784a9c69fa0b4b2eac53a69320871178 [term 2 FOLLOWER]: Starting forced leader election with config: opid_index: -1 OBSOLETE_local: false peers { permanent_uuid: "784a9c69fa0b4b2eac53a69320871178" member_type: VOTER last_known_addr { host: "127.21.40.65" port: 34847 } } peers { permanent_uuid: "b1d5577d390e40ec90544dcad134672d" member_type: VOTER last_known_addr { host: "127.21.40.66" port: 33095 } } peers { permanent_uuid: "382659e5557b4279ac22cb48e4b768c6" member_type: VOTER last_known_addr { host: "127.21.40.67" port: 42011 } }
I20260713 09:08:26.591784 22316 leader_election.cc:290] T c36d4f3fa3104282b3b7d5f7ae139c46 P 784a9c69fa0b4b2eac53a69320871178 [CANDIDATE]: Term 2 election: Requested vote from peers b1d5577d390e40ec90544dcad134672d (127.21.40.66:33095), 382659e5557b4279ac22cb48e4b768c6 (127.21.40.67:42011)
I20260713 09:08:26.592350 22390 tablet_service.cc:1917] Received RequestConsensusVote() RPC: tablet_id: "c36d4f3fa3104282b3b7d5f7ae139c46" candidate_uuid: "784a9c69fa0b4b2eac53a69320871178" candidate_term: 2 candidate_status { last_received { term: 1 index: 1 } } ignore_live_leader: true dest_uuid: "b1d5577d390e40ec90544dcad134672d"
I20260713 09:08:26.592721 22465 tablet_service.cc:1917] Received RequestConsensusVote() RPC: tablet_id: "c36d4f3fa3104282b3b7d5f7ae139c46" candidate_uuid: "784a9c69fa0b4b2eac53a69320871178" candidate_term: 2 candidate_status { last_received { term: 1 index: 1 } } ignore_live_leader: true dest_uuid: "382659e5557b4279ac22cb48e4b768c6"
I20260713 09:08:26.592873 22390 raft_consensus.cc:3060] T c36d4f3fa3104282b3b7d5f7ae139c46 P b1d5577d390e40ec90544dcad134672d [term 1 FOLLOWER]: Advancing to term 2
I20260713 09:08:26.593152 22465 raft_consensus.cc:3055] T c36d4f3fa3104282b3b7d5f7ae139c46 P 382659e5557b4279ac22cb48e4b768c6 [term 1 LEADER]: Stepping down as leader of term 1
I20260713 09:08:26.593406 22465 raft_consensus.cc:740] T c36d4f3fa3104282b3b7d5f7ae139c46 P 382659e5557b4279ac22cb48e4b768c6 [term 1 LEADER]: Becoming Follower/Learner. State: Replica: 382659e5557b4279ac22cb48e4b768c6, State: Running, Role: LEADER
I20260713 09:08:26.593951 22465 consensus_queue.cc:260] T c36d4f3fa3104282b3b7d5f7ae139c46 P 382659e5557b4279ac22cb48e4b768c6 [NON_LEADER]: Queue going to NON_LEADER mode. State: All replicated index: 0, Majority replicated index: 1, Committed index: 1, Last appended: 1.1, Last appended by leader: 1, Current term: 1, Majority size: -1, State: 0, Mode: NON_LEADER, active raft config: opid_index: -1 OBSOLETE_local: false peers { permanent_uuid: "784a9c69fa0b4b2eac53a69320871178" member_type: VOTER last_known_addr { host: "127.21.40.65" port: 34847 } } peers { permanent_uuid: "b1d5577d390e40ec90544dcad134672d" member_type: VOTER last_known_addr { host: "127.21.40.66" port: 33095 } } peers { permanent_uuid: "382659e5557b4279ac22cb48e4b768c6" member_type: VOTER last_known_addr { host: "127.21.40.67" port: 42011 } }
I20260713 09:08:26.594722 22465 raft_consensus.cc:3060] T c36d4f3fa3104282b3b7d5f7ae139c46 P 382659e5557b4279ac22cb48e4b768c6 [term 1 FOLLOWER]: Advancing to term 2
I20260713 09:08:26.597158 22390 raft_consensus.cc:2468] T c36d4f3fa3104282b3b7d5f7ae139c46 P b1d5577d390e40ec90544dcad134672d [term 2 FOLLOWER]: Leader election vote request: Granting yes vote for candidate 784a9c69fa0b4b2eac53a69320871178 in term 2.
I20260713 09:08:26.597970 22280 leader_election.cc:304] T c36d4f3fa3104282b3b7d5f7ae139c46 P 784a9c69fa0b4b2eac53a69320871178 [CANDIDATE]: Term 2 election: Election decided. Result: candidate won. Election summary: received 2 responses out of 3 voters: 2 yes votes; 0 no votes. yes voters: 784a9c69fa0b4b2eac53a69320871178, b1d5577d390e40ec90544dcad134672d; no voters: 
I20260713 09:08:26.598182 22465 raft_consensus.cc:2468] T c36d4f3fa3104282b3b7d5f7ae139c46 P 382659e5557b4279ac22cb48e4b768c6 [term 2 FOLLOWER]: Leader election vote request: Granting yes vote for candidate 784a9c69fa0b4b2eac53a69320871178 in term 2.
I20260713 09:08:26.598541 22607 raft_consensus.cc:2804] T c36d4f3fa3104282b3b7d5f7ae139c46 P 784a9c69fa0b4b2eac53a69320871178 [term 2 FOLLOWER]: Leader election won for term 2
I20260713 09:08:26.598901 22607 raft_consensus.cc:697] T c36d4f3fa3104282b3b7d5f7ae139c46 P 784a9c69fa0b4b2eac53a69320871178 [term 2 LEADER]: Becoming Leader. State: Replica: 784a9c69fa0b4b2eac53a69320871178, State: Running, Role: LEADER
I20260713 09:08:26.599570 22607 consensus_queue.cc:237] T c36d4f3fa3104282b3b7d5f7ae139c46 P 784a9c69fa0b4b2eac53a69320871178 [LEADER]: Queue going to LEADER mode. State: All replicated index: 0, Majority replicated index: 1, Committed index: 1, Last appended: 1.1, Last appended by leader: 1, Current term: 2, Majority size: 2, State: 0, Mode: LEADER, active raft config: opid_index: -1 OBSOLETE_local: false peers { permanent_uuid: "784a9c69fa0b4b2eac53a69320871178" member_type: VOTER last_known_addr { host: "127.21.40.65" port: 34847 } } peers { permanent_uuid: "b1d5577d390e40ec90544dcad134672d" member_type: VOTER last_known_addr { host: "127.21.40.66" port: 33095 } } peers { permanent_uuid: "382659e5557b4279ac22cb48e4b768c6" member_type: VOTER last_known_addr { host: "127.21.40.67" port: 42011 } }
I20260713 09:08:26.605644 22214 catalog_manager.cc:5697] T c36d4f3fa3104282b3b7d5f7ae139c46 P 784a9c69fa0b4b2eac53a69320871178 reported cstate change: term changed from 1 to 2, leader changed from 382659e5557b4279ac22cb48e4b768c6 (127.21.40.67) to 784a9c69fa0b4b2eac53a69320871178 (127.21.40.65). New cstate: current_term: 2 leader_uuid: "784a9c69fa0b4b2eac53a69320871178" committed_config { opid_index: -1 OBSOLETE_local: false peers { permanent_uuid: "784a9c69fa0b4b2eac53a69320871178" member_type: VOTER last_known_addr { host: "127.21.40.65" port: 34847 } health_report { overall_health: HEALTHY } } peers { permanent_uuid: "b1d5577d390e40ec90544dcad134672d" member_type: VOTER last_known_addr { host: "127.21.40.66" port: 33095 } health_report { overall_health: UNKNOWN } } peers { permanent_uuid: "382659e5557b4279ac22cb48e4b768c6" member_type: VOTER last_known_addr { host: "127.21.40.67" port: 42011 } health_report { overall_health: UNKNOWN } } }
I20260713 09:08:26.671737 22390 raft_consensus.cc:1275] T 7bedff832d624cf689706108de7dad32 P b1d5577d390e40ec90544dcad134672d [term 2 FOLLOWER]: Refusing update from remote peer 382659e5557b4279ac22cb48e4b768c6: Log matching property violated. Preceding OpId in replica: term: 1 index: 1. Preceding OpId from leader: term: 2 index: 2. (index mismatch)
I20260713 09:08:26.672771 22587 consensus_queue.cc:1048] T 7bedff832d624cf689706108de7dad32 P 382659e5557b4279ac22cb48e4b768c6 [LEADER]: Connected to new peer: Peer: permanent_uuid: "b1d5577d390e40ec90544dcad134672d" member_type: VOTER last_known_addr { host: "127.21.40.66" port: 33095 }, Status: LMP_MISMATCH, Last received: 0.0, Next index: 2, Last known committed idx: 1, Time since last communication: 0.000s
I20260713 09:08:26.680521 22316 raft_consensus.cc:1275] T 7bedff832d624cf689706108de7dad32 P 784a9c69fa0b4b2eac53a69320871178 [term 2 FOLLOWER]: Refusing update from remote peer 382659e5557b4279ac22cb48e4b768c6: Log matching property violated. Preceding OpId in replica: term: 1 index: 1. Preceding OpId from leader: term: 2 index: 2. (index mismatch)
I20260713 09:08:26.682147 22587 consensus_queue.cc:1048] T 7bedff832d624cf689706108de7dad32 P 382659e5557b4279ac22cb48e4b768c6 [LEADER]: Connected to new peer: Peer: permanent_uuid: "784a9c69fa0b4b2eac53a69320871178" member_type: VOTER last_known_addr { host: "127.21.40.65" port: 34847 }, Status: LMP_MISMATCH, Last received: 0.0, Next index: 2, Last known committed idx: 1, Time since last communication: 0.000s
I20260713 09:08:26.934670 22465 raft_consensus.cc:1275] T 9505a455ec5941aca438b76139bdc1a0 P 382659e5557b4279ac22cb48e4b768c6 [term 2 FOLLOWER]: Refusing update from remote peer b1d5577d390e40ec90544dcad134672d: Log matching property violated. Preceding OpId in replica: term: 1 index: 1. Preceding OpId from leader: term: 2 index: 2. (index mismatch)
I20260713 09:08:26.935791 22598 consensus_queue.cc:1048] T 9505a455ec5941aca438b76139bdc1a0 P b1d5577d390e40ec90544dcad134672d [LEADER]: Connected to new peer: Peer: permanent_uuid: "382659e5557b4279ac22cb48e4b768c6" member_type: VOTER last_known_addr { host: "127.21.40.67" port: 42011 }, Status: LMP_MISMATCH, Last received: 0.0, Next index: 2, Last known committed idx: 1, Time since last communication: 0.000s
I20260713 09:08:26.949955 22316 raft_consensus.cc:1275] T 9505a455ec5941aca438b76139bdc1a0 P 784a9c69fa0b4b2eac53a69320871178 [term 2 FOLLOWER]: Refusing update from remote peer b1d5577d390e40ec90544dcad134672d: Log matching property violated. Preceding OpId in replica: term: 1 index: 1. Preceding OpId from leader: term: 2 index: 2. (index mismatch)
I20260713 09:08:26.951383 22598 consensus_queue.cc:1048] T 9505a455ec5941aca438b76139bdc1a0 P b1d5577d390e40ec90544dcad134672d [LEADER]: Connected to new peer: Peer: permanent_uuid: "784a9c69fa0b4b2eac53a69320871178" member_type: VOTER last_known_addr { host: "127.21.40.65" port: 34847 }, Status: LMP_MISMATCH, Last received: 0.0, Next index: 2, Last known committed idx: 1, Time since last communication: 0.000s
I20260713 09:08:26.993937 22390 raft_consensus.cc:1275] T c36d4f3fa3104282b3b7d5f7ae139c46 P b1d5577d390e40ec90544dcad134672d [term 2 FOLLOWER]: Refusing update from remote peer 784a9c69fa0b4b2eac53a69320871178: Log matching property violated. Preceding OpId in replica: term: 1 index: 1. Preceding OpId from leader: term: 2 index: 2. (index mismatch)
I20260713 09:08:26.995012 22607 consensus_queue.cc:1048] T c36d4f3fa3104282b3b7d5f7ae139c46 P 784a9c69fa0b4b2eac53a69320871178 [LEADER]: Connected to new peer: Peer: permanent_uuid: "b1d5577d390e40ec90544dcad134672d" member_type: VOTER last_known_addr { host: "127.21.40.66" port: 33095 }, Status: LMP_MISMATCH, Last received: 0.0, Next index: 2, Last known committed idx: 1, Time since last communication: 0.000s
I20260713 09:08:27.002310 22465 raft_consensus.cc:1275] T c36d4f3fa3104282b3b7d5f7ae139c46 P 382659e5557b4279ac22cb48e4b768c6 [term 2 FOLLOWER]: Refusing update from remote peer 784a9c69fa0b4b2eac53a69320871178: Log matching property violated. Preceding OpId in replica: term: 1 index: 1. Preceding OpId from leader: term: 2 index: 2. (index mismatch)
I20260713 09:08:27.003556 22605 consensus_queue.cc:1048] T c36d4f3fa3104282b3b7d5f7ae139c46 P 784a9c69fa0b4b2eac53a69320871178 [LEADER]: Connected to new peer: Peer: permanent_uuid: "382659e5557b4279ac22cb48e4b768c6" member_type: VOTER last_known_addr { host: "127.21.40.67" port: 42011 }, Status: LMP_MISMATCH, Last received: 0.0, Next index: 2, Last known committed idx: 1, Time since last communication: 0.000s
I20260713 09:08:27.049729 22465 raft_consensus.cc:1275] T 5841d094940e4a4989554e49a2a36696 P 382659e5557b4279ac22cb48e4b768c6 [term 2 FOLLOWER]: Refusing update from remote peer 784a9c69fa0b4b2eac53a69320871178: Log matching property violated. Preceding OpId in replica: term: 1 index: 1. Preceding OpId from leader: term: 2 index: 2. (index mismatch)
I20260713 09:08:27.050736 22605 consensus_queue.cc:1048] T 5841d094940e4a4989554e49a2a36696 P 784a9c69fa0b4b2eac53a69320871178 [LEADER]: Connected to new peer: Peer: permanent_uuid: "382659e5557b4279ac22cb48e4b768c6" member_type: VOTER last_known_addr { host: "127.21.40.67" port: 42011 }, Status: LMP_MISMATCH, Last received: 0.0, Next index: 2, Last known committed idx: 1, Time since last communication: 0.000s
I20260713 09:08:27.058874 22390 raft_consensus.cc:1275] T 5841d094940e4a4989554e49a2a36696 P b1d5577d390e40ec90544dcad134672d [term 2 FOLLOWER]: Refusing update from remote peer 784a9c69fa0b4b2eac53a69320871178: Log matching property violated. Preceding OpId in replica: term: 1 index: 1. Preceding OpId from leader: term: 2 index: 2. (index mismatch)
I20260713 09:08:27.060279 22607 consensus_queue.cc:1048] T 5841d094940e4a4989554e49a2a36696 P 784a9c69fa0b4b2eac53a69320871178 [LEADER]: Connected to new peer: Peer: permanent_uuid: "b1d5577d390e40ec90544dcad134672d" member_type: VOTER last_known_addr { host: "127.21.40.66" port: 33095 }, Status: LMP_MISMATCH, Last received: 0.0, Next index: 2, Last known committed idx: 1, Time since last communication: 0.000s
I20260713 09:08:29.161871 21665 auto_leader_rebalancer-test.cc:352] The leader distribution is 
I20260713 09:08:29.162680 21665 auto_leader_rebalancer.cc:141] leader rebalance for table test-workload
I20260713 09:08:29.181723 22316 tablet_service.cc:2072] Received LeaderStepDown RPC: tablet_id: "0543ed6840c04cf18ec5e167a805fc69"
dest_uuid: "784a9c69fa0b4b2eac53a69320871178"
mode: GRACEFUL
new_leader_uuid: "382659e5557b4279ac22cb48e4b768c6"
 from {username='slave'} at 127.0.0.1:60850
I20260713 09:08:29.182179 22316 raft_consensus.cc:606] T 0543ed6840c04cf18ec5e167a805fc69 P 784a9c69fa0b4b2eac53a69320871178 [term 1 LEADER]: Received request to transfer leadership to TS 382659e5557b4279ac22cb48e4b768c6
I20260713 09:08:29.184262 22316 tablet_service.cc:2072] Received LeaderStepDown RPC: tablet_id: "30f03cd88d7f4cd49129ff213d0d6f93"
dest_uuid: "784a9c69fa0b4b2eac53a69320871178"
mode: GRACEFUL
new_leader_uuid: "382659e5557b4279ac22cb48e4b768c6"
 from {username='slave'} at 127.0.0.1:60850
I20260713 09:08:29.184623 22316 raft_consensus.cc:606] T 30f03cd88d7f4cd49129ff213d0d6f93 P 784a9c69fa0b4b2eac53a69320871178 [term 2 LEADER]: Received request to transfer leadership to TS 382659e5557b4279ac22cb48e4b768c6
I20260713 09:08:29.185441 21665 auto_leader_rebalancer.cc:479] table: test-workload, leader rebalance finish, leader transfer count: 2
I20260713 09:08:29.185874 21665 auto_leader_rebalancer.cc:554] All tables' leader rebalancing finished this round
I20260713 09:08:29.307432 22631 raft_consensus.cc:993] T 30f03cd88d7f4cd49129ff213d0d6f93 P 784a9c69fa0b4b2eac53a69320871178: : Instructing follower 382659e5557b4279ac22cb48e4b768c6 to start an election
I20260713 09:08:29.308138 22607 raft_consensus.cc:1081] T 30f03cd88d7f4cd49129ff213d0d6f93 P 784a9c69fa0b4b2eac53a69320871178 [term 2 LEADER]: Signalling peer 382659e5557b4279ac22cb48e4b768c6 to start an election
I20260713 09:08:29.309692 22465 tablet_service.cc:2044] Received Run Leader Election RPC: tablet_id: "30f03cd88d7f4cd49129ff213d0d6f93"
dest_uuid: "382659e5557b4279ac22cb48e4b768c6"
 from {username='slave'} at 127.0.0.1:41348
I20260713 09:08:29.310267 22465 raft_consensus.cc:493] T 30f03cd88d7f4cd49129ff213d0d6f93 P 382659e5557b4279ac22cb48e4b768c6 [term 2 FOLLOWER]: Starting forced leader election (received explicit request)
I20260713 09:08:29.310528 22465 raft_consensus.cc:3060] T 30f03cd88d7f4cd49129ff213d0d6f93 P 382659e5557b4279ac22cb48e4b768c6 [term 2 FOLLOWER]: Advancing to term 3
I20260713 09:08:29.315927 22465 raft_consensus.cc:515] T 30f03cd88d7f4cd49129ff213d0d6f93 P 382659e5557b4279ac22cb48e4b768c6 [term 3 FOLLOWER]: Starting forced leader election with config: opid_index: -1 OBSOLETE_local: false peers { permanent_uuid: "784a9c69fa0b4b2eac53a69320871178" member_type: VOTER last_known_addr { host: "127.21.40.65" port: 34847 } } peers { permanent_uuid: "b1d5577d390e40ec90544dcad134672d" member_type: VOTER last_known_addr { host: "127.21.40.66" port: 33095 } } peers { permanent_uuid: "382659e5557b4279ac22cb48e4b768c6" member_type: VOTER last_known_addr { host: "127.21.40.67" port: 42011 } }
I20260713 09:08:29.317530 22465 leader_election.cc:290] T 30f03cd88d7f4cd49129ff213d0d6f93 P 382659e5557b4279ac22cb48e4b768c6 [CANDIDATE]: Term 3 election: Requested vote from peers 784a9c69fa0b4b2eac53a69320871178 (127.21.40.65:34847), b1d5577d390e40ec90544dcad134672d (127.21.40.66:33095)
I20260713 09:08:29.318809 22316 tablet_service.cc:1917] Received RequestConsensusVote() RPC: tablet_id: "30f03cd88d7f4cd49129ff213d0d6f93" candidate_uuid: "382659e5557b4279ac22cb48e4b768c6" candidate_term: 3 candidate_status { last_received { term: 2 index: 1 } } ignore_live_leader: true dest_uuid: "784a9c69fa0b4b2eac53a69320871178"
I20260713 09:08:29.319196 22390 tablet_service.cc:1917] Received RequestConsensusVote() RPC: tablet_id: "30f03cd88d7f4cd49129ff213d0d6f93" candidate_uuid: "382659e5557b4279ac22cb48e4b768c6" candidate_term: 3 candidate_status { last_received { term: 2 index: 1 } } ignore_live_leader: true dest_uuid: "b1d5577d390e40ec90544dcad134672d"
I20260713 09:08:29.319435 22316 raft_consensus.cc:3055] T 30f03cd88d7f4cd49129ff213d0d6f93 P 784a9c69fa0b4b2eac53a69320871178 [term 2 LEADER]: Stepping down as leader of term 2
I20260713 09:08:29.319715 22316 raft_consensus.cc:740] T 30f03cd88d7f4cd49129ff213d0d6f93 P 784a9c69fa0b4b2eac53a69320871178 [term 2 LEADER]: Becoming Follower/Learner. State: Replica: 784a9c69fa0b4b2eac53a69320871178, State: Running, Role: LEADER
I20260713 09:08:29.319772 22390 raft_consensus.cc:3060] T 30f03cd88d7f4cd49129ff213d0d6f93 P b1d5577d390e40ec90544dcad134672d [term 2 FOLLOWER]: Advancing to term 3
I20260713 09:08:29.320399 22316 consensus_queue.cc:260] T 30f03cd88d7f4cd49129ff213d0d6f93 P 784a9c69fa0b4b2eac53a69320871178 [NON_LEADER]: Queue going to NON_LEADER mode. State: All replicated index: 0, Majority replicated index: 1, Committed index: 1, Last appended: 2.1, Last appended by leader: 1, Current term: 2, Majority size: -1, State: 0, Mode: NON_LEADER, active raft config: opid_index: -1 OBSOLETE_local: false peers { permanent_uuid: "784a9c69fa0b4b2eac53a69320871178" member_type: VOTER last_known_addr { host: "127.21.40.65" port: 34847 } } peers { permanent_uuid: "b1d5577d390e40ec90544dcad134672d" member_type: VOTER last_known_addr { host: "127.21.40.66" port: 33095 } } peers { permanent_uuid: "382659e5557b4279ac22cb48e4b768c6" member_type: VOTER last_known_addr { host: "127.21.40.67" port: 42011 } }
I20260713 09:08:29.321457 22316 raft_consensus.cc:3060] T 30f03cd88d7f4cd49129ff213d0d6f93 P 784a9c69fa0b4b2eac53a69320871178 [term 2 FOLLOWER]: Advancing to term 3
I20260713 09:08:29.324364 22390 raft_consensus.cc:2468] T 30f03cd88d7f4cd49129ff213d0d6f93 P b1d5577d390e40ec90544dcad134672d [term 3 FOLLOWER]: Leader election vote request: Granting yes vote for candidate 382659e5557b4279ac22cb48e4b768c6 in term 3.
I20260713 09:08:29.325482 22429 leader_election.cc:304] T 30f03cd88d7f4cd49129ff213d0d6f93 P 382659e5557b4279ac22cb48e4b768c6 [CANDIDATE]: Term 3 election: Election decided. Result: candidate won. Election summary: received 2 responses out of 3 voters: 2 yes votes; 0 no votes. yes voters: 382659e5557b4279ac22cb48e4b768c6, b1d5577d390e40ec90544dcad134672d; no voters: 
I20260713 09:08:29.326218 22626 raft_consensus.cc:2804] T 30f03cd88d7f4cd49129ff213d0d6f93 P 382659e5557b4279ac22cb48e4b768c6 [term 3 FOLLOWER]: Leader election won for term 3
I20260713 09:08:29.326303 22316 raft_consensus.cc:2468] T 30f03cd88d7f4cd49129ff213d0d6f93 P 784a9c69fa0b4b2eac53a69320871178 [term 3 FOLLOWER]: Leader election vote request: Granting yes vote for candidate 382659e5557b4279ac22cb48e4b768c6 in term 3.
I20260713 09:08:29.327293 22626 raft_consensus.cc:697] T 30f03cd88d7f4cd49129ff213d0d6f93 P 382659e5557b4279ac22cb48e4b768c6 [term 3 LEADER]: Becoming Leader. State: Replica: 382659e5557b4279ac22cb48e4b768c6, State: Running, Role: LEADER
I20260713 09:08:29.328423 22626 consensus_queue.cc:237] T 30f03cd88d7f4cd49129ff213d0d6f93 P 382659e5557b4279ac22cb48e4b768c6 [LEADER]: Queue going to LEADER mode. State: All replicated index: 0, Majority replicated index: 1, Committed index: 1, Last appended: 2.1, Last appended by leader: 1, Current term: 3, Majority size: 2, State: 0, Mode: LEADER, active raft config: opid_index: -1 OBSOLETE_local: false peers { permanent_uuid: "784a9c69fa0b4b2eac53a69320871178" member_type: VOTER last_known_addr { host: "127.21.40.65" port: 34847 } } peers { permanent_uuid: "b1d5577d390e40ec90544dcad134672d" member_type: VOTER last_known_addr { host: "127.21.40.66" port: 33095 } } peers { permanent_uuid: "382659e5557b4279ac22cb48e4b768c6" member_type: VOTER last_known_addr { host: "127.21.40.67" port: 42011 } }
I20260713 09:08:29.331990 22631 raft_consensus.cc:993] T 0543ed6840c04cf18ec5e167a805fc69 P 784a9c69fa0b4b2eac53a69320871178: : Instructing follower 382659e5557b4279ac22cb48e4b768c6 to start an election
I20260713 09:08:29.332471 22607 raft_consensus.cc:1081] T 0543ed6840c04cf18ec5e167a805fc69 P 784a9c69fa0b4b2eac53a69320871178 [term 1 LEADER]: Signalling peer 382659e5557b4279ac22cb48e4b768c6 to start an election
I20260713 09:08:29.334328 22465 tablet_service.cc:2044] Received Run Leader Election RPC: tablet_id: "0543ed6840c04cf18ec5e167a805fc69"
dest_uuid: "382659e5557b4279ac22cb48e4b768c6"
 from {username='slave'} at 127.0.0.1:41348
I20260713 09:08:29.334862 22465 raft_consensus.cc:493] T 0543ed6840c04cf18ec5e167a805fc69 P 382659e5557b4279ac22cb48e4b768c6 [term 1 FOLLOWER]: Starting forced leader election (received explicit request)
I20260713 09:08:29.335165 22465 raft_consensus.cc:3060] T 0543ed6840c04cf18ec5e167a805fc69 P 382659e5557b4279ac22cb48e4b768c6 [term 1 FOLLOWER]: Advancing to term 2
I20260713 09:08:29.338920 22211 catalog_manager.cc:5697] T 30f03cd88d7f4cd49129ff213d0d6f93 P 382659e5557b4279ac22cb48e4b768c6 reported cstate change: term changed from 2 to 3, leader changed from 784a9c69fa0b4b2eac53a69320871178 (127.21.40.65) to 382659e5557b4279ac22cb48e4b768c6 (127.21.40.67). New cstate: current_term: 3 leader_uuid: "382659e5557b4279ac22cb48e4b768c6" committed_config { opid_index: -1 OBSOLETE_local: false peers { permanent_uuid: "784a9c69fa0b4b2eac53a69320871178" member_type: VOTER last_known_addr { host: "127.21.40.65" port: 34847 } health_report { overall_health: UNKNOWN } } peers { permanent_uuid: "b1d5577d390e40ec90544dcad134672d" member_type: VOTER last_known_addr { host: "127.21.40.66" port: 33095 } health_report { overall_health: UNKNOWN } } peers { permanent_uuid: "382659e5557b4279ac22cb48e4b768c6" member_type: VOTER last_known_addr { host: "127.21.40.67" port: 42011 } health_report { overall_health: HEALTHY } } }
I20260713 09:08:29.339752 22465 raft_consensus.cc:515] T 0543ed6840c04cf18ec5e167a805fc69 P 382659e5557b4279ac22cb48e4b768c6 [term 2 FOLLOWER]: Starting forced leader election with config: opid_index: -1 OBSOLETE_local: false peers { permanent_uuid: "784a9c69fa0b4b2eac53a69320871178" member_type: VOTER last_known_addr { host: "127.21.40.65" port: 34847 } } peers { permanent_uuid: "b1d5577d390e40ec90544dcad134672d" member_type: VOTER last_known_addr { host: "127.21.40.66" port: 33095 } } peers { permanent_uuid: "382659e5557b4279ac22cb48e4b768c6" member_type: VOTER last_known_addr { host: "127.21.40.67" port: 42011 } }
I20260713 09:08:29.341163 22465 leader_election.cc:290] T 0543ed6840c04cf18ec5e167a805fc69 P 382659e5557b4279ac22cb48e4b768c6 [CANDIDATE]: Term 2 election: Requested vote from peers 784a9c69fa0b4b2eac53a69320871178 (127.21.40.65:34847), b1d5577d390e40ec90544dcad134672d (127.21.40.66:33095)
I20260713 09:08:29.342115 22316 tablet_service.cc:1917] Received RequestConsensusVote() RPC: tablet_id: "0543ed6840c04cf18ec5e167a805fc69" candidate_uuid: "382659e5557b4279ac22cb48e4b768c6" candidate_term: 2 candidate_status { last_received { term: 1 index: 1 } } ignore_live_leader: true dest_uuid: "784a9c69fa0b4b2eac53a69320871178"
I20260713 09:08:29.342324 22390 tablet_service.cc:1917] Received RequestConsensusVote() RPC: tablet_id: "0543ed6840c04cf18ec5e167a805fc69" candidate_uuid: "382659e5557b4279ac22cb48e4b768c6" candidate_term: 2 candidate_status { last_received { term: 1 index: 1 } } ignore_live_leader: true dest_uuid: "b1d5577d390e40ec90544dcad134672d"
I20260713 09:08:29.342689 22316 raft_consensus.cc:3055] T 0543ed6840c04cf18ec5e167a805fc69 P 784a9c69fa0b4b2eac53a69320871178 [term 1 LEADER]: Stepping down as leader of term 1
I20260713 09:08:29.342988 22390 raft_consensus.cc:3060] T 0543ed6840c04cf18ec5e167a805fc69 P b1d5577d390e40ec90544dcad134672d [term 1 FOLLOWER]: Advancing to term 2
I20260713 09:08:29.342988 22316 raft_consensus.cc:740] T 0543ed6840c04cf18ec5e167a805fc69 P 784a9c69fa0b4b2eac53a69320871178 [term 1 LEADER]: Becoming Follower/Learner. State: Replica: 784a9c69fa0b4b2eac53a69320871178, State: Running, Role: LEADER
I20260713 09:08:29.344158 22316 consensus_queue.cc:260] T 0543ed6840c04cf18ec5e167a805fc69 P 784a9c69fa0b4b2eac53a69320871178 [NON_LEADER]: Queue going to NON_LEADER mode. State: All replicated index: 0, Majority replicated index: 1, Committed index: 1, Last appended: 1.1, Last appended by leader: 1, Current term: 1, Majority size: -1, State: 0, Mode: NON_LEADER, active raft config: opid_index: -1 OBSOLETE_local: false peers { permanent_uuid: "784a9c69fa0b4b2eac53a69320871178" member_type: VOTER last_known_addr { host: "127.21.40.65" port: 34847 } } peers { permanent_uuid: "b1d5577d390e40ec90544dcad134672d" member_type: VOTER last_known_addr { host: "127.21.40.66" port: 33095 } } peers { permanent_uuid: "382659e5557b4279ac22cb48e4b768c6" member_type: VOTER last_known_addr { host: "127.21.40.67" port: 42011 } }
I20260713 09:08:29.345608 22316 raft_consensus.cc:3060] T 0543ed6840c04cf18ec5e167a805fc69 P 784a9c69fa0b4b2eac53a69320871178 [term 1 FOLLOWER]: Advancing to term 2
I20260713 09:08:29.350920 22390 raft_consensus.cc:2468] T 0543ed6840c04cf18ec5e167a805fc69 P b1d5577d390e40ec90544dcad134672d [term 2 FOLLOWER]: Leader election vote request: Granting yes vote for candidate 382659e5557b4279ac22cb48e4b768c6 in term 2.
I20260713 09:08:29.351375 22316 raft_consensus.cc:2468] T 0543ed6840c04cf18ec5e167a805fc69 P 784a9c69fa0b4b2eac53a69320871178 [term 2 FOLLOWER]: Leader election vote request: Granting yes vote for candidate 382659e5557b4279ac22cb48e4b768c6 in term 2.
I20260713 09:08:29.352056 22429 leader_election.cc:304] T 0543ed6840c04cf18ec5e167a805fc69 P 382659e5557b4279ac22cb48e4b768c6 [CANDIDATE]: Term 2 election: Election decided. Result: candidate won. Election summary: received 2 responses out of 3 voters: 2 yes votes; 0 no votes. yes voters: 382659e5557b4279ac22cb48e4b768c6, b1d5577d390e40ec90544dcad134672d; no voters: 
I20260713 09:08:29.352821 22626 raft_consensus.cc:2804] T 0543ed6840c04cf18ec5e167a805fc69 P 382659e5557b4279ac22cb48e4b768c6 [term 2 FOLLOWER]: Leader election won for term 2
I20260713 09:08:29.353269 22626 raft_consensus.cc:697] T 0543ed6840c04cf18ec5e167a805fc69 P 382659e5557b4279ac22cb48e4b768c6 [term 2 LEADER]: Becoming Leader. State: Replica: 382659e5557b4279ac22cb48e4b768c6, State: Running, Role: LEADER
I20260713 09:08:29.354211 22626 consensus_queue.cc:237] T 0543ed6840c04cf18ec5e167a805fc69 P 382659e5557b4279ac22cb48e4b768c6 [LEADER]: Queue going to LEADER mode. State: All replicated index: 0, Majority replicated index: 1, Committed index: 1, Last appended: 1.1, Last appended by leader: 1, Current term: 2, Majority size: 2, State: 0, Mode: LEADER, active raft config: opid_index: -1 OBSOLETE_local: false peers { permanent_uuid: "784a9c69fa0b4b2eac53a69320871178" member_type: VOTER last_known_addr { host: "127.21.40.65" port: 34847 } } peers { permanent_uuid: "b1d5577d390e40ec90544dcad134672d" member_type: VOTER last_known_addr { host: "127.21.40.66" port: 33095 } } peers { permanent_uuid: "382659e5557b4279ac22cb48e4b768c6" member_type: VOTER last_known_addr { host: "127.21.40.67" port: 42011 } }
I20260713 09:08:29.360548 22211 catalog_manager.cc:5697] T 0543ed6840c04cf18ec5e167a805fc69 P 382659e5557b4279ac22cb48e4b768c6 reported cstate change: term changed from 1 to 2, leader changed from 784a9c69fa0b4b2eac53a69320871178 (127.21.40.65) to 382659e5557b4279ac22cb48e4b768c6 (127.21.40.67). New cstate: current_term: 2 leader_uuid: "382659e5557b4279ac22cb48e4b768c6" committed_config { opid_index: -1 OBSOLETE_local: false peers { permanent_uuid: "784a9c69fa0b4b2eac53a69320871178" member_type: VOTER last_known_addr { host: "127.21.40.65" port: 34847 } health_report { overall_health: UNKNOWN } } peers { permanent_uuid: "b1d5577d390e40ec90544dcad134672d" member_type: VOTER last_known_addr { host: "127.21.40.66" port: 33095 } health_report { overall_health: UNKNOWN } } peers { permanent_uuid: "382659e5557b4279ac22cb48e4b768c6" member_type: VOTER last_known_addr { host: "127.21.40.67" port: 42011 } health_report { overall_health: HEALTHY } } }
I20260713 09:08:29.726977 22316 raft_consensus.cc:1275] T 30f03cd88d7f4cd49129ff213d0d6f93 P 784a9c69fa0b4b2eac53a69320871178 [term 3 FOLLOWER]: Refusing update from remote peer 382659e5557b4279ac22cb48e4b768c6: Log matching property violated. Preceding OpId in replica: term: 2 index: 1. Preceding OpId from leader: term: 3 index: 2. (index mismatch)
I20260713 09:08:29.728037 22626 consensus_queue.cc:1048] T 30f03cd88d7f4cd49129ff213d0d6f93 P 382659e5557b4279ac22cb48e4b768c6 [LEADER]: Connected to new peer: Peer: permanent_uuid: "784a9c69fa0b4b2eac53a69320871178" member_type: VOTER last_known_addr { host: "127.21.40.65" port: 34847 }, Status: LMP_MISMATCH, Last received: 0.0, Next index: 2, Last known committed idx: 1, Time since last communication: 0.000s
I20260713 09:08:29.737810 22390 raft_consensus.cc:1275] T 30f03cd88d7f4cd49129ff213d0d6f93 P b1d5577d390e40ec90544dcad134672d [term 3 FOLLOWER]: Refusing update from remote peer 382659e5557b4279ac22cb48e4b768c6: Log matching property violated. Preceding OpId in replica: term: 2 index: 1. Preceding OpId from leader: term: 3 index: 2. (index mismatch)
I20260713 09:08:29.739151 22626 consensus_queue.cc:1048] T 30f03cd88d7f4cd49129ff213d0d6f93 P 382659e5557b4279ac22cb48e4b768c6 [LEADER]: Connected to new peer: Peer: permanent_uuid: "b1d5577d390e40ec90544dcad134672d" member_type: VOTER last_known_addr { host: "127.21.40.66" port: 33095 }, Status: LMP_MISMATCH, Last received: 0.0, Next index: 2, Last known committed idx: 1, Time since last communication: 0.000s
I20260713 09:08:29.872591 22390 raft_consensus.cc:1275] T 0543ed6840c04cf18ec5e167a805fc69 P b1d5577d390e40ec90544dcad134672d [term 2 FOLLOWER]: Refusing update from remote peer 382659e5557b4279ac22cb48e4b768c6: Log matching property violated. Preceding OpId in replica: term: 1 index: 1. Preceding OpId from leader: term: 2 index: 2. (index mismatch)
I20260713 09:08:29.873589 22626 consensus_queue.cc:1048] T 0543ed6840c04cf18ec5e167a805fc69 P 382659e5557b4279ac22cb48e4b768c6 [LEADER]: Connected to new peer: Peer: permanent_uuid: "b1d5577d390e40ec90544dcad134672d" member_type: VOTER last_known_addr { host: "127.21.40.66" port: 33095 }, Status: LMP_MISMATCH, Last received: 0.0, Next index: 2, Last known committed idx: 1, Time since last communication: 0.000s
I20260713 09:08:29.880901 22316 raft_consensus.cc:1275] T 0543ed6840c04cf18ec5e167a805fc69 P 784a9c69fa0b4b2eac53a69320871178 [term 2 FOLLOWER]: Refusing update from remote peer 382659e5557b4279ac22cb48e4b768c6: Log matching property violated. Preceding OpId in replica: term: 1 index: 1. Preceding OpId from leader: term: 2 index: 2. (index mismatch)
I20260713 09:08:29.882304 22645 consensus_queue.cc:1048] T 0543ed6840c04cf18ec5e167a805fc69 P 382659e5557b4279ac22cb48e4b768c6 [LEADER]: Connected to new peer: Peer: permanent_uuid: "784a9c69fa0b4b2eac53a69320871178" member_type: VOTER last_known_addr { host: "127.21.40.65" port: 34847 }, Status: LMP_MISMATCH, Last received: 0.0, Next index: 2, Last known committed idx: 1, Time since last communication: 0.000s
I20260713 09:08:30.186637 21665 auto_leader_rebalancer.cc:141] leader rebalance for table test-workload
I20260713 09:08:30.200784 22465 tablet_service.cc:2072] Received LeaderStepDown RPC: tablet_id: "0543ed6840c04cf18ec5e167a805fc69"
dest_uuid: "382659e5557b4279ac22cb48e4b768c6"
mode: GRACEFUL
new_leader_uuid: "784a9c69fa0b4b2eac53a69320871178"
 from {username='slave'} at 127.0.0.1:41356
I20260713 09:08:30.201292 22465 raft_consensus.cc:606] T 0543ed6840c04cf18ec5e167a805fc69 P 382659e5557b4279ac22cb48e4b768c6 [term 2 LEADER]: Received request to transfer leadership to TS 784a9c69fa0b4b2eac53a69320871178
I20260713 09:08:30.205659 22465 tablet_service.cc:2072] Received LeaderStepDown RPC: tablet_id: "30f03cd88d7f4cd49129ff213d0d6f93"
dest_uuid: "382659e5557b4279ac22cb48e4b768c6"
mode: GRACEFUL
new_leader_uuid: "784a9c69fa0b4b2eac53a69320871178"
 from {username='slave'} at 127.0.0.1:41356
I20260713 09:08:30.206314 22465 raft_consensus.cc:606] T 30f03cd88d7f4cd49129ff213d0d6f93 P 382659e5557b4279ac22cb48e4b768c6 [term 3 LEADER]: Received request to transfer leadership to TS 784a9c69fa0b4b2eac53a69320871178
I20260713 09:08:30.213832 22390 tablet_service.cc:2072] Received LeaderStepDown RPC: tablet_id: "5512a7fa9daa482681c54bb7d76d5b9d"
dest_uuid: "b1d5577d390e40ec90544dcad134672d"
mode: GRACEFUL
new_leader_uuid: "784a9c69fa0b4b2eac53a69320871178"
 from {username='slave'} at 127.0.0.1:54548
I20260713 09:08:30.214268 22390 raft_consensus.cc:606] T 5512a7fa9daa482681c54bb7d76d5b9d P b1d5577d390e40ec90544dcad134672d [term 1 LEADER]: Received request to transfer leadership to TS 784a9c69fa0b4b2eac53a69320871178
I20260713 09:08:30.219041 22390 tablet_service.cc:2072] Received LeaderStepDown RPC: tablet_id: "a11c054830214aff95b487e12998c206"
dest_uuid: "b1d5577d390e40ec90544dcad134672d"
mode: GRACEFUL
new_leader_uuid: "784a9c69fa0b4b2eac53a69320871178"
 from {username='slave'} at 127.0.0.1:54548
I20260713 09:08:30.219547 22390 raft_consensus.cc:606] T a11c054830214aff95b487e12998c206 P b1d5577d390e40ec90544dcad134672d [term 1 LEADER]: Received request to transfer leadership to TS 784a9c69fa0b4b2eac53a69320871178
I20260713 09:08:30.224026 22390 tablet_service.cc:2072] Received LeaderStepDown RPC: tablet_id: "88f9ad77d0f6450b88812b4ebaeb082d"
dest_uuid: "b1d5577d390e40ec90544dcad134672d"
mode: GRACEFUL
new_leader_uuid: "784a9c69fa0b4b2eac53a69320871178"
 from {username='slave'} at 127.0.0.1:54548
I20260713 09:08:30.224440 22390 raft_consensus.cc:606] T 88f9ad77d0f6450b88812b4ebaeb082d P b1d5577d390e40ec90544dcad134672d [term 1 LEADER]: Received request to transfer leadership to TS 784a9c69fa0b4b2eac53a69320871178
I20260713 09:08:30.251999 22598 raft_consensus.cc:993] T 88f9ad77d0f6450b88812b4ebaeb082d P b1d5577d390e40ec90544dcad134672d: : Instructing follower 784a9c69fa0b4b2eac53a69320871178 to start an election
I20260713 09:08:30.252372 22598 raft_consensus.cc:1081] T 88f9ad77d0f6450b88812b4ebaeb082d P b1d5577d390e40ec90544dcad134672d [term 1 LEADER]: Signalling peer 784a9c69fa0b4b2eac53a69320871178 to start an election
I20260713 09:08:30.253742 22316 tablet_service.cc:2044] Received Run Leader Election RPC: tablet_id: "88f9ad77d0f6450b88812b4ebaeb082d"
dest_uuid: "784a9c69fa0b4b2eac53a69320871178"
 from {username='slave'} at 127.0.0.1:60822
I20260713 09:08:30.254142 22316 raft_consensus.cc:493] T 88f9ad77d0f6450b88812b4ebaeb082d P 784a9c69fa0b4b2eac53a69320871178 [term 1 FOLLOWER]: Starting forced leader election (received explicit request)
I20260713 09:08:30.254392 22316 raft_consensus.cc:3060] T 88f9ad77d0f6450b88812b4ebaeb082d P 784a9c69fa0b4b2eac53a69320871178 [term 1 FOLLOWER]: Advancing to term 2
I20260713 09:08:30.258426 22316 raft_consensus.cc:515] T 88f9ad77d0f6450b88812b4ebaeb082d P 784a9c69fa0b4b2eac53a69320871178 [term 2 FOLLOWER]: Starting forced leader election with config: opid_index: -1 OBSOLETE_local: false peers { permanent_uuid: "784a9c69fa0b4b2eac53a69320871178" member_type: VOTER last_known_addr { host: "127.21.40.65" port: 34847 } } peers { permanent_uuid: "b1d5577d390e40ec90544dcad134672d" member_type: VOTER last_known_addr { host: "127.21.40.66" port: 33095 } } peers { permanent_uuid: "382659e5557b4279ac22cb48e4b768c6" member_type: VOTER last_known_addr { host: "127.21.40.67" port: 42011 } }
I20260713 09:08:30.259804 22316 leader_election.cc:290] T 88f9ad77d0f6450b88812b4ebaeb082d P 784a9c69fa0b4b2eac53a69320871178 [CANDIDATE]: Term 2 election: Requested vote from peers b1d5577d390e40ec90544dcad134672d (127.21.40.66:33095), 382659e5557b4279ac22cb48e4b768c6 (127.21.40.67:42011)
I20260713 09:08:30.260699 22390 tablet_service.cc:1917] Received RequestConsensusVote() RPC: tablet_id: "88f9ad77d0f6450b88812b4ebaeb082d" candidate_uuid: "784a9c69fa0b4b2eac53a69320871178" candidate_term: 2 candidate_status { last_received { term: 1 index: 1 } } ignore_live_leader: true dest_uuid: "b1d5577d390e40ec90544dcad134672d"
I20260713 09:08:30.260779 22465 tablet_service.cc:1917] Received RequestConsensusVote() RPC: tablet_id: "88f9ad77d0f6450b88812b4ebaeb082d" candidate_uuid: "784a9c69fa0b4b2eac53a69320871178" candidate_term: 2 candidate_status { last_received { term: 1 index: 1 } } ignore_live_leader: true dest_uuid: "382659e5557b4279ac22cb48e4b768c6"
I20260713 09:08:30.261137 22390 raft_consensus.cc:3055] T 88f9ad77d0f6450b88812b4ebaeb082d P b1d5577d390e40ec90544dcad134672d [term 1 LEADER]: Stepping down as leader of term 1
I20260713 09:08:30.261226 22465 raft_consensus.cc:3060] T 88f9ad77d0f6450b88812b4ebaeb082d P 382659e5557b4279ac22cb48e4b768c6 [term 1 FOLLOWER]: Advancing to term 2
I20260713 09:08:30.261461 22390 raft_consensus.cc:740] T 88f9ad77d0f6450b88812b4ebaeb082d P b1d5577d390e40ec90544dcad134672d [term 1 LEADER]: Becoming Follower/Learner. State: Replica: b1d5577d390e40ec90544dcad134672d, State: Running, Role: LEADER
I20260713 09:08:30.262084 22390 consensus_queue.cc:260] T 88f9ad77d0f6450b88812b4ebaeb082d P b1d5577d390e40ec90544dcad134672d [NON_LEADER]: Queue going to NON_LEADER mode. State: All replicated index: 0, Majority replicated index: 1, Committed index: 1, Last appended: 1.1, Last appended by leader: 1, Current term: 1, Majority size: -1, State: 0, Mode: NON_LEADER, active raft config: opid_index: -1 OBSOLETE_local: false peers { permanent_uuid: "784a9c69fa0b4b2eac53a69320871178" member_type: VOTER last_known_addr { host: "127.21.40.65" port: 34847 } } peers { permanent_uuid: "b1d5577d390e40ec90544dcad134672d" member_type: VOTER last_known_addr { host: "127.21.40.66" port: 33095 } } peers { permanent_uuid: "382659e5557b4279ac22cb48e4b768c6" member_type: VOTER last_known_addr { host: "127.21.40.67" port: 42011 } }
I20260713 09:08:30.262882 22390 raft_consensus.cc:3060] T 88f9ad77d0f6450b88812b4ebaeb082d P b1d5577d390e40ec90544dcad134672d [term 1 FOLLOWER]: Advancing to term 2
I20260713 09:08:30.265537 22465 raft_consensus.cc:2468] T 88f9ad77d0f6450b88812b4ebaeb082d P 382659e5557b4279ac22cb48e4b768c6 [term 2 FOLLOWER]: Leader election vote request: Granting yes vote for candidate 784a9c69fa0b4b2eac53a69320871178 in term 2.
I20260713 09:08:30.266739 22281 leader_election.cc:304] T 88f9ad77d0f6450b88812b4ebaeb082d P 784a9c69fa0b4b2eac53a69320871178 [CANDIDATE]: Term 2 election: Election decided. Result: candidate won. Election summary: received 2 responses out of 3 voters: 2 yes votes; 0 no votes. yes voters: 382659e5557b4279ac22cb48e4b768c6, 784a9c69fa0b4b2eac53a69320871178; no voters: 
I20260713 09:08:30.267350 22390 raft_consensus.cc:2468] T 88f9ad77d0f6450b88812b4ebaeb082d P b1d5577d390e40ec90544dcad134672d [term 2 FOLLOWER]: Leader election vote request: Granting yes vote for candidate 784a9c69fa0b4b2eac53a69320871178 in term 2.
I20260713 09:08:30.267568 22607 raft_consensus.cc:2804] T 88f9ad77d0f6450b88812b4ebaeb082d P 784a9c69fa0b4b2eac53a69320871178 [term 2 FOLLOWER]: Leader election won for term 2
I20260713 09:08:30.267993 22607 raft_consensus.cc:697] T 88f9ad77d0f6450b88812b4ebaeb082d P 784a9c69fa0b4b2eac53a69320871178 [term 2 LEADER]: Becoming Leader. State: Replica: 784a9c69fa0b4b2eac53a69320871178, State: Running, Role: LEADER
I20260713 09:08:30.268788 22607 consensus_queue.cc:237] T 88f9ad77d0f6450b88812b4ebaeb082d P 784a9c69fa0b4b2eac53a69320871178 [LEADER]: Queue going to LEADER mode. State: All replicated index: 0, Majority replicated index: 1, Committed index: 1, Last appended: 1.1, Last appended by leader: 1, Current term: 2, Majority size: 2, State: 0, Mode: LEADER, active raft config: opid_index: -1 OBSOLETE_local: false peers { permanent_uuid: "784a9c69fa0b4b2eac53a69320871178" member_type: VOTER last_known_addr { host: "127.21.40.65" port: 34847 } } peers { permanent_uuid: "b1d5577d390e40ec90544dcad134672d" member_type: VOTER last_known_addr { host: "127.21.40.66" port: 33095 } } peers { permanent_uuid: "382659e5557b4279ac22cb48e4b768c6" member_type: VOTER last_known_addr { host: "127.21.40.67" port: 42011 } }
I20260713 09:08:30.277055 22214 catalog_manager.cc:5697] T 88f9ad77d0f6450b88812b4ebaeb082d P 784a9c69fa0b4b2eac53a69320871178 reported cstate change: term changed from 1 to 2, leader changed from b1d5577d390e40ec90544dcad134672d (127.21.40.66) to 784a9c69fa0b4b2eac53a69320871178 (127.21.40.65). New cstate: current_term: 2 leader_uuid: "784a9c69fa0b4b2eac53a69320871178" committed_config { opid_index: -1 OBSOLETE_local: false peers { permanent_uuid: "784a9c69fa0b4b2eac53a69320871178" member_type: VOTER last_known_addr { host: "127.21.40.65" port: 34847 } health_report { overall_health: HEALTHY } } peers { permanent_uuid: "b1d5577d390e40ec90544dcad134672d" member_type: VOTER last_known_addr { host: "127.21.40.66" port: 33095 } health_report { overall_health: UNKNOWN } } peers { permanent_uuid: "382659e5557b4279ac22cb48e4b768c6" member_type: VOTER last_known_addr { host: "127.21.40.67" port: 42011 } health_report { overall_health: UNKNOWN } } }
I20260713 09:08:30.327594 22648 raft_consensus.cc:993] T a11c054830214aff95b487e12998c206 P b1d5577d390e40ec90544dcad134672d: : Instructing follower 784a9c69fa0b4b2eac53a69320871178 to start an election
I20260713 09:08:30.327998 22598 raft_consensus.cc:1081] T a11c054830214aff95b487e12998c206 P b1d5577d390e40ec90544dcad134672d [term 1 LEADER]: Signalling peer 784a9c69fa0b4b2eac53a69320871178 to start an election
I20260713 09:08:30.329320 22316 tablet_service.cc:2044] Received Run Leader Election RPC: tablet_id: "a11c054830214aff95b487e12998c206"
dest_uuid: "784a9c69fa0b4b2eac53a69320871178"
 from {username='slave'} at 127.0.0.1:60822
I20260713 09:08:30.329726 22316 raft_consensus.cc:493] T a11c054830214aff95b487e12998c206 P 784a9c69fa0b4b2eac53a69320871178 [term 1 FOLLOWER]: Starting forced leader election (received explicit request)
I20260713 09:08:30.329968 22316 raft_consensus.cc:3060] T a11c054830214aff95b487e12998c206 P 784a9c69fa0b4b2eac53a69320871178 [term 1 FOLLOWER]: Advancing to term 2
I20260713 09:08:30.333814 22316 raft_consensus.cc:515] T a11c054830214aff95b487e12998c206 P 784a9c69fa0b4b2eac53a69320871178 [term 2 FOLLOWER]: Starting forced leader election with config: opid_index: -1 OBSOLETE_local: false peers { permanent_uuid: "784a9c69fa0b4b2eac53a69320871178" member_type: VOTER last_known_addr { host: "127.21.40.65" port: 34847 } } peers { permanent_uuid: "b1d5577d390e40ec90544dcad134672d" member_type: VOTER last_known_addr { host: "127.21.40.66" port: 33095 } } peers { permanent_uuid: "382659e5557b4279ac22cb48e4b768c6" member_type: VOTER last_known_addr { host: "127.21.40.67" port: 42011 } }
I20260713 09:08:30.335055 22316 leader_election.cc:290] T a11c054830214aff95b487e12998c206 P 784a9c69fa0b4b2eac53a69320871178 [CANDIDATE]: Term 2 election: Requested vote from peers b1d5577d390e40ec90544dcad134672d (127.21.40.66:33095), 382659e5557b4279ac22cb48e4b768c6 (127.21.40.67:42011)
I20260713 09:08:30.335709 22390 tablet_service.cc:1917] Received RequestConsensusVote() RPC: tablet_id: "a11c054830214aff95b487e12998c206" candidate_uuid: "784a9c69fa0b4b2eac53a69320871178" candidate_term: 2 candidate_status { last_received { term: 1 index: 1 } } ignore_live_leader: true dest_uuid: "b1d5577d390e40ec90544dcad134672d"
I20260713 09:08:30.335923 22465 tablet_service.cc:1917] Received RequestConsensusVote() RPC: tablet_id: "a11c054830214aff95b487e12998c206" candidate_uuid: "784a9c69fa0b4b2eac53a69320871178" candidate_term: 2 candidate_status { last_received { term: 1 index: 1 } } ignore_live_leader: true dest_uuid: "382659e5557b4279ac22cb48e4b768c6"
I20260713 09:08:30.336206 22390 raft_consensus.cc:3055] T a11c054830214aff95b487e12998c206 P b1d5577d390e40ec90544dcad134672d [term 1 LEADER]: Stepping down as leader of term 1
I20260713 09:08:30.336383 22465 raft_consensus.cc:3060] T a11c054830214aff95b487e12998c206 P 382659e5557b4279ac22cb48e4b768c6 [term 1 FOLLOWER]: Advancing to term 2
I20260713 09:08:30.336509 22390 raft_consensus.cc:740] T a11c054830214aff95b487e12998c206 P b1d5577d390e40ec90544dcad134672d [term 1 LEADER]: Becoming Follower/Learner. State: Replica: b1d5577d390e40ec90544dcad134672d, State: Running, Role: LEADER
