I20260713 09:08:33.536029 28829 raft_consensus.cc:359] T 5ee7ee45aec64a55a61c5f4de2fca53b P 975a3b980c7f4e848bb62778a895158e [term 0 FOLLOWER]: Replica starting. Triggering 0 pending ops. Active config: opid_index: -1 OBSOLETE_local: false peers { permanent_uuid: "975a3b980c7f4e848bb62778a895158e" member_type: VOTER last_known_addr { host: "127.26.226.193" port: 43937 } } peers { permanent_uuid: "cdbb25e717eb4776a70e03fef925fa09" member_type: VOTER last_known_addr { host: "127.26.226.194" port: 35023 } } peers { permanent_uuid: "7c3127e429de48da9b2331ee1dfb62d6" member_type: VOTER last_known_addr { host: "127.26.226.195" port: 38623 } }
I20260713 09:08:33.536877 28829 raft_consensus.cc:385] T 5ee7ee45aec64a55a61c5f4de2fca53b P 975a3b980c7f4e848bb62778a895158e [term 0 FOLLOWER]: Consensus starting up: Expiring failure detector timer to make a prompt election more likely
W20260713 09:08:33.536886 28753 leader_election.cc:343] T 9adba2886c084b66ad642ec5bb080cc8 P 7c3127e429de48da9b2331ee1dfb62d6 [CANDIDATE]: Term 1 pre-election: Tablet error from VoteRequest() call to peer cdbb25e717eb4776a70e03fef925fa09 (127.26.226.194:35023): Illegal state: must be running to vote when last-logged opid is not known
I20260713 09:08:33.537276 28829 raft_consensus.cc:740] T 5ee7ee45aec64a55a61c5f4de2fca53b P 975a3b980c7f4e848bb62778a895158e [term 0 FOLLOWER]: Becoming Follower/Learner. State: Replica: 975a3b980c7f4e848bb62778a895158e, State: Initialized, Role: FOLLOWER
I20260713 09:08:33.534286 28638 raft_consensus.cc:2468] T 9adba2886c084b66ad642ec5bb080cc8 P 975a3b980c7f4e848bb62778a895158e [term 0 FOLLOWER]: Leader pre-election vote request: Granting yes vote for candidate 7c3127e429de48da9b2331ee1dfb62d6 in term 0.
I20260713 09:08:33.538055 28829 consensus_queue.cc:260] T 5ee7ee45aec64a55a61c5f4de2fca53b P 975a3b980c7f4e848bb62778a895158e [NON_LEADER]: Queue going to NON_LEADER mode. State: All replicated index: 0, Majority replicated index: 0, Committed index: 0, Last appended: 0.0, Last appended by leader: 0, Current term: 0, Majority size: -1, State: 0, Mode: NON_LEADER, active raft config: opid_index: -1 OBSOLETE_local: false peers { permanent_uuid: "975a3b980c7f4e848bb62778a895158e" member_type: VOTER last_known_addr { host: "127.26.226.193" port: 43937 } } peers { permanent_uuid: "cdbb25e717eb4776a70e03fef925fa09" member_type: VOTER last_known_addr { host: "127.26.226.194" port: 35023 } } peers { permanent_uuid: "7c3127e429de48da9b2331ee1dfb62d6" member_type: VOTER last_known_addr { host: "127.26.226.195" port: 38623 } }
I20260713 09:08:33.538259 28894 consensus_queue.cc:1048] T 00fe08f6c97b4bb9b4de7b8ad78b6dda P cdbb25e717eb4776a70e03fef925fa09 [LEADER]: Connected to new peer: Peer: permanent_uuid: "7c3127e429de48da9b2331ee1dfb62d6" member_type: VOTER last_known_addr { host: "127.26.226.195" port: 38623 }, Status: LMP_MISMATCH, Last received: 0.0, Next index: 1, Last known committed idx: 0, Time since last communication: 0.000s
I20260713 09:08:33.539077 28873 consensus_queue.cc:1048] T f55bf73d5b5c4bfca860e0cfcda2f5ac P 975a3b980c7f4e848bb62778a895158e [LEADER]: Connected to new peer: Peer: permanent_uuid: "cdbb25e717eb4776a70e03fef925fa09" member_type: VOTER last_known_addr { host: "127.26.226.194" port: 35023 }, Status: LMP_MISMATCH, Last received: 0.0, Next index: 1, Last known committed idx: 0, Time since last communication: 0.000s
I20260713 09:08:33.539464 28892 consensus_queue.cc:1048] T 47481e4d95df41708fd8bf07b4235e4a P 7c3127e429de48da9b2331ee1dfb62d6 [LEADER]: Connected to new peer: Peer: permanent_uuid: "cdbb25e717eb4776a70e03fef925fa09" member_type: VOTER last_known_addr { host: "127.26.226.194" port: 35023 }, Status: LMP_MISMATCH, Last received: 0.0, Next index: 1, Last known committed idx: 0, Time since last communication: 0.000s
I20260713 09:08:33.540041 28829 ts_tablet_manager.cc:1434] T 5ee7ee45aec64a55a61c5f4de2fca53b P 975a3b980c7f4e848bb62778a895158e: Time spent starting tablet: real 0.016s	user 0.005s	sys 0.000s
I20260713 09:08:33.540910 28829 tablet_bootstrap.cc:492] T 2a34f70807ba47ed94f15ddf2c62db1d P 975a3b980c7f4e848bb62778a895158e: Bootstrap starting.
I20260713 09:08:33.540953 28752 leader_election.cc:304] T 9adba2886c084b66ad642ec5bb080cc8 P 7c3127e429de48da9b2331ee1dfb62d6 [CANDIDATE]: Term 1 pre-election: Election decided. Result: candidate won. Election summary: received 3 responses out of 3 voters: 2 yes votes; 1 no votes. yes voters: 7c3127e429de48da9b2331ee1dfb62d6, 975a3b980c7f4e848bb62778a895158e; no voters: cdbb25e717eb4776a70e03fef925fa09
I20260713 09:08:33.542593 28827 tablet_bootstrap.cc:492] T 9adba2886c084b66ad642ec5bb080cc8 P cdbb25e717eb4776a70e03fef925fa09: No bootstrap required, opened a new log
I20260713 09:08:33.542953 28827 ts_tablet_manager.cc:1403] T 9adba2886c084b66ad642ec5bb080cc8 P cdbb25e717eb4776a70e03fef925fa09: Time spent bootstrapping tablet: real 0.073s	user 0.022s	sys 0.035s
I20260713 09:08:33.543289 28892 raft_consensus.cc:2804] T 9adba2886c084b66ad642ec5bb080cc8 P 7c3127e429de48da9b2331ee1dfb62d6 [term 0 FOLLOWER]: Leader pre-election won for term 1
I20260713 09:08:33.543721 28892 raft_consensus.cc:493] T 9adba2886c084b66ad642ec5bb080cc8 P 7c3127e429de48da9b2331ee1dfb62d6 [term 0 FOLLOWER]: Starting leader election (no leader contacted us within the election timeout)
I20260713 09:08:33.544036 28892 raft_consensus.cc:3060] T 9adba2886c084b66ad642ec5bb080cc8 P 7c3127e429de48da9b2331ee1dfb62d6 [term 0 FOLLOWER]: Advancing to term 1
I20260713 09:08:33.545017 28884 raft_consensus.cc:493] T 7be138105ffb4f1489d13d69484913dc P 975a3b980c7f4e848bb62778a895158e [term 0 FOLLOWER]: Starting pre-election (no leader contacted us within the election timeout)
I20260713 09:08:33.546294 28884 raft_consensus.cc:515] T 7be138105ffb4f1489d13d69484913dc P 975a3b980c7f4e848bb62778a895158e [term 0 FOLLOWER]: Starting pre-election with config: opid_index: -1 OBSOLETE_local: false peers { permanent_uuid: "975a3b980c7f4e848bb62778a895158e" member_type: VOTER last_known_addr { host: "127.26.226.193" port: 43937 } } peers { permanent_uuid: "cdbb25e717eb4776a70e03fef925fa09" member_type: VOTER last_known_addr { host: "127.26.226.194" port: 35023 } } peers { permanent_uuid: "7c3127e429de48da9b2331ee1dfb62d6" member_type: VOTER last_known_addr { host: "127.26.226.195" port: 38623 } }
I20260713 09:08:33.548481 28828 tablet_bootstrap.cc:492] T 5d1324ee1bcb43deb8fe55b7d0697d90 P 7c3127e429de48da9b2331ee1dfb62d6: No bootstrap required, opened a new log
I20260713 09:08:33.549328 28827 raft_consensus.cc:359] T 9adba2886c084b66ad642ec5bb080cc8 P cdbb25e717eb4776a70e03fef925fa09 [term 0 FOLLOWER]: Replica starting. Triggering 0 pending ops. Active config: opid_index: -1 OBSOLETE_local: false peers { permanent_uuid: "975a3b980c7f4e848bb62778a895158e" member_type: VOTER last_known_addr { host: "127.26.226.193" port: 43937 } } peers { permanent_uuid: "cdbb25e717eb4776a70e03fef925fa09" member_type: VOTER last_known_addr { host: "127.26.226.194" port: 35023 } } peers { permanent_uuid: "7c3127e429de48da9b2331ee1dfb62d6" member_type: VOTER last_known_addr { host: "127.26.226.195" port: 38623 } }
I20260713 09:08:33.549996 28827 raft_consensus.cc:385] T 9adba2886c084b66ad642ec5bb080cc8 P cdbb25e717eb4776a70e03fef925fa09 [term 0 FOLLOWER]: Consensus starting up: Expiring failure detector timer to make a prompt election more likely
I20260713 09:08:33.550252 28827 raft_consensus.cc:740] T 9adba2886c084b66ad642ec5bb080cc8 P cdbb25e717eb4776a70e03fef925fa09 [term 0 FOLLOWER]: Becoming Follower/Learner. State: Replica: cdbb25e717eb4776a70e03fef925fa09, State: Initialized, Role: FOLLOWER
I20260713 09:08:33.555087 28786 tablet_service.cc:1917] Received RequestConsensusVote() RPC: tablet_id: "7be138105ffb4f1489d13d69484913dc" candidate_uuid: "975a3b980c7f4e848bb62778a895158e" candidate_term: 1 candidate_status { last_received { term: 0 index: 0 } } ignore_live_leader: false dest_uuid: "7c3127e429de48da9b2331ee1dfb62d6" is_pre_election: true
I20260713 09:08:33.556468 28827 consensus_queue.cc:260] T 9adba2886c084b66ad642ec5bb080cc8 P cdbb25e717eb4776a70e03fef925fa09 [NON_LEADER]: Queue going to NON_LEADER mode. State: All replicated index: 0, Majority replicated index: 0, Committed index: 0, Last appended: 0.0, Last appended by leader: 0, Current term: 0, Majority size: -1, State: 0, Mode: NON_LEADER, active raft config: opid_index: -1 OBSOLETE_local: false peers { permanent_uuid: "975a3b980c7f4e848bb62778a895158e" member_type: VOTER last_known_addr { host: "127.26.226.193" port: 43937 } } peers { permanent_uuid: "cdbb25e717eb4776a70e03fef925fa09" member_type: VOTER last_known_addr { host: "127.26.226.194" port: 35023 } } peers { permanent_uuid: "7c3127e429de48da9b2331ee1dfb62d6" member_type: VOTER last_known_addr { host: "127.26.226.195" port: 38623 } }
I20260713 09:08:33.557658 28828 ts_tablet_manager.cc:1403] T 5d1324ee1bcb43deb8fe55b7d0697d90 P 7c3127e429de48da9b2331ee1dfb62d6: Time spent bootstrapping tablet: real 0.098s	user 0.009s	sys 0.011s
I20260713 09:08:33.558990 28827 ts_tablet_manager.cc:1434] T 9adba2886c084b66ad642ec5bb080cc8 P cdbb25e717eb4776a70e03fef925fa09: Time spent starting tablet: real 0.016s	user 0.008s	sys 0.000s
I20260713 09:08:33.560014 28827 tablet_bootstrap.cc:492] T 5d1324ee1bcb43deb8fe55b7d0697d90 P cdbb25e717eb4776a70e03fef925fa09: Bootstrap starting.
I20260713 09:08:33.559319 28832 raft_consensus.cc:493] T 5ee7ee45aec64a55a61c5f4de2fca53b P cdbb25e717eb4776a70e03fef925fa09 [term 0 FOLLOWER]: Starting pre-election (no leader contacted us within the election timeout)
I20260713 09:08:33.560989 28832 raft_consensus.cc:515] T 5ee7ee45aec64a55a61c5f4de2fca53b P cdbb25e717eb4776a70e03fef925fa09 [term 0 FOLLOWER]: Starting pre-election with config: opid_index: -1 OBSOLETE_local: false peers { permanent_uuid: "975a3b980c7f4e848bb62778a895158e" member_type: VOTER last_known_addr { host: "127.26.226.193" port: 43937 } } peers { permanent_uuid: "cdbb25e717eb4776a70e03fef925fa09" member_type: VOTER last_known_addr { host: "127.26.226.194" port: 35023 } } peers { permanent_uuid: "7c3127e429de48da9b2331ee1dfb62d6" member_type: VOTER last_known_addr { host: "127.26.226.195" port: 38623 } }
I20260713 09:08:33.562922 28832 leader_election.cc:290] T 5ee7ee45aec64a55a61c5f4de2fca53b P cdbb25e717eb4776a70e03fef925fa09 [CANDIDATE]: Term 1 pre-election: Requested pre-vote from peers 975a3b980c7f4e848bb62778a895158e (127.26.226.193:43937), 7c3127e429de48da9b2331ee1dfb62d6 (127.26.226.195:38623)
I20260713 09:08:33.562773 28828 raft_consensus.cc:359] T 5d1324ee1bcb43deb8fe55b7d0697d90 P 7c3127e429de48da9b2331ee1dfb62d6 [term 0 FOLLOWER]: Replica starting. Triggering 0 pending ops. Active config: opid_index: -1 OBSOLETE_local: false peers { permanent_uuid: "975a3b980c7f4e848bb62778a895158e" member_type: VOTER last_known_addr { host: "127.26.226.193" port: 43937 } } peers { permanent_uuid: "cdbb25e717eb4776a70e03fef925fa09" member_type: VOTER last_known_addr { host: "127.26.226.194" port: 35023 } } peers { permanent_uuid: "7c3127e429de48da9b2331ee1dfb62d6" member_type: VOTER last_known_addr { host: "127.26.226.195" port: 38623 } }
I20260713 09:08:33.563408 28828 raft_consensus.cc:385] T 5d1324ee1bcb43deb8fe55b7d0697d90 P 7c3127e429de48da9b2331ee1dfb62d6 [term 0 FOLLOWER]: Consensus starting up: Expiring failure detector timer to make a prompt election more likely
I20260713 09:08:33.563658 28828 raft_consensus.cc:740] T 5d1324ee1bcb43deb8fe55b7d0697d90 P 7c3127e429de48da9b2331ee1dfb62d6 [term 0 FOLLOWER]: Becoming Follower/Learner. State: Replica: 7c3127e429de48da9b2331ee1dfb62d6, State: Initialized, Role: FOLLOWER
I20260713 09:08:33.564169 28873 raft_consensus.cc:493] T 5ee7ee45aec64a55a61c5f4de2fca53b P 975a3b980c7f4e848bb62778a895158e [term 0 FOLLOWER]: Starting pre-election (no leader contacted us within the election timeout)
I20260713 09:08:33.564661 28873 raft_consensus.cc:515] T 5ee7ee45aec64a55a61c5f4de2fca53b P 975a3b980c7f4e848bb62778a895158e [term 0 FOLLOWER]: Starting pre-election with config: opid_index: -1 OBSOLETE_local: false peers { permanent_uuid: "975a3b980c7f4e848bb62778a895158e" member_type: VOTER last_known_addr { host: "127.26.226.193" port: 43937 } } peers { permanent_uuid: "cdbb25e717eb4776a70e03fef925fa09" member_type: VOTER last_known_addr { host: "127.26.226.194" port: 35023 } } peers { permanent_uuid: "7c3127e429de48da9b2331ee1dfb62d6" member_type: VOTER last_known_addr { host: "127.26.226.195" port: 38623 } }
I20260713 09:08:33.566011 28892 raft_consensus.cc:515] T 9adba2886c084b66ad642ec5bb080cc8 P 7c3127e429de48da9b2331ee1dfb62d6 [term 1 FOLLOWER]: Starting leader election with config: opid_index: -1 OBSOLETE_local: false peers { permanent_uuid: "975a3b980c7f4e848bb62778a895158e" member_type: VOTER last_known_addr { host: "127.26.226.193" port: 43937 } } peers { permanent_uuid: "cdbb25e717eb4776a70e03fef925fa09" member_type: VOTER last_known_addr { host: "127.26.226.194" port: 35023 } } peers { permanent_uuid: "7c3127e429de48da9b2331ee1dfb62d6" member_type: VOTER last_known_addr { host: "127.26.226.195" port: 38623 } }
I20260713 09:08:33.564246 28828 consensus_queue.cc:260] T 5d1324ee1bcb43deb8fe55b7d0697d90 P 7c3127e429de48da9b2331ee1dfb62d6 [NON_LEADER]: Queue going to NON_LEADER mode. State: All replicated index: 0, Majority replicated index: 0, Committed index: 0, Last appended: 0.0, Last appended by leader: 0, Current term: 0, Majority size: -1, State: 0, Mode: NON_LEADER, active raft config: opid_index: -1 OBSOLETE_local: false peers { permanent_uuid: "975a3b980c7f4e848bb62778a895158e" member_type: VOTER last_known_addr { host: "127.26.226.193" port: 43937 } } peers { permanent_uuid: "cdbb25e717eb4776a70e03fef925fa09" member_type: VOTER last_known_addr { host: "127.26.226.194" port: 35023 } } peers { permanent_uuid: "7c3127e429de48da9b2331ee1dfb62d6" member_type: VOTER last_known_addr { host: "127.26.226.195" port: 38623 } }
I20260713 09:08:33.566578 28636 tablet_service.cc:1917] Received RequestConsensusVote() RPC: tablet_id: "5ee7ee45aec64a55a61c5f4de2fca53b" candidate_uuid: "cdbb25e717eb4776a70e03fef925fa09" candidate_term: 1 candidate_status { last_received { term: 0 index: 0 } } ignore_live_leader: false dest_uuid: "975a3b980c7f4e848bb62778a895158e" is_pre_election: true
I20260713 09:08:33.570469 28636 raft_consensus.cc:2468] T 5ee7ee45aec64a55a61c5f4de2fca53b P 975a3b980c7f4e848bb62778a895158e [term 0 FOLLOWER]: Leader pre-election vote request: Granting yes vote for candidate cdbb25e717eb4776a70e03fef925fa09 in term 0.
I20260713 09:08:33.572710 28785 tablet_service.cc:1917] Received RequestConsensusVote() RPC: tablet_id: "5ee7ee45aec64a55a61c5f4de2fca53b" candidate_uuid: "975a3b980c7f4e848bb62778a895158e" candidate_term: 1 candidate_status { last_received { term: 0 index: 0 } } ignore_live_leader: false dest_uuid: "7c3127e429de48da9b2331ee1dfb62d6" is_pre_election: true
I20260713 09:08:33.573652 28838 consensus_queue.cc:1048] T f55bf73d5b5c4bfca860e0cfcda2f5ac P 975a3b980c7f4e848bb62778a895158e [LEADER]: Connected to new peer: Peer: permanent_uuid: "7c3127e429de48da9b2331ee1dfb62d6" member_type: VOTER last_known_addr { host: "127.26.226.195" port: 38623 }, Status: LMP_MISMATCH, Last received: 0.0, Next index: 1, Last known committed idx: 0, Time since last communication: 0.000s
I20260713 09:08:33.573320 28785 raft_consensus.cc:2468] T 5ee7ee45aec64a55a61c5f4de2fca53b P 7c3127e429de48da9b2331ee1dfb62d6 [term 0 FOLLOWER]: Leader pre-election vote request: Granting yes vote for candidate 975a3b980c7f4e848bb62778a895158e in term 0.
I20260713 09:08:33.557394 28884 leader_election.cc:290] T 7be138105ffb4f1489d13d69484913dc P 975a3b980c7f4e848bb62778a895158e [CANDIDATE]: Term 1 pre-election: Requested pre-vote from peers cdbb25e717eb4776a70e03fef925fa09 (127.26.226.194:35023), 7c3127e429de48da9b2331ee1dfb62d6 (127.26.226.195:38623)
I20260713 09:08:33.558758 28712 tablet_service.cc:1917] Received RequestConsensusVote() RPC: tablet_id: "7be138105ffb4f1489d13d69484913dc" candidate_uuid: "975a3b980c7f4e848bb62778a895158e" candidate_term: 1 candidate_status { last_received { term: 0 index: 0 } } ignore_live_leader: false dest_uuid: "cdbb25e717eb4776a70e03fef925fa09" is_pre_election: true
I20260713 09:08:33.577973 28603 leader_election.cc:304] T 5ee7ee45aec64a55a61c5f4de2fca53b P 975a3b980c7f4e848bb62778a895158e [CANDIDATE]: Term 1 pre-election: Election decided. Result: candidate won. Election summary: received 2 responses out of 3 voters: 2 yes votes; 0 no votes. yes voters: 7c3127e429de48da9b2331ee1dfb62d6, 975a3b980c7f4e848bb62778a895158e; no voters: 
I20260713 09:08:33.578555 28712 raft_consensus.cc:2393] T 7be138105ffb4f1489d13d69484913dc P cdbb25e717eb4776a70e03fef925fa09 [term 1 FOLLOWER]: Leader pre-election vote request: Denying vote to candidate 975a3b980c7f4e848bb62778a895158e in current term 1: Already voted for candidate 7c3127e429de48da9b2331ee1dfb62d6 in this term.
I20260713 09:08:33.578851 28838 raft_consensus.cc:2804] T 5ee7ee45aec64a55a61c5f4de2fca53b P 975a3b980c7f4e848bb62778a895158e [term 0 FOLLOWER]: Leader pre-election won for term 1
I20260713 09:08:33.579234 28838 raft_consensus.cc:493] T 5ee7ee45aec64a55a61c5f4de2fca53b P 975a3b980c7f4e848bb62778a895158e [term 0 FOLLOWER]: Starting leader election (no leader contacted us within the election timeout)
I20260713 09:08:33.579572 28838 raft_consensus.cc:3060] T 5ee7ee45aec64a55a61c5f4de2fca53b P 975a3b980c7f4e848bb62778a895158e [term 0 FOLLOWER]: Advancing to term 1
I20260713 09:08:33.580237 28678 leader_election.cc:304] T 5ee7ee45aec64a55a61c5f4de2fca53b P cdbb25e717eb4776a70e03fef925fa09 [CANDIDATE]: Term 1 pre-election: Election decided. Result: candidate won. Election summary: received 2 responses out of 3 voters: 2 yes votes; 0 no votes. yes voters: 975a3b980c7f4e848bb62778a895158e, cdbb25e717eb4776a70e03fef925fa09; no voters: 
I20260713 09:08:33.581594 28894 raft_consensus.cc:2804] T 5ee7ee45aec64a55a61c5f4de2fca53b P cdbb25e717eb4776a70e03fef925fa09 [term 0 FOLLOWER]: Leader pre-election won for term 1
I20260713 09:08:33.581976 28894 raft_consensus.cc:493] T 5ee7ee45aec64a55a61c5f4de2fca53b P cdbb25e717eb4776a70e03fef925fa09 [term 0 FOLLOWER]: Starting leader election (no leader contacted us within the election timeout)
I20260713 09:08:33.582320 28894 raft_consensus.cc:3060] T 5ee7ee45aec64a55a61c5f4de2fca53b P cdbb25e717eb4776a70e03fef925fa09 [term 0 FOLLOWER]: Advancing to term 1
I20260713 09:08:33.590117 28713 tablet_service.cc:1917] Received RequestConsensusVote() RPC: tablet_id: "5ee7ee45aec64a55a61c5f4de2fca53b" candidate_uuid: "975a3b980c7f4e848bb62778a895158e" candidate_term: 1 candidate_status { last_received { term: 0 index: 0 } } ignore_live_leader: false dest_uuid: "cdbb25e717eb4776a70e03fef925fa09" is_pre_election: true
I20260713 09:08:33.586378 28785 tablet_service.cc:1917] Received RequestConsensusVote() RPC: tablet_id: "5ee7ee45aec64a55a61c5f4de2fca53b" candidate_uuid: "cdbb25e717eb4776a70e03fef925fa09" candidate_term: 1 candidate_status { last_received { term: 0 index: 0 } } ignore_live_leader: false dest_uuid: "7c3127e429de48da9b2331ee1dfb62d6" is_pre_election: true
W20260713 09:08:33.641713 28752 outbound_call.cc:321] RPC callback for RPC call kudu.consensus.ConsensusService.UpdateConsensus -> {remote=127.26.226.193:43937, user_credentials={real_user=slave}} blocked reactor thread for 70438.4us
I20260713 09:08:33.590215 28604 leader_election.cc:304] T 7be138105ffb4f1489d13d69484913dc P 975a3b980c7f4e848bb62778a895158e [CANDIDATE]: Term 1 pre-election: Election decided. Result: candidate lost. Election summary: received 3 responses out of 3 voters: 1 yes votes; 2 no votes. yes voters: 975a3b980c7f4e848bb62778a895158e; no voters: 7c3127e429de48da9b2331ee1dfb62d6, cdbb25e717eb4776a70e03fef925fa09
I20260713 09:08:33.637120 28828 ts_tablet_manager.cc:1434] T 5d1324ee1bcb43deb8fe55b7d0697d90 P 7c3127e429de48da9b2331ee1dfb62d6: Time spent starting tablet: real 0.079s	user 0.005s	sys 0.000s
I20260713 09:08:33.641155 28829 tablet_bootstrap.cc:654] T 2a34f70807ba47ed94f15ddf2c62db1d P 975a3b980c7f4e848bb62778a895158e: Neither blocks nor log segments found. Creating new log.
I20260713 09:08:33.645136 28828 tablet_bootstrap.cc:492] T 2a34f70807ba47ed94f15ddf2c62db1d P 7c3127e429de48da9b2331ee1dfb62d6: Bootstrap starting.
I20260713 09:08:33.643764 28884 raft_consensus.cc:3060] T 7be138105ffb4f1489d13d69484913dc P 975a3b980c7f4e848bb62778a895158e [term 0 FOLLOWER]: Advancing to term 1
W20260713 09:08:33.641891 28753 outbound_call.cc:321] RPC callback for RPC call kudu.consensus.ConsensusService.UpdateConsensus -> {remote=127.26.226.194:35023, user_credentials={real_user=slave}} blocked reactor thread for 52465.1us
I20260713 09:08:33.566504 28873 leader_election.cc:290] T 5ee7ee45aec64a55a61c5f4de2fca53b P 975a3b980c7f4e848bb62778a895158e [CANDIDATE]: Term 1 pre-election: Requested pre-vote from peers cdbb25e717eb4776a70e03fef925fa09 (127.26.226.194:35023), 7c3127e429de48da9b2331ee1dfb62d6 (127.26.226.195:38623)
I20260713 09:08:33.587898 28892 leader_election.cc:290] T 9adba2886c084b66ad642ec5bb080cc8 P 7c3127e429de48da9b2331ee1dfb62d6 [CANDIDATE]: Term 1 election: Requested vote from peers 975a3b980c7f4e848bb62778a895158e (127.26.226.193:43937), cdbb25e717eb4776a70e03fef925fa09 (127.26.226.194:35023)
I20260713 09:08:33.647871 28712 tablet_service.cc:1917] Received RequestConsensusVote() RPC: tablet_id: "9adba2886c084b66ad642ec5bb080cc8" candidate_uuid: "7c3127e429de48da9b2331ee1dfb62d6" candidate_term: 1 candidate_status { last_received { term: 0 index: 0 } } ignore_live_leader: false dest_uuid: "cdbb25e717eb4776a70e03fef925fa09"
I20260713 09:08:33.654274 28832 raft_consensus.cc:493] T 2a34f70807ba47ed94f15ddf2c62db1d P cdbb25e717eb4776a70e03fef925fa09 [term 0 FOLLOWER]: Starting pre-election (no leader contacted us within the election timeout)
I20260713 09:08:33.618986 28838 raft_consensus.cc:515] T 5ee7ee45aec64a55a61c5f4de2fca53b P 975a3b980c7f4e848bb62778a895158e [term 1 FOLLOWER]: Starting leader election with config: opid_index: -1 OBSOLETE_local: false peers { permanent_uuid: "975a3b980c7f4e848bb62778a895158e" member_type: VOTER last_known_addr { host: "127.26.226.193" port: 43937 } } peers { permanent_uuid: "cdbb25e717eb4776a70e03fef925fa09" member_type: VOTER last_known_addr { host: "127.26.226.194" port: 35023 } } peers { permanent_uuid: "7c3127e429de48da9b2331ee1dfb62d6" member_type: VOTER last_known_addr { host: "127.26.226.195" port: 38623 } }
I20260713 09:08:33.654822 28832 raft_consensus.cc:515] T 2a34f70807ba47ed94f15ddf2c62db1d P cdbb25e717eb4776a70e03fef925fa09 [term 0 FOLLOWER]: Starting pre-election with config: opid_index: -1 OBSOLETE_local: false peers { permanent_uuid: "975a3b980c7f4e848bb62778a895158e" member_type: VOTER last_known_addr { host: "127.26.226.193" port: 43937 } } peers { permanent_uuid: "cdbb25e717eb4776a70e03fef925fa09" member_type: VOTER last_known_addr { host: "127.26.226.194" port: 35023 } } peers { permanent_uuid: "7c3127e429de48da9b2331ee1dfb62d6" member_type: VOTER last_known_addr { host: "127.26.226.195" port: 38623 } }
I20260713 09:08:33.656993 28832 leader_election.cc:290] T 2a34f70807ba47ed94f15ddf2c62db1d P cdbb25e717eb4776a70e03fef925fa09 [CANDIDATE]: Term 1 pre-election: Requested pre-vote from peers 975a3b980c7f4e848bb62778a895158e (127.26.226.193:43937), 7c3127e429de48da9b2331ee1dfb62d6 (127.26.226.195:38623)
I20260713 09:08:33.658089 28783 tablet_service.cc:1917] Received RequestConsensusVote() RPC: tablet_id: "5ee7ee45aec64a55a61c5f4de2fca53b" candidate_uuid: "975a3b980c7f4e848bb62778a895158e" candidate_term: 1 candidate_status { last_received { term: 0 index: 0 } } ignore_live_leader: false dest_uuid: "7c3127e429de48da9b2331ee1dfb62d6"
I20260713 09:08:33.659803 28782 tablet_service.cc:1917] Received RequestConsensusVote() RPC: tablet_id: "2a34f70807ba47ed94f15ddf2c62db1d" candidate_uuid: "cdbb25e717eb4776a70e03fef925fa09" candidate_term: 1 candidate_status { last_received { term: 0 index: 0 } } ignore_live_leader: false dest_uuid: "7c3127e429de48da9b2331ee1dfb62d6" is_pre_election: true
W20260713 09:08:33.662111 28678 leader_election.cc:343] T 2a34f70807ba47ed94f15ddf2c62db1d P cdbb25e717eb4776a70e03fef925fa09 [CANDIDATE]: Term 1 pre-election: Tablet error from VoteRequest() call to peer 7c3127e429de48da9b2331ee1dfb62d6 (127.26.226.195:38623): Illegal state: must be running to vote when last-logged opid is not known
I20260713 09:08:33.649422 28712 raft_consensus.cc:3060] T 9adba2886c084b66ad642ec5bb080cc8 P cdbb25e717eb4776a70e03fef925fa09 [term 0 FOLLOWER]: Advancing to term 1
I20260713 09:08:33.647650 28636 tablet_service.cc:1917] Received RequestConsensusVote() RPC: tablet_id: "9adba2886c084b66ad642ec5bb080cc8" candidate_uuid: "7c3127e429de48da9b2331ee1dfb62d6" candidate_term: 1 candidate_status { last_received { term: 0 index: 0 } } ignore_live_leader: false dest_uuid: "975a3b980c7f4e848bb62778a895158e"
I20260713 09:08:33.665937 28636 raft_consensus.cc:3060] T 9adba2886c084b66ad642ec5bb080cc8 P 975a3b980c7f4e848bb62778a895158e [term 0 FOLLOWER]: Advancing to term 1
I20260713 09:08:33.671346 28884 raft_consensus.cc:2749] T 7be138105ffb4f1489d13d69484913dc P 975a3b980c7f4e848bb62778a895158e [term 1 FOLLOWER]: Leader pre-election lost for term 1. Reason: could not achieve majority
I20260713 09:08:33.674139 28638 tablet_service.cc:1917] Received RequestConsensusVote() RPC: tablet_id: "2a34f70807ba47ed94f15ddf2c62db1d" candidate_uuid: "cdbb25e717eb4776a70e03fef925fa09" candidate_term: 1 candidate_status { last_received { term: 0 index: 0 } } ignore_live_leader: false dest_uuid: "975a3b980c7f4e848bb62778a895158e" is_pre_election: true
I20260713 09:08:33.641351 28894 raft_consensus.cc:515] T 5ee7ee45aec64a55a61c5f4de2fca53b P cdbb25e717eb4776a70e03fef925fa09 [term 1 FOLLOWER]: Starting leader election with config: opid_index: -1 OBSOLETE_local: false peers { permanent_uuid: "975a3b980c7f4e848bb62778a895158e" member_type: VOTER last_known_addr { host: "127.26.226.193" port: 43937 } } peers { permanent_uuid: "cdbb25e717eb4776a70e03fef925fa09" member_type: VOTER last_known_addr { host: "127.26.226.194" port: 35023 } } peers { permanent_uuid: "7c3127e429de48da9b2331ee1dfb62d6" member_type: VOTER last_known_addr { host: "127.26.226.195" port: 38623 } }
I20260713 09:08:33.674434 28827 tablet_bootstrap.cc:654] T 5d1324ee1bcb43deb8fe55b7d0697d90 P cdbb25e717eb4776a70e03fef925fa09: Neither blocks nor log segments found. Creating new log.
I20260713 09:08:33.786984 28713 raft_consensus.cc:2393] T 5ee7ee45aec64a55a61c5f4de2fca53b P cdbb25e717eb4776a70e03fef925fa09 [term 1 FOLLOWER]: Leader pre-election vote request: Denying vote to candidate 975a3b980c7f4e848bb62778a895158e in current term 1: Already voted for candidate cdbb25e717eb4776a70e03fef925fa09 in this term.
I20260713 09:08:33.794334 28894 leader_election.cc:290] T 5ee7ee45aec64a55a61c5f4de2fca53b P cdbb25e717eb4776a70e03fef925fa09 [CANDIDATE]: Term 1 election: Requested vote from peers 975a3b980c7f4e848bb62778a895158e (127.26.226.193:43937), 7c3127e429de48da9b2331ee1dfb62d6 (127.26.226.195:38623)
I20260713 09:08:33.798390 28828 tablet_bootstrap.cc:654] T 2a34f70807ba47ed94f15ddf2c62db1d P 7c3127e429de48da9b2331ee1dfb62d6: Neither blocks nor log segments found. Creating new log.
I20260713 09:08:33.682107 28892 raft_consensus.cc:493] T 270cf89bd4dd42a5996364d965bbf9a3 P 7c3127e429de48da9b2331ee1dfb62d6 [term 0 FOLLOWER]: Starting pre-election (no leader contacted us within the election timeout)
I20260713 09:08:33.774102 28893 consensus_queue.cc:1048] T 7be138105ffb4f1489d13d69484913dc P 7c3127e429de48da9b2331ee1dfb62d6 [LEADER]: Connected to new peer: Peer: permanent_uuid: "975a3b980c7f4e848bb62778a895158e" member_type: VOTER last_known_addr { host: "127.26.226.193" port: 43937 }, Status: LMP_MISMATCH, Last received: 0.0, Next index: 1, Last known committed idx: 0, Time since last communication: 0.025s
I20260713 09:08:33.651535 28785 raft_consensus.cc:2468] T 5ee7ee45aec64a55a61c5f4de2fca53b P 7c3127e429de48da9b2331ee1dfb62d6 [term 0 FOLLOWER]: Leader pre-election vote request: Granting yes vote for candidate cdbb25e717eb4776a70e03fef925fa09 in term 0.
W20260713 09:08:33.674820 28604 outbound_call.cc:321] RPC callback for RPC call kudu.consensus.ConsensusService.RequestConsensusVote -> {remote=127.26.226.194:35023, user_credentials={real_user=slave}} blocked reactor thread for 84685.4us
W20260713 09:08:33.712837 28678 leader_election.cc:343] T 2a34f70807ba47ed94f15ddf2c62db1d P cdbb25e717eb4776a70e03fef925fa09 [CANDIDATE]: Term 1 pre-election: Tablet error from VoteRequest() call to peer 975a3b980c7f4e848bb62778a895158e (127.26.226.193:43937): Illegal state: must be running to vote when last-logged opid is not known
I20260713 09:08:33.674702 28838 leader_election.cc:290] T 5ee7ee45aec64a55a61c5f4de2fca53b P 975a3b980c7f4e848bb62778a895158e [CANDIDATE]: Term 1 election: Requested vote from peers cdbb25e717eb4776a70e03fef925fa09 (127.26.226.194:35023), 7c3127e429de48da9b2331ee1dfb62d6 (127.26.226.195:38623)
I20260713 09:08:33.732352 28636 raft_consensus.cc:2468] T 9adba2886c084b66ad642ec5bb080cc8 P 975a3b980c7f4e848bb62778a895158e [term 1 FOLLOWER]: Leader election vote request: Granting yes vote for candidate 7c3127e429de48da9b2331ee1dfb62d6 in term 1.
I20260713 09:08:33.743706 28896 consensus_queue.cc:1048] T 47481e4d95df41708fd8bf07b4235e4a P 7c3127e429de48da9b2331ee1dfb62d6 [LEADER]: Connected to new peer: Peer: permanent_uuid: "975a3b980c7f4e848bb62778a895158e" member_type: VOTER last_known_addr { host: "127.26.226.193" port: 43937 }, Status: LMP_MISMATCH, Last received: 0.0, Next index: 1, Last known committed idx: 0, Time since last communication: 0.059s
I20260713 09:08:33.783730 28712 raft_consensus.cc:2468] T 9adba2886c084b66ad642ec5bb080cc8 P cdbb25e717eb4776a70e03fef925fa09 [term 1 FOLLOWER]: Leader election vote request: Granting yes vote for candidate 7c3127e429de48da9b2331ee1dfb62d6 in term 1.
I20260713 09:08:33.801271 28892 raft_consensus.cc:515] T 270cf89bd4dd42a5996364d965bbf9a3 P 7c3127e429de48da9b2331ee1dfb62d6 [term 0 FOLLOWER]: Starting pre-election with config: opid_index: -1 OBSOLETE_local: false peers { permanent_uuid: "975a3b980c7f4e848bb62778a895158e" member_type: VOTER last_known_addr { host: "127.26.226.193" port: 43937 } } peers { permanent_uuid: "cdbb25e717eb4776a70e03fef925fa09" member_type: VOTER last_known_addr { host: "127.26.226.194" port: 35023 } } peers { permanent_uuid: "7c3127e429de48da9b2331ee1dfb62d6" member_type: VOTER last_known_addr { host: "127.26.226.195" port: 38623 } }
I20260713 09:08:33.825409 28752 leader_election.cc:304] T 9adba2886c084b66ad642ec5bb080cc8 P 7c3127e429de48da9b2331ee1dfb62d6 [CANDIDATE]: Term 1 election: Election decided. Result: candidate won. Election summary: received 2 responses out of 3 voters: 2 yes votes; 0 no votes. yes voters: 7c3127e429de48da9b2331ee1dfb62d6, 975a3b980c7f4e848bb62778a895158e; no voters: 
I20260713 09:08:33.826341 28893 raft_consensus.cc:2804] T 9adba2886c084b66ad642ec5bb080cc8 P 7c3127e429de48da9b2331ee1dfb62d6 [term 1 FOLLOWER]: Leader election won for term 1
I20260713 09:08:33.826807 28893 raft_consensus.cc:697] T 9adba2886c084b66ad642ec5bb080cc8 P 7c3127e429de48da9b2331ee1dfb62d6 [term 1 LEADER]: Becoming Leader. State: Replica: 7c3127e429de48da9b2331ee1dfb62d6, State: Running, Role: LEADER
I20260713 09:08:33.827594 28893 consensus_queue.cc:237] T 9adba2886c084b66ad642ec5bb080cc8 P 7c3127e429de48da9b2331ee1dfb62d6 [LEADER]: Queue going to LEADER mode. State: All replicated index: 0, Majority replicated index: 0, Committed index: 0, Last appended: 0.0, Last appended by leader: 0, Current term: 1, Majority size: 2, State: 0, Mode: LEADER, active raft config: opid_index: -1 OBSOLETE_local: false peers { permanent_uuid: "975a3b980c7f4e848bb62778a895158e" member_type: VOTER last_known_addr { host: "127.26.226.193" port: 43937 } } peers { permanent_uuid: "cdbb25e717eb4776a70e03fef925fa09" member_type: VOTER last_known_addr { host: "127.26.226.194" port: 35023 } } peers { permanent_uuid: "7c3127e429de48da9b2331ee1dfb62d6" member_type: VOTER last_known_addr { host: "127.26.226.195" port: 38623 } }
I20260713 09:08:33.832252 28835 raft_consensus.cc:493] T 5d1324ee1bcb43deb8fe55b7d0697d90 P 7c3127e429de48da9b2331ee1dfb62d6 [term 0 FOLLOWER]: Starting pre-election (no leader contacted us within the election timeout)
I20260713 09:08:33.832720 28835 raft_consensus.cc:515] T 5d1324ee1bcb43deb8fe55b7d0697d90 P 7c3127e429de48da9b2331ee1dfb62d6 [term 0 FOLLOWER]: Starting pre-election with config: opid_index: -1 OBSOLETE_local: false peers { permanent_uuid: "975a3b980c7f4e848bb62778a895158e" member_type: VOTER last_known_addr { host: "127.26.226.193" port: 43937 } } peers { permanent_uuid: "cdbb25e717eb4776a70e03fef925fa09" member_type: VOTER last_known_addr { host: "127.26.226.194" port: 35023 } } peers { permanent_uuid: "7c3127e429de48da9b2331ee1dfb62d6" member_type: VOTER last_known_addr { host: "127.26.226.195" port: 38623 } }
I20260713 09:08:33.820973 28710 tablet_service.cc:1917] Received RequestConsensusVote() RPC: tablet_id: "5ee7ee45aec64a55a61c5f4de2fca53b" candidate_uuid: "975a3b980c7f4e848bb62778a895158e" candidate_term: 1 candidate_status { last_received { term: 0 index: 0 } } ignore_live_leader: false dest_uuid: "cdbb25e717eb4776a70e03fef925fa09"
I20260713 09:08:33.835480 28710 raft_consensus.cc:2393] T 5ee7ee45aec64a55a61c5f4de2fca53b P cdbb25e717eb4776a70e03fef925fa09 [term 1 FOLLOWER]: Leader election vote request: Denying vote to candidate 975a3b980c7f4e848bb62778a895158e in current term 1: Already voted for candidate cdbb25e717eb4776a70e03fef925fa09 in this term.
I20260713 09:08:33.808676 28678 leader_election.cc:304] T 2a34f70807ba47ed94f15ddf2c62db1d P cdbb25e717eb4776a70e03fef925fa09 [CANDIDATE]: Term 1 pre-election: Election decided. Result: candidate lost. Election summary: received 3 responses out of 3 voters: 1 yes votes; 2 no votes. yes voters: cdbb25e717eb4776a70e03fef925fa09; no voters: 7c3127e429de48da9b2331ee1dfb62d6, 975a3b980c7f4e848bb62778a895158e
I20260713 09:08:33.836433 28829 tablet_bootstrap.cc:492] T 2a34f70807ba47ed94f15ddf2c62db1d P 975a3b980c7f4e848bb62778a895158e: No bootstrap required, opened a new log
I20260713 09:08:33.839006 28835 leader_election.cc:290] T 5d1324ee1bcb43deb8fe55b7d0697d90 P 7c3127e429de48da9b2331ee1dfb62d6 [CANDIDATE]: Term 1 pre-election: Requested pre-vote from peers 975a3b980c7f4e848bb62778a895158e (127.26.226.193:43937), cdbb25e717eb4776a70e03fef925fa09 (127.26.226.194:35023)
I20260713 09:08:33.842195 28892 leader_election.cc:290] T 270cf89bd4dd42a5996364d965bbf9a3 P 7c3127e429de48da9b2331ee1dfb62d6 [CANDIDATE]: Term 1 pre-election: Requested pre-vote from peers 975a3b980c7f4e848bb62778a895158e (127.26.226.193:43937), cdbb25e717eb4776a70e03fef925fa09 (127.26.226.194:35023)
I20260713 09:08:33.844146 28829 ts_tablet_manager.cc:1403] T 2a34f70807ba47ed94f15ddf2c62db1d P 975a3b980c7f4e848bb62778a895158e: Time spent bootstrapping tablet: real 0.303s	user 0.027s	sys 0.029s
I20260713 09:08:33.846596 28901 raft_consensus.cc:2749] T 2a34f70807ba47ed94f15ddf2c62db1d P cdbb25e717eb4776a70e03fef925fa09 [term 0 FOLLOWER]: Leader pre-election lost for term 1. Reason: could not achieve majority
I20260713 09:08:33.847115 28636 tablet_service.cc:1917] Received RequestConsensusVote() RPC: tablet_id: "5d1324ee1bcb43deb8fe55b7d0697d90" candidate_uuid: "7c3127e429de48da9b2331ee1dfb62d6" candidate_term: 1 candidate_status { last_received { term: 0 index: 0 } } ignore_live_leader: false dest_uuid: "975a3b980c7f4e848bb62778a895158e" is_pre_election: true
I20260713 09:08:33.847715 28636 raft_consensus.cc:2468] T 5d1324ee1bcb43deb8fe55b7d0697d90 P 975a3b980c7f4e848bb62778a895158e [term 0 FOLLOWER]: Leader pre-election vote request: Granting yes vote for candidate 7c3127e429de48da9b2331ee1dfb62d6 in term 0.
I20260713 09:08:33.848647 28638 tablet_service.cc:1917] Received RequestConsensusVote() RPC: tablet_id: "270cf89bd4dd42a5996364d965bbf9a3" candidate_uuid: "7c3127e429de48da9b2331ee1dfb62d6" candidate_term: 1 candidate_status { last_received { term: 0 index: 0 } } ignore_live_leader: false dest_uuid: "975a3b980c7f4e848bb62778a895158e" is_pre_election: true
I20260713 09:08:33.849045 28752 leader_election.cc:304] T 5d1324ee1bcb43deb8fe55b7d0697d90 P 7c3127e429de48da9b2331ee1dfb62d6 [CANDIDATE]: Term 1 pre-election: Election decided. Result: candidate won. Election summary: received 2 responses out of 3 voters: 2 yes votes; 0 no votes. yes voters: 7c3127e429de48da9b2331ee1dfb62d6, 975a3b980c7f4e848bb62778a895158e; no voters: 
I20260713 09:08:33.849831 28892 raft_consensus.cc:2804] T 5d1324ee1bcb43deb8fe55b7d0697d90 P 7c3127e429de48da9b2331ee1dfb62d6 [term 0 FOLLOWER]: Leader pre-election won for term 1
W20260713 09:08:33.849985 28752 leader_election.cc:343] T 270cf89bd4dd42a5996364d965bbf9a3 P 7c3127e429de48da9b2331ee1dfb62d6 [CANDIDATE]: Term 1 pre-election: Tablet error from VoteRequest() call to peer 975a3b980c7f4e848bb62778a895158e (127.26.226.193:43937): Illegal state: must be running to vote when last-logged opid is not known
I20260713 09:08:33.850214 28892 raft_consensus.cc:493] T 5d1324ee1bcb43deb8fe55b7d0697d90 P 7c3127e429de48da9b2331ee1dfb62d6 [term 0 FOLLOWER]: Starting leader election (no leader contacted us within the election timeout)
I20260713 09:08:33.850901 28892 raft_consensus.cc:3060] T 5d1324ee1bcb43deb8fe55b7d0697d90 P 7c3127e429de48da9b2331ee1dfb62d6 [term 0 FOLLOWER]: Advancing to term 1
I20260713 09:08:33.848598 28827 tablet_bootstrap.cc:492] T 5d1324ee1bcb43deb8fe55b7d0697d90 P cdbb25e717eb4776a70e03fef925fa09: No bootstrap required, opened a new log
I20260713 09:08:33.852203 28827 ts_tablet_manager.cc:1403] T 5d1324ee1bcb43deb8fe55b7d0697d90 P cdbb25e717eb4776a70e03fef925fa09: Time spent bootstrapping tablet: real 0.292s	user 0.015s	sys 0.032s
I20260713 09:08:33.853828 28604 leader_election.cc:304] T 5ee7ee45aec64a55a61c5f4de2fca53b P 975a3b980c7f4e848bb62778a895158e [CANDIDATE]: Term 1 election: Election decided. Result: candidate lost. Election summary: received 3 responses out of 3 voters: 1 yes votes; 2 no votes. yes voters: 975a3b980c7f4e848bb62778a895158e; no voters: 7c3127e429de48da9b2331ee1dfb62d6, cdbb25e717eb4776a70e03fef925fa09
I20260713 09:08:33.855871 28873 raft_consensus.cc:2749] T 5ee7ee45aec64a55a61c5f4de2fca53b P 975a3b980c7f4e848bb62778a895158e [term 1 FOLLOWER]: Leader election lost for term 1. Reason: could not achieve majority
I20260713 09:08:33.855768 28827 raft_consensus.cc:359] T 5d1324ee1bcb43deb8fe55b7d0697d90 P cdbb25e717eb4776a70e03fef925fa09 [term 0 FOLLOWER]: Replica starting. Triggering 0 pending ops. Active config: opid_index: -1 OBSOLETE_local: false peers { permanent_uuid: "975a3b980c7f4e848bb62778a895158e" member_type: VOTER last_known_addr { host: "127.26.226.193" port: 43937 } } peers { permanent_uuid: "cdbb25e717eb4776a70e03fef925fa09" member_type: VOTER last_known_addr { host: "127.26.226.194" port: 35023 } } peers { permanent_uuid: "7c3127e429de48da9b2331ee1dfb62d6" member_type: VOTER last_known_addr { host: "127.26.226.195" port: 38623 } }
I20260713 09:08:33.856673 28827 raft_consensus.cc:385] T 5d1324ee1bcb43deb8fe55b7d0697d90 P cdbb25e717eb4776a70e03fef925fa09 [term 0 FOLLOWER]: Consensus starting up: Expiring failure detector timer to make a prompt election more likely
I20260713 09:08:33.856922 28827 raft_consensus.cc:740] T 5d1324ee1bcb43deb8fe55b7d0697d90 P cdbb25e717eb4776a70e03fef925fa09 [term 0 FOLLOWER]: Becoming Follower/Learner. State: Replica: cdbb25e717eb4776a70e03fef925fa09, State: Initialized, Role: FOLLOWER
I20260713 09:08:33.858460 28827 consensus_queue.cc:260] T 5d1324ee1bcb43deb8fe55b7d0697d90 P cdbb25e717eb4776a70e03fef925fa09 [NON_LEADER]: Queue going to NON_LEADER mode. State: All replicated index: 0, Majority replicated index: 0, Committed index: 0, Last appended: 0.0, Last appended by leader: 0, Current term: 0, Majority size: -1, State: 0, Mode: NON_LEADER, active raft config: opid_index: -1 OBSOLETE_local: false peers { permanent_uuid: "975a3b980c7f4e848bb62778a895158e" member_type: VOTER last_known_addr { host: "127.26.226.193" port: 43937 } } peers { permanent_uuid: "cdbb25e717eb4776a70e03fef925fa09" member_type: VOTER last_known_addr { host: "127.26.226.194" port: 35023 } } peers { permanent_uuid: "7c3127e429de48da9b2331ee1dfb62d6" member_type: VOTER last_known_addr { host: "127.26.226.195" port: 38623 } }
I20260713 09:08:33.860647 28827 ts_tablet_manager.cc:1434] T 5d1324ee1bcb43deb8fe55b7d0697d90 P cdbb25e717eb4776a70e03fef925fa09: Time spent starting tablet: real 0.008s	user 0.003s	sys 0.002s
W20260713 09:08:33.861608 28678 outbound_call.cc:321] RPC callback for RPC call kudu.consensus.ConsensusService.RequestConsensusVote -> {remote=127.26.226.193:43937, user_credentials={real_user=slave}} blocked reactor thread for 156812us
I20260713 09:08:33.866658 28785 tablet_service.cc:1917] Received RequestConsensusVote() RPC: tablet_id: "5ee7ee45aec64a55a61c5f4de2fca53b" candidate_uuid: "cdbb25e717eb4776a70e03fef925fa09" candidate_term: 1 candidate_status { last_received { term: 0 index: 0 } } ignore_live_leader: false dest_uuid: "7c3127e429de48da9b2331ee1dfb62d6"
I20260713 09:08:33.867187 28785 raft_consensus.cc:3060] T 5ee7ee45aec64a55a61c5f4de2fca53b P 7c3127e429de48da9b2331ee1dfb62d6 [term 0 FOLLOWER]: Advancing to term 1
I20260713 09:08:33.867571 28636 tablet_service.cc:1917] Received RequestConsensusVote() RPC: tablet_id: "5ee7ee45aec64a55a61c5f4de2fca53b" candidate_uuid: "cdbb25e717eb4776a70e03fef925fa09" candidate_term: 1 candidate_status { last_received { term: 0 index: 0 } } ignore_live_leader: false dest_uuid: "975a3b980c7f4e848bb62778a895158e"
I20260713 09:08:33.868294 28636 raft_consensus.cc:2393] T 5ee7ee45aec64a55a61c5f4de2fca53b P 975a3b980c7f4e848bb62778a895158e [term 1 FOLLOWER]: Leader election vote request: Denying vote to candidate cdbb25e717eb4776a70e03fef925fa09 in current term 1: Already voted for candidate 975a3b980c7f4e848bb62778a895158e in this term.
W20260713 09:08:33.874492 28678 consensus_peers.cc:597] T 2bb1a5f677f94d9481b3719b4e8bad53 P cdbb25e717eb4776a70e03fef925fa09 -> Peer 7c3127e429de48da9b2331ee1dfb62d6 (127.26.226.195:38623): Couldn't send request to peer 7c3127e429de48da9b2331ee1dfb62d6. Error code: TABLET_NOT_RUNNING (12). Status: Illegal state: Tablet not RUNNING: INITIALIZED. This is attempt 1: this message will repeat every 5th retry.
I20260713 09:08:33.878930 28712 tablet_service.cc:1917] Received RequestConsensusVote() RPC: tablet_id: "5d1324ee1bcb43deb8fe55b7d0697d90" candidate_uuid: "7c3127e429de48da9b2331ee1dfb62d6" candidate_term: 1 candidate_status { last_received { term: 0 index: 0 } } ignore_live_leader: false dest_uuid: "cdbb25e717eb4776a70e03fef925fa09" is_pre_election: true
I20260713 09:08:33.885514 28712 raft_consensus.cc:2468] T 5d1324ee1bcb43deb8fe55b7d0697d90 P cdbb25e717eb4776a70e03fef925fa09 [term 0 FOLLOWER]: Leader pre-election vote request: Granting yes vote for candidate 7c3127e429de48da9b2331ee1dfb62d6 in term 0.
I20260713 09:08:33.885666 28713 tablet_service.cc:1917] Received RequestConsensusVote() RPC: tablet_id: "270cf89bd4dd42a5996364d965bbf9a3" candidate_uuid: "7c3127e429de48da9b2331ee1dfb62d6" candidate_term: 1 candidate_status { last_received { term: 0 index: 0 } } ignore_live_leader: false dest_uuid: "cdbb25e717eb4776a70e03fef925fa09" is_pre_election: true
I20260713 09:08:33.890729 28829 raft_consensus.cc:359] T 2a34f70807ba47ed94f15ddf2c62db1d P 975a3b980c7f4e848bb62778a895158e [term 0 FOLLOWER]: Replica starting. Triggering 0 pending ops. Active config: opid_index: -1 OBSOLETE_local: false peers { permanent_uuid: "975a3b980c7f4e848bb62778a895158e" member_type: VOTER last_known_addr { host: "127.26.226.193" port: 43937 } } peers { permanent_uuid: "cdbb25e717eb4776a70e03fef925fa09" member_type: VOTER last_known_addr { host: "127.26.226.194" port: 35023 } } peers { permanent_uuid: "7c3127e429de48da9b2331ee1dfb62d6" member_type: VOTER last_known_addr { host: "127.26.226.195" port: 38623 } }
I20260713 09:08:33.891382 28829 raft_consensus.cc:385] T 2a34f70807ba47ed94f15ddf2c62db1d P 975a3b980c7f4e848bb62778a895158e [term 0 FOLLOWER]: Consensus starting up: Expiring failure detector timer to make a prompt election more likely
I20260713 09:08:33.891672 28829 raft_consensus.cc:740] T 2a34f70807ba47ed94f15ddf2c62db1d P 975a3b980c7f4e848bb62778a895158e [term 0 FOLLOWER]: Becoming Follower/Learner. State: Replica: 975a3b980c7f4e848bb62778a895158e, State: Initialized, Role: FOLLOWER
I20260713 09:08:33.892407 28829 consensus_queue.cc:260] T 2a34f70807ba47ed94f15ddf2c62db1d P 975a3b980c7f4e848bb62778a895158e [NON_LEADER]: Queue going to NON_LEADER mode. State: All replicated index: 0, Majority replicated index: 0, Committed index: 0, Last appended: 0.0, Last appended by leader: 0, Current term: 0, Majority size: -1, State: 0, Mode: NON_LEADER, active raft config: opid_index: -1 OBSOLETE_local: false peers { permanent_uuid: "975a3b980c7f4e848bb62778a895158e" member_type: VOTER last_known_addr { host: "127.26.226.193" port: 43937 } } peers { permanent_uuid: "cdbb25e717eb4776a70e03fef925fa09" member_type: VOTER last_known_addr { host: "127.26.226.194" port: 35023 } } peers { permanent_uuid: "7c3127e429de48da9b2331ee1dfb62d6" member_type: VOTER last_known_addr { host: "127.26.226.195" port: 38623 } }
I20260713 09:08:33.893517 28785 raft_consensus.cc:2468] T 5ee7ee45aec64a55a61c5f4de2fca53b P 7c3127e429de48da9b2331ee1dfb62d6 [term 1 FOLLOWER]: Leader election vote request: Granting yes vote for candidate cdbb25e717eb4776a70e03fef925fa09 in term 1.
I20260713 09:08:33.890884 28713 raft_consensus.cc:2468] T 270cf89bd4dd42a5996364d965bbf9a3 P cdbb25e717eb4776a70e03fef925fa09 [term 0 FOLLOWER]: Leader pre-election vote request: Granting yes vote for candidate 7c3127e429de48da9b2331ee1dfb62d6 in term 0.
I20260713 09:08:33.894600 28829 ts_tablet_manager.cc:1434] T 2a34f70807ba47ed94f15ddf2c62db1d P 975a3b980c7f4e848bb62778a895158e: Time spent starting tablet: real 0.050s	user 0.008s	sys 0.002s
I20260713 09:08:33.895444 28829 tablet_bootstrap.cc:492] T 270cf89bd4dd42a5996364d965bbf9a3 P 975a3b980c7f4e848bb62778a895158e: Bootstrap starting.
I20260713 09:08:33.896780 28878 consensus_queue.cc:1048] T 2bb1a5f677f94d9481b3719b4e8bad53 P cdbb25e717eb4776a70e03fef925fa09 [LEADER]: Connected to new peer: Peer: permanent_uuid: "975a3b980c7f4e848bb62778a895158e" member_type: VOTER last_known_addr { host: "127.26.226.193" port: 43937 }, Status: LMP_MISMATCH, Last received: 0.0, Next index: 1, Last known committed idx: 0, Time since last communication: 0.000s
I20260713 09:08:33.898778 28678 leader_election.cc:304] T 5ee7ee45aec64a55a61c5f4de2fca53b P cdbb25e717eb4776a70e03fef925fa09 [CANDIDATE]: Term 1 election: Election decided. Result: candidate won. Election summary: received 3 responses out of 3 voters: 2 yes votes; 1 no votes. yes voters: 7c3127e429de48da9b2331ee1dfb62d6, cdbb25e717eb4776a70e03fef925fa09; no voters: 975a3b980c7f4e848bb62778a895158e
I20260713 09:08:33.899744 28901 raft_consensus.cc:2804] T 5ee7ee45aec64a55a61c5f4de2fca53b P cdbb25e717eb4776a70e03fef925fa09 [term 1 FOLLOWER]: Leader election won for term 1
I20260713 09:08:33.899696 28753 leader_election.cc:304] T 270cf89bd4dd42a5996364d965bbf9a3 P 7c3127e429de48da9b2331ee1dfb62d6 [CANDIDATE]: Term 1 pre-election: Election decided. Result: candidate won. Election summary: received 3 responses out of 3 voters: 2 yes votes; 1 no votes. yes voters: 7c3127e429de48da9b2331ee1dfb62d6, cdbb25e717eb4776a70e03fef925fa09; no voters: 975a3b980c7f4e848bb62778a895158e
I20260713 09:08:33.884193 28828 tablet_bootstrap.cc:492] T 2a34f70807ba47ed94f15ddf2c62db1d P 7c3127e429de48da9b2331ee1dfb62d6: No bootstrap required, opened a new log
I20260713 09:08:33.901197 28828 ts_tablet_manager.cc:1403] T 2a34f70807ba47ed94f15ddf2c62db1d P 7c3127e429de48da9b2331ee1dfb62d6: Time spent bootstrapping tablet: real 0.256s	user 0.013s	sys 0.006s
I20260713 09:08:33.900553 28901 raft_consensus.cc:697] T 5ee7ee45aec64a55a61c5f4de2fca53b P cdbb25e717eb4776a70e03fef925fa09 [term 1 LEADER]: Becoming Leader. State: Replica: cdbb25e717eb4776a70e03fef925fa09, State: Running, Role: LEADER
I20260713 09:08:33.900647 28893 raft_consensus.cc:2804] T 270cf89bd4dd42a5996364d965bbf9a3 P 7c3127e429de48da9b2331ee1dfb62d6 [term 0 FOLLOWER]: Leader pre-election won for term 1
I20260713 09:08:33.901895 28893 raft_consensus.cc:493] T 270cf89bd4dd42a5996364d965bbf9a3 P 7c3127e429de48da9b2331ee1dfb62d6 [term 0 FOLLOWER]: Starting leader election (no leader contacted us within the election timeout)
I20260713 09:08:33.903653 28893 raft_consensus.cc:3060] T 270cf89bd4dd42a5996364d965bbf9a3 P 7c3127e429de48da9b2331ee1dfb62d6 [term 0 FOLLOWER]: Advancing to term 1
I20260713 09:08:33.902465 28901 consensus_queue.cc:237] T 5ee7ee45aec64a55a61c5f4de2fca53b P cdbb25e717eb4776a70e03fef925fa09 [LEADER]: Queue going to LEADER mode. State: All replicated index: 0, Majority replicated index: 0, Committed index: 0, Last appended: 0.0, Last appended by leader: 0, Current term: 1, Majority size: 2, State: 0, Mode: LEADER, active raft config: opid_index: -1 OBSOLETE_local: false peers { permanent_uuid: "975a3b980c7f4e848bb62778a895158e" member_type: VOTER last_known_addr { host: "127.26.226.193" port: 43937 } } peers { permanent_uuid: "cdbb25e717eb4776a70e03fef925fa09" member_type: VOTER last_known_addr { host: "127.26.226.194" port: 35023 } } peers { permanent_uuid: "7c3127e429de48da9b2331ee1dfb62d6" member_type: VOTER last_known_addr { host: "127.26.226.195" port: 38623 } }
