[==========] Running 8 tests from 2 test suites.
[----------] Global test environment set-up.
[----------] 6 tests from LeaderRebalancerTest
[ RUN      ] LeaderRebalancerTest.FunctionalTestForDivided
WARNING: Logging before InitGoogleLogging() is written to STDERR
I20260713 09:08:03.814978 21795 internal_mini_cluster.cc:156] Creating distributed mini masters. Addrs: 127.21.72.254:34033
I20260713 09:08:03.816406 21795 env_posix.cc:2285] Not raising this process' open files per process limit of 1048576; it is already as high as it can go
I20260713 09:08:03.817409 21795 file_cache.cc:504] Constructed file cache file cache with capacity 419430
W20260713 09:08:03.832927 21801 instance_detector.cc:116] could not retrieve AWS instance metadata: Network error: curl error: HTTP response code said error: The requested URL returned error: 404
W20260713 09:08:03.832984 21802 instance_detector.cc:116] could not retrieve Azure instance metadata: Network error: curl error: HTTP response code said error: The requested URL returned error: 404
I20260713 09:08:03.834455 21795 server_base.cc:1061] running on GCE node
W20260713 09:08:03.833010 21804 instance_detector.cc:116] could not retrieve OpenStack instance metadata: Network error: curl error: HTTP response code said error: The requested URL returned error: 404
I20260713 09:08:04.939210 21795 hybrid_clock.cc:584] initializing the hybrid clock with 'system_unsync' time source
W20260713 09:08:04.939441 21795 system_unsync_time.cc:38] NTP support is disabled. Clock error bounds will not be accurate. This configuration is not suitable for distributed clusters.
I20260713 09:08:04.939591 21795 hybrid_clock.cc:648] HybridClock initialized: now 1783933684939576 us; error 0 us; skew 500 ppm
I20260713 09:08:04.940352 21795 server_base.cc:861] Flag tcmalloc_max_total_thread_cache_bytes is not working since tcmalloc is not enabled.
I20260713 09:08:04.945840 21795 webserver.cc:533] Webserver started at http://127.21.72.254:33121/ using document root <none> and password file <none>
I20260713 09:08:04.946677 21795 fs_manager.cc:362] Metadata directory not provided
I20260713 09:08:04.946864 21795 fs_manager.cc:368] Using write-ahead log directory (fs_wal_dir) as metadata directory
I20260713 09:08:04.947278 21795 server_base.cc:909] This appears to be a new deployment of Kudu; creating new FS layout
I20260713 09:08:04.952816 21795 fs_manager.cc:1068] Generated new instance metadata in path /tmp/dist-test-taskXpV6Fw/test-tmp/auto_leader_rebalancer-test.0.LeaderRebalancerTest.FunctionalTestForDivided.1783933683649149-21795-0/minicluster-data/master-0-root/instance:
uuid: "cfca541205834690965d35d6c659de9a"
format_stamp: "Formatted at 2026-07-13 09:08:04 on dist-test-slave-z1sg"
I20260713 09:08:04.960224 21795 fs_manager.cc:696] Time spent creating directory manager: real 0.007s	user 0.004s	sys 0.001s
I20260713 09:08:04.965158 21810 log_block_manager.cc:4127] Time spent loading block containers with low live blocks: real 0.000s	user 0.000s	sys 0.000s
I20260713 09:08:04.966351 21795 fs_manager.cc:730] Time spent opening block manager: real 0.003s	user 0.003s	sys 0.000s
I20260713 09:08:04.966667 21795 fs_manager.cc:647] Opened local filesystem: /tmp/dist-test-taskXpV6Fw/test-tmp/auto_leader_rebalancer-test.0.LeaderRebalancerTest.FunctionalTestForDivided.1783933683649149-21795-0/minicluster-data/master-0-root
uuid: "cfca541205834690965d35d6c659de9a"
format_stamp: "Formatted at 2026-07-13 09:08:04 on dist-test-slave-z1sg"
I20260713 09:08:04.966962 21795 fs_report.cc:389] FS layout report
--------------------
wal directory: /tmp/dist-test-taskXpV6Fw/test-tmp/auto_leader_rebalancer-test.0.LeaderRebalancerTest.FunctionalTestForDivided.1783933683649149-21795-0/minicluster-data/master-0-root
metadata directory: /tmp/dist-test-taskXpV6Fw/test-tmp/auto_leader_rebalancer-test.0.LeaderRebalancerTest.FunctionalTestForDivided.1783933683649149-21795-0/minicluster-data/master-0-root
1 data directories: /tmp/dist-test-taskXpV6Fw/test-tmp/auto_leader_rebalancer-test.0.LeaderRebalancerTest.FunctionalTestForDivided.1783933683649149-21795-0/minicluster-data/master-0-root/data
Total live blocks: 0
Total live bytes: 0
Total live bytes (after alignment): 0
Total number of LBM containers: 0 (0 full)
Did not check for missing blocks
Did not check for orphaned blocks
Total full LBM containers with extra space: 0 (0 repaired)
Total full LBM container extra space in bytes: 0 (0 repaired)
Total incomplete LBM containers: 0 (0 repaired)
Total LBM partial records: 0 (0 repaired)
Total corrupted LBM metadata records in RocksDB: 0 (0 repaired)
I20260713 09:08:05.035045 21795 rpc_server.cc:225] running with OpenSSL 1.1.1  11 Sep 2018
I20260713 09:08:05.036489 21795 env_posix.cc:2285] Not raising this process' running threads per effective uid limit of 18446744073709551615; it is already as high as it can go
I20260713 09:08:05.036870 21795 kserver.cc:163] Server-wide thread pool size limit: 3276
I20260713 09:08:05.102849 21795 rpc_server.cc:307] RPC server started. Bound to: 127.21.72.254:34033
I20260713 09:08:05.102926 21861 acceptor_pool.cc:272] collecting diagnostics on the listening RPC socket 127.21.72.254:34033 every 8 connection(s)
I20260713 09:08:05.110450 21862 data_dirs.cc:400] Could only allocate 1 dirs of requested 3 for tablet 00000000000000000000000000000000. 1 dirs total, 0 dirs full, 0 dirs failed
I20260713 09:08:05.131412 21862 tablet_bootstrap.cc:492] T 00000000000000000000000000000000 P cfca541205834690965d35d6c659de9a: Bootstrap starting.
I20260713 09:08:05.137181 21862 tablet_bootstrap.cc:654] T 00000000000000000000000000000000 P cfca541205834690965d35d6c659de9a: Neither blocks nor log segments found. Creating new log.
I20260713 09:08:05.139005 21862 log.cc:826] T 00000000000000000000000000000000 P cfca541205834690965d35d6c659de9a: Log is configured to *not* fsync() on all Append() calls
I20260713 09:08:05.143481 21862 tablet_bootstrap.cc:492] T 00000000000000000000000000000000 P cfca541205834690965d35d6c659de9a: No bootstrap required, opened a new log
I20260713 09:08:05.163589 21862 raft_consensus.cc:359] T 00000000000000000000000000000000 P cfca541205834690965d35d6c659de9a [term 0 FOLLOWER]: Replica starting. Triggering 0 pending ops. Active config: opid_index: -1 OBSOLETE_local: true peers { permanent_uuid: "cfca541205834690965d35d6c659de9a" member_type: VOTER }
I20260713 09:08:05.164156 21862 raft_consensus.cc:385] T 00000000000000000000000000000000 P cfca541205834690965d35d6c659de9a [term 0 FOLLOWER]: Consensus starting up: Expiring failure detector timer to make a prompt election more likely
I20260713 09:08:05.164366 21862 raft_consensus.cc:740] T 00000000000000000000000000000000 P cfca541205834690965d35d6c659de9a [term 0 FOLLOWER]: Becoming Follower/Learner. State: Replica: cfca541205834690965d35d6c659de9a, State: Initialized, Role: FOLLOWER
I20260713 09:08:05.165179 21862 consensus_queue.cc:260] T 00000000000000000000000000000000 P cfca541205834690965d35d6c659de9a [NON_LEADER]: Queue going to NON_LEADER mode. State: All replicated index: 0, Majority replicated index: 0, Committed index: 0, Last appended: 0.0, Last appended by leader: 0, Current term: 0, Majority size: -1, State: 0, Mode: NON_LEADER, active raft config: opid_index: -1 OBSOLETE_local: true peers { permanent_uuid: "cfca541205834690965d35d6c659de9a" member_type: VOTER }
I20260713 09:08:05.165689 21862 raft_consensus.cc:399] T 00000000000000000000000000000000 P cfca541205834690965d35d6c659de9a [term 0 FOLLOWER]: Only one voter in the Raft config. Triggering election immediately
I20260713 09:08:05.165934 21862 raft_consensus.cc:493] T 00000000000000000000000000000000 P cfca541205834690965d35d6c659de9a [term 0 FOLLOWER]: Starting leader election (initial election of a single-replica configuration)
I20260713 09:08:05.166227 21862 raft_consensus.cc:3060] T 00000000000000000000000000000000 P cfca541205834690965d35d6c659de9a [term 0 FOLLOWER]: Advancing to term 1
I20260713 09:08:05.170440 21862 raft_consensus.cc:515] T 00000000000000000000000000000000 P cfca541205834690965d35d6c659de9a [term 1 FOLLOWER]: Starting leader election with config: opid_index: -1 OBSOLETE_local: true peers { permanent_uuid: "cfca541205834690965d35d6c659de9a" member_type: VOTER }
I20260713 09:08:05.171168 21862 leader_election.cc:304] T 00000000000000000000000000000000 P cfca541205834690965d35d6c659de9a [CANDIDATE]: Term 1 election: Election decided. Result: candidate won. Election summary: received 1 responses out of 1 voters: 1 yes votes; 0 no votes. yes voters: cfca541205834690965d35d6c659de9a; no voters: 
I20260713 09:08:05.172829 21862 leader_election.cc:290] T 00000000000000000000000000000000 P cfca541205834690965d35d6c659de9a [CANDIDATE]: Term 1 election: Requested vote from peers 
I20260713 09:08:05.173106 21865 raft_consensus.cc:2804] T 00000000000000000000000000000000 P cfca541205834690965d35d6c659de9a [term 1 FOLLOWER]: Leader election won for term 1
I20260713 09:08:05.175482 21865 raft_consensus.cc:697] T 00000000000000000000000000000000 P cfca541205834690965d35d6c659de9a [term 1 LEADER]: Becoming Leader. State: Replica: cfca541205834690965d35d6c659de9a, State: Running, Role: LEADER
I20260713 09:08:05.176333 21865 consensus_queue.cc:237] T 00000000000000000000000000000000 P cfca541205834690965d35d6c659de9a [LEADER]: Queue going to LEADER mode. State: All replicated index: 0, Majority replicated index: 0, Committed index: 0, Last appended: 0.0, Last appended by leader: 0, Current term: 1, Majority size: 1, State: 0, Mode: LEADER, active raft config: opid_index: -1 OBSOLETE_local: true peers { permanent_uuid: "cfca541205834690965d35d6c659de9a" member_type: VOTER }
I20260713 09:08:05.177505 21862 sys_catalog.cc:565] T 00000000000000000000000000000000 P cfca541205834690965d35d6c659de9a [sys.catalog]: configured and running, proceeding with master startup.
I20260713 09:08:05.186597 21866 sys_catalog.cc:455] T 00000000000000000000000000000000 P cfca541205834690965d35d6c659de9a [sys.catalog]: SysCatalogTable state changed. Reason: New leader cfca541205834690965d35d6c659de9a. Latest consensus state: current_term: 1 leader_uuid: "cfca541205834690965d35d6c659de9a" committed_config { opid_index: -1 OBSOLETE_local: true peers { permanent_uuid: "cfca541205834690965d35d6c659de9a" member_type: VOTER } }
I20260713 09:08:05.186540 21867 sys_catalog.cc:455] T 00000000000000000000000000000000 P cfca541205834690965d35d6c659de9a [sys.catalog]: SysCatalogTable state changed. Reason: RaftConsensus started. Latest consensus state: current_term: 1 leader_uuid: "cfca541205834690965d35d6c659de9a" committed_config { opid_index: -1 OBSOLETE_local: true peers { permanent_uuid: "cfca541205834690965d35d6c659de9a" member_type: VOTER } }
I20260713 09:08:05.187350 21866 sys_catalog.cc:458] T 00000000000000000000000000000000 P cfca541205834690965d35d6c659de9a [sys.catalog]: This master's current role is: LEADER
I20260713 09:08:05.187441 21867 sys_catalog.cc:458] T 00000000000000000000000000000000 P cfca541205834690965d35d6c659de9a [sys.catalog]: This master's current role is: LEADER
I20260713 09:08:05.190759 21874 catalog_manager.cc:1511] Loading table and tablet metadata into memory...
I20260713 09:08:05.202033 21874 catalog_manager.cc:1520] Initializing Kudu cluster ID...
I20260713 09:08:05.204214 21795 internal_mini_cluster.cc:184] Waiting to initialize catalog manager on master 0
I20260713 09:08:05.217985 21874 catalog_manager.cc:1383] Generated new cluster ID: 38440b93c46d4325a1d6bee7d30b48fc
I20260713 09:08:05.218286 21874 catalog_manager.cc:1531] Initializing Kudu internal certificate authority...
I20260713 09:08:05.244550 21874 catalog_manager.cc:1406] Generated new certificate authority record
I20260713 09:08:05.246706 21874 catalog_manager.cc:1540] Loading token signing keys...
I20260713 09:08:05.266177 21874 catalog_manager.cc:6070] T 00000000000000000000000000000000 P cfca541205834690965d35d6c659de9a: Generated new TSK 0
I20260713 09:08:05.267325 21874 catalog_manager.cc:1550] Initializing in-progress tserver states...
I20260713 09:08:05.335350 21795 file_cache.cc:504] Constructed file cache file cache with capacity 419430
W20260713 09:08:05.343240 21884 instance_detector.cc:116] could not retrieve AWS instance metadata: Network error: curl error: HTTP response code said error: The requested URL returned error: 404
W20260713 09:08:05.344252 21885 instance_detector.cc:116] could not retrieve Azure instance metadata: Network error: curl error: HTTP response code said error: The requested URL returned error: 404
I20260713 09:08:05.347724 21795 server_base.cc:1061] running on GCE node
W20260713 09:08:05.347854 21887 instance_detector.cc:116] could not retrieve OpenStack instance metadata: Network error: curl error: HTTP response code said error: The requested URL returned error: 404
I20260713 09:08:05.348875 21795 hybrid_clock.cc:584] initializing the hybrid clock with 'system_unsync' time source
W20260713 09:08:05.349149 21795 system_unsync_time.cc:38] NTP support is disabled. Clock error bounds will not be accurate. This configuration is not suitable for distributed clusters.
I20260713 09:08:05.349351 21795 hybrid_clock.cc:648] HybridClock initialized: now 1783933685349333 us; error 0 us; skew 500 ppm
I20260713 09:08:05.350139 21795 server_base.cc:861] Flag tcmalloc_max_total_thread_cache_bytes is not working since tcmalloc is not enabled.
I20260713 09:08:05.353941 21795 webserver.cc:533] Webserver started at http://127.21.72.193:44673/ using document root <none> and password file <none>
I20260713 09:08:05.354620 21795 fs_manager.cc:362] Metadata directory not provided
I20260713 09:08:05.354858 21795 fs_manager.cc:368] Using write-ahead log directory (fs_wal_dir) as metadata directory
I20260713 09:08:05.355202 21795 server_base.cc:909] This appears to be a new deployment of Kudu; creating new FS layout
I20260713 09:08:05.356654 21795 fs_manager.cc:1068] Generated new instance metadata in path /tmp/dist-test-taskXpV6Fw/test-tmp/auto_leader_rebalancer-test.0.LeaderRebalancerTest.FunctionalTestForDivided.1783933683649149-21795-0/minicluster-data/ts-0-root/instance:
uuid: "2fc05edd520c48c68066811dfafc937c"
format_stamp: "Formatted at 2026-07-13 09:08:05 on dist-test-slave-z1sg"
I20260713 09:08:05.363214 21795 fs_manager.cc:696] Time spent creating directory manager: real 0.006s	user 0.009s	sys 0.000s
I20260713 09:08:05.368026 21892 log_block_manager.cc:4127] Time spent loading block containers with low live blocks: real 0.000s	user 0.000s	sys 0.000s
I20260713 09:08:05.368808 21795 fs_manager.cc:730] Time spent opening block manager: real 0.003s	user 0.001s	sys 0.001s
I20260713 09:08:05.369071 21795 fs_manager.cc:647] Opened local filesystem: /tmp/dist-test-taskXpV6Fw/test-tmp/auto_leader_rebalancer-test.0.LeaderRebalancerTest.FunctionalTestForDivided.1783933683649149-21795-0/minicluster-data/ts-0-root
uuid: "2fc05edd520c48c68066811dfafc937c"
format_stamp: "Formatted at 2026-07-13 09:08:05 on dist-test-slave-z1sg"
I20260713 09:08:05.369364 21795 fs_report.cc:389] FS layout report
--------------------
wal directory: /tmp/dist-test-taskXpV6Fw/test-tmp/auto_leader_rebalancer-test.0.LeaderRebalancerTest.FunctionalTestForDivided.1783933683649149-21795-0/minicluster-data/ts-0-root
metadata directory: /tmp/dist-test-taskXpV6Fw/test-tmp/auto_leader_rebalancer-test.0.LeaderRebalancerTest.FunctionalTestForDivided.1783933683649149-21795-0/minicluster-data/ts-0-root
1 data directories: /tmp/dist-test-taskXpV6Fw/test-tmp/auto_leader_rebalancer-test.0.LeaderRebalancerTest.FunctionalTestForDivided.1783933683649149-21795-0/minicluster-data/ts-0-root/data
Total live blocks: 0
Total live bytes: 0
Total live bytes (after alignment): 0
Total number of LBM containers: 0 (0 full)
Did not check for missing blocks
Did not check for orphaned blocks
Total full LBM containers with extra space: 0 (0 repaired)
Total full LBM container extra space in bytes: 0 (0 repaired)
Total incomplete LBM containers: 0 (0 repaired)
Total LBM partial records: 0 (0 repaired)
Total corrupted LBM metadata records in RocksDB: 0 (0 repaired)
I20260713 09:08:05.382826 21795 rpc_server.cc:225] running with OpenSSL 1.1.1  11 Sep 2018
I20260713 09:08:05.384100 21795 kserver.cc:163] Server-wide thread pool size limit: 3276
I20260713 09:08:05.386755 21795 txn_system_client.cc:432] TxnSystemClient initialization is disabled...
I20260713 09:08:05.390722 21795 ts_tablet_manager.cc:585] Loaded tablet metadata (0 total tablets, 0 live tablets)
I20260713 09:08:05.390955 21795 ts_tablet_manager.cc:531] Time spent load tablet metadata: real 0.000s	user 0.000s	sys 0.000s
I20260713 09:08:05.391186 21795 ts_tablet_manager.cc:616] Registered 0 tablets
I20260713 09:08:05.391341 21795 ts_tablet_manager.cc:595] Time spent register tablets: real 0.000s	user 0.000s	sys 0.000s
I20260713 09:08:05.484511 21795 rpc_server.cc:307] RPC server started. Bound to: 127.21.72.193:39113
I20260713 09:08:05.484557 21954 acceptor_pool.cc:272] collecting diagnostics on the listening RPC socket 127.21.72.193:39113 every 8 connection(s)
I20260713 09:08:05.492131 21795 file_cache.cc:504] Constructed file cache file cache with capacity 419430
W20260713 09:08:05.503026 21959 instance_detector.cc:116] could not retrieve AWS instance metadata: Network error: curl error: HTTP response code said error: The requested URL returned error: 404
W20260713 09:08:05.504868 21960 instance_detector.cc:116] could not retrieve Azure instance metadata: Network error: curl error: HTTP response code said error: The requested URL returned error: 404
W20260713 09:08:05.512203 21963 instance_detector.cc:116] could not retrieve OpenStack instance metadata: Network error: curl error: HTTP response code said error: The requested URL returned error: 404
I20260713 09:08:05.513599 21795 server_base.cc:1061] running on GCE node
I20260713 09:08:05.514503 21795 hybrid_clock.cc:584] initializing the hybrid clock with 'system_unsync' time source
W20260713 09:08:05.514791 21795 system_unsync_time.cc:38] NTP support is disabled. Clock error bounds will not be accurate. This configuration is not suitable for distributed clusters.
I20260713 09:08:05.514994 21795 hybrid_clock.cc:648] HybridClock initialized: now 1783933685514977 us; error 0 us; skew 500 ppm
I20260713 09:08:05.515610 21795 server_base.cc:861] Flag tcmalloc_max_total_thread_cache_bytes is not working since tcmalloc is not enabled.
I20260713 09:08:05.519333 21795 webserver.cc:533] Webserver started at http://127.21.72.194:39725/ using document root <none> and password file <none>
I20260713 09:08:05.520001 21795 fs_manager.cc:362] Metadata directory not provided
I20260713 09:08:05.520249 21795 fs_manager.cc:368] Using write-ahead log directory (fs_wal_dir) as metadata directory
I20260713 09:08:05.520589 21795 server_base.cc:909] This appears to be a new deployment of Kudu; creating new FS layout
I20260713 09:08:05.521790 21795 fs_manager.cc:1068] Generated new instance metadata in path /tmp/dist-test-taskXpV6Fw/test-tmp/auto_leader_rebalancer-test.0.LeaderRebalancerTest.FunctionalTestForDivided.1783933683649149-21795-0/minicluster-data/ts-1-root/instance:
uuid: "3c336619ae0844418c396947e4216fbd"
format_stamp: "Formatted at 2026-07-13 09:08:05 on dist-test-slave-z1sg"
I20260713 09:08:05.522104 21955 heartbeater.cc:344] Connected to a master server at 127.21.72.254:34033
I20260713 09:08:05.522575 21955 heartbeater.cc:461] Registering TS with master...
I20260713 09:08:05.523723 21955 heartbeater.cc:507] Master 127.21.72.254:34033 requested a full tablet report, sending...
I20260713 09:08:05.527187 21827 ts_manager.cc:194] Registered new tserver with Master: 2fc05edd520c48c68066811dfafc937c (127.21.72.193:39113)
I20260713 09:08:05.528136 21795 fs_manager.cc:696] Time spent creating directory manager: real 0.006s	user 0.005s	sys 0.001s
I20260713 09:08:05.530194 21827 master_service.cc:502] Signed X509 certificate for tserver {username='slave'} at 127.0.0.1:41980
I20260713 09:08:05.532308 21967 log_block_manager.cc:4127] Time spent loading block containers with low live blocks: real 0.000s	user 0.000s	sys 0.000s
I20260713 09:08:05.533213 21795 fs_manager.cc:730] Time spent opening block manager: real 0.003s	user 0.002s	sys 0.000s
I20260713 09:08:05.533547 21795 fs_manager.cc:647] Opened local filesystem: /tmp/dist-test-taskXpV6Fw/test-tmp/auto_leader_rebalancer-test.0.LeaderRebalancerTest.FunctionalTestForDivided.1783933683649149-21795-0/minicluster-data/ts-1-root
uuid: "3c336619ae0844418c396947e4216fbd"
format_stamp: "Formatted at 2026-07-13 09:08:05 on dist-test-slave-z1sg"
I20260713 09:08:05.533892 21795 fs_report.cc:389] FS layout report
--------------------
wal directory: /tmp/dist-test-taskXpV6Fw/test-tmp/auto_leader_rebalancer-test.0.LeaderRebalancerTest.FunctionalTestForDivided.1783933683649149-21795-0/minicluster-data/ts-1-root
metadata directory: /tmp/dist-test-taskXpV6Fw/test-tmp/auto_leader_rebalancer-test.0.LeaderRebalancerTest.FunctionalTestForDivided.1783933683649149-21795-0/minicluster-data/ts-1-root
1 data directories: /tmp/dist-test-taskXpV6Fw/test-tmp/auto_leader_rebalancer-test.0.LeaderRebalancerTest.FunctionalTestForDivided.1783933683649149-21795-0/minicluster-data/ts-1-root/data
Total live blocks: 0
Total live bytes: 0
Total live bytes (after alignment): 0
Total number of LBM containers: 0 (0 full)
Did not check for missing blocks
Did not check for orphaned blocks
Total full LBM containers with extra space: 0 (0 repaired)
Total full LBM container extra space in bytes: 0 (0 repaired)
Total incomplete LBM containers: 0 (0 repaired)
Total LBM partial records: 0 (0 repaired)
Total corrupted LBM metadata records in RocksDB: 0 (0 repaired)
I20260713 09:08:05.554806 21795 rpc_server.cc:225] running with OpenSSL 1.1.1  11 Sep 2018
I20260713 09:08:05.556411 21795 kserver.cc:163] Server-wide thread pool size limit: 3276
I20260713 09:08:05.558882 21795 txn_system_client.cc:432] TxnSystemClient initialization is disabled...
I20260713 09:08:05.562433 21795 ts_tablet_manager.cc:585] Loaded tablet metadata (0 total tablets, 0 live tablets)
I20260713 09:08:05.562690 21795 ts_tablet_manager.cc:531] Time spent load tablet metadata: real 0.000s	user 0.000s	sys 0.000s
I20260713 09:08:05.562958 21795 ts_tablet_manager.cc:616] Registered 0 tablets
I20260713 09:08:05.563172 21795 ts_tablet_manager.cc:595] Time spent register tablets: real 0.000s	user 0.000s	sys 0.000s
I20260713 09:08:05.646200 21795 rpc_server.cc:307] RPC server started. Bound to: 127.21.72.194:40471
I20260713 09:08:05.646409 22029 acceptor_pool.cc:272] collecting diagnostics on the listening RPC socket 127.21.72.194:40471 every 8 connection(s)
I20260713 09:08:05.653535 21795 file_cache.cc:504] Constructed file cache file cache with capacity 419430
W20260713 09:08:05.661336 22033 instance_detector.cc:116] could not retrieve AWS instance metadata: Network error: curl error: HTTP response code said error: The requested URL returned error: 404
W20260713 09:08:05.663141 22034 instance_detector.cc:116] could not retrieve Azure instance metadata: Network error: curl error: HTTP response code said error: The requested URL returned error: 404
I20260713 09:08:05.666271 22030 heartbeater.cc:344] Connected to a master server at 127.21.72.254:34033
I20260713 09:08:05.666724 22030 heartbeater.cc:461] Registering TS with master...
W20260713 09:08:05.667236 22036 instance_detector.cc:116] could not retrieve OpenStack instance metadata: Network error: curl error: HTTP response code said error: The requested URL returned error: 404
I20260713 09:08:05.667800 22030 heartbeater.cc:507] Master 127.21.72.254:34033 requested a full tablet report, sending...
I20260713 09:08:05.670339 21827 ts_manager.cc:194] Registered new tserver with Master: 3c336619ae0844418c396947e4216fbd (127.21.72.194:40471)
I20260713 09:08:05.671065 21795 server_base.cc:1061] running on GCE node
I20260713 09:08:05.671988 21795 hybrid_clock.cc:584] initializing the hybrid clock with 'system_unsync' time source
W20260713 09:08:05.672181 21795 system_unsync_time.cc:38] NTP support is disabled. Clock error bounds will not be accurate. This configuration is not suitable for distributed clusters.
I20260713 09:08:05.672116 21827 master_service.cc:502] Signed X509 certificate for tserver {username='slave'} at 127.0.0.1:41994
I20260713 09:08:05.672426 21795 hybrid_clock.cc:648] HybridClock initialized: now 1783933685672406 us; error 0 us; skew 500 ppm
I20260713 09:08:05.673036 21795 server_base.cc:861] Flag tcmalloc_max_total_thread_cache_bytes is not working since tcmalloc is not enabled.
I20260713 09:08:05.675712 21795 webserver.cc:533] Webserver started at http://127.21.72.195:42653/ using document root <none> and password file <none>
I20260713 09:08:05.676162 21795 fs_manager.cc:362] Metadata directory not provided
I20260713 09:08:05.676348 21795 fs_manager.cc:368] Using write-ahead log directory (fs_wal_dir) as metadata directory
I20260713 09:08:05.676580 21795 server_base.cc:909] This appears to be a new deployment of Kudu; creating new FS layout
I20260713 09:08:05.677698 21795 fs_manager.cc:1068] Generated new instance metadata in path /tmp/dist-test-taskXpV6Fw/test-tmp/auto_leader_rebalancer-test.0.LeaderRebalancerTest.FunctionalTestForDivided.1783933683649149-21795-0/minicluster-data/ts-2-root/instance:
uuid: "830a1faa351946d987e958ec1d0dda82"
format_stamp: "Formatted at 2026-07-13 09:08:05 on dist-test-slave-z1sg"
I20260713 09:08:05.682171 21795 fs_manager.cc:696] Time spent creating directory manager: real 0.004s	user 0.002s	sys 0.001s
I20260713 09:08:05.685478 22041 log_block_manager.cc:4127] Time spent loading block containers with low live blocks: real 0.000s	user 0.000s	sys 0.000s
I20260713 09:08:05.686395 21795 fs_manager.cc:730] Time spent opening block manager: real 0.003s	user 0.002s	sys 0.001s
I20260713 09:08:05.686733 21795 fs_manager.cc:647] Opened local filesystem: /tmp/dist-test-taskXpV6Fw/test-tmp/auto_leader_rebalancer-test.0.LeaderRebalancerTest.FunctionalTestForDivided.1783933683649149-21795-0/minicluster-data/ts-2-root
uuid: "830a1faa351946d987e958ec1d0dda82"
format_stamp: "Formatted at 2026-07-13 09:08:05 on dist-test-slave-z1sg"
I20260713 09:08:05.686995 21795 fs_report.cc:389] FS layout report
--------------------
wal directory: /tmp/dist-test-taskXpV6Fw/test-tmp/auto_leader_rebalancer-test.0.LeaderRebalancerTest.FunctionalTestForDivided.1783933683649149-21795-0/minicluster-data/ts-2-root
metadata directory: /tmp/dist-test-taskXpV6Fw/test-tmp/auto_leader_rebalancer-test.0.LeaderRebalancerTest.FunctionalTestForDivided.1783933683649149-21795-0/minicluster-data/ts-2-root
1 data directories: /tmp/dist-test-taskXpV6Fw/test-tmp/auto_leader_rebalancer-test.0.LeaderRebalancerTest.FunctionalTestForDivided.1783933683649149-21795-0/minicluster-data/ts-2-root/data
Total live blocks: 0
Total live bytes: 0
Total live bytes (after alignment): 0
Total number of LBM containers: 0 (0 full)
Did not check for missing blocks
Did not check for orphaned blocks
Total full LBM containers with extra space: 0 (0 repaired)
Total full LBM container extra space in bytes: 0 (0 repaired)
Total incomplete LBM containers: 0 (0 repaired)
Total LBM partial records: 0 (0 repaired)
Total corrupted LBM metadata records in RocksDB: 0 (0 repaired)
I20260713 09:08:05.701527 21795 rpc_server.cc:225] running with OpenSSL 1.1.1  11 Sep 2018
I20260713 09:08:05.702744 21795 kserver.cc:163] Server-wide thread pool size limit: 3276
I20260713 09:08:05.704942 21795 txn_system_client.cc:432] TxnSystemClient initialization is disabled...
I20260713 09:08:05.706964 21795 ts_tablet_manager.cc:585] Loaded tablet metadata (0 total tablets, 0 live tablets)
I20260713 09:08:05.707161 21795 ts_tablet_manager.cc:531] Time spent load tablet metadata: real 0.000s	user 0.000s	sys 0.000s
I20260713 09:08:05.707374 21795 ts_tablet_manager.cc:616] Registered 0 tablets
I20260713 09:08:05.707523 21795 ts_tablet_manager.cc:595] Time spent register tablets: real 0.000s	user 0.000s	sys 0.000s
I20260713 09:08:05.788472 21795 rpc_server.cc:307] RPC server started. Bound to: 127.21.72.195:40363
I20260713 09:08:05.788568 22103 acceptor_pool.cc:272] collecting diagnostics on the listening RPC socket 127.21.72.195:40363 every 8 connection(s)
I20260713 09:08:05.804738 22104 heartbeater.cc:344] Connected to a master server at 127.21.72.254:34033
I20260713 09:08:05.805145 22104 heartbeater.cc:461] Registering TS with master...
I20260713 09:08:05.805882 22104 heartbeater.cc:507] Master 127.21.72.254:34033 requested a full tablet report, sending...
I20260713 09:08:05.807789 21827 ts_manager.cc:194] Registered new tserver with Master: 830a1faa351946d987e958ec1d0dda82 (127.21.72.195:40363)
I20260713 09:08:05.808486 21795 internal_mini_cluster.cc:371] 3 TS(s) registered with all masters after 0.014611236s
I20260713 09:08:05.809252 21827 master_service.cc:502] Signed X509 certificate for tserver {username='slave'} at 127.0.0.1:42000
I20260713 09:08:05.855971 21827 catalog_manager.cc:2283] Servicing CreateTable request from {username='slave'} at 127.0.0.1:42002:
name: "test-workload"
schema {
  columns {
    name: "key"
    type: INT32
    is_key: true
    is_nullable: false
    encoding: AUTO_ENCODING
    compression: DEFAULT_COMPRESSION
    cfile_block_size: 0
    immutable: false
  }
  columns {
    name: "int_val"
    type: INT32
    is_key: false
    is_nullable: false
    encoding: AUTO_ENCODING
    compression: DEFAULT_COMPRESSION
    cfile_block_size: 0
    immutable: false
  }
  columns {
    name: "string_val"
    type: STRING
    is_key: false
    is_nullable: true
    encoding: AUTO_ENCODING
    compression: DEFAULT_COMPRESSION
    cfile_block_size: 0
    immutable: false
  }
}
num_replicas: 3
split_rows_range_bounds {
  rows: "\004\001\000\216\3438\016\004\001\000\034\307q\034\004\001\000\252\252\252*\004\001\0008\216\3438\004\001\000\306q\034G\004\001\000TUUU\004\001\000\3428\216c\004\001\000p\034\307q""\004\001\000\216\3438\016\004\001\000\034\307q\034\004\001\000\252\252\252*\004\001\0008\216\3438\004\001\000\306q\034G\004\001\000TUUU\004\001\000\3428\216c\004\001\000p\034\307q"
  indirect_data: """"
}
partition_schema {
  range_schema {
    columns {
      name: "key"
    }
  }
}
W20260713 09:08:05.859495 21827 catalog_manager.cc:7077] The number of live tablet servers is not enough to re-replicate a tablet replica of the newly created table test-workload in case of a server failure: 4 tablet servers would be needed, 3 are available. Consider bringing up more tablet servers.
I20260713 09:08:05.954756 22068 tablet_service.cc:1511] Processing CreateTablet for tablet a6a62c35362e4f59b655ed7b477e3433 (DEFAULT_TABLE table=test-workload [id=8f3cee9914f04a53b63369bba1692578]), partition=RANGE (key) PARTITION 238609294 <= VALUES < 477218588
I20260713 09:08:05.955538 22069 tablet_service.cc:1511] Processing CreateTablet for tablet f9d463d80ae3405bbba791e3a2a963da (DEFAULT_TABLE table=test-workload [id=8f3cee9914f04a53b63369bba1692578]), partition=RANGE (key) PARTITION VALUES < 238609294
I20260713 09:08:05.956590 22068 data_dirs.cc:400] Could only allocate 1 dirs of requested 3 for tablet a6a62c35362e4f59b655ed7b477e3433. 1 dirs total, 0 dirs full, 0 dirs failed
I20260713 09:08:05.957662 22069 data_dirs.cc:400] Could only allocate 1 dirs of requested 3 for tablet f9d463d80ae3405bbba791e3a2a963da. 1 dirs total, 0 dirs full, 0 dirs failed
I20260713 09:08:05.960780 22067 tablet_service.cc:1511] Processing CreateTablet for tablet 8f719bf31ccf408a81c67dff39e37021 (DEFAULT_TABLE table=test-workload [id=8f3cee9914f04a53b63369bba1692578]), partition=RANGE (key) PARTITION 477218588 <= VALUES < 715827882
I20260713 09:08:05.961650 22066 tablet_service.cc:1511] Processing CreateTablet for tablet 83020145f8054ca2844df8e987997d87 (DEFAULT_TABLE table=test-workload [id=8f3cee9914f04a53b63369bba1692578]), partition=RANGE (key) PARTITION 715827882 <= VALUES < 954437176
I20260713 09:08:05.962184 22067 data_dirs.cc:400] Could only allocate 1 dirs of requested 3 for tablet 8f719bf31ccf408a81c67dff39e37021. 1 dirs total, 0 dirs full, 0 dirs failed
I20260713 09:08:05.963021 22066 data_dirs.cc:400] Could only allocate 1 dirs of requested 3 for tablet 83020145f8054ca2844df8e987997d87. 1 dirs total, 0 dirs full, 0 dirs failed
I20260713 09:08:05.968473 22065 tablet_service.cc:1511] Processing CreateTablet for tablet 879dc8d804064f6b830932d1790a2a83 (DEFAULT_TABLE table=test-workload [id=8f3cee9914f04a53b63369bba1692578]), partition=RANGE (key) PARTITION 954437176 <= VALUES < 1193046470
I20260713 09:08:05.969790 22065 data_dirs.cc:400] Could only allocate 1 dirs of requested 3 for tablet 879dc8d804064f6b830932d1790a2a83. 1 dirs total, 0 dirs full, 0 dirs failed
I20260713 09:08:05.970625 22064 tablet_service.cc:1511] Processing CreateTablet for tablet fbe1295628764c77ae7bc7439eb6d874 (DEFAULT_TABLE table=test-workload [id=8f3cee9914f04a53b63369bba1692578]), partition=RANGE (key) PARTITION 1193046470 <= VALUES < 1431655764
I20260713 09:08:05.971933 22064 data_dirs.cc:400] Could only allocate 1 dirs of requested 3 for tablet fbe1295628764c77ae7bc7439eb6d874. 1 dirs total, 0 dirs full, 0 dirs failed
I20260713 09:08:05.975106 22063 tablet_service.cc:1511] Processing CreateTablet for tablet d45325ec91b5422a84ca25f92fa6c230 (DEFAULT_TABLE table=test-workload [id=8f3cee9914f04a53b63369bba1692578]), partition=RANGE (key) PARTITION 1431655764 <= VALUES < 1670265058
I20260713 09:08:05.976344 22063 data_dirs.cc:400] Could only allocate 1 dirs of requested 3 for tablet d45325ec91b5422a84ca25f92fa6c230. 1 dirs total, 0 dirs full, 0 dirs failed
I20260713 09:08:05.980109 22062 tablet_service.cc:1511] Processing CreateTablet for tablet d26438492f1e4d5e9d3851531ad4105c (DEFAULT_TABLE table=test-workload [id=8f3cee9914f04a53b63369bba1692578]), partition=RANGE (key) PARTITION 1670265058 <= VALUES < 1908874352
I20260713 09:08:05.981411 22062 data_dirs.cc:400] Could only allocate 1 dirs of requested 3 for tablet d26438492f1e4d5e9d3851531ad4105c. 1 dirs total, 0 dirs full, 0 dirs failed
I20260713 09:08:05.983911 22061 tablet_service.cc:1511] Processing CreateTablet for tablet 03262271faec41d4ab4a0261c32d3705 (DEFAULT_TABLE table=test-workload [id=8f3cee9914f04a53b63369bba1692578]), partition=RANGE (key) PARTITION 1908874352 <= VALUES
I20260713 09:08:05.985127 22061 data_dirs.cc:400] Could only allocate 1 dirs of requested 3 for tablet 03262271faec41d4ab4a0261c32d3705. 1 dirs total, 0 dirs full, 0 dirs failed
I20260713 09:08:06.008824 22122 tablet_bootstrap.cc:492] T 879dc8d804064f6b830932d1790a2a83 P 830a1faa351946d987e958ec1d0dda82: Bootstrap starting.
I20260713 09:08:06.014793 21918 tablet_service.cc:1511] Processing CreateTablet for tablet 8f719bf31ccf408a81c67dff39e37021 (DEFAULT_TABLE table=test-workload [id=8f3cee9914f04a53b63369bba1692578]), partition=RANGE (key) PARTITION 477218588 <= VALUES < 715827882
I20260713 09:08:06.015568 22122 tablet_bootstrap.cc:654] T 879dc8d804064f6b830932d1790a2a83 P 830a1faa351946d987e958ec1d0dda82: Neither blocks nor log segments found. Creating new log.
I20260713 09:08:06.016167 21918 data_dirs.cc:400] Could only allocate 1 dirs of requested 3 for tablet 8f719bf31ccf408a81c67dff39e37021. 1 dirs total, 0 dirs full, 0 dirs failed
I20260713 09:08:06.016031 21919 tablet_service.cc:1511] Processing CreateTablet for tablet a6a62c35362e4f59b655ed7b477e3433 (DEFAULT_TABLE table=test-workload [id=8f3cee9914f04a53b63369bba1692578]), partition=RANGE (key) PARTITION 238609294 <= VALUES < 477218588
I20260713 09:08:06.018267 21912 tablet_service.cc:1511] Processing CreateTablet for tablet 03262271faec41d4ab4a0261c32d3705 (DEFAULT_TABLE table=test-workload [id=8f3cee9914f04a53b63369bba1692578]), partition=RANGE (key) PARTITION 1908874352 <= VALUES
I20260713 09:08:06.018627 21917 tablet_service.cc:1511] Processing CreateTablet for tablet 83020145f8054ca2844df8e987997d87 (DEFAULT_TABLE table=test-workload [id=8f3cee9914f04a53b63369bba1692578]), partition=RANGE (key) PARTITION 715827882 <= VALUES < 954437176
I20260713 09:08:06.013249 21920 tablet_service.cc:1511] Processing CreateTablet for tablet f9d463d80ae3405bbba791e3a2a963da (DEFAULT_TABLE table=test-workload [id=8f3cee9914f04a53b63369bba1692578]), partition=RANGE (key) PARTITION VALUES < 238609294
I20260713 09:08:06.020906 21916 tablet_service.cc:1511] Processing CreateTablet for tablet 879dc8d804064f6b830932d1790a2a83 (DEFAULT_TABLE table=test-workload [id=8f3cee9914f04a53b63369bba1692578]), partition=RANGE (key) PARTITION 954437176 <= VALUES < 1193046470
I20260713 09:08:06.023108 21915 tablet_service.cc:1511] Processing CreateTablet for tablet fbe1295628764c77ae7bc7439eb6d874 (DEFAULT_TABLE table=test-workload [id=8f3cee9914f04a53b63369bba1692578]), partition=RANGE (key) PARTITION 1193046470 <= VALUES < 1431655764
I20260713 09:08:06.024216 21995 tablet_service.cc:1511] Processing CreateTablet for tablet f9d463d80ae3405bbba791e3a2a963da (DEFAULT_TABLE table=test-workload [id=8f3cee9914f04a53b63369bba1692578]), partition=RANGE (key) PARTITION VALUES < 238609294
I20260713 09:08:06.025413 21995 data_dirs.cc:400] Could only allocate 1 dirs of requested 3 for tablet f9d463d80ae3405bbba791e3a2a963da. 1 dirs total, 0 dirs full, 0 dirs failed
I20260713 09:08:06.026077 21990 tablet_service.cc:1511] Processing CreateTablet for tablet fbe1295628764c77ae7bc7439eb6d874 (DEFAULT_TABLE table=test-workload [id=8f3cee9914f04a53b63369bba1692578]), partition=RANGE (key) PARTITION 1193046470 <= VALUES < 1431655764
I20260713 09:08:06.026634 21913 tablet_service.cc:1511] Processing CreateTablet for tablet d26438492f1e4d5e9d3851531ad4105c (DEFAULT_TABLE table=test-workload [id=8f3cee9914f04a53b63369bba1692578]), partition=RANGE (key) PARTITION 1670265058 <= VALUES < 1908874352
I20260713 09:08:06.027297 21990 data_dirs.cc:400] Could only allocate 1 dirs of requested 3 for tablet fbe1295628764c77ae7bc7439eb6d874. 1 dirs total, 0 dirs full, 0 dirs failed
I20260713 09:08:06.027050 21993 tablet_service.cc:1511] Processing CreateTablet for tablet 8f719bf31ccf408a81c67dff39e37021 (DEFAULT_TABLE table=test-workload [id=8f3cee9914f04a53b63369bba1692578]), partition=RANGE (key) PARTITION 477218588 <= VALUES < 715827882
I20260713 09:08:06.028247 21993 data_dirs.cc:400] Could only allocate 1 dirs of requested 3 for tablet 8f719bf31ccf408a81c67dff39e37021. 1 dirs total, 0 dirs full, 0 dirs failed
I20260713 09:08:06.030222 21994 tablet_service.cc:1511] Processing CreateTablet for tablet a6a62c35362e4f59b655ed7b477e3433 (DEFAULT_TABLE table=test-workload [id=8f3cee9914f04a53b63369bba1692578]), partition=RANGE (key) PARTITION 238609294 <= VALUES < 477218588
I20260713 09:08:06.030676 21989 tablet_service.cc:1511] Processing CreateTablet for tablet d45325ec91b5422a84ca25f92fa6c230 (DEFAULT_TABLE table=test-workload [id=8f3cee9914f04a53b63369bba1692578]), partition=RANGE (key) PARTITION 1431655764 <= VALUES < 1670265058
I20260713 09:08:06.031495 21994 data_dirs.cc:400] Could only allocate 1 dirs of requested 3 for tablet a6a62c35362e4f59b655ed7b477e3433. 1 dirs total, 0 dirs full, 0 dirs failed
I20260713 09:08:06.025314 21914 tablet_service.cc:1511] Processing CreateTablet for tablet d45325ec91b5422a84ca25f92fa6c230 (DEFAULT_TABLE table=test-workload [id=8f3cee9914f04a53b63369bba1692578]), partition=RANGE (key) PARTITION 1431655764 <= VALUES < 1670265058
I20260713 09:08:06.032936 21989 data_dirs.cc:400] Could only allocate 1 dirs of requested 3 for tablet d45325ec91b5422a84ca25f92fa6c230. 1 dirs total, 0 dirs full, 0 dirs failed
I20260713 09:08:06.017323 21919 data_dirs.cc:400] Could only allocate 1 dirs of requested 3 for tablet a6a62c35362e4f59b655ed7b477e3433. 1 dirs total, 0 dirs full, 0 dirs failed
I20260713 09:08:06.037170 21988 tablet_service.cc:1511] Processing CreateTablet for tablet d26438492f1e4d5e9d3851531ad4105c (DEFAULT_TABLE table=test-workload [id=8f3cee9914f04a53b63369bba1692578]), partition=RANGE (key) PARTITION 1670265058 <= VALUES < 1908874352
I20260713 09:08:06.038417 21988 data_dirs.cc:400] Could only allocate 1 dirs of requested 3 for tablet d26438492f1e4d5e9d3851531ad4105c. 1 dirs total, 0 dirs full, 0 dirs failed
I20260713 09:08:06.041882 21913 data_dirs.cc:400] Could only allocate 1 dirs of requested 3 for tablet d26438492f1e4d5e9d3851531ad4105c. 1 dirs total, 0 dirs full, 0 dirs failed
I20260713 09:08:06.030666 21992 tablet_service.cc:1511] Processing CreateTablet for tablet 83020145f8054ca2844df8e987997d87 (DEFAULT_TABLE table=test-workload [id=8f3cee9914f04a53b63369bba1692578]), partition=RANGE (key) PARTITION 715827882 <= VALUES < 954437176
I20260713 09:08:06.046809 21912 data_dirs.cc:400] Could only allocate 1 dirs of requested 3 for tablet 03262271faec41d4ab4a0261c32d3705. 1 dirs total, 0 dirs full, 0 dirs failed
I20260713 09:08:06.043362 21991 tablet_service.cc:1511] Processing CreateTablet for tablet 879dc8d804064f6b830932d1790a2a83 (DEFAULT_TABLE table=test-workload [id=8f3cee9914f04a53b63369bba1692578]), partition=RANGE (key) PARTITION 954437176 <= VALUES < 1193046470
I20260713 09:08:06.049904 21987 tablet_service.cc:1511] Processing CreateTablet for tablet 03262271faec41d4ab4a0261c32d3705 (DEFAULT_TABLE table=test-workload [id=8f3cee9914f04a53b63369bba1692578]), partition=RANGE (key) PARTITION 1908874352 <= VALUES
I20260713 09:08:06.058882 21920 data_dirs.cc:400] Could only allocate 1 dirs of requested 3 for tablet f9d463d80ae3405bbba791e3a2a963da. 1 dirs total, 0 dirs full, 0 dirs failed
I20260713 09:08:06.061228 21991 data_dirs.cc:400] Could only allocate 1 dirs of requested 3 for tablet 879dc8d804064f6b830932d1790a2a83. 1 dirs total, 0 dirs full, 0 dirs failed
I20260713 09:08:06.076361 21917 data_dirs.cc:400] Could only allocate 1 dirs of requested 3 for tablet 83020145f8054ca2844df8e987997d87. 1 dirs total, 0 dirs full, 0 dirs failed
I20260713 09:08:06.079860 21992 data_dirs.cc:400] Could only allocate 1 dirs of requested 3 for tablet 83020145f8054ca2844df8e987997d87. 1 dirs total, 0 dirs full, 0 dirs failed
I20260713 09:08:06.093478 21987 data_dirs.cc:400] Could only allocate 1 dirs of requested 3 for tablet 03262271faec41d4ab4a0261c32d3705. 1 dirs total, 0 dirs full, 0 dirs failed
I20260713 09:08:06.096282 21914 data_dirs.cc:400] Could only allocate 1 dirs of requested 3 for tablet d45325ec91b5422a84ca25f92fa6c230. 1 dirs total, 0 dirs full, 0 dirs failed
I20260713 09:08:06.103173 22122 tablet_bootstrap.cc:492] T 879dc8d804064f6b830932d1790a2a83 P 830a1faa351946d987e958ec1d0dda82: No bootstrap required, opened a new log
I20260713 09:08:06.106040 22122 ts_tablet_manager.cc:1403] T 879dc8d804064f6b830932d1790a2a83 P 830a1faa351946d987e958ec1d0dda82: Time spent bootstrapping tablet: real 0.098s	user 0.015s	sys 0.007s
I20260713 09:08:06.110574 21915 data_dirs.cc:400] Could only allocate 1 dirs of requested 3 for tablet fbe1295628764c77ae7bc7439eb6d874. 1 dirs total, 0 dirs full, 0 dirs failed
I20260713 09:08:06.135232 21916 data_dirs.cc:400] Could only allocate 1 dirs of requested 3 for tablet 879dc8d804064f6b830932d1790a2a83. 1 dirs total, 0 dirs full, 0 dirs failed
I20260713 09:08:06.112404 22122 raft_consensus.cc:359] T 879dc8d804064f6b830932d1790a2a83 P 830a1faa351946d987e958ec1d0dda82 [term 0 FOLLOWER]: Replica starting. Triggering 0 pending ops. Active config: opid_index: -1 OBSOLETE_local: false peers { permanent_uuid: "2fc05edd520c48c68066811dfafc937c" member_type: VOTER last_known_addr { host: "127.21.72.193" port: 39113 } } peers { permanent_uuid: "3c336619ae0844418c396947e4216fbd" member_type: VOTER last_known_addr { host: "127.21.72.194" port: 40471 } } peers { permanent_uuid: "830a1faa351946d987e958ec1d0dda82" member_type: VOTER last_known_addr { host: "127.21.72.195" port: 40363 } }
I20260713 09:08:06.137578 22122 raft_consensus.cc:385] T 879dc8d804064f6b830932d1790a2a83 P 830a1faa351946d987e958ec1d0dda82 [term 0 FOLLOWER]: Consensus starting up: Expiring failure detector timer to make a prompt election more likely
I20260713 09:08:06.139475 22122 raft_consensus.cc:740] T 879dc8d804064f6b830932d1790a2a83 P 830a1faa351946d987e958ec1d0dda82 [term 0 FOLLOWER]: Becoming Follower/Learner. State: Replica: 830a1faa351946d987e958ec1d0dda82, State: Initialized, Role: FOLLOWER
I20260713 09:08:06.140447 22122 consensus_queue.cc:260] T 879dc8d804064f6b830932d1790a2a83 P 830a1faa351946d987e958ec1d0dda82 [NON_LEADER]: Queue going to NON_LEADER mode. State: All replicated index: 0, Majority replicated index: 0, Committed index: 0, Last appended: 0.0, Last appended by leader: 0, Current term: 0, Majority size: -1, State: 0, Mode: NON_LEADER, active raft config: opid_index: -1 OBSOLETE_local: false peers { permanent_uuid: "2fc05edd520c48c68066811dfafc937c" member_type: VOTER last_known_addr { host: "127.21.72.193" port: 39113 } } peers { permanent_uuid: "3c336619ae0844418c396947e4216fbd" member_type: VOTER last_known_addr { host: "127.21.72.194" port: 40471 } } peers { permanent_uuid: "830a1faa351946d987e958ec1d0dda82" member_type: VOTER last_known_addr { host: "127.21.72.195" port: 40363 } }
I20260713 09:08:06.187284 22104 heartbeater.cc:499] Master 127.21.72.254:34033 was elected leader, sending a full tablet report...
W20260713 09:08:06.196596 21875 auto_rebalancer.cc:288] Could not retrieve cluster info: Service unavailable: Tablet not running
I20260713 09:08:06.207544 22125 tablet_bootstrap.cc:492] T a6a62c35362e4f59b655ed7b477e3433 P 2fc05edd520c48c68066811dfafc937c: Bootstrap starting.
I20260713 09:08:06.215296 22124 raft_consensus.cc:493] T 879dc8d804064f6b830932d1790a2a83 P 830a1faa351946d987e958ec1d0dda82 [term 0 FOLLOWER]: Starting pre-election (no leader contacted us within the election timeout)
I20260713 09:08:06.216081 22122 ts_tablet_manager.cc:1434] T 879dc8d804064f6b830932d1790a2a83 P 830a1faa351946d987e958ec1d0dda82: Time spent starting tablet: real 0.110s	user 0.017s	sys 0.018s
I20260713 09:08:06.215832 22124 raft_consensus.cc:515] T 879dc8d804064f6b830932d1790a2a83 P 830a1faa351946d987e958ec1d0dda82 [term 0 FOLLOWER]: Starting pre-election with config: opid_index: -1 OBSOLETE_local: false peers { permanent_uuid: "2fc05edd520c48c68066811dfafc937c" member_type: VOTER last_known_addr { host: "127.21.72.193" port: 39113 } } peers { permanent_uuid: "3c336619ae0844418c396947e4216fbd" member_type: VOTER last_known_addr { host: "127.21.72.194" port: 40471 } } peers { permanent_uuid: "830a1faa351946d987e958ec1d0dda82" member_type: VOTER last_known_addr { host: "127.21.72.195" port: 40363 } }
I20260713 09:08:06.226257 22124 leader_election.cc:290] T 879dc8d804064f6b830932d1790a2a83 P 830a1faa351946d987e958ec1d0dda82 [CANDIDATE]: Term 1 pre-election: Requested pre-vote from peers 2fc05edd520c48c68066811dfafc937c (127.21.72.193:39113), 3c336619ae0844418c396947e4216fbd (127.21.72.194:40471)
I20260713 09:08:06.230000 22122 tablet_bootstrap.cc:492] T a6a62c35362e4f59b655ed7b477e3433 P 830a1faa351946d987e958ec1d0dda82: Bootstrap starting.
I20260713 09:08:06.243904 22126 tablet_bootstrap.cc:492] T f9d463d80ae3405bbba791e3a2a963da P 3c336619ae0844418c396947e4216fbd: Bootstrap starting.
I20260713 09:08:06.247051 21930 tablet_service.cc:1917] Received RequestConsensusVote() RPC: tablet_id: "879dc8d804064f6b830932d1790a2a83" candidate_uuid: "830a1faa351946d987e958ec1d0dda82" candidate_term: 1 candidate_status { last_received { term: 0 index: 0 } } ignore_live_leader: false dest_uuid: "2fc05edd520c48c68066811dfafc937c" is_pre_election: true
W20260713 09:08:06.253074 22043 leader_election.cc:343] T 879dc8d804064f6b830932d1790a2a83 P 830a1faa351946d987e958ec1d0dda82 [CANDIDATE]: Term 1 pre-election: Tablet error from VoteRequest() call to peer 2fc05edd520c48c68066811dfafc937c (127.21.72.193:39113): Illegal state: must be running to vote when last-logged opid is not known
W20260713 09:08:06.274961 22045 leader_election.cc:343] T 879dc8d804064f6b830932d1790a2a83 P 830a1faa351946d987e958ec1d0dda82 [CANDIDATE]: Term 1 pre-election: Tablet error from VoteRequest() call to peer 3c336619ae0844418c396947e4216fbd (127.21.72.194:40471): Not found: Tablet not found: 879dc8d804064f6b830932d1790a2a83
I20260713 09:08:06.275676 22045 leader_election.cc:304] T 879dc8d804064f6b830932d1790a2a83 P 830a1faa351946d987e958ec1d0dda82 [CANDIDATE]: Term 1 pre-election: Election decided. Result: candidate lost. Election summary: received 3 responses out of 3 voters: 1 yes votes; 2 no votes. yes voters: 830a1faa351946d987e958ec1d0dda82; no voters: 2fc05edd520c48c68066811dfafc937c, 3c336619ae0844418c396947e4216fbd
I20260713 09:08:06.276140 22126 tablet_bootstrap.cc:654] T f9d463d80ae3405bbba791e3a2a963da P 3c336619ae0844418c396947e4216fbd: Neither blocks nor log segments found. Creating new log.
I20260713 09:08:06.276508 22124 raft_consensus.cc:2749] T 879dc8d804064f6b830932d1790a2a83 P 830a1faa351946d987e958ec1d0dda82 [term 0 FOLLOWER]: Leader pre-election lost for term 1. Reason: could not achieve majority
I20260713 09:08:06.279489 22122 tablet_bootstrap.cc:654] T a6a62c35362e4f59b655ed7b477e3433 P 830a1faa351946d987e958ec1d0dda82: Neither blocks nor log segments found. Creating new log.
I20260713 09:08:06.282579 22125 tablet_bootstrap.cc:654] T a6a62c35362e4f59b655ed7b477e3433 P 2fc05edd520c48c68066811dfafc937c: Neither blocks nor log segments found. Creating new log.
I20260713 09:08:06.293181 22126 tablet_bootstrap.cc:492] T f9d463d80ae3405bbba791e3a2a963da P 3c336619ae0844418c396947e4216fbd: No bootstrap required, opened a new log
I20260713 09:08:06.293676 22126 ts_tablet_manager.cc:1403] T f9d463d80ae3405bbba791e3a2a963da P 3c336619ae0844418c396947e4216fbd: Time spent bootstrapping tablet: real 0.074s	user 0.010s	sys 0.007s
I20260713 09:08:06.294323 22125 tablet_bootstrap.cc:492] T a6a62c35362e4f59b655ed7b477e3433 P 2fc05edd520c48c68066811dfafc937c: No bootstrap required, opened a new log
