I20260713 09:08:36.925607 22931 raft_consensus.cc:2955] T f0e3f7d1f23641ee83f88d2ba6d36584 P 1ca9e3317fec49b6826a00cb651fa984 [term 1 FOLLOWER]: Committing config change with OpId 1.2: config changed from index -1 to 2, NON_VOTER 56eb668a9fb148a683c77ac25a72a2cc (127.21.78.132) added. New config: { opid_index: 2 OBSOLETE_local: false peers { permanent_uuid: "1ca9e3317fec49b6826a00cb651fa984" member_type: VOTER last_known_addr { host: "127.21.78.129" port: 40645 } attrs { replace: true } } peers { permanent_uuid: "7d9e23dfe05b489bb8b015d6af85d5c8" member_type: VOTER last_known_addr { host: "127.21.78.130" port: 43649 } } peers { permanent_uuid: "83d98243d6d3416fb1cde269314742b9" member_type: VOTER last_known_addr { host: "127.21.78.131" port: 44063 } } peers { permanent_uuid: "56eb668a9fb148a683c77ac25a72a2cc" member_type: NON_VOTER last_known_addr { host: "127.21.78.132" port: 35857 } attrs { promote: true } } }
I20260713 09:08:36.930732 23006 raft_consensus.cc:2955] T f0e3f7d1f23641ee83f88d2ba6d36584 P 7d9e23dfe05b489bb8b015d6af85d5c8 [term 1 FOLLOWER]: Committing config change with OpId 1.2: config changed from index -1 to 2, NON_VOTER 56eb668a9fb148a683c77ac25a72a2cc (127.21.78.132) added. New config: { opid_index: 2 OBSOLETE_local: false peers { permanent_uuid: "1ca9e3317fec49b6826a00cb651fa984" member_type: VOTER last_known_addr { host: "127.21.78.129" port: 40645 } attrs { replace: true } } peers { permanent_uuid: "7d9e23dfe05b489bb8b015d6af85d5c8" member_type: VOTER last_known_addr { host: "127.21.78.130" port: 43649 } } peers { permanent_uuid: "83d98243d6d3416fb1cde269314742b9" member_type: VOTER last_known_addr { host: "127.21.78.131" port: 44063 } } peers { permanent_uuid: "56eb668a9fb148a683c77ac25a72a2cc" member_type: NON_VOTER last_known_addr { host: "127.21.78.132" port: 35857 } attrs { promote: true } } }
I20260713 09:08:36.931401 23453 raft_consensus.cc:2955] T f0e3f7d1f23641ee83f88d2ba6d36584 P 83d98243d6d3416fb1cde269314742b9 [term 1 LEADER]: Committing config change with OpId 1.2: config changed from index -1 to 2, NON_VOTER 56eb668a9fb148a683c77ac25a72a2cc (127.21.78.132) added. New config: { opid_index: 2 OBSOLETE_local: false peers { permanent_uuid: "1ca9e3317fec49b6826a00cb651fa984" member_type: VOTER last_known_addr { host: "127.21.78.129" port: 40645 } attrs { replace: true } } peers { permanent_uuid: "7d9e23dfe05b489bb8b015d6af85d5c8" member_type: VOTER last_known_addr { host: "127.21.78.130" port: 43649 } } peers { permanent_uuid: "83d98243d6d3416fb1cde269314742b9" member_type: VOTER last_known_addr { host: "127.21.78.131" port: 44063 } } peers { permanent_uuid: "56eb668a9fb148a683c77ac25a72a2cc" member_type: NON_VOTER last_known_addr { host: "127.21.78.132" port: 35857 } attrs { promote: true } } }
I20260713 09:08:36.941148 22830 catalog_manager.cc:5697] T f0e3f7d1f23641ee83f88d2ba6d36584 P 1ca9e3317fec49b6826a00cb651fa984 reported cstate change: config changed from index -1 to 2, NON_VOTER 56eb668a9fb148a683c77ac25a72a2cc (127.21.78.132) added. New cstate: current_term: 1 leader_uuid: "83d98243d6d3416fb1cde269314742b9" committed_config { opid_index: 2 OBSOLETE_local: false peers { permanent_uuid: "1ca9e3317fec49b6826a00cb651fa984" member_type: VOTER last_known_addr { host: "127.21.78.129" port: 40645 } attrs { replace: true } } peers { permanent_uuid: "7d9e23dfe05b489bb8b015d6af85d5c8" member_type: VOTER last_known_addr { host: "127.21.78.130" port: 43649 } } peers { permanent_uuid: "83d98243d6d3416fb1cde269314742b9" member_type: VOTER last_known_addr { host: "127.21.78.131" port: 44063 } } peers { permanent_uuid: "56eb668a9fb148a683c77ac25a72a2cc" member_type: NON_VOTER last_known_addr { host: "127.21.78.132" port: 35857 } attrs { promote: true } } }
I20260713 09:08:36.946321 23080 consensus_queue.cc:237] T 16cb915d99914390bbb8830e8c471a7b P 83d98243d6d3416fb1cde269314742b9 [LEADER]: Queue going to LEADER mode. State: All replicated index: 0, Majority replicated index: 1, Committed index: 1, Last appended: 1.1, Last appended by leader: 0, Current term: 1, Majority size: 2, State: 0, Mode: LEADER, active raft config: opid_index: 2 OBSOLETE_local: false peers { permanent_uuid: "1ca9e3317fec49b6826a00cb651fa984" member_type: VOTER last_known_addr { host: "127.21.78.129" port: 40645 } } peers { permanent_uuid: "7d9e23dfe05b489bb8b015d6af85d5c8" member_type: VOTER last_known_addr { host: "127.21.78.130" port: 43649 } attrs { replace: true } } peers { permanent_uuid: "83d98243d6d3416fb1cde269314742b9" member_type: VOTER last_known_addr { host: "127.21.78.131" port: 44063 } } peers { permanent_uuid: "56eb668a9fb148a683c77ac25a72a2cc" member_type: NON_VOTER last_known_addr { host: "127.21.78.132" port: 35857 } attrs { promote: true } }
W20260713 09:08:36.957926 23047 consensus_peers.cc:597] T 16cb915d99914390bbb8830e8c471a7b P 83d98243d6d3416fb1cde269314742b9 -> Peer 56eb668a9fb148a683c77ac25a72a2cc (127.21.78.132:35857): Couldn't send request to peer 56eb668a9fb148a683c77ac25a72a2cc. Error code: TABLET_NOT_FOUND (6). Status: Not found: Tablet not found: 16cb915d99914390bbb8830e8c471a7b. This is attempt 1: this message will repeat every 5th retry.
I20260713 09:08:36.958244 23006 raft_consensus.cc:1275] T 16cb915d99914390bbb8830e8c471a7b P 7d9e23dfe05b489bb8b015d6af85d5c8 [term 1 FOLLOWER]: Refusing update from remote peer 83d98243d6d3416fb1cde269314742b9: Log matching property violated. Preceding OpId in replica: term: 1 index: 1. Preceding OpId from leader: term: 1 index: 2. (index mismatch)
I20260713 09:08:36.958905 22931 raft_consensus.cc:1275] T 16cb915d99914390bbb8830e8c471a7b P 1ca9e3317fec49b6826a00cb651fa984 [term 1 FOLLOWER]: Refusing update from remote peer 83d98243d6d3416fb1cde269314742b9: Log matching property violated. Preceding OpId in replica: term: 1 index: 1. Preceding OpId from leader: term: 1 index: 2. (index mismatch)
I20260713 09:08:36.960089 23529 consensus_queue.cc:1048] T 16cb915d99914390bbb8830e8c471a7b P 83d98243d6d3416fb1cde269314742b9 [LEADER]: Connected to new peer: Peer: permanent_uuid: "7d9e23dfe05b489bb8b015d6af85d5c8" member_type: VOTER last_known_addr { host: "127.21.78.130" port: 43649 } attrs { replace: true }, Status: LMP_MISMATCH, Last received: 0.0, Next index: 2, Last known committed idx: 1, Time since last communication: 0.000s
I20260713 09:08:36.961118 23533 consensus_queue.cc:1048] T 16cb915d99914390bbb8830e8c471a7b P 83d98243d6d3416fb1cde269314742b9 [LEADER]: Connected to new peer: Peer: permanent_uuid: "1ca9e3317fec49b6826a00cb651fa984" member_type: VOTER last_known_addr { host: "127.21.78.129" port: 40645 }, Status: LMP_MISMATCH, Last received: 0.0, Next index: 2, Last known committed idx: 1, Time since last communication: 0.001s
I20260713 09:08:36.968554 23529 raft_consensus.cc:2955] T 16cb915d99914390bbb8830e8c471a7b P 83d98243d6d3416fb1cde269314742b9 [term 1 LEADER]: Committing config change with OpId 1.2: config changed from index -1 to 2, NON_VOTER 56eb668a9fb148a683c77ac25a72a2cc (127.21.78.132) added. New config: { opid_index: 2 OBSOLETE_local: false peers { permanent_uuid: "1ca9e3317fec49b6826a00cb651fa984" member_type: VOTER last_known_addr { host: "127.21.78.129" port: 40645 } } peers { permanent_uuid: "7d9e23dfe05b489bb8b015d6af85d5c8" member_type: VOTER last_known_addr { host: "127.21.78.130" port: 43649 } attrs { replace: true } } peers { permanent_uuid: "83d98243d6d3416fb1cde269314742b9" member_type: VOTER last_known_addr { host: "127.21.78.131" port: 44063 } } peers { permanent_uuid: "56eb668a9fb148a683c77ac25a72a2cc" member_type: NON_VOTER last_known_addr { host: "127.21.78.132" port: 35857 } attrs { promote: true } } }
I20260713 09:08:36.970249 22931 raft_consensus.cc:2955] T 16cb915d99914390bbb8830e8c471a7b P 1ca9e3317fec49b6826a00cb651fa984 [term 1 FOLLOWER]: Committing config change with OpId 1.2: config changed from index -1 to 2, NON_VOTER 56eb668a9fb148a683c77ac25a72a2cc (127.21.78.132) added. New config: { opid_index: 2 OBSOLETE_local: false peers { permanent_uuid: "1ca9e3317fec49b6826a00cb651fa984" member_type: VOTER last_known_addr { host: "127.21.78.129" port: 40645 } } peers { permanent_uuid: "7d9e23dfe05b489bb8b015d6af85d5c8" member_type: VOTER last_known_addr { host: "127.21.78.130" port: 43649 } attrs { replace: true } } peers { permanent_uuid: "83d98243d6d3416fb1cde269314742b9" member_type: VOTER last_known_addr { host: "127.21.78.131" port: 44063 } } peers { permanent_uuid: "56eb668a9fb148a683c77ac25a72a2cc" member_type: NON_VOTER last_known_addr { host: "127.21.78.132" port: 35857 } attrs { promote: true } } }
I20260713 09:08:36.974727 23006 raft_consensus.cc:2955] T 16cb915d99914390bbb8830e8c471a7b P 7d9e23dfe05b489bb8b015d6af85d5c8 [term 1 FOLLOWER]: Committing config change with OpId 1.2: config changed from index -1 to 2, NON_VOTER 56eb668a9fb148a683c77ac25a72a2cc (127.21.78.132) added. New config: { opid_index: 2 OBSOLETE_local: false peers { permanent_uuid: "1ca9e3317fec49b6826a00cb651fa984" member_type: VOTER last_known_addr { host: "127.21.78.129" port: 40645 } } peers { permanent_uuid: "7d9e23dfe05b489bb8b015d6af85d5c8" member_type: VOTER last_known_addr { host: "127.21.78.130" port: 43649 } attrs { replace: true } } peers { permanent_uuid: "83d98243d6d3416fb1cde269314742b9" member_type: VOTER last_known_addr { host: "127.21.78.131" port: 44063 } } peers { permanent_uuid: "56eb668a9fb148a683c77ac25a72a2cc" member_type: NON_VOTER last_known_addr { host: "127.21.78.132" port: 35857 } attrs { promote: true } } }
I20260713 09:08:36.980995 22827 catalog_manager.cc:5697] T 16cb915d99914390bbb8830e8c471a7b P 83d98243d6d3416fb1cde269314742b9 reported cstate change: config changed from index -1 to 2, NON_VOTER 56eb668a9fb148a683c77ac25a72a2cc (127.21.78.132) added. New cstate: current_term: 1 leader_uuid: "83d98243d6d3416fb1cde269314742b9" committed_config { opid_index: 2 OBSOLETE_local: false peers { permanent_uuid: "1ca9e3317fec49b6826a00cb651fa984" member_type: VOTER last_known_addr { host: "127.21.78.129" port: 40645 } health_report { overall_health: HEALTHY } } peers { permanent_uuid: "7d9e23dfe05b489bb8b015d6af85d5c8" member_type: VOTER last_known_addr { host: "127.21.78.130" port: 43649 } attrs { replace: true } health_report { overall_health: HEALTHY } } peers { permanent_uuid: "83d98243d6d3416fb1cde269314742b9" member_type: VOTER last_known_addr { host: "127.21.78.131" port: 44063 } health_report { overall_health: HEALTHY } } peers { permanent_uuid: "56eb668a9fb148a683c77ac25a72a2cc" member_type: NON_VOTER last_known_addr { host: "127.21.78.132" port: 35857 } attrs { promote: true } health_report { overall_health: UNKNOWN } } }
I20260713 09:08:36.983075 23005 consensus_queue.cc:237] T 55366b29bc6b43e88773ef8433b7d4fa P 7d9e23dfe05b489bb8b015d6af85d5c8 [LEADER]: Queue going to LEADER mode. State: All replicated index: 0, Majority replicated index: 1, Committed index: 1, Last appended: 1.1, Last appended by leader: 0, Current term: 1, Majority size: 2, State: 0, Mode: LEADER, active raft config: opid_index: 2 OBSOLETE_local: false peers { permanent_uuid: "1ca9e3317fec49b6826a00cb651fa984" member_type: VOTER last_known_addr { host: "127.21.78.129" port: 40645 } } peers { permanent_uuid: "7d9e23dfe05b489bb8b015d6af85d5c8" member_type: VOTER last_known_addr { host: "127.21.78.130" port: 43649 } } peers { permanent_uuid: "83d98243d6d3416fb1cde269314742b9" member_type: VOTER last_known_addr { host: "127.21.78.131" port: 44063 } attrs { replace: true } } peers { permanent_uuid: "56eb668a9fb148a683c77ac25a72a2cc" member_type: NON_VOTER last_known_addr { host: "127.21.78.132" port: 35857 } attrs { promote: true } }
W20260713 09:08:36.991036 22973 consensus_peers.cc:597] T 55366b29bc6b43e88773ef8433b7d4fa P 7d9e23dfe05b489bb8b015d6af85d5c8 -> Peer 56eb668a9fb148a683c77ac25a72a2cc (127.21.78.132:35857): Couldn't send request to peer 56eb668a9fb148a683c77ac25a72a2cc. Error code: TABLET_NOT_FOUND (6). Status: Not found: Tablet not found: 55366b29bc6b43e88773ef8433b7d4fa. This is attempt 1: this message will repeat every 5th retry.
I20260713 09:08:36.992236 22931 raft_consensus.cc:1275] T 55366b29bc6b43e88773ef8433b7d4fa P 1ca9e3317fec49b6826a00cb651fa984 [term 1 FOLLOWER]: Refusing update from remote peer 7d9e23dfe05b489bb8b015d6af85d5c8: Log matching property violated. Preceding OpId in replica: term: 1 index: 1. Preceding OpId from leader: term: 1 index: 2. (index mismatch)
I20260713 09:08:36.992236 23080 raft_consensus.cc:1275] T 55366b29bc6b43e88773ef8433b7d4fa P 83d98243d6d3416fb1cde269314742b9 [term 1 FOLLOWER]: Refusing update from remote peer 7d9e23dfe05b489bb8b015d6af85d5c8: Log matching property violated. Preceding OpId in replica: term: 1 index: 1. Preceding OpId from leader: term: 1 index: 2. (index mismatch)
I20260713 09:08:36.993800 23486 consensus_queue.cc:1048] T 55366b29bc6b43e88773ef8433b7d4fa P 7d9e23dfe05b489bb8b015d6af85d5c8 [LEADER]: Connected to new peer: Peer: permanent_uuid: "1ca9e3317fec49b6826a00cb651fa984" member_type: VOTER last_known_addr { host: "127.21.78.129" port: 40645 }, Status: LMP_MISMATCH, Last received: 0.0, Next index: 2, Last known committed idx: 1, Time since last communication: 0.000s
I20260713 09:08:37.000871 23520 consensus_queue.cc:1048] T 55366b29bc6b43e88773ef8433b7d4fa P 7d9e23dfe05b489bb8b015d6af85d5c8 [LEADER]: Connected to new peer: Peer: permanent_uuid: "83d98243d6d3416fb1cde269314742b9" member_type: VOTER last_known_addr { host: "127.21.78.131" port: 44063 } attrs { replace: true }, Status: LMP_MISMATCH, Last received: 0.0, Next index: 2, Last known committed idx: 1, Time since last communication: 0.001s
I20260713 09:08:37.006153 23486 raft_consensus.cc:2955] T 55366b29bc6b43e88773ef8433b7d4fa P 7d9e23dfe05b489bb8b015d6af85d5c8 [term 1 LEADER]: Committing config change with OpId 1.2: config changed from index -1 to 2, NON_VOTER 56eb668a9fb148a683c77ac25a72a2cc (127.21.78.132) added. New config: { opid_index: 2 OBSOLETE_local: false peers { permanent_uuid: "1ca9e3317fec49b6826a00cb651fa984" member_type: VOTER last_known_addr { host: "127.21.78.129" port: 40645 } } peers { permanent_uuid: "7d9e23dfe05b489bb8b015d6af85d5c8" member_type: VOTER last_known_addr { host: "127.21.78.130" port: 43649 } } peers { permanent_uuid: "83d98243d6d3416fb1cde269314742b9" member_type: VOTER last_known_addr { host: "127.21.78.131" port: 44063 } attrs { replace: true } } peers { permanent_uuid: "56eb668a9fb148a683c77ac25a72a2cc" member_type: NON_VOTER last_known_addr { host: "127.21.78.132" port: 35857 } attrs { promote: true } } }
I20260713 09:08:37.007802 22931 raft_consensus.cc:2955] T 55366b29bc6b43e88773ef8433b7d4fa P 1ca9e3317fec49b6826a00cb651fa984 [term 1 FOLLOWER]: Committing config change with OpId 1.2: config changed from index -1 to 2, NON_VOTER 56eb668a9fb148a683c77ac25a72a2cc (127.21.78.132) added. New config: { opid_index: 2 OBSOLETE_local: false peers { permanent_uuid: "1ca9e3317fec49b6826a00cb651fa984" member_type: VOTER last_known_addr { host: "127.21.78.129" port: 40645 } } peers { permanent_uuid: "7d9e23dfe05b489bb8b015d6af85d5c8" member_type: VOTER last_known_addr { host: "127.21.78.130" port: 43649 } } peers { permanent_uuid: "83d98243d6d3416fb1cde269314742b9" member_type: VOTER last_known_addr { host: "127.21.78.131" port: 44063 } attrs { replace: true } } peers { permanent_uuid: "56eb668a9fb148a683c77ac25a72a2cc" member_type: NON_VOTER last_known_addr { host: "127.21.78.132" port: 35857 } attrs { promote: true } } }
I20260713 09:08:37.012235 23080 raft_consensus.cc:2955] T 55366b29bc6b43e88773ef8433b7d4fa P 83d98243d6d3416fb1cde269314742b9 [term 1 FOLLOWER]: Committing config change with OpId 1.2: config changed from index -1 to 2, NON_VOTER 56eb668a9fb148a683c77ac25a72a2cc (127.21.78.132) added. New config: { opid_index: 2 OBSOLETE_local: false peers { permanent_uuid: "1ca9e3317fec49b6826a00cb651fa984" member_type: VOTER last_known_addr { host: "127.21.78.129" port: 40645 } } peers { permanent_uuid: "7d9e23dfe05b489bb8b015d6af85d5c8" member_type: VOTER last_known_addr { host: "127.21.78.130" port: 43649 } } peers { permanent_uuid: "83d98243d6d3416fb1cde269314742b9" member_type: VOTER last_known_addr { host: "127.21.78.131" port: 44063 } attrs { replace: true } } peers { permanent_uuid: "56eb668a9fb148a683c77ac25a72a2cc" member_type: NON_VOTER last_known_addr { host: "127.21.78.132" port: 35857 } attrs { promote: true } } }
I20260713 09:08:37.020378 22830 catalog_manager.cc:5697] T 55366b29bc6b43e88773ef8433b7d4fa P 7d9e23dfe05b489bb8b015d6af85d5c8 reported cstate change: config changed from index -1 to 2, NON_VOTER 56eb668a9fb148a683c77ac25a72a2cc (127.21.78.132) added. New cstate: current_term: 1 leader_uuid: "7d9e23dfe05b489bb8b015d6af85d5c8" committed_config { opid_index: 2 OBSOLETE_local: false peers { permanent_uuid: "1ca9e3317fec49b6826a00cb651fa984" member_type: VOTER last_known_addr { host: "127.21.78.129" port: 40645 } health_report { overall_health: HEALTHY } } peers { permanent_uuid: "7d9e23dfe05b489bb8b015d6af85d5c8" member_type: VOTER last_known_addr { host: "127.21.78.130" port: 43649 } health_report { overall_health: HEALTHY } } peers { permanent_uuid: "83d98243d6d3416fb1cde269314742b9" member_type: VOTER last_known_addr { host: "127.21.78.131" port: 44063 } attrs { replace: true } health_report { overall_health: HEALTHY } } peers { permanent_uuid: "56eb668a9fb148a683c77ac25a72a2cc" member_type: NON_VOTER last_known_addr { host: "127.21.78.132" port: 35857 } attrs { promote: true } health_report { overall_health: UNKNOWN } } }
I20260713 09:08:37.277061 23541 ts_tablet_manager.cc:933] T 36c82b6306d4492e8e127943e900e18e P 56eb668a9fb148a683c77ac25a72a2cc: Initiating tablet copy from peer 1ca9e3317fec49b6826a00cb651fa984 (127.21.78.129:40645)
I20260713 09:08:37.279086 23541 tablet_copy_client.cc:323] T 36c82b6306d4492e8e127943e900e18e P 56eb668a9fb148a683c77ac25a72a2cc: tablet copy: Beginning tablet copy session from remote peer at address 127.21.78.129:40645
I20260713 09:08:37.280498 22942 tablet_copy_service.cc:140] P 1ca9e3317fec49b6826a00cb651fa984: Received BeginTabletCopySession request for tablet 36c82b6306d4492e8e127943e900e18e from peer 56eb668a9fb148a683c77ac25a72a2cc ({username='slave'} at 127.0.0.1:59192)
I20260713 09:08:37.280954 22942 tablet_copy_service.cc:161] P 1ca9e3317fec49b6826a00cb651fa984: Beginning new tablet copy session on tablet 36c82b6306d4492e8e127943e900e18e from peer 56eb668a9fb148a683c77ac25a72a2cc at {username='slave'} at 127.0.0.1:59192: session id = 56eb668a9fb148a683c77ac25a72a2cc-36c82b6306d4492e8e127943e900e18e
I20260713 09:08:37.286535 22942 tablet_copy_source_session.cc:215] T 36c82b6306d4492e8e127943e900e18e P 1ca9e3317fec49b6826a00cb651fa984: Tablet Copy: opened 0 blocks and 1 log segments
I20260713 09:08:37.290539 23541 data_dirs.cc:400] Could only allocate 1 dirs of requested 3 for tablet 36c82b6306d4492e8e127943e900e18e. 1 dirs total, 0 dirs full, 0 dirs failed
I20260713 09:08:37.291493 23543 ts_tablet_manager.cc:933] T f0e3f7d1f23641ee83f88d2ba6d36584 P 56eb668a9fb148a683c77ac25a72a2cc: Initiating tablet copy from peer 83d98243d6d3416fb1cde269314742b9 (127.21.78.131:44063)
I20260713 09:08:37.293380 23543 tablet_copy_client.cc:323] T f0e3f7d1f23641ee83f88d2ba6d36584 P 56eb668a9fb148a683c77ac25a72a2cc: tablet copy: Beginning tablet copy session from remote peer at address 127.21.78.131:44063
I20260713 09:08:37.295047 23091 tablet_copy_service.cc:140] P 83d98243d6d3416fb1cde269314742b9: Received BeginTabletCopySession request for tablet f0e3f7d1f23641ee83f88d2ba6d36584 from peer 56eb668a9fb148a683c77ac25a72a2cc ({username='slave'} at 127.0.0.1:50074)
I20260713 09:08:37.295567 23091 tablet_copy_service.cc:161] P 83d98243d6d3416fb1cde269314742b9: Beginning new tablet copy session on tablet f0e3f7d1f23641ee83f88d2ba6d36584 from peer 56eb668a9fb148a683c77ac25a72a2cc at {username='slave'} at 127.0.0.1:50074: session id = 56eb668a9fb148a683c77ac25a72a2cc-f0e3f7d1f23641ee83f88d2ba6d36584
I20260713 09:08:37.302938 23091 tablet_copy_source_session.cc:215] T f0e3f7d1f23641ee83f88d2ba6d36584 P 83d98243d6d3416fb1cde269314742b9: Tablet Copy: opened 0 blocks and 1 log segments
I20260713 09:08:37.305099 23541 tablet_copy_client.cc:806] T 36c82b6306d4492e8e127943e900e18e P 56eb668a9fb148a683c77ac25a72a2cc: tablet copy: Starting download of 0 data blocks...
I20260713 09:08:37.305728 23541 tablet_copy_client.cc:670] T 36c82b6306d4492e8e127943e900e18e P 56eb668a9fb148a683c77ac25a72a2cc: tablet copy: Starting download of 1 WAL segments...
I20260713 09:08:37.306262 23543 data_dirs.cc:400] Could only allocate 1 dirs of requested 3 for tablet f0e3f7d1f23641ee83f88d2ba6d36584. 1 dirs total, 0 dirs full, 0 dirs failed
I20260713 09:08:37.309486 23541 tablet_copy_client.cc:538] T 36c82b6306d4492e8e127943e900e18e P 56eb668a9fb148a683c77ac25a72a2cc: tablet copy: Tablet Copy complete. Replacing tablet superblock.
I20260713 09:08:37.317755 23541 tablet_bootstrap.cc:492] T 36c82b6306d4492e8e127943e900e18e P 56eb668a9fb148a683c77ac25a72a2cc: Bootstrap starting.
I20260713 09:08:37.318837 23543 tablet_copy_client.cc:806] T f0e3f7d1f23641ee83f88d2ba6d36584 P 56eb668a9fb148a683c77ac25a72a2cc: tablet copy: Starting download of 0 data blocks...
I20260713 09:08:37.319368 23543 tablet_copy_client.cc:670] T f0e3f7d1f23641ee83f88d2ba6d36584 P 56eb668a9fb148a683c77ac25a72a2cc: tablet copy: Starting download of 1 WAL segments...
I20260713 09:08:37.322575 23543 tablet_copy_client.cc:538] T f0e3f7d1f23641ee83f88d2ba6d36584 P 56eb668a9fb148a683c77ac25a72a2cc: tablet copy: Tablet Copy complete. Replacing tablet superblock.
I20260713 09:08:37.328269 23543 tablet_bootstrap.cc:492] T f0e3f7d1f23641ee83f88d2ba6d36584 P 56eb668a9fb148a683c77ac25a72a2cc: Bootstrap starting.
I20260713 09:08:37.339023 23541 tablet_bootstrap.cc:492] T 36c82b6306d4492e8e127943e900e18e P 56eb668a9fb148a683c77ac25a72a2cc: Bootstrap replayed 1/1 log segments. Stats: ops{read=2 overwritten=0 applied=2 ignored=0} inserts{seen=0 ignored=0} mutations{seen=0 ignored=0} orphaned_commits=0. Pending: 0 replicates
I20260713 09:08:37.339974 23541 tablet_bootstrap.cc:492] T 36c82b6306d4492e8e127943e900e18e P 56eb668a9fb148a683c77ac25a72a2cc: Bootstrap complete.
I20260713 09:08:37.340590 23541 ts_tablet_manager.cc:1403] T 36c82b6306d4492e8e127943e900e18e P 56eb668a9fb148a683c77ac25a72a2cc: Time spent bootstrapping tablet: real 0.023s	user 0.019s	sys 0.005s
I20260713 09:08:37.343492 23541 raft_consensus.cc:359] T 36c82b6306d4492e8e127943e900e18e P 56eb668a9fb148a683c77ac25a72a2cc [term 1 LEARNER]: Replica starting. Triggering 0 pending ops. Active config: opid_index: 2 OBSOLETE_local: false peers { permanent_uuid: "1ca9e3317fec49b6826a00cb651fa984" member_type: VOTER last_known_addr { host: "127.21.78.129" port: 40645 } } peers { permanent_uuid: "7d9e23dfe05b489bb8b015d6af85d5c8" member_type: VOTER last_known_addr { host: "127.21.78.130" port: 43649 } } peers { permanent_uuid: "83d98243d6d3416fb1cde269314742b9" member_type: VOTER last_known_addr { host: "127.21.78.131" port: 44063 } attrs { replace: true } } peers { permanent_uuid: "56eb668a9fb148a683c77ac25a72a2cc" member_type: NON_VOTER last_known_addr { host: "127.21.78.132" port: 35857 } attrs { promote: true } }
I20260713 09:08:37.344413 23541 raft_consensus.cc:740] T 36c82b6306d4492e8e127943e900e18e P 56eb668a9fb148a683c77ac25a72a2cc [term 1 LEARNER]: Becoming Follower/Learner. State: Replica: 56eb668a9fb148a683c77ac25a72a2cc, State: Initialized, Role: LEARNER
I20260713 09:08:37.345081 23541 consensus_queue.cc:260] T 36c82b6306d4492e8e127943e900e18e P 56eb668a9fb148a683c77ac25a72a2cc [NON_LEADER]: Queue going to NON_LEADER mode. State: All replicated index: 0, Majority replicated index: 0, Committed index: 2, Last appended: 1.2, Last appended by leader: 2, Current term: 0, Majority size: -1, State: 0, Mode: NON_LEADER, active raft config: opid_index: 2 OBSOLETE_local: false peers { permanent_uuid: "1ca9e3317fec49b6826a00cb651fa984" member_type: VOTER last_known_addr { host: "127.21.78.129" port: 40645 } } peers { permanent_uuid: "7d9e23dfe05b489bb8b015d6af85d5c8" member_type: VOTER last_known_addr { host: "127.21.78.130" port: 43649 } } peers { permanent_uuid: "83d98243d6d3416fb1cde269314742b9" member_type: VOTER last_known_addr { host: "127.21.78.131" port: 44063 } attrs { replace: true } } peers { permanent_uuid: "56eb668a9fb148a683c77ac25a72a2cc" member_type: NON_VOTER last_known_addr { host: "127.21.78.132" port: 35857 } attrs { promote: true } }
I20260713 09:08:37.347318 23543 tablet_bootstrap.cc:492] T f0e3f7d1f23641ee83f88d2ba6d36584 P 56eb668a9fb148a683c77ac25a72a2cc: Bootstrap replayed 1/1 log segments. Stats: ops{read=2 overwritten=0 applied=2 ignored=0} inserts{seen=0 ignored=0} mutations{seen=0 ignored=0} orphaned_commits=0. Pending: 0 replicates
I20260713 09:08:37.348203 23543 tablet_bootstrap.cc:492] T f0e3f7d1f23641ee83f88d2ba6d36584 P 56eb668a9fb148a683c77ac25a72a2cc: Bootstrap complete.
I20260713 09:08:37.348834 23543 ts_tablet_manager.cc:1403] T f0e3f7d1f23641ee83f88d2ba6d36584 P 56eb668a9fb148a683c77ac25a72a2cc: Time spent bootstrapping tablet: real 0.021s	user 0.016s	sys 0.004s
I20260713 09:08:37.352088 23543 raft_consensus.cc:359] T f0e3f7d1f23641ee83f88d2ba6d36584 P 56eb668a9fb148a683c77ac25a72a2cc [term 1 LEARNER]: Replica starting. Triggering 0 pending ops. Active config: opid_index: 2 OBSOLETE_local: false peers { permanent_uuid: "1ca9e3317fec49b6826a00cb651fa984" member_type: VOTER last_known_addr { host: "127.21.78.129" port: 40645 } attrs { replace: true } } peers { permanent_uuid: "7d9e23dfe05b489bb8b015d6af85d5c8" member_type: VOTER last_known_addr { host: "127.21.78.130" port: 43649 } } peers { permanent_uuid: "83d98243d6d3416fb1cde269314742b9" member_type: VOTER last_known_addr { host: "127.21.78.131" port: 44063 } } peers { permanent_uuid: "56eb668a9fb148a683c77ac25a72a2cc" member_type: NON_VOTER last_known_addr { host: "127.21.78.132" port: 35857 } attrs { promote: true } }
I20260713 09:08:37.353118 23543 raft_consensus.cc:740] T f0e3f7d1f23641ee83f88d2ba6d36584 P 56eb668a9fb148a683c77ac25a72a2cc [term 1 LEARNER]: Becoming Follower/Learner. State: Replica: 56eb668a9fb148a683c77ac25a72a2cc, State: Initialized, Role: LEARNER
I20260713 09:08:37.353749 23543 consensus_queue.cc:260] T f0e3f7d1f23641ee83f88d2ba6d36584 P 56eb668a9fb148a683c77ac25a72a2cc [NON_LEADER]: Queue going to NON_LEADER mode. State: All replicated index: 0, Majority replicated index: 0, Committed index: 2, Last appended: 1.2, Last appended by leader: 2, Current term: 0, Majority size: -1, State: 0, Mode: NON_LEADER, active raft config: opid_index: 2 OBSOLETE_local: false peers { permanent_uuid: "1ca9e3317fec49b6826a00cb651fa984" member_type: VOTER last_known_addr { host: "127.21.78.129" port: 40645 } attrs { replace: true } } peers { permanent_uuid: "7d9e23dfe05b489bb8b015d6af85d5c8" member_type: VOTER last_known_addr { host: "127.21.78.130" port: 43649 } } peers { permanent_uuid: "83d98243d6d3416fb1cde269314742b9" member_type: VOTER last_known_addr { host: "127.21.78.131" port: 44063 } } peers { permanent_uuid: "56eb668a9fb148a683c77ac25a72a2cc" member_type: NON_VOTER last_known_addr { host: "127.21.78.132" port: 35857 } attrs { promote: true } }
I20260713 09:08:37.354995 23541 ts_tablet_manager.cc:1434] T 36c82b6306d4492e8e127943e900e18e P 56eb668a9fb148a683c77ac25a72a2cc: Time spent starting tablet: real 0.014s	user 0.010s	sys 0.004s
I20260713 09:08:37.359724 22942 tablet_copy_service.cc:342] P 1ca9e3317fec49b6826a00cb651fa984: Request end of tablet copy session 56eb668a9fb148a683c77ac25a72a2cc-36c82b6306d4492e8e127943e900e18e received from {username='slave'} at 127.0.0.1:59192
I20260713 09:08:37.360167 22942 tablet_copy_service.cc:434] P 1ca9e3317fec49b6826a00cb651fa984: ending tablet copy session 56eb668a9fb148a683c77ac25a72a2cc-36c82b6306d4492e8e127943e900e18e on tablet 36c82b6306d4492e8e127943e900e18e with peer 56eb668a9fb148a683c77ac25a72a2cc
I20260713 09:08:37.366662 23541 ts_tablet_manager.cc:933] T 16cb915d99914390bbb8830e8c471a7b P 56eb668a9fb148a683c77ac25a72a2cc: Initiating tablet copy from peer 83d98243d6d3416fb1cde269314742b9 (127.21.78.131:44063)
I20260713 09:08:37.367017 23543 ts_tablet_manager.cc:1434] T f0e3f7d1f23641ee83f88d2ba6d36584 P 56eb668a9fb148a683c77ac25a72a2cc: Time spent starting tablet: real 0.018s	user 0.007s	sys 0.003s
I20260713 09:08:37.370968 23091 tablet_copy_service.cc:342] P 83d98243d6d3416fb1cde269314742b9: Request end of tablet copy session 56eb668a9fb148a683c77ac25a72a2cc-f0e3f7d1f23641ee83f88d2ba6d36584 received from {username='slave'} at 127.0.0.1:50074
I20260713 09:08:37.371438 23091 tablet_copy_service.cc:434] P 83d98243d6d3416fb1cde269314742b9: ending tablet copy session 56eb668a9fb148a683c77ac25a72a2cc-f0e3f7d1f23641ee83f88d2ba6d36584 on tablet f0e3f7d1f23641ee83f88d2ba6d36584 with peer 56eb668a9fb148a683c77ac25a72a2cc
I20260713 09:08:37.374766 23547 ts_tablet_manager.cc:933] T 55366b29bc6b43e88773ef8433b7d4fa P 56eb668a9fb148a683c77ac25a72a2cc: Initiating tablet copy from peer 7d9e23dfe05b489bb8b015d6af85d5c8 (127.21.78.130:43649)
I20260713 09:08:37.381405 23541 tablet_copy_client.cc:323] T 16cb915d99914390bbb8830e8c471a7b P 56eb668a9fb148a683c77ac25a72a2cc: tablet copy: Beginning tablet copy session from remote peer at address 127.21.78.131:44063
I20260713 09:08:37.382344 23547 tablet_copy_client.cc:323] T 55366b29bc6b43e88773ef8433b7d4fa P 56eb668a9fb148a683c77ac25a72a2cc: tablet copy: Beginning tablet copy session from remote peer at address 127.21.78.130:43649
I20260713 09:08:37.383108 23091 tablet_copy_service.cc:140] P 83d98243d6d3416fb1cde269314742b9: Received BeginTabletCopySession request for tablet 16cb915d99914390bbb8830e8c471a7b from peer 56eb668a9fb148a683c77ac25a72a2cc ({username='slave'} at 127.0.0.1:50074)
I20260713 09:08:37.383641 23091 tablet_copy_service.cc:161] P 83d98243d6d3416fb1cde269314742b9: Beginning new tablet copy session on tablet 16cb915d99914390bbb8830e8c471a7b from peer 56eb668a9fb148a683c77ac25a72a2cc at {username='slave'} at 127.0.0.1:50074: session id = 56eb668a9fb148a683c77ac25a72a2cc-16cb915d99914390bbb8830e8c471a7b
I20260713 09:08:37.383931 23017 tablet_copy_service.cc:140] P 7d9e23dfe05b489bb8b015d6af85d5c8: Received BeginTabletCopySession request for tablet 55366b29bc6b43e88773ef8433b7d4fa from peer 56eb668a9fb148a683c77ac25a72a2cc ({username='slave'} at 127.0.0.1:38548)
I20260713 09:08:37.384312 23017 tablet_copy_service.cc:161] P 7d9e23dfe05b489bb8b015d6af85d5c8: Beginning new tablet copy session on tablet 55366b29bc6b43e88773ef8433b7d4fa from peer 56eb668a9fb148a683c77ac25a72a2cc at {username='slave'} at 127.0.0.1:38548: session id = 56eb668a9fb148a683c77ac25a72a2cc-55366b29bc6b43e88773ef8433b7d4fa
I20260713 09:08:37.389155 23017 tablet_copy_source_session.cc:215] T 55366b29bc6b43e88773ef8433b7d4fa P 7d9e23dfe05b489bb8b015d6af85d5c8: Tablet Copy: opened 0 blocks and 1 log segments
I20260713 09:08:37.390713 23091 tablet_copy_source_session.cc:215] T 16cb915d99914390bbb8830e8c471a7b P 83d98243d6d3416fb1cde269314742b9: Tablet Copy: opened 0 blocks and 1 log segments
I20260713 09:08:37.392946 23547 data_dirs.cc:400] Could only allocate 1 dirs of requested 3 for tablet 55366b29bc6b43e88773ef8433b7d4fa. 1 dirs total, 0 dirs full, 0 dirs failed
I20260713 09:08:37.393579 23541 data_dirs.cc:400] Could only allocate 1 dirs of requested 3 for tablet 16cb915d99914390bbb8830e8c471a7b. 1 dirs total, 0 dirs full, 0 dirs failed
I20260713 09:08:37.406466 23547 tablet_copy_client.cc:806] T 55366b29bc6b43e88773ef8433b7d4fa P 56eb668a9fb148a683c77ac25a72a2cc: tablet copy: Starting download of 0 data blocks...
I20260713 09:08:37.407034 23547 tablet_copy_client.cc:670] T 55366b29bc6b43e88773ef8433b7d4fa P 56eb668a9fb148a683c77ac25a72a2cc: tablet copy: Starting download of 1 WAL segments...
I20260713 09:08:37.408775 23541 tablet_copy_client.cc:806] T 16cb915d99914390bbb8830e8c471a7b P 56eb668a9fb148a683c77ac25a72a2cc: tablet copy: Starting download of 0 data blocks...
I20260713 09:08:37.409319 23541 tablet_copy_client.cc:670] T 16cb915d99914390bbb8830e8c471a7b P 56eb668a9fb148a683c77ac25a72a2cc: tablet copy: Starting download of 1 WAL segments...
I20260713 09:08:37.410315 23547 tablet_copy_client.cc:538] T 55366b29bc6b43e88773ef8433b7d4fa P 56eb668a9fb148a683c77ac25a72a2cc: tablet copy: Tablet Copy complete. Replacing tablet superblock.
I20260713 09:08:37.412961 23541 tablet_copy_client.cc:538] T 16cb915d99914390bbb8830e8c471a7b P 56eb668a9fb148a683c77ac25a72a2cc: tablet copy: Tablet Copy complete. Replacing tablet superblock.
I20260713 09:08:37.421188 23541 tablet_bootstrap.cc:492] T 16cb915d99914390bbb8830e8c471a7b P 56eb668a9fb148a683c77ac25a72a2cc: Bootstrap starting.
I20260713 09:08:37.422046 23547 tablet_bootstrap.cc:492] T 55366b29bc6b43e88773ef8433b7d4fa P 56eb668a9fb148a683c77ac25a72a2cc: Bootstrap starting.
I20260713 09:08:37.436870 23541 tablet_bootstrap.cc:492] T 16cb915d99914390bbb8830e8c471a7b P 56eb668a9fb148a683c77ac25a72a2cc: Bootstrap replayed 1/1 log segments. Stats: ops{read=2 overwritten=0 applied=2 ignored=0} inserts{seen=0 ignored=0} mutations{seen=0 ignored=0} orphaned_commits=0. Pending: 0 replicates
I20260713 09:08:37.437608 23541 tablet_bootstrap.cc:492] T 16cb915d99914390bbb8830e8c471a7b P 56eb668a9fb148a683c77ac25a72a2cc: Bootstrap complete.
I20260713 09:08:37.438215 23541 ts_tablet_manager.cc:1403] T 16cb915d99914390bbb8830e8c471a7b P 56eb668a9fb148a683c77ac25a72a2cc: Time spent bootstrapping tablet: real 0.017s	user 0.012s	sys 0.007s
I20260713 09:08:37.441016 23541 raft_consensus.cc:359] T 16cb915d99914390bbb8830e8c471a7b P 56eb668a9fb148a683c77ac25a72a2cc [term 1 LEARNER]: Replica starting. Triggering 0 pending ops. Active config: opid_index: 2 OBSOLETE_local: false peers { permanent_uuid: "1ca9e3317fec49b6826a00cb651fa984" member_type: VOTER last_known_addr { host: "127.21.78.129" port: 40645 } } peers { permanent_uuid: "7d9e23dfe05b489bb8b015d6af85d5c8" member_type: VOTER last_known_addr { host: "127.21.78.130" port: 43649 } attrs { replace: true } } peers { permanent_uuid: "83d98243d6d3416fb1cde269314742b9" member_type: VOTER last_known_addr { host: "127.21.78.131" port: 44063 } } peers { permanent_uuid: "56eb668a9fb148a683c77ac25a72a2cc" member_type: NON_VOTER last_known_addr { host: "127.21.78.132" port: 35857 } attrs { promote: true } }
I20260713 09:08:37.441820 23547 tablet_bootstrap.cc:492] T 55366b29bc6b43e88773ef8433b7d4fa P 56eb668a9fb148a683c77ac25a72a2cc: Bootstrap replayed 1/1 log segments. Stats: ops{read=2 overwritten=0 applied=2 ignored=0} inserts{seen=0 ignored=0} mutations{seen=0 ignored=0} orphaned_commits=0. Pending: 0 replicates
I20260713 09:08:37.441828 23541 raft_consensus.cc:740] T 16cb915d99914390bbb8830e8c471a7b P 56eb668a9fb148a683c77ac25a72a2cc [term 1 LEARNER]: Becoming Follower/Learner. State: Replica: 56eb668a9fb148a683c77ac25a72a2cc, State: Initialized, Role: LEARNER
I20260713 09:08:37.443004 23541 consensus_queue.cc:260] T 16cb915d99914390bbb8830e8c471a7b P 56eb668a9fb148a683c77ac25a72a2cc [NON_LEADER]: Queue going to NON_LEADER mode. State: All replicated index: 0, Majority replicated index: 0, Committed index: 2, Last appended: 1.2, Last appended by leader: 2, Current term: 0, Majority size: -1, State: 0, Mode: NON_LEADER, active raft config: opid_index: 2 OBSOLETE_local: false peers { permanent_uuid: "1ca9e3317fec49b6826a00cb651fa984" member_type: VOTER last_known_addr { host: "127.21.78.129" port: 40645 } } peers { permanent_uuid: "7d9e23dfe05b489bb8b015d6af85d5c8" member_type: VOTER last_known_addr { host: "127.21.78.130" port: 43649 } attrs { replace: true } } peers { permanent_uuid: "83d98243d6d3416fb1cde269314742b9" member_type: VOTER last_known_addr { host: "127.21.78.131" port: 44063 } } peers { permanent_uuid: "56eb668a9fb148a683c77ac25a72a2cc" member_type: NON_VOTER last_known_addr { host: "127.21.78.132" port: 35857 } attrs { promote: true } }
I20260713 09:08:37.443360 23547 tablet_bootstrap.cc:492] T 55366b29bc6b43e88773ef8433b7d4fa P 56eb668a9fb148a683c77ac25a72a2cc: Bootstrap complete.
I20260713 09:08:37.444104 23547 ts_tablet_manager.cc:1403] T 55366b29bc6b43e88773ef8433b7d4fa P 56eb668a9fb148a683c77ac25a72a2cc: Time spent bootstrapping tablet: real 0.022s	user 0.013s	sys 0.008s
I20260713 09:08:37.445233 23541 ts_tablet_manager.cc:1434] T 16cb915d99914390bbb8830e8c471a7b P 56eb668a9fb148a683c77ac25a72a2cc: Time spent starting tablet: real 0.007s	user 0.004s	sys 0.000s
I20260713 09:08:37.446858 23547 raft_consensus.cc:359] T 55366b29bc6b43e88773ef8433b7d4fa P 56eb668a9fb148a683c77ac25a72a2cc [term 1 LEARNER]: Replica starting. Triggering 0 pending ops. Active config: opid_index: 2 OBSOLETE_local: false peers { permanent_uuid: "1ca9e3317fec49b6826a00cb651fa984" member_type: VOTER last_known_addr { host: "127.21.78.129" port: 40645 } } peers { permanent_uuid: "7d9e23dfe05b489bb8b015d6af85d5c8" member_type: VOTER last_known_addr { host: "127.21.78.130" port: 43649 } } peers { permanent_uuid: "83d98243d6d3416fb1cde269314742b9" member_type: VOTER last_known_addr { host: "127.21.78.131" port: 44063 } attrs { replace: true } } peers { permanent_uuid: "56eb668a9fb148a683c77ac25a72a2cc" member_type: NON_VOTER last_known_addr { host: "127.21.78.132" port: 35857 } attrs { promote: true } }
I20260713 09:08:37.447499 23547 raft_consensus.cc:740] T 55366b29bc6b43e88773ef8433b7d4fa P 56eb668a9fb148a683c77ac25a72a2cc [term 1 LEARNER]: Becoming Follower/Learner. State: Replica: 56eb668a9fb148a683c77ac25a72a2cc, State: Initialized, Role: LEARNER
I20260713 09:08:37.448143 23547 consensus_queue.cc:260] T 55366b29bc6b43e88773ef8433b7d4fa P 56eb668a9fb148a683c77ac25a72a2cc [NON_LEADER]: Queue going to NON_LEADER mode. State: All replicated index: 0, Majority replicated index: 0, Committed index: 2, Last appended: 1.2, Last appended by leader: 2, Current term: 0, Majority size: -1, State: 0, Mode: NON_LEADER, active raft config: opid_index: 2 OBSOLETE_local: false peers { permanent_uuid: "1ca9e3317fec49b6826a00cb651fa984" member_type: VOTER last_known_addr { host: "127.21.78.129" port: 40645 } } peers { permanent_uuid: "7d9e23dfe05b489bb8b015d6af85d5c8" member_type: VOTER last_known_addr { host: "127.21.78.130" port: 43649 } } peers { permanent_uuid: "83d98243d6d3416fb1cde269314742b9" member_type: VOTER last_known_addr { host: "127.21.78.131" port: 44063 } attrs { replace: true } } peers { permanent_uuid: "56eb668a9fb148a683c77ac25a72a2cc" member_type: NON_VOTER last_known_addr { host: "127.21.78.132" port: 35857 } attrs { promote: true } }
I20260713 09:08:37.448680 23091 tablet_copy_service.cc:342] P 83d98243d6d3416fb1cde269314742b9: Request end of tablet copy session 56eb668a9fb148a683c77ac25a72a2cc-16cb915d99914390bbb8830e8c471a7b received from {username='slave'} at 127.0.0.1:50074
I20260713 09:08:37.449113 23091 tablet_copy_service.cc:434] P 83d98243d6d3416fb1cde269314742b9: ending tablet copy session 56eb668a9fb148a683c77ac25a72a2cc-16cb915d99914390bbb8830e8c471a7b on tablet 16cb915d99914390bbb8830e8c471a7b with peer 56eb668a9fb148a683c77ac25a72a2cc
I20260713 09:08:37.450223 23547 ts_tablet_manager.cc:1434] T 55366b29bc6b43e88773ef8433b7d4fa P 56eb668a9fb148a683c77ac25a72a2cc: Time spent starting tablet: real 0.006s	user 0.006s	sys 0.000s
I20260713 09:08:37.453362 23017 tablet_copy_service.cc:342] P 7d9e23dfe05b489bb8b015d6af85d5c8: Request end of tablet copy session 56eb668a9fb148a683c77ac25a72a2cc-55366b29bc6b43e88773ef8433b7d4fa received from {username='slave'} at 127.0.0.1:38548
I20260713 09:08:37.453754 23017 tablet_copy_service.cc:434] P 7d9e23dfe05b489bb8b015d6af85d5c8: ending tablet copy session 56eb668a9fb148a683c77ac25a72a2cc-55366b29bc6b43e88773ef8433b7d4fa on tablet 55366b29bc6b43e88773ef8433b7d4fa with peer 56eb668a9fb148a683c77ac25a72a2cc
I20260713 09:08:37.681165 23341 raft_consensus.cc:1217] T 36c82b6306d4492e8e127943e900e18e P 56eb668a9fb148a683c77ac25a72a2cc [term 1 LEARNER]: Deduplicated request from leader. Original: 1.1->[1.2-1.2]   Dedup: 1.2->[]
I20260713 09:08:37.790237 23341 raft_consensus.cc:1217] T f0e3f7d1f23641ee83f88d2ba6d36584 P 56eb668a9fb148a683c77ac25a72a2cc [term 1 LEARNER]: Deduplicated request from leader. Original: 1.1->[1.2-1.2]   Dedup: 1.2->[]
I20260713 09:08:37.874356 23341 raft_consensus.cc:1217] T 55366b29bc6b43e88773ef8433b7d4fa P 56eb668a9fb148a683c77ac25a72a2cc [term 1 LEARNER]: Deduplicated request from leader. Original: 1.1->[1.2-1.2]   Dedup: 1.2->[]
I20260713 09:08:37.971387 23341 raft_consensus.cc:1217] T 16cb915d99914390bbb8830e8c471a7b P 56eb668a9fb148a683c77ac25a72a2cc [term 1 LEARNER]: Deduplicated request from leader. Original: 1.1->[1.2-1.2]   Dedup: 1.2->[]
I20260713 09:08:38.074019 23515 raft_consensus.cc:1064] T 36c82b6306d4492e8e127943e900e18e P 1ca9e3317fec49b6826a00cb651fa984: attempting to promote NON_VOTER 56eb668a9fb148a683c77ac25a72a2cc to VOTER
I20260713 09:08:38.076553 23515 consensus_queue.cc:237] T 36c82b6306d4492e8e127943e900e18e P 1ca9e3317fec49b6826a00cb651fa984 [LEADER]: Queue going to LEADER mode. State: All replicated index: 0, Majority replicated index: 2, Committed index: 2, Last appended: 1.2, Last appended by leader: 0, Current term: 1, Majority size: 3, State: 0, Mode: LEADER, active raft config: opid_index: 3 OBSOLETE_local: false peers { permanent_uuid: "1ca9e3317fec49b6826a00cb651fa984" member_type: VOTER last_known_addr { host: "127.21.78.129" port: 40645 } } peers { permanent_uuid: "7d9e23dfe05b489bb8b015d6af85d5c8" member_type: VOTER last_known_addr { host: "127.21.78.130" port: 43649 } } peers { permanent_uuid: "83d98243d6d3416fb1cde269314742b9" member_type: VOTER last_known_addr { host: "127.21.78.131" port: 44063 } attrs { replace: true } } peers { permanent_uuid: "56eb668a9fb148a683c77ac25a72a2cc" member_type: VOTER last_known_addr { host: "127.21.78.132" port: 35857 } attrs { promote: false } }
I20260713 09:08:38.082728 23341 raft_consensus.cc:1275] T 36c82b6306d4492e8e127943e900e18e P 56eb668a9fb148a683c77ac25a72a2cc [term 1 LEARNER]: Refusing update from remote peer 1ca9e3317fec49b6826a00cb651fa984: Log matching property violated. Preceding OpId in replica: term: 1 index: 2. Preceding OpId from leader: term: 1 index: 3. (index mismatch)
I20260713 09:08:38.082880 23080 raft_consensus.cc:1275] T 36c82b6306d4492e8e127943e900e18e P 83d98243d6d3416fb1cde269314742b9 [term 1 FOLLOWER]: Refusing update from remote peer 1ca9e3317fec49b6826a00cb651fa984: Log matching property violated. Preceding OpId in replica: term: 1 index: 2. Preceding OpId from leader: term: 1 index: 3. (index mismatch)
I20260713 09:08:38.083763 23556 consensus_queue.cc:1048] T 36c82b6306d4492e8e127943e900e18e P 1ca9e3317fec49b6826a00cb651fa984 [LEADER]: Connected to new peer: Peer: permanent_uuid: "56eb668a9fb148a683c77ac25a72a2cc" member_type: VOTER last_known_addr { host: "127.21.78.132" port: 35857 } attrs { promote: false }, Status: LMP_MISMATCH, Last received: 0.0, Next index: 3, Last known committed idx: 2, Time since last communication: 0.000s
I20260713 09:08:38.085577 23556 consensus_queue.cc:1048] T 36c82b6306d4492e8e127943e900e18e P 1ca9e3317fec49b6826a00cb651fa984 [LEADER]: Connected to new peer: Peer: permanent_uuid: "83d98243d6d3416fb1cde269314742b9" member_type: VOTER last_known_addr { host: "127.21.78.131" port: 44063 } attrs { replace: true }, Status: LMP_MISMATCH, Last received: 0.0, Next index: 3, Last known committed idx: 2, Time since last communication: 0.000s
I20260713 09:08:38.089020 23006 raft_consensus.cc:1275] T 36c82b6306d4492e8e127943e900e18e P 7d9e23dfe05b489bb8b015d6af85d5c8 [term 1 FOLLOWER]: Refusing update from remote peer 1ca9e3317fec49b6826a00cb651fa984: Log matching property violated. Preceding OpId in replica: term: 1 index: 2. Preceding OpId from leader: term: 1 index: 3. (index mismatch)
I20260713 09:08:38.091073 23514 consensus_queue.cc:1048] T 36c82b6306d4492e8e127943e900e18e P 1ca9e3317fec49b6826a00cb651fa984 [LEADER]: Connected to new peer: Peer: permanent_uuid: "7d9e23dfe05b489bb8b015d6af85d5c8" member_type: VOTER last_known_addr { host: "127.21.78.130" port: 43649 }, Status: LMP_MISMATCH, Last received: 0.0, Next index: 3, Last known committed idx: 2, Time since last communication: 0.000s
I20260713 09:08:38.102005 23561 raft_consensus.cc:2955] T 36c82b6306d4492e8e127943e900e18e P 1ca9e3317fec49b6826a00cb651fa984 [term 1 LEADER]: Committing config change with OpId 1.3: config changed from index 2 to 3, 56eb668a9fb148a683c77ac25a72a2cc (127.21.78.132) changed from NON_VOTER to VOTER. New config: { opid_index: 3 OBSOLETE_local: false peers { permanent_uuid: "1ca9e3317fec49b6826a00cb651fa984" member_type: VOTER last_known_addr { host: "127.21.78.129" port: 40645 } } peers { permanent_uuid: "7d9e23dfe05b489bb8b015d6af85d5c8" member_type: VOTER last_known_addr { host: "127.21.78.130" port: 43649 } } peers { permanent_uuid: "83d98243d6d3416fb1cde269314742b9" member_type: VOTER last_known_addr { host: "127.21.78.131" port: 44063 } attrs { replace: true } } peers { permanent_uuid: "56eb668a9fb148a683c77ac25a72a2cc" member_type: VOTER last_known_addr { host: "127.21.78.132" port: 35857 } attrs { promote: false } } }
I20260713 09:08:38.103343 23005 raft_consensus.cc:2955] T 36c82b6306d4492e8e127943e900e18e P 7d9e23dfe05b489bb8b015d6af85d5c8 [term 1 FOLLOWER]: Committing config change with OpId 1.3: config changed from index 2 to 3, 56eb668a9fb148a683c77ac25a72a2cc (127.21.78.132) changed from NON_VOTER to VOTER. New config: { opid_index: 3 OBSOLETE_local: false peers { permanent_uuid: "1ca9e3317fec49b6826a00cb651fa984" member_type: VOTER last_known_addr { host: "127.21.78.129" port: 40645 } } peers { permanent_uuid: "7d9e23dfe05b489bb8b015d6af85d5c8" member_type: VOTER last_known_addr { host: "127.21.78.130" port: 43649 } } peers { permanent_uuid: "83d98243d6d3416fb1cde269314742b9" member_type: VOTER last_known_addr { host: "127.21.78.131" port: 44063 } attrs { replace: true } } peers { permanent_uuid: "56eb668a9fb148a683c77ac25a72a2cc" member_type: VOTER last_known_addr { host: "127.21.78.132" port: 35857 } attrs { promote: false } } }
I20260713 09:08:38.111711 23080 raft_consensus.cc:2955] T 36c82b6306d4492e8e127943e900e18e P 83d98243d6d3416fb1cde269314742b9 [term 1 FOLLOWER]: Committing config change with OpId 1.3: config changed from index 2 to 3, 56eb668a9fb148a683c77ac25a72a2cc (127.21.78.132) changed from NON_VOTER to VOTER. New config: { opid_index: 3 OBSOLETE_local: false peers { permanent_uuid: "1ca9e3317fec49b6826a00cb651fa984" member_type: VOTER last_known_addr { host: "127.21.78.129" port: 40645 } } peers { permanent_uuid: "7d9e23dfe05b489bb8b015d6af85d5c8" member_type: VOTER last_known_addr { host: "127.21.78.130" port: 43649 } } peers { permanent_uuid: "83d98243d6d3416fb1cde269314742b9" member_type: VOTER last_known_addr { host: "127.21.78.131" port: 44063 } attrs { replace: true } } peers { permanent_uuid: "56eb668a9fb148a683c77ac25a72a2cc" member_type: VOTER last_known_addr { host: "127.21.78.132" port: 35857 } attrs { promote: false } } }
I20260713 09:08:38.115633 22827 catalog_manager.cc:5697] T 36c82b6306d4492e8e127943e900e18e P 7d9e23dfe05b489bb8b015d6af85d5c8 reported cstate change: config changed from index 2 to 3, 56eb668a9fb148a683c77ac25a72a2cc (127.21.78.132) changed from NON_VOTER to VOTER. New cstate: current_term: 1 leader_uuid: "1ca9e3317fec49b6826a00cb651fa984" committed_config { opid_index: 3 OBSOLETE_local: false peers { permanent_uuid: "1ca9e3317fec49b6826a00cb651fa984" member_type: VOTER last_known_addr { host: "127.21.78.129" port: 40645 } } peers { permanent_uuid: "7d9e23dfe05b489bb8b015d6af85d5c8" member_type: VOTER last_known_addr { host: "127.21.78.130" port: 43649 } } peers { permanent_uuid: "83d98243d6d3416fb1cde269314742b9" member_type: VOTER last_known_addr { host: "127.21.78.131" port: 44063 } attrs { replace: true } } peers { permanent_uuid: "56eb668a9fb148a683c77ac25a72a2cc" member_type: VOTER last_known_addr { host: "127.21.78.132" port: 35857 } attrs { promote: false } } }
I20260713 09:08:38.119143 23341 raft_consensus.cc:2955] T 36c82b6306d4492e8e127943e900e18e P 56eb668a9fb148a683c77ac25a72a2cc [term 1 FOLLOWER]: Committing config change with OpId 1.3: config changed from index 2 to 3, 56eb668a9fb148a683c77ac25a72a2cc (127.21.78.132) changed from NON_VOTER to VOTER. New config: { opid_index: 3 OBSOLETE_local: false peers { permanent_uuid: "1ca9e3317fec49b6826a00cb651fa984" member_type: VOTER last_known_addr { host: "127.21.78.129" port: 40645 } } peers { permanent_uuid: "7d9e23dfe05b489bb8b015d6af85d5c8" member_type: VOTER last_known_addr { host: "127.21.78.130" port: 43649 } } peers { permanent_uuid: "83d98243d6d3416fb1cde269314742b9" member_type: VOTER last_known_addr { host: "127.21.78.131" port: 44063 } attrs { replace: true } } peers { permanent_uuid: "56eb668a9fb148a683c77ac25a72a2cc" member_type: VOTER last_known_addr { host: "127.21.78.132" port: 35857 } attrs { promote: false } } }
I20260713 09:08:38.153196 22931 consensus_queue.cc:237] T 36c82b6306d4492e8e127943e900e18e P 1ca9e3317fec49b6826a00cb651fa984 [LEADER]: Queue going to LEADER mode. State: All replicated index: 0, Majority replicated index: 3, Committed index: 3, Last appended: 1.3, Last appended by leader: 0, Current term: 1, Majority size: 2, State: 0, Mode: LEADER, active raft config: opid_index: 4 OBSOLETE_local: false peers { permanent_uuid: "1ca9e3317fec49b6826a00cb651fa984" member_type: VOTER last_known_addr { host: "127.21.78.129" port: 40645 } } peers { permanent_uuid: "7d9e23dfe05b489bb8b015d6af85d5c8" member_type: VOTER last_known_addr { host: "127.21.78.130" port: 43649 } } peers { permanent_uuid: "56eb668a9fb148a683c77ac25a72a2cc" member_type: VOTER last_known_addr { host: "127.21.78.132" port: 35857 } attrs { promote: false } }
