I20260713 09:08:18.491408 22516 raft_consensus.cc:2468] T ca364362cffe429a8f0f99fa9d4fee92 P 55f8d06839d549a6bfb327ba33bcade7 [term 2 FOLLOWER]: Leader election vote request: Granting yes vote for candidate e11d91b952494138b0725886972959b7 in term 2.
I20260713 09:08:18.491573 22676 raft_consensus.cc:2804] T ca364362cffe429a8f0f99fa9d4fee92 P e11d91b952494138b0725886972959b7 [term 2 FOLLOWER]: Leader election won for term 2
I20260713 09:08:18.492110 22676 raft_consensus.cc:697] T ca364362cffe429a8f0f99fa9d4fee92 P e11d91b952494138b0725886972959b7 [term 2 LEADER]: Becoming Leader. State: Replica: e11d91b952494138b0725886972959b7, State: Running, Role: LEADER
I20260713 09:08:18.492807 22676 consensus_queue.cc:237] T ca364362cffe429a8f0f99fa9d4fee92 P e11d91b952494138b0725886972959b7 [LEADER]: Queue going to LEADER mode. State: All replicated index: 0, Majority replicated index: 1, Committed index: 1, Last appended: 1.1, Last appended by leader: 1, Current term: 2, Majority size: 2, State: 0, Mode: LEADER, active raft config: opid_index: -1 OBSOLETE_local: false peers { permanent_uuid: "e11d91b952494138b0725886972959b7" member_type: VOTER last_known_addr { host: "127.21.78.129" port: 36227 } } peers { permanent_uuid: "55f8d06839d549a6bfb327ba33bcade7" member_type: VOTER last_known_addr { host: "127.21.78.130" port: 43343 } } peers { permanent_uuid: "1c45796d4b9b49c69c005b3810427441" member_type: VOTER last_known_addr { host: "127.21.78.131" port: 45541 } }
I20260713 09:08:18.498842 22670 raft_consensus.cc:993] T 8945cd8c2b104793839adca4305e3c01 P 55f8d06839d549a6bfb327ba33bcade7: : Instructing follower 1c45796d4b9b49c69c005b3810427441 to start an election
I20260713 09:08:18.499349 22668 raft_consensus.cc:1081] T 8945cd8c2b104793839adca4305e3c01 P 55f8d06839d549a6bfb327ba33bcade7 [term 1 LEADER]: Signalling peer 1c45796d4b9b49c69c005b3810427441 to start an election
I20260713 09:08:18.498836 22340 catalog_manager.cc:5697] T ca364362cffe429a8f0f99fa9d4fee92 P e11d91b952494138b0725886972959b7 reported cstate change: term changed from 1 to 2, leader changed from 55f8d06839d549a6bfb327ba33bcade7 (127.21.78.130) to e11d91b952494138b0725886972959b7 (127.21.78.129). New cstate: current_term: 2 leader_uuid: "e11d91b952494138b0725886972959b7" committed_config { opid_index: -1 OBSOLETE_local: false peers { permanent_uuid: "e11d91b952494138b0725886972959b7" member_type: VOTER last_known_addr { host: "127.21.78.129" port: 36227 } health_report { overall_health: HEALTHY } } peers { permanent_uuid: "55f8d06839d549a6bfb327ba33bcade7" member_type: VOTER last_known_addr { host: "127.21.78.130" port: 43343 } health_report { overall_health: UNKNOWN } } peers { permanent_uuid: "1c45796d4b9b49c69c005b3810427441" member_type: VOTER last_known_addr { host: "127.21.78.131" port: 45541 } health_report { overall_health: UNKNOWN } } }
I20260713 09:08:18.500737 22590 tablet_service.cc:2044] Received Run Leader Election RPC: tablet_id: "8945cd8c2b104793839adca4305e3c01"
dest_uuid: "1c45796d4b9b49c69c005b3810427441"
 from {username='slave'} at 127.0.0.1:42030
I20260713 09:08:18.501209 22590 raft_consensus.cc:493] T 8945cd8c2b104793839adca4305e3c01 P 1c45796d4b9b49c69c005b3810427441 [term 1 FOLLOWER]: Starting forced leader election (received explicit request)
I20260713 09:08:18.501585 22590 raft_consensus.cc:3060] T 8945cd8c2b104793839adca4305e3c01 P 1c45796d4b9b49c69c005b3810427441 [term 1 FOLLOWER]: Advancing to term 2
I20260713 09:08:18.507018 22590 raft_consensus.cc:515] T 8945cd8c2b104793839adca4305e3c01 P 1c45796d4b9b49c69c005b3810427441 [term 2 FOLLOWER]: Starting forced leader election with config: opid_index: -1 OBSOLETE_local: false peers { permanent_uuid: "e11d91b952494138b0725886972959b7" member_type: VOTER last_known_addr { host: "127.21.78.129" port: 36227 } } peers { permanent_uuid: "55f8d06839d549a6bfb327ba33bcade7" member_type: VOTER last_known_addr { host: "127.21.78.130" port: 43343 } } peers { permanent_uuid: "1c45796d4b9b49c69c005b3810427441" member_type: VOTER last_known_addr { host: "127.21.78.131" port: 45541 } }
I20260713 09:08:18.508262 22590 leader_election.cc:290] T 8945cd8c2b104793839adca4305e3c01 P 1c45796d4b9b49c69c005b3810427441 [CANDIDATE]: Term 2 election: Requested vote from peers e11d91b952494138b0725886972959b7 (127.21.78.129:36227), 55f8d06839d549a6bfb327ba33bcade7 (127.21.78.130:43343)
I20260713 09:08:18.508950 22439 tablet_service.cc:1917] Received RequestConsensusVote() RPC: tablet_id: "8945cd8c2b104793839adca4305e3c01" candidate_uuid: "1c45796d4b9b49c69c005b3810427441" candidate_term: 2 candidate_status { last_received { term: 1 index: 1 } } ignore_live_leader: true dest_uuid: "e11d91b952494138b0725886972959b7"
I20260713 09:08:18.509428 22439 raft_consensus.cc:3060] T 8945cd8c2b104793839adca4305e3c01 P e11d91b952494138b0725886972959b7 [term 1 FOLLOWER]: Advancing to term 2
I20260713 09:08:18.509315 22516 tablet_service.cc:1917] Received RequestConsensusVote() RPC: tablet_id: "8945cd8c2b104793839adca4305e3c01" candidate_uuid: "1c45796d4b9b49c69c005b3810427441" candidate_term: 2 candidate_status { last_received { term: 1 index: 1 } } ignore_live_leader: true dest_uuid: "55f8d06839d549a6bfb327ba33bcade7"
I20260713 09:08:18.509910 22516 raft_consensus.cc:3055] T 8945cd8c2b104793839adca4305e3c01 P 55f8d06839d549a6bfb327ba33bcade7 [term 1 LEADER]: Stepping down as leader of term 1
I20260713 09:08:18.510218 22516 raft_consensus.cc:740] T 8945cd8c2b104793839adca4305e3c01 P 55f8d06839d549a6bfb327ba33bcade7 [term 1 LEADER]: Becoming Follower/Learner. State: Replica: 55f8d06839d549a6bfb327ba33bcade7, State: Running, Role: LEADER
I20260713 09:08:18.510878 22516 consensus_queue.cc:260] T 8945cd8c2b104793839adca4305e3c01 P 55f8d06839d549a6bfb327ba33bcade7 [NON_LEADER]: Queue going to NON_LEADER mode. State: All replicated index: 0, Majority replicated index: 1, Committed index: 1, Last appended: 1.1, Last appended by leader: 1, Current term: 1, Majority size: -1, State: 0, Mode: NON_LEADER, active raft config: opid_index: -1 OBSOLETE_local: false peers { permanent_uuid: "e11d91b952494138b0725886972959b7" member_type: VOTER last_known_addr { host: "127.21.78.129" port: 36227 } } peers { permanent_uuid: "55f8d06839d549a6bfb327ba33bcade7" member_type: VOTER last_known_addr { host: "127.21.78.130" port: 43343 } } peers { permanent_uuid: "1c45796d4b9b49c69c005b3810427441" member_type: VOTER last_known_addr { host: "127.21.78.131" port: 45541 } }
I20260713 09:08:18.511723 22516 raft_consensus.cc:3060] T 8945cd8c2b104793839adca4305e3c01 P 55f8d06839d549a6bfb327ba33bcade7 [term 1 FOLLOWER]: Advancing to term 2
I20260713 09:08:18.513746 22439 raft_consensus.cc:2468] T 8945cd8c2b104793839adca4305e3c01 P e11d91b952494138b0725886972959b7 [term 2 FOLLOWER]: Leader election vote request: Granting yes vote for candidate 1c45796d4b9b49c69c005b3810427441 in term 2.
I20260713 09:08:18.514734 22555 leader_election.cc:304] T 8945cd8c2b104793839adca4305e3c01 P 1c45796d4b9b49c69c005b3810427441 [CANDIDATE]: Term 2 election: Election decided. Result: candidate won. Election summary: received 2 responses out of 3 voters: 2 yes votes; 0 no votes. yes voters: 1c45796d4b9b49c69c005b3810427441, e11d91b952494138b0725886972959b7; no voters: 
I20260713 09:08:18.515379 22638 raft_consensus.cc:2804] T 8945cd8c2b104793839adca4305e3c01 P 1c45796d4b9b49c69c005b3810427441 [term 2 FOLLOWER]: Leader election won for term 2
I20260713 09:08:18.515847 22638 raft_consensus.cc:697] T 8945cd8c2b104793839adca4305e3c01 P 1c45796d4b9b49c69c005b3810427441 [term 2 LEADER]: Becoming Leader. State: Replica: 1c45796d4b9b49c69c005b3810427441, State: Running, Role: LEADER
I20260713 09:08:18.516103 22516 raft_consensus.cc:2468] T 8945cd8c2b104793839adca4305e3c01 P 55f8d06839d549a6bfb327ba33bcade7 [term 2 FOLLOWER]: Leader election vote request: Granting yes vote for candidate 1c45796d4b9b49c69c005b3810427441 in term 2.
I20260713 09:08:18.516644 22638 consensus_queue.cc:237] T 8945cd8c2b104793839adca4305e3c01 P 1c45796d4b9b49c69c005b3810427441 [LEADER]: Queue going to LEADER mode. State: All replicated index: 0, Majority replicated index: 1, Committed index: 1, Last appended: 1.1, Last appended by leader: 1, Current term: 2, Majority size: 2, State: 0, Mode: LEADER, active raft config: opid_index: -1 OBSOLETE_local: false peers { permanent_uuid: "e11d91b952494138b0725886972959b7" member_type: VOTER last_known_addr { host: "127.21.78.129" port: 36227 } } peers { permanent_uuid: "55f8d06839d549a6bfb327ba33bcade7" member_type: VOTER last_known_addr { host: "127.21.78.130" port: 43343 } } peers { permanent_uuid: "1c45796d4b9b49c69c005b3810427441" member_type: VOTER last_known_addr { host: "127.21.78.131" port: 45541 } }
I20260713 09:08:18.522635 22340 catalog_manager.cc:5697] T 8945cd8c2b104793839adca4305e3c01 P 1c45796d4b9b49c69c005b3810427441 reported cstate change: term changed from 1 to 2, leader changed from 55f8d06839d549a6bfb327ba33bcade7 (127.21.78.130) to 1c45796d4b9b49c69c005b3810427441 (127.21.78.131). New cstate: current_term: 2 leader_uuid: "1c45796d4b9b49c69c005b3810427441" committed_config { opid_index: -1 OBSOLETE_local: false peers { permanent_uuid: "e11d91b952494138b0725886972959b7" member_type: VOTER last_known_addr { host: "127.21.78.129" port: 36227 } health_report { overall_health: UNKNOWN } } peers { permanent_uuid: "55f8d06839d549a6bfb327ba33bcade7" member_type: VOTER last_known_addr { host: "127.21.78.130" port: 43343 } health_report { overall_health: UNKNOWN } } peers { permanent_uuid: "1c45796d4b9b49c69c005b3810427441" member_type: VOTER last_known_addr { host: "127.21.78.131" port: 45541 } health_report { overall_health: HEALTHY } } }
I20260713 09:08:18.539676 22590 raft_consensus.cc:1275] T b214bffd7ace4a3e8a0babe6d4a98eae P 1c45796d4b9b49c69c005b3810427441 [term 2 FOLLOWER]: Refusing update from remote peer 55f8d06839d549a6bfb327ba33bcade7: Log matching property violated. Preceding OpId in replica: term: 1 index: 1. Preceding OpId from leader: term: 2 index: 2. (index mismatch)
I20260713 09:08:18.540716 22668 consensus_queue.cc:1048] T b214bffd7ace4a3e8a0babe6d4a98eae P 55f8d06839d549a6bfb327ba33bcade7 [LEADER]: Connected to new peer: Peer: permanent_uuid: "1c45796d4b9b49c69c005b3810427441" member_type: VOTER last_known_addr { host: "127.21.78.131" port: 45541 }, Status: LMP_MISMATCH, Last received: 0.0, Next index: 2, Last known committed idx: 1, Time since last communication: 0.000s
I20260713 09:08:18.546998 22439 raft_consensus.cc:3060] T b214bffd7ace4a3e8a0babe6d4a98eae P e11d91b952494138b0725886972959b7 [term 1 FOLLOWER]: Advancing to term 2
I20260713 09:08:18.553395 22439 raft_consensus.cc:1275] T b214bffd7ace4a3e8a0babe6d4a98eae P e11d91b952494138b0725886972959b7 [term 2 FOLLOWER]: Refusing update from remote peer 55f8d06839d549a6bfb327ba33bcade7: Log matching property violated. Preceding OpId in replica: term: 1 index: 1. Preceding OpId from leader: term: 2 index: 2. (index mismatch)
I20260713 09:08:18.554513 22672 consensus_queue.cc:1048] T b214bffd7ace4a3e8a0babe6d4a98eae P 55f8d06839d549a6bfb327ba33bcade7 [LEADER]: Connected to new peer: Peer: permanent_uuid: "e11d91b952494138b0725886972959b7" member_type: VOTER last_known_addr { host: "127.21.78.129" port: 36227 }, Status: LMP_MISMATCH, Last received: 0.0, Next index: 2, Last known committed idx: 1, Time since last communication: 0.000s
I20260713 09:08:18.581302 22439 raft_consensus.cc:1275] T 83b351c05197469f98d37e7e3b010b21 P e11d91b952494138b0725886972959b7 [term 2 FOLLOWER]: Refusing update from remote peer 55f8d06839d549a6bfb327ba33bcade7: Log matching property violated. Preceding OpId in replica: term: 1 index: 1. Preceding OpId from leader: term: 2 index: 2. (index mismatch)
I20260713 09:08:18.582417 22672 consensus_queue.cc:1048] T 83b351c05197469f98d37e7e3b010b21 P 55f8d06839d549a6bfb327ba33bcade7 [LEADER]: Connected to new peer: Peer: permanent_uuid: "e11d91b952494138b0725886972959b7" member_type: VOTER last_known_addr { host: "127.21.78.129" port: 36227 }, Status: LMP_MISMATCH, Last received: 0.0, Next index: 2, Last known committed idx: 1, Time since last communication: 0.000s
I20260713 09:08:18.589481 22590 raft_consensus.cc:3060] T 83b351c05197469f98d37e7e3b010b21 P 1c45796d4b9b49c69c005b3810427441 [term 1 FOLLOWER]: Advancing to term 2
I20260713 09:08:18.595558 22590 raft_consensus.cc:1275] T 83b351c05197469f98d37e7e3b010b21 P 1c45796d4b9b49c69c005b3810427441 [term 2 FOLLOWER]: Refusing update from remote peer 55f8d06839d549a6bfb327ba33bcade7: Log matching property violated. Preceding OpId in replica: term: 1 index: 1. Preceding OpId from leader: term: 2 index: 2. (index mismatch)
I20260713 09:08:18.596679 22670 consensus_queue.cc:1048] T 83b351c05197469f98d37e7e3b010b21 P 55f8d06839d549a6bfb327ba33bcade7 [LEADER]: Connected to new peer: Peer: permanent_uuid: "1c45796d4b9b49c69c005b3810427441" member_type: VOTER last_known_addr { host: "127.21.78.131" port: 45541 }, Status: LMP_MISMATCH, Last received: 0.0, Next index: 2, Last known committed idx: 1, Time since last communication: 0.000s
I20260713 09:08:18.642832 22439 raft_consensus.cc:1275] T a3b29296c5b240d5ba1933012e2f4c83 P e11d91b952494138b0725886972959b7 [term 2 FOLLOWER]: Refusing update from remote peer 55f8d06839d549a6bfb327ba33bcade7: Log matching property violated. Preceding OpId in replica: term: 1 index: 1. Preceding OpId from leader: term: 2 index: 2. (index mismatch)
I20260713 09:08:18.643946 22670 consensus_queue.cc:1048] T a3b29296c5b240d5ba1933012e2f4c83 P 55f8d06839d549a6bfb327ba33bcade7 [LEADER]: Connected to new peer: Peer: permanent_uuid: "e11d91b952494138b0725886972959b7" member_type: VOTER last_known_addr { host: "127.21.78.129" port: 36227 }, Status: LMP_MISMATCH, Last received: 0.0, Next index: 2, Last known committed idx: 1, Time since last communication: 0.000s
I20260713 09:08:18.646893 22590 raft_consensus.cc:1275] T a3b29296c5b240d5ba1933012e2f4c83 P 1c45796d4b9b49c69c005b3810427441 [term 2 FOLLOWER]: Refusing update from remote peer 55f8d06839d549a6bfb327ba33bcade7: Log matching property violated. Preceding OpId in replica: term: 1 index: 1. Preceding OpId from leader: term: 2 index: 2. (index mismatch)
I20260713 09:08:18.648346 22672 consensus_queue.cc:1048] T a3b29296c5b240d5ba1933012e2f4c83 P 55f8d06839d549a6bfb327ba33bcade7 [LEADER]: Connected to new peer: Peer: permanent_uuid: "1c45796d4b9b49c69c005b3810427441" member_type: VOTER last_known_addr { host: "127.21.78.131" port: 45541 }, Status: LMP_MISMATCH, Last received: 0.0, Next index: 2, Last known committed idx: 1, Time since last communication: 0.000s
I20260713 09:08:18.709131 22590 raft_consensus.cc:1275] T 3dce069b74ac451aabdea6c08b82178a P 1c45796d4b9b49c69c005b3810427441 [term 2 FOLLOWER]: Refusing update from remote peer e11d91b952494138b0725886972959b7: Log matching property violated. Preceding OpId in replica: term: 1 index: 1. Preceding OpId from leader: term: 2 index: 2. (index mismatch)
I20260713 09:08:18.710402 22676 consensus_queue.cc:1048] T 3dce069b74ac451aabdea6c08b82178a P e11d91b952494138b0725886972959b7 [LEADER]: Connected to new peer: Peer: permanent_uuid: "1c45796d4b9b49c69c005b3810427441" member_type: VOTER last_known_addr { host: "127.21.78.131" port: 45541 }, Status: LMP_MISMATCH, Last received: 0.0, Next index: 2, Last known committed idx: 1, Time since last communication: 0.000s
I20260713 09:08:18.717188 22516 raft_consensus.cc:1275] T 3dce069b74ac451aabdea6c08b82178a P 55f8d06839d549a6bfb327ba33bcade7 [term 2 FOLLOWER]: Refusing update from remote peer e11d91b952494138b0725886972959b7: Log matching property violated. Preceding OpId in replica: term: 1 index: 1. Preceding OpId from leader: term: 2 index: 2. (index mismatch)
I20260713 09:08:18.718724 22671 consensus_queue.cc:1048] T 3dce069b74ac451aabdea6c08b82178a P e11d91b952494138b0725886972959b7 [LEADER]: Connected to new peer: Peer: permanent_uuid: "55f8d06839d549a6bfb327ba33bcade7" member_type: VOTER last_known_addr { host: "127.21.78.130" port: 43343 }, Status: LMP_MISMATCH, Last received: 0.0, Next index: 2, Last known committed idx: 1, Time since last communication: 0.000s
I20260713 09:08:18.755080 22590 raft_consensus.cc:1275] T 10300f8495414cf1a16866f1555a951a P 1c45796d4b9b49c69c005b3810427441 [term 2 FOLLOWER]: Refusing update from remote peer 55f8d06839d549a6bfb327ba33bcade7: Log matching property violated. Preceding OpId in replica: term: 1 index: 1. Preceding OpId from leader: term: 2 index: 2. (index mismatch)
I20260713 09:08:18.756172 22637 consensus_queue.cc:1048] T 10300f8495414cf1a16866f1555a951a P 55f8d06839d549a6bfb327ba33bcade7 [LEADER]: Connected to new peer: Peer: permanent_uuid: "1c45796d4b9b49c69c005b3810427441" member_type: VOTER last_known_addr { host: "127.21.78.131" port: 45541 }, Status: LMP_MISMATCH, Last received: 0.0, Next index: 2, Last known committed idx: 1, Time since last communication: 0.000s
I20260713 09:08:18.763855 22439 raft_consensus.cc:1275] T 10300f8495414cf1a16866f1555a951a P e11d91b952494138b0725886972959b7 [term 2 FOLLOWER]: Refusing update from remote peer 55f8d06839d549a6bfb327ba33bcade7: Log matching property violated. Preceding OpId in replica: term: 1 index: 1. Preceding OpId from leader: term: 2 index: 2. (index mismatch)
I20260713 09:08:18.765120 22672 consensus_queue.cc:1048] T 10300f8495414cf1a16866f1555a951a P 55f8d06839d549a6bfb327ba33bcade7 [LEADER]: Connected to new peer: Peer: permanent_uuid: "e11d91b952494138b0725886972959b7" member_type: VOTER last_known_addr { host: "127.21.78.129" port: 36227 }, Status: LMP_MISMATCH, Last received: 0.0, Next index: 2, Last known committed idx: 1, Time since last communication: 0.000s
I20260713 09:08:18.826159 22590 raft_consensus.cc:1275] T 4513fed83d0f477791405ab96c05bfb7 P 1c45796d4b9b49c69c005b3810427441 [term 2 FOLLOWER]: Refusing update from remote peer e11d91b952494138b0725886972959b7: Log matching property violated. Preceding OpId in replica: term: 1 index: 1. Preceding OpId from leader: term: 2 index: 2. (index mismatch)
I20260713 09:08:18.827273 22671 consensus_queue.cc:1048] T 4513fed83d0f477791405ab96c05bfb7 P e11d91b952494138b0725886972959b7 [LEADER]: Connected to new peer: Peer: permanent_uuid: "1c45796d4b9b49c69c005b3810427441" member_type: VOTER last_known_addr { host: "127.21.78.131" port: 45541 }, Status: LMP_MISMATCH, Last received: 0.0, Next index: 2, Last known committed idx: 1, Time since last communication: 0.000s
I20260713 09:08:18.834090 22516 raft_consensus.cc:1275] T 4513fed83d0f477791405ab96c05bfb7 P 55f8d06839d549a6bfb327ba33bcade7 [term 2 FOLLOWER]: Refusing update from remote peer e11d91b952494138b0725886972959b7: Log matching property violated. Preceding OpId in replica: term: 1 index: 1. Preceding OpId from leader: term: 2 index: 2. (index mismatch)
I20260713 09:08:18.835851 22639 consensus_queue.cc:1048] T 4513fed83d0f477791405ab96c05bfb7 P e11d91b952494138b0725886972959b7 [LEADER]: Connected to new peer: Peer: permanent_uuid: "55f8d06839d549a6bfb327ba33bcade7" member_type: VOTER last_known_addr { host: "127.21.78.130" port: 43343 }, Status: LMP_MISMATCH, Last received: 0.0, Next index: 2, Last known committed idx: 1, Time since last communication: 0.000s
I20260713 09:08:18.903391 22516 raft_consensus.cc:1275] T 8945cd8c2b104793839adca4305e3c01 P 55f8d06839d549a6bfb327ba33bcade7 [term 2 FOLLOWER]: Refusing update from remote peer 1c45796d4b9b49c69c005b3810427441: Log matching property violated. Preceding OpId in replica: term: 1 index: 1. Preceding OpId from leader: term: 2 index: 2. (index mismatch)
I20260713 09:08:18.904513 22638 consensus_queue.cc:1048] T 8945cd8c2b104793839adca4305e3c01 P 1c45796d4b9b49c69c005b3810427441 [LEADER]: Connected to new peer: Peer: permanent_uuid: "55f8d06839d549a6bfb327ba33bcade7" member_type: VOTER last_known_addr { host: "127.21.78.130" port: 43343 }, Status: LMP_MISMATCH, Last received: 0.0, Next index: 2, Last known committed idx: 1, Time since last communication: 0.000s
I20260713 09:08:18.911765 22439 raft_consensus.cc:1275] T 8945cd8c2b104793839adca4305e3c01 P e11d91b952494138b0725886972959b7 [term 2 FOLLOWER]: Refusing update from remote peer 1c45796d4b9b49c69c005b3810427441: Log matching property violated. Preceding OpId in replica: term: 1 index: 1. Preceding OpId from leader: term: 2 index: 2. (index mismatch)
I20260713 09:08:18.913341 22638 consensus_queue.cc:1048] T 8945cd8c2b104793839adca4305e3c01 P 1c45796d4b9b49c69c005b3810427441 [LEADER]: Connected to new peer: Peer: permanent_uuid: "e11d91b952494138b0725886972959b7" member_type: VOTER last_known_addr { host: "127.21.78.129" port: 36227 }, Status: LMP_MISMATCH, Last received: 0.0, Next index: 2, Last known committed idx: 1, Time since last communication: 0.000s
I20260713 09:08:18.925797 22590 raft_consensus.cc:1275] T c8494acf06784a70973c6f69a304eb94 P 1c45796d4b9b49c69c005b3810427441 [term 2 FOLLOWER]: Refusing update from remote peer e11d91b952494138b0725886972959b7: Log matching property violated. Preceding OpId in replica: term: 1 index: 1. Preceding OpId from leader: term: 2 index: 2. (index mismatch)
I20260713 09:08:18.926949 22639 consensus_queue.cc:1048] T c8494acf06784a70973c6f69a304eb94 P e11d91b952494138b0725886972959b7 [LEADER]: Connected to new peer: Peer: permanent_uuid: "1c45796d4b9b49c69c005b3810427441" member_type: VOTER last_known_addr { host: "127.21.78.131" port: 45541 }, Status: LMP_MISMATCH, Last received: 0.0, Next index: 2, Last known committed idx: 1, Time since last communication: 0.000s
I20260713 09:08:18.933346 22516 raft_consensus.cc:1275] T c8494acf06784a70973c6f69a304eb94 P 55f8d06839d549a6bfb327ba33bcade7 [term 2 FOLLOWER]: Refusing update from remote peer e11d91b952494138b0725886972959b7: Log matching property violated. Preceding OpId in replica: term: 1 index: 1. Preceding OpId from leader: term: 2 index: 2. (index mismatch)
I20260713 09:08:18.935385 22676 consensus_queue.cc:1048] T c8494acf06784a70973c6f69a304eb94 P e11d91b952494138b0725886972959b7 [LEADER]: Connected to new peer: Peer: permanent_uuid: "55f8d06839d549a6bfb327ba33bcade7" member_type: VOTER last_known_addr { host: "127.21.78.130" port: 43343 }, Status: LMP_MISMATCH, Last received: 0.0, Next index: 2, Last known committed idx: 1, Time since last communication: 0.000s
I20260713 09:08:18.963534 22516 raft_consensus.cc:1275] T ca364362cffe429a8f0f99fa9d4fee92 P 55f8d06839d549a6bfb327ba33bcade7 [term 2 FOLLOWER]: Refusing update from remote peer e11d91b952494138b0725886972959b7: Log matching property violated. Preceding OpId in replica: term: 1 index: 1. Preceding OpId from leader: term: 2 index: 2. (index mismatch)
I20260713 09:08:18.964653 22676 consensus_queue.cc:1048] T ca364362cffe429a8f0f99fa9d4fee92 P e11d91b952494138b0725886972959b7 [LEADER]: Connected to new peer: Peer: permanent_uuid: "55f8d06839d549a6bfb327ba33bcade7" member_type: VOTER last_known_addr { host: "127.21.78.130" port: 43343 }, Status: LMP_MISMATCH, Last received: 0.0, Next index: 2, Last known committed idx: 1, Time since last communication: 0.000s
I20260713 09:08:18.972724 22590 raft_consensus.cc:1275] T ca364362cffe429a8f0f99fa9d4fee92 P 1c45796d4b9b49c69c005b3810427441 [term 2 FOLLOWER]: Refusing update from remote peer e11d91b952494138b0725886972959b7: Log matching property violated. Preceding OpId in replica: term: 1 index: 1. Preceding OpId from leader: term: 2 index: 2. (index mismatch)
I20260713 09:08:18.974229 22671 consensus_queue.cc:1048] T ca364362cffe429a8f0f99fa9d4fee92 P e11d91b952494138b0725886972959b7 [LEADER]: Connected to new peer: Peer: permanent_uuid: "1c45796d4b9b49c69c005b3810427441" member_type: VOTER last_known_addr { host: "127.21.78.131" port: 45541 }, Status: LMP_MISMATCH, Last received: 0.0, Next index: 2, Last known committed idx: 1, Time since last communication: 0.000s
I20260713 09:08:21.076622 21818 auto_leader_rebalancer-test.cc:352] The leader distribution is 
I20260713 09:08:21.077332 21818 auto_leader_rebalancer.cc:141] leader rebalance for table test-workload
I20260713 09:08:21.093086 22439 tablet_service.cc:2072] Received LeaderStepDown RPC: tablet_id: "4513fed83d0f477791405ab96c05bfb7"
dest_uuid: "e11d91b952494138b0725886972959b7"
mode: GRACEFUL
new_leader_uuid: "1c45796d4b9b49c69c005b3810427441"
 from {username='slave'} at 127.0.0.1:58970
I20260713 09:08:21.093530 22439 raft_consensus.cc:606] T 4513fed83d0f477791405ab96c05bfb7 P e11d91b952494138b0725886972959b7 [term 2 LEADER]: Received request to transfer leadership to TS 1c45796d4b9b49c69c005b3810427441
I20260713 09:08:21.095582 22439 tablet_service.cc:2072] Received LeaderStepDown RPC: tablet_id: "ddfdcca442dd44ac9febacd2770e7ac1"
dest_uuid: "e11d91b952494138b0725886972959b7"
mode: GRACEFUL
new_leader_uuid: "1c45796d4b9b49c69c005b3810427441"
 from {username='slave'} at 127.0.0.1:58970
I20260713 09:08:21.095934 22439 raft_consensus.cc:606] T ddfdcca442dd44ac9febacd2770e7ac1 P e11d91b952494138b0725886972959b7 [term 1 LEADER]: Received request to transfer leadership to TS 1c45796d4b9b49c69c005b3810427441
I20260713 09:08:21.096758 21818 auto_leader_rebalancer.cc:479] table: test-workload, leader rebalance finish, leader transfer count: 2
I20260713 09:08:21.097149 21818 auto_leader_rebalancer.cc:554] All tables' leader rebalancing finished this round
I20260713 09:08:21.283737 22676 raft_consensus.cc:993] T 4513fed83d0f477791405ab96c05bfb7 P e11d91b952494138b0725886972959b7: : Instructing follower 1c45796d4b9b49c69c005b3810427441 to start an election
I20260713 09:08:21.284205 22735 raft_consensus.cc:1081] T 4513fed83d0f477791405ab96c05bfb7 P e11d91b952494138b0725886972959b7 [term 2 LEADER]: Signalling peer 1c45796d4b9b49c69c005b3810427441 to start an election
I20260713 09:08:21.285550 22590 tablet_service.cc:2044] Received Run Leader Election RPC: tablet_id: "4513fed83d0f477791405ab96c05bfb7"
dest_uuid: "1c45796d4b9b49c69c005b3810427441"
 from {username='slave'} at 127.0.0.1:42036
I20260713 09:08:21.286183 22590 raft_consensus.cc:493] T 4513fed83d0f477791405ab96c05bfb7 P 1c45796d4b9b49c69c005b3810427441 [term 2 FOLLOWER]: Starting forced leader election (received explicit request)
I20260713 09:08:21.286509 22590 raft_consensus.cc:3060] T 4513fed83d0f477791405ab96c05bfb7 P 1c45796d4b9b49c69c005b3810427441 [term 2 FOLLOWER]: Advancing to term 3
I20260713 09:08:21.291862 22590 raft_consensus.cc:515] T 4513fed83d0f477791405ab96c05bfb7 P 1c45796d4b9b49c69c005b3810427441 [term 3 FOLLOWER]: Starting forced leader election with config: opid_index: -1 OBSOLETE_local: false peers { permanent_uuid: "e11d91b952494138b0725886972959b7" member_type: VOTER last_known_addr { host: "127.21.78.129" port: 36227 } } peers { permanent_uuid: "55f8d06839d549a6bfb327ba33bcade7" member_type: VOTER last_known_addr { host: "127.21.78.130" port: 43343 } } peers { permanent_uuid: "1c45796d4b9b49c69c005b3810427441" member_type: VOTER last_known_addr { host: "127.21.78.131" port: 45541 } }
I20260713 09:08:21.293233 22590 leader_election.cc:290] T 4513fed83d0f477791405ab96c05bfb7 P 1c45796d4b9b49c69c005b3810427441 [CANDIDATE]: Term 3 election: Requested vote from peers e11d91b952494138b0725886972959b7 (127.21.78.129:36227), 55f8d06839d549a6bfb327ba33bcade7 (127.21.78.130:43343)
I20260713 09:08:21.293882 22439 tablet_service.cc:1917] Received RequestConsensusVote() RPC: tablet_id: "4513fed83d0f477791405ab96c05bfb7" candidate_uuid: "1c45796d4b9b49c69c005b3810427441" candidate_term: 3 candidate_status { last_received { term: 2 index: 2 } } ignore_live_leader: true dest_uuid: "e11d91b952494138b0725886972959b7"
I20260713 09:08:21.294265 22516 tablet_service.cc:1917] Received RequestConsensusVote() RPC: tablet_id: "4513fed83d0f477791405ab96c05bfb7" candidate_uuid: "1c45796d4b9b49c69c005b3810427441" candidate_term: 3 candidate_status { last_received { term: 2 index: 2 } } ignore_live_leader: true dest_uuid: "55f8d06839d549a6bfb327ba33bcade7"
I20260713 09:08:21.294456 22439 raft_consensus.cc:3055] T 4513fed83d0f477791405ab96c05bfb7 P e11d91b952494138b0725886972959b7 [term 2 LEADER]: Stepping down as leader of term 2
I20260713 09:08:21.294749 22439 raft_consensus.cc:740] T 4513fed83d0f477791405ab96c05bfb7 P e11d91b952494138b0725886972959b7 [term 2 LEADER]: Becoming Follower/Learner. State: Replica: e11d91b952494138b0725886972959b7, State: Running, Role: LEADER
I20260713 09:08:21.294788 22516 raft_consensus.cc:3060] T 4513fed83d0f477791405ab96c05bfb7 P 55f8d06839d549a6bfb327ba33bcade7 [term 2 FOLLOWER]: Advancing to term 3
I20260713 09:08:21.295420 22439 consensus_queue.cc:260] T 4513fed83d0f477791405ab96c05bfb7 P e11d91b952494138b0725886972959b7 [NON_LEADER]: Queue going to NON_LEADER mode. State: All replicated index: 0, Majority replicated index: 2, Committed index: 2, Last appended: 2.2, Last appended by leader: 2, Current term: 2, Majority size: -1, State: 0, Mode: NON_LEADER, active raft config: opid_index: -1 OBSOLETE_local: false peers { permanent_uuid: "e11d91b952494138b0725886972959b7" member_type: VOTER last_known_addr { host: "127.21.78.129" port: 36227 } } peers { permanent_uuid: "55f8d06839d549a6bfb327ba33bcade7" member_type: VOTER last_known_addr { host: "127.21.78.130" port: 43343 } } peers { permanent_uuid: "1c45796d4b9b49c69c005b3810427441" member_type: VOTER last_known_addr { host: "127.21.78.131" port: 45541 } }
I20260713 09:08:21.296200 22439 raft_consensus.cc:3060] T 4513fed83d0f477791405ab96c05bfb7 P e11d91b952494138b0725886972959b7 [term 2 FOLLOWER]: Advancing to term 3
I20260713 09:08:21.298902 22516 raft_consensus.cc:2468] T 4513fed83d0f477791405ab96c05bfb7 P 55f8d06839d549a6bfb327ba33bcade7 [term 3 FOLLOWER]: Leader election vote request: Granting yes vote for candidate 1c45796d4b9b49c69c005b3810427441 in term 3.
I20260713 09:08:21.299945 22557 leader_election.cc:304] T 4513fed83d0f477791405ab96c05bfb7 P 1c45796d4b9b49c69c005b3810427441 [CANDIDATE]: Term 3 election: Election decided. Result: candidate won. Election summary: received 2 responses out of 3 voters: 2 yes votes; 0 no votes. yes voters: 1c45796d4b9b49c69c005b3810427441, 55f8d06839d549a6bfb327ba33bcade7; no voters: 
I20260713 09:08:21.300030 22439 raft_consensus.cc:2468] T 4513fed83d0f477791405ab96c05bfb7 P e11d91b952494138b0725886972959b7 [term 3 FOLLOWER]: Leader election vote request: Granting yes vote for candidate 1c45796d4b9b49c69c005b3810427441 in term 3.
I20260713 09:08:21.300761 22731 raft_consensus.cc:2804] T 4513fed83d0f477791405ab96c05bfb7 P 1c45796d4b9b49c69c005b3810427441 [term 3 FOLLOWER]: Leader election won for term 3
I20260713 09:08:21.301587 22731 raft_consensus.cc:697] T 4513fed83d0f477791405ab96c05bfb7 P 1c45796d4b9b49c69c005b3810427441 [term 3 LEADER]: Becoming Leader. State: Replica: 1c45796d4b9b49c69c005b3810427441, State: Running, Role: LEADER
I20260713 09:08:21.302337 22731 consensus_queue.cc:237] T 4513fed83d0f477791405ab96c05bfb7 P 1c45796d4b9b49c69c005b3810427441 [LEADER]: Queue going to LEADER mode. State: All replicated index: 0, Majority replicated index: 2, Committed index: 2, Last appended: 2.2, Last appended by leader: 2, Current term: 3, Majority size: 2, State: 0, Mode: LEADER, active raft config: opid_index: -1 OBSOLETE_local: false peers { permanent_uuid: "e11d91b952494138b0725886972959b7" member_type: VOTER last_known_addr { host: "127.21.78.129" port: 36227 } } peers { permanent_uuid: "55f8d06839d549a6bfb327ba33bcade7" member_type: VOTER last_known_addr { host: "127.21.78.130" port: 43343 } } peers { permanent_uuid: "1c45796d4b9b49c69c005b3810427441" member_type: VOTER last_known_addr { host: "127.21.78.131" port: 45541 } }
I20260713 09:08:21.308529 22339 catalog_manager.cc:5697] T 4513fed83d0f477791405ab96c05bfb7 P 1c45796d4b9b49c69c005b3810427441 reported cstate change: term changed from 2 to 3, leader changed from e11d91b952494138b0725886972959b7 (127.21.78.129) to 1c45796d4b9b49c69c005b3810427441 (127.21.78.131). New cstate: current_term: 3 leader_uuid: "1c45796d4b9b49c69c005b3810427441" committed_config { opid_index: -1 OBSOLETE_local: false peers { permanent_uuid: "e11d91b952494138b0725886972959b7" member_type: VOTER last_known_addr { host: "127.21.78.129" port: 36227 } health_report { overall_health: UNKNOWN } } peers { permanent_uuid: "55f8d06839d549a6bfb327ba33bcade7" member_type: VOTER last_known_addr { host: "127.21.78.130" port: 43343 } health_report { overall_health: UNKNOWN } } peers { permanent_uuid: "1c45796d4b9b49c69c005b3810427441" member_type: VOTER last_known_addr { host: "127.21.78.131" port: 45541 } health_report { overall_health: HEALTHY } } }
I20260713 09:08:21.401038 22676 raft_consensus.cc:993] T ddfdcca442dd44ac9febacd2770e7ac1 P e11d91b952494138b0725886972959b7: : Instructing follower 1c45796d4b9b49c69c005b3810427441 to start an election
I20260713 09:08:21.401503 22735 raft_consensus.cc:1081] T ddfdcca442dd44ac9febacd2770e7ac1 P e11d91b952494138b0725886972959b7 [term 1 LEADER]: Signalling peer 1c45796d4b9b49c69c005b3810427441 to start an election
I20260713 09:08:21.402788 22590 tablet_service.cc:2044] Received Run Leader Election RPC: tablet_id: "ddfdcca442dd44ac9febacd2770e7ac1"
dest_uuid: "1c45796d4b9b49c69c005b3810427441"
 from {username='slave'} at 127.0.0.1:42036
I20260713 09:08:21.403157 22590 raft_consensus.cc:493] T ddfdcca442dd44ac9febacd2770e7ac1 P 1c45796d4b9b49c69c005b3810427441 [term 1 FOLLOWER]: Starting forced leader election (received explicit request)
I20260713 09:08:21.403388 22590 raft_consensus.cc:3060] T ddfdcca442dd44ac9febacd2770e7ac1 P 1c45796d4b9b49c69c005b3810427441 [term 1 FOLLOWER]: Advancing to term 2
I20260713 09:08:21.407253 22590 raft_consensus.cc:515] T ddfdcca442dd44ac9febacd2770e7ac1 P 1c45796d4b9b49c69c005b3810427441 [term 2 FOLLOWER]: Starting forced leader election with config: opid_index: -1 OBSOLETE_local: false peers { permanent_uuid: "e11d91b952494138b0725886972959b7" member_type: VOTER last_known_addr { host: "127.21.78.129" port: 36227 } } peers { permanent_uuid: "55f8d06839d549a6bfb327ba33bcade7" member_type: VOTER last_known_addr { host: "127.21.78.130" port: 43343 } } peers { permanent_uuid: "1c45796d4b9b49c69c005b3810427441" member_type: VOTER last_known_addr { host: "127.21.78.131" port: 45541 } }
I20260713 09:08:21.408675 22590 leader_election.cc:290] T ddfdcca442dd44ac9febacd2770e7ac1 P 1c45796d4b9b49c69c005b3810427441 [CANDIDATE]: Term 2 election: Requested vote from peers e11d91b952494138b0725886972959b7 (127.21.78.129:36227), 55f8d06839d549a6bfb327ba33bcade7 (127.21.78.130:43343)
I20260713 09:08:21.409327 22439 tablet_service.cc:1917] Received RequestConsensusVote() RPC: tablet_id: "ddfdcca442dd44ac9febacd2770e7ac1" candidate_uuid: "1c45796d4b9b49c69c005b3810427441" candidate_term: 2 candidate_status { last_received { term: 1 index: 1 } } ignore_live_leader: true dest_uuid: "e11d91b952494138b0725886972959b7"
I20260713 09:08:21.409652 22516 tablet_service.cc:1917] Received RequestConsensusVote() RPC: tablet_id: "ddfdcca442dd44ac9febacd2770e7ac1" candidate_uuid: "1c45796d4b9b49c69c005b3810427441" candidate_term: 2 candidate_status { last_received { term: 1 index: 1 } } ignore_live_leader: true dest_uuid: "55f8d06839d549a6bfb327ba33bcade7"
I20260713 09:08:21.409848 22439 raft_consensus.cc:3055] T ddfdcca442dd44ac9febacd2770e7ac1 P e11d91b952494138b0725886972959b7 [term 1 LEADER]: Stepping down as leader of term 1
I20260713 09:08:21.410158 22516 raft_consensus.cc:3060] T ddfdcca442dd44ac9febacd2770e7ac1 P 55f8d06839d549a6bfb327ba33bcade7 [term 1 FOLLOWER]: Advancing to term 2
I20260713 09:08:21.410223 22439 raft_consensus.cc:740] T ddfdcca442dd44ac9febacd2770e7ac1 P e11d91b952494138b0725886972959b7 [term 1 LEADER]: Becoming Follower/Learner. State: Replica: e11d91b952494138b0725886972959b7, State: Running, Role: LEADER
I20260713 09:08:21.410960 22439 consensus_queue.cc:260] T ddfdcca442dd44ac9febacd2770e7ac1 P e11d91b952494138b0725886972959b7 [NON_LEADER]: Queue going to NON_LEADER mode. State: All replicated index: 0, Majority replicated index: 1, Committed index: 1, Last appended: 1.1, Last appended by leader: 1, Current term: 1, Majority size: -1, State: 0, Mode: NON_LEADER, active raft config: opid_index: -1 OBSOLETE_local: false peers { permanent_uuid: "e11d91b952494138b0725886972959b7" member_type: VOTER last_known_addr { host: "127.21.78.129" port: 36227 } } peers { permanent_uuid: "55f8d06839d549a6bfb327ba33bcade7" member_type: VOTER last_known_addr { host: "127.21.78.130" port: 43343 } } peers { permanent_uuid: "1c45796d4b9b49c69c005b3810427441" member_type: VOTER last_known_addr { host: "127.21.78.131" port: 45541 } }
I20260713 09:08:21.411698 22439 raft_consensus.cc:3060] T ddfdcca442dd44ac9febacd2770e7ac1 P e11d91b952494138b0725886972959b7 [term 1 FOLLOWER]: Advancing to term 2
I20260713 09:08:21.414006 22516 raft_consensus.cc:2468] T ddfdcca442dd44ac9febacd2770e7ac1 P 55f8d06839d549a6bfb327ba33bcade7 [term 2 FOLLOWER]: Leader election vote request: Granting yes vote for candidate 1c45796d4b9b49c69c005b3810427441 in term 2.
I20260713 09:08:21.414829 22557 leader_election.cc:304] T ddfdcca442dd44ac9febacd2770e7ac1 P 1c45796d4b9b49c69c005b3810427441 [CANDIDATE]: Term 2 election: Election decided. Result: candidate won. Election summary: received 2 responses out of 3 voters: 2 yes votes; 0 no votes. yes voters: 1c45796d4b9b49c69c005b3810427441, 55f8d06839d549a6bfb327ba33bcade7; no voters: 
I20260713 09:08:21.415464 22731 raft_consensus.cc:2804] T ddfdcca442dd44ac9febacd2770e7ac1 P 1c45796d4b9b49c69c005b3810427441 [term 2 FOLLOWER]: Leader election won for term 2
I20260713 09:08:21.415642 22439 raft_consensus.cc:2468] T ddfdcca442dd44ac9febacd2770e7ac1 P e11d91b952494138b0725886972959b7 [term 2 FOLLOWER]: Leader election vote request: Granting yes vote for candidate 1c45796d4b9b49c69c005b3810427441 in term 2.
I20260713 09:08:21.415944 22731 raft_consensus.cc:697] T ddfdcca442dd44ac9febacd2770e7ac1 P 1c45796d4b9b49c69c005b3810427441 [term 2 LEADER]: Becoming Leader. State: Replica: 1c45796d4b9b49c69c005b3810427441, State: Running, Role: LEADER
I20260713 09:08:21.416769 22731 consensus_queue.cc:237] T ddfdcca442dd44ac9febacd2770e7ac1 P 1c45796d4b9b49c69c005b3810427441 [LEADER]: Queue going to LEADER mode. State: All replicated index: 0, Majority replicated index: 1, Committed index: 1, Last appended: 1.1, Last appended by leader: 1, Current term: 2, Majority size: 2, State: 0, Mode: LEADER, active raft config: opid_index: -1 OBSOLETE_local: false peers { permanent_uuid: "e11d91b952494138b0725886972959b7" member_type: VOTER last_known_addr { host: "127.21.78.129" port: 36227 } } peers { permanent_uuid: "55f8d06839d549a6bfb327ba33bcade7" member_type: VOTER last_known_addr { host: "127.21.78.130" port: 43343 } } peers { permanent_uuid: "1c45796d4b9b49c69c005b3810427441" member_type: VOTER last_known_addr { host: "127.21.78.131" port: 45541 } }
I20260713 09:08:21.423344 22339 catalog_manager.cc:5697] T ddfdcca442dd44ac9febacd2770e7ac1 P 1c45796d4b9b49c69c005b3810427441 reported cstate change: term changed from 1 to 2, leader changed from e11d91b952494138b0725886972959b7 (127.21.78.129) to 1c45796d4b9b49c69c005b3810427441 (127.21.78.131). New cstate: current_term: 2 leader_uuid: "1c45796d4b9b49c69c005b3810427441" committed_config { opid_index: -1 OBSOLETE_local: false peers { permanent_uuid: "e11d91b952494138b0725886972959b7" member_type: VOTER last_known_addr { host: "127.21.78.129" port: 36227 } health_report { overall_health: UNKNOWN } } peers { permanent_uuid: "55f8d06839d549a6bfb327ba33bcade7" member_type: VOTER last_known_addr { host: "127.21.78.130" port: 43343 } health_report { overall_health: UNKNOWN } } peers { permanent_uuid: "1c45796d4b9b49c69c005b3810427441" member_type: VOTER last_known_addr { host: "127.21.78.131" port: 45541 } health_report { overall_health: HEALTHY } } }
I20260713 09:08:21.816463 22439 raft_consensus.cc:1275] T 4513fed83d0f477791405ab96c05bfb7 P e11d91b952494138b0725886972959b7 [term 3 FOLLOWER]: Refusing update from remote peer 1c45796d4b9b49c69c005b3810427441: Log matching property violated. Preceding OpId in replica: term: 2 index: 2. Preceding OpId from leader: term: 3 index: 3. (index mismatch)
I20260713 09:08:21.817685 22731 consensus_queue.cc:1048] T 4513fed83d0f477791405ab96c05bfb7 P 1c45796d4b9b49c69c005b3810427441 [LEADER]: Connected to new peer: Peer: permanent_uuid: "e11d91b952494138b0725886972959b7" member_type: VOTER last_known_addr { host: "127.21.78.129" port: 36227 }, Status: LMP_MISMATCH, Last received: 0.0, Next index: 3, Last known committed idx: 2, Time since last communication: 0.000s
I20260713 09:08:21.829232 22516 raft_consensus.cc:1275] T 4513fed83d0f477791405ab96c05bfb7 P 55f8d06839d549a6bfb327ba33bcade7 [term 3 FOLLOWER]: Refusing update from remote peer 1c45796d4b9b49c69c005b3810427441: Log matching property violated. Preceding OpId in replica: term: 2 index: 2. Preceding OpId from leader: term: 3 index: 3. (index mismatch)
I20260713 09:08:21.830955 22731 consensus_queue.cc:1048] T 4513fed83d0f477791405ab96c05bfb7 P 1c45796d4b9b49c69c005b3810427441 [LEADER]: Connected to new peer: Peer: permanent_uuid: "55f8d06839d549a6bfb327ba33bcade7" member_type: VOTER last_known_addr { host: "127.21.78.130" port: 43343 }, Status: LMP_MISMATCH, Last received: 0.0, Next index: 3, Last known committed idx: 2, Time since last communication: 0.000s
I20260713 09:08:21.852983 22439 raft_consensus.cc:1275] T ddfdcca442dd44ac9febacd2770e7ac1 P e11d91b952494138b0725886972959b7 [term 2 FOLLOWER]: Refusing update from remote peer 1c45796d4b9b49c69c005b3810427441: Log matching property violated. Preceding OpId in replica: term: 1 index: 1. Preceding OpId from leader: term: 2 index: 2. (index mismatch)
I20260713 09:08:21.854115 22731 consensus_queue.cc:1048] T ddfdcca442dd44ac9febacd2770e7ac1 P 1c45796d4b9b49c69c005b3810427441 [LEADER]: Connected to new peer: Peer: permanent_uuid: "e11d91b952494138b0725886972959b7" member_type: VOTER last_known_addr { host: "127.21.78.129" port: 36227 }, Status: LMP_MISMATCH, Last received: 0.0, Next index: 2, Last known committed idx: 1, Time since last communication: 0.000s
I20260713 09:08:21.863004 22516 raft_consensus.cc:1275] T ddfdcca442dd44ac9febacd2770e7ac1 P 55f8d06839d549a6bfb327ba33bcade7 [term 2 FOLLOWER]: Refusing update from remote peer 1c45796d4b9b49c69c005b3810427441: Log matching property violated. Preceding OpId in replica: term: 1 index: 1. Preceding OpId from leader: term: 2 index: 2. (index mismatch)
I20260713 09:08:21.864187 22736 consensus_queue.cc:1048] T ddfdcca442dd44ac9febacd2770e7ac1 P 1c45796d4b9b49c69c005b3810427441 [LEADER]: Connected to new peer: Peer: permanent_uuid: "55f8d06839d549a6bfb327ba33bcade7" member_type: VOTER last_known_addr { host: "127.21.78.130" port: 43343 }, Status: LMP_MISMATCH, Last received: 0.0, Next index: 2, Last known committed idx: 1, Time since last communication: 0.000s
I20260713 09:08:22.097944 21818 auto_leader_rebalancer.cc:141] leader rebalance for table test-workload
I20260713 09:08:22.110160 22590 tablet_service.cc:2072] Received LeaderStepDown RPC: tablet_id: "ddfdcca442dd44ac9febacd2770e7ac1"
dest_uuid: "1c45796d4b9b49c69c005b3810427441"
mode: GRACEFUL
new_leader_uuid: "e11d91b952494138b0725886972959b7"
 from {username='slave'} at 127.0.0.1:33104
I20260713 09:08:22.110620 22590 raft_consensus.cc:606] T ddfdcca442dd44ac9febacd2770e7ac1 P 1c45796d4b9b49c69c005b3810427441 [term 2 LEADER]: Received request to transfer leadership to TS e11d91b952494138b0725886972959b7
I20260713 09:08:22.119203 22590 tablet_service.cc:2072] Received LeaderStepDown RPC: tablet_id: "4513fed83d0f477791405ab96c05bfb7"
dest_uuid: "1c45796d4b9b49c69c005b3810427441"
mode: GRACEFUL
new_leader_uuid: "e11d91b952494138b0725886972959b7"
 from {username='slave'} at 127.0.0.1:33104
I20260713 09:08:22.119635 22590 raft_consensus.cc:606] T 4513fed83d0f477791405ab96c05bfb7 P 1c45796d4b9b49c69c005b3810427441 [term 3 LEADER]: Received request to transfer leadership to TS e11d91b952494138b0725886972959b7
I20260713 09:08:22.123657 22516 tablet_service.cc:2072] Received LeaderStepDown RPC: tablet_id: "b214bffd7ace4a3e8a0babe6d4a98eae"
dest_uuid: "55f8d06839d549a6bfb327ba33bcade7"
mode: GRACEFUL
new_leader_uuid: "e11d91b952494138b0725886972959b7"
 from {username='slave'} at 127.0.0.1:59062
I20260713 09:08:22.124114 22516 raft_consensus.cc:606] T b214bffd7ace4a3e8a0babe6d4a98eae P 55f8d06839d549a6bfb327ba33bcade7 [term 2 LEADER]: Received request to transfer leadership to TS e11d91b952494138b0725886972959b7
I20260713 09:08:22.128309 22516 tablet_service.cc:2072] Received LeaderStepDown RPC: tablet_id: "83b351c05197469f98d37e7e3b010b21"
dest_uuid: "55f8d06839d549a6bfb327ba33bcade7"
mode: GRACEFUL
new_leader_uuid: "e11d91b952494138b0725886972959b7"
 from {username='slave'} at 127.0.0.1:59062
I20260713 09:08:22.128698 22516 raft_consensus.cc:606] T 83b351c05197469f98d37e7e3b010b21 P 55f8d06839d549a6bfb327ba33bcade7 [term 2 LEADER]: Received request to transfer leadership to TS e11d91b952494138b0725886972959b7
I20260713 09:08:22.132586 22516 tablet_service.cc:2072] Received LeaderStepDown RPC: tablet_id: "10300f8495414cf1a16866f1555a951a"
dest_uuid: "55f8d06839d549a6bfb327ba33bcade7"
mode: GRACEFUL
new_leader_uuid: "e11d91b952494138b0725886972959b7"
 from {username='slave'} at 127.0.0.1:59062
I20260713 09:08:22.132975 22516 raft_consensus.cc:606] T 10300f8495414cf1a16866f1555a951a P 55f8d06839d549a6bfb327ba33bcade7 [term 2 LEADER]: Received request to transfer leadership to TS e11d91b952494138b0725886972959b7
I20260713 09:08:22.259891 22749 raft_consensus.cc:993] T ddfdcca442dd44ac9febacd2770e7ac1 P 1c45796d4b9b49c69c005b3810427441: : Instructing follower e11d91b952494138b0725886972959b7 to start an election
I20260713 09:08:22.260313 22736 raft_consensus.cc:1081] T ddfdcca442dd44ac9febacd2770e7ac1 P 1c45796d4b9b49c69c005b3810427441 [term 2 LEADER]: Signalling peer e11d91b952494138b0725886972959b7 to start an election
I20260713 09:08:22.261567 22439 tablet_service.cc:2044] Received Run Leader Election RPC: tablet_id: "ddfdcca442dd44ac9febacd2770e7ac1"
dest_uuid: "e11d91b952494138b0725886972959b7"
 from {username='slave'} at 127.0.0.1:42952
I20260713 09:08:22.262001 22439 raft_consensus.cc:493] T ddfdcca442dd44ac9febacd2770e7ac1 P e11d91b952494138b0725886972959b7 [term 2 FOLLOWER]: Starting forced leader election (received explicit request)
I20260713 09:08:22.262286 22439 raft_consensus.cc:3060] T ddfdcca442dd44ac9febacd2770e7ac1 P e11d91b952494138b0725886972959b7 [term 2 FOLLOWER]: Advancing to term 3
I20260713 09:08:22.266167 22439 raft_consensus.cc:515] T ddfdcca442dd44ac9febacd2770e7ac1 P e11d91b952494138b0725886972959b7 [term 3 FOLLOWER]: Starting forced leader election with config: opid_index: -1 OBSOLETE_local: false peers { permanent_uuid: "e11d91b952494138b0725886972959b7" member_type: VOTER last_known_addr { host: "127.21.78.129" port: 36227 } } peers { permanent_uuid: "55f8d06839d549a6bfb327ba33bcade7" member_type: VOTER last_known_addr { host: "127.21.78.130" port: 43343 } } peers { permanent_uuid: "1c45796d4b9b49c69c005b3810427441" member_type: VOTER last_known_addr { host: "127.21.78.131" port: 45541 } }
I20260713 09:08:22.267468 22439 leader_election.cc:290] T ddfdcca442dd44ac9febacd2770e7ac1 P e11d91b952494138b0725886972959b7 [CANDIDATE]: Term 3 election: Requested vote from peers 55f8d06839d549a6bfb327ba33bcade7 (127.21.78.130:43343), 1c45796d4b9b49c69c005b3810427441 (127.21.78.131:45541)
I20260713 09:08:22.268306 22516 tablet_service.cc:1917] Received RequestConsensusVote() RPC: tablet_id: "ddfdcca442dd44ac9febacd2770e7ac1" candidate_uuid: "e11d91b952494138b0725886972959b7" candidate_term: 3 candidate_status { last_received { term: 2 index: 2 } } ignore_live_leader: true dest_uuid: "55f8d06839d549a6bfb327ba33bcade7"
I20260713 09:08:22.268636 22590 tablet_service.cc:1917] Received RequestConsensusVote() RPC: tablet_id: "ddfdcca442dd44ac9febacd2770e7ac1" candidate_uuid: "e11d91b952494138b0725886972959b7" candidate_term: 3 candidate_status { last_received { term: 2 index: 2 } } ignore_live_leader: true dest_uuid: "1c45796d4b9b49c69c005b3810427441"
I20260713 09:08:22.268740 22516 raft_consensus.cc:3060] T ddfdcca442dd44ac9febacd2770e7ac1 P 55f8d06839d549a6bfb327ba33bcade7 [term 2 FOLLOWER]: Advancing to term 3
I20260713 09:08:22.269204 22590 raft_consensus.cc:3055] T ddfdcca442dd44ac9febacd2770e7ac1 P 1c45796d4b9b49c69c005b3810427441 [term 2 LEADER]: Stepping down as leader of term 2
I20260713 09:08:22.269469 22590 raft_consensus.cc:740] T ddfdcca442dd44ac9febacd2770e7ac1 P 1c45796d4b9b49c69c005b3810427441 [term 2 LEADER]: Becoming Follower/Learner. State: Replica: 1c45796d4b9b49c69c005b3810427441, State: Running, Role: LEADER
I20260713 09:08:22.269995 22590 consensus_queue.cc:260] T ddfdcca442dd44ac9febacd2770e7ac1 P 1c45796d4b9b49c69c005b3810427441 [NON_LEADER]: Queue going to NON_LEADER mode. State: All replicated index: 0, Majority replicated index: 2, Committed index: 2, Last appended: 2.2, Last appended by leader: 2, Current term: 2, Majority size: -1, State: 0, Mode: NON_LEADER, active raft config: opid_index: -1 OBSOLETE_local: false peers { permanent_uuid: "e11d91b952494138b0725886972959b7" member_type: VOTER last_known_addr { host: "127.21.78.129" port: 36227 } } peers { permanent_uuid: "55f8d06839d549a6bfb327ba33bcade7" member_type: VOTER last_known_addr { host: "127.21.78.130" port: 43343 } } peers { permanent_uuid: "1c45796d4b9b49c69c005b3810427441" member_type: VOTER last_known_addr { host: "127.21.78.131" port: 45541 } }
I20260713 09:08:22.270762 22590 raft_consensus.cc:3060] T ddfdcca442dd44ac9febacd2770e7ac1 P 1c45796d4b9b49c69c005b3810427441 [term 2 FOLLOWER]: Advancing to term 3
I20260713 09:08:22.273010 22516 raft_consensus.cc:2468] T ddfdcca442dd44ac9febacd2770e7ac1 P 55f8d06839d549a6bfb327ba33bcade7 [term 3 FOLLOWER]: Leader election vote request: Granting yes vote for candidate e11d91b952494138b0725886972959b7 in term 3.
