I20260713 09:00:37.158965  1627 raft_consensus.cc:2955] T 2325ee5f9d474dec97e4e738d6e6ced7 P aaedaaff1007420f80a472ad81330a47 [term 1 FOLLOWER]: Committing config change with OpId 1.4: config changed from index 3 to 4, VOTER b8dca59d69ab4bf08a87b3a9cbd015dd (127.0.107.193) evicted. New config: { opid_index: 4 OBSOLETE_local: false peers { permanent_uuid: "aaedaaff1007420f80a472ad81330a47" member_type: VOTER last_known_addr { host: "127.0.107.194" port: 42787 } } peers { permanent_uuid: "3ca19753235d4c49a06d8b566f984926" member_type: VOTER last_known_addr { host: "127.0.107.195" port: 45209 } } peers { permanent_uuid: "60f40b24080547ca969e224407c9b1ed" member_type: VOTER last_known_addr { host: "127.0.107.196" port: 35955 } attrs { promote: false } } }
I20260713 09:00:37.236845  1441 catalog_manager.cc:5210] ChangeConfig:REMOVE_PEER RPC for tablet 2325ee5f9d474dec97e4e738d6e6ced7 with cas_config_opid_index 3: ChangeConfig:REMOVE_PEER succeeded (attempt 1)
I20260713 09:00:37.242646  1452 catalog_manager.cc:5697] T 2325ee5f9d474dec97e4e738d6e6ced7 P 60f40b24080547ca969e224407c9b1ed reported cstate change: config changed from index 3 to 4, VOTER b8dca59d69ab4bf08a87b3a9cbd015dd (127.0.107.193) evicted. New cstate: current_term: 1 leader_uuid: "3ca19753235d4c49a06d8b566f984926" committed_config { opid_index: 4 OBSOLETE_local: false peers { permanent_uuid: "aaedaaff1007420f80a472ad81330a47" member_type: VOTER last_known_addr { host: "127.0.107.194" port: 42787 } } peers { permanent_uuid: "3ca19753235d4c49a06d8b566f984926" member_type: VOTER last_known_addr { host: "127.0.107.195" port: 45209 } } peers { permanent_uuid: "60f40b24080547ca969e224407c9b1ed" member_type: VOTER last_known_addr { host: "127.0.107.196" port: 35955 } attrs { promote: false } } }
I20260713 09:00:37.261502  1542 tablet_service.cc:1558] Processing DeleteTablet for tablet 2325ee5f9d474dec97e4e738d6e6ced7 with delete_type TABLET_DATA_TOMBSTONED (TS b8dca59d69ab4bf08a87b3a9cbd015dd not found in new config with opid_index 4) from {username='slave'} at 127.0.0.1:46780
I20260713 09:00:37.269752  1553 raft_consensus.cc:1275] T bf208266be0c4f4bace88f20605b7b32 P b8dca59d69ab4bf08a87b3a9cbd015dd [term 1 FOLLOWER]: Refusing update from remote peer aaedaaff1007420f80a472ad81330a47: Log matching property violated. Preceding OpId in replica: term: 1 index: 2. Preceding OpId from leader: term: 1 index: 3. (index mismatch)
I20260713 09:00:37.272259  2297 consensus_queue.cc:1048] T bf208266be0c4f4bace88f20605b7b32 P aaedaaff1007420f80a472ad81330a47 [LEADER]: Connected to new peer: Peer: permanent_uuid: "b8dca59d69ab4bf08a87b3a9cbd015dd" member_type: VOTER last_known_addr { host: "127.0.107.193" port: 36611 }, Status: LMP_MISMATCH, Last received: 0.0, Next index: 3, Last known committed idx: 2, Time since last communication: 0.000s
I20260713 09:00:37.275894  2297 raft_consensus.cc:2955] T bf208266be0c4f4bace88f20605b7b32 P aaedaaff1007420f80a472ad81330a47 [term 1 LEADER]: Committing config change with OpId 1.3: config changed from index 2 to 3, 60f40b24080547ca969e224407c9b1ed (127.0.107.196) changed from NON_VOTER to VOTER. New config: { opid_index: 3 OBSOLETE_local: false peers { permanent_uuid: "b8dca59d69ab4bf08a87b3a9cbd015dd" member_type: VOTER last_known_addr { host: "127.0.107.193" port: 36611 } } peers { permanent_uuid: "aaedaaff1007420f80a472ad81330a47" member_type: VOTER last_known_addr { host: "127.0.107.194" port: 42787 } } peers { permanent_uuid: "3ca19753235d4c49a06d8b566f984926" member_type: VOTER last_known_addr { host: "127.0.107.195" port: 45209 } attrs { replace: true } } peers { permanent_uuid: "60f40b24080547ca969e224407c9b1ed" member_type: VOTER last_known_addr { host: "127.0.107.196" port: 35955 } attrs { promote: false } } }
I20260713 09:00:37.283556  1965 raft_consensus.cc:2955] T bf208266be0c4f4bace88f20605b7b32 P 60f40b24080547ca969e224407c9b1ed [term 1 FOLLOWER]: Committing config change with OpId 1.3: config changed from index 2 to 3, 60f40b24080547ca969e224407c9b1ed (127.0.107.196) changed from NON_VOTER to VOTER. New config: { opid_index: 3 OBSOLETE_local: false peers { permanent_uuid: "b8dca59d69ab4bf08a87b3a9cbd015dd" member_type: VOTER last_known_addr { host: "127.0.107.193" port: 36611 } } peers { permanent_uuid: "aaedaaff1007420f80a472ad81330a47" member_type: VOTER last_known_addr { host: "127.0.107.194" port: 42787 } } peers { permanent_uuid: "3ca19753235d4c49a06d8b566f984926" member_type: VOTER last_known_addr { host: "127.0.107.195" port: 45209 } attrs { replace: true } } peers { permanent_uuid: "60f40b24080547ca969e224407c9b1ed" member_type: VOTER last_known_addr { host: "127.0.107.196" port: 35955 } attrs { promote: false } } }
I20260713 09:00:37.285796  2316 tablet_replica.cc:333] T 2325ee5f9d474dec97e4e738d6e6ced7 P b8dca59d69ab4bf08a87b3a9cbd015dd: stopping tablet replica
I20260713 09:00:37.289669  2316 raft_consensus.cc:2243] T 2325ee5f9d474dec97e4e738d6e6ced7 P b8dca59d69ab4bf08a87b3a9cbd015dd [term 1 FOLLOWER]: Raft consensus shutting down.
I20260713 09:00:37.290472  2316 raft_consensus.cc:2272] T 2325ee5f9d474dec97e4e738d6e6ced7 P b8dca59d69ab4bf08a87b3a9cbd015dd [term 1 FOLLOWER]: Raft consensus is shut down!
I20260713 09:00:37.285727  1553 raft_consensus.cc:2955] T bf208266be0c4f4bace88f20605b7b32 P b8dca59d69ab4bf08a87b3a9cbd015dd [term 1 FOLLOWER]: Committing config change with OpId 1.3: config changed from index 2 to 3, 60f40b24080547ca969e224407c9b1ed (127.0.107.196) changed from NON_VOTER to VOTER. New config: { opid_index: 3 OBSOLETE_local: false peers { permanent_uuid: "b8dca59d69ab4bf08a87b3a9cbd015dd" member_type: VOTER last_known_addr { host: "127.0.107.193" port: 36611 } } peers { permanent_uuid: "aaedaaff1007420f80a472ad81330a47" member_type: VOTER last_known_addr { host: "127.0.107.194" port: 42787 } } peers { permanent_uuid: "3ca19753235d4c49a06d8b566f984926" member_type: VOTER last_known_addr { host: "127.0.107.195" port: 45209 } attrs { replace: true } } peers { permanent_uuid: "60f40b24080547ca969e224407c9b1ed" member_type: VOTER last_known_addr { host: "127.0.107.196" port: 35955 } attrs { promote: false } } }
I20260713 09:00:37.293630  1704 raft_consensus.cc:2955] T bf208266be0c4f4bace88f20605b7b32 P 3ca19753235d4c49a06d8b566f984926 [term 1 FOLLOWER]: Committing config change with OpId 1.3: config changed from index 2 to 3, 60f40b24080547ca969e224407c9b1ed (127.0.107.196) changed from NON_VOTER to VOTER. New config: { opid_index: 3 OBSOLETE_local: false peers { permanent_uuid: "b8dca59d69ab4bf08a87b3a9cbd015dd" member_type: VOTER last_known_addr { host: "127.0.107.193" port: 36611 } } peers { permanent_uuid: "aaedaaff1007420f80a472ad81330a47" member_type: VOTER last_known_addr { host: "127.0.107.194" port: 42787 } } peers { permanent_uuid: "3ca19753235d4c49a06d8b566f984926" member_type: VOTER last_known_addr { host: "127.0.107.195" port: 45209 } attrs { replace: true } } peers { permanent_uuid: "60f40b24080547ca969e224407c9b1ed" member_type: VOTER last_known_addr { host: "127.0.107.196" port: 35955 } attrs { promote: false } } }
I20260713 09:00:37.297698  2316 ts_tablet_manager.cc:1916] T 2325ee5f9d474dec97e4e738d6e6ced7 P b8dca59d69ab4bf08a87b3a9cbd015dd: Deleting tablet data with delete state TABLET_DATA_TOMBSTONED
I20260713 09:00:37.300782  1454 catalog_manager.cc:5697] T bf208266be0c4f4bace88f20605b7b32 P aaedaaff1007420f80a472ad81330a47 reported cstate change: config changed from index 2 to 3, 60f40b24080547ca969e224407c9b1ed (127.0.107.196) changed from NON_VOTER to VOTER. New cstate: current_term: 1 leader_uuid: "aaedaaff1007420f80a472ad81330a47" committed_config { opid_index: 3 OBSOLETE_local: false peers { permanent_uuid: "b8dca59d69ab4bf08a87b3a9cbd015dd" member_type: VOTER last_known_addr { host: "127.0.107.193" port: 36611 } health_report { overall_health: UNKNOWN } } peers { permanent_uuid: "aaedaaff1007420f80a472ad81330a47" member_type: VOTER last_known_addr { host: "127.0.107.194" port: 42787 } health_report { overall_health: HEALTHY } } peers { permanent_uuid: "3ca19753235d4c49a06d8b566f984926" member_type: VOTER last_known_addr { host: "127.0.107.195" port: 45209 } attrs { replace: true } health_report { overall_health: HEALTHY } } peers { permanent_uuid: "60f40b24080547ca969e224407c9b1ed" member_type: VOTER last_known_addr { host: "127.0.107.196" port: 35955 } attrs { promote: false } health_report { overall_health: HEALTHY } } }
I20260713 09:00:37.330555  2316 ts_tablet_manager.cc:1929] T 2325ee5f9d474dec97e4e738d6e6ced7 P b8dca59d69ab4bf08a87b3a9cbd015dd: tablet deleted with delete type TABLET_DATA_TOMBSTONED: last-logged OpId 1.3
I20260713 09:00:37.330955  2316 log.cc:1199] T 2325ee5f9d474dec97e4e738d6e6ced7 P b8dca59d69ab4bf08a87b3a9cbd015dd: Deleting WAL directory at /tmp/dist-test-taskUuRJ2D/test-tmp/auto_leader_rebalancer-test.0.LeaderRebalancerTest.AddTserver.1783933193423385-431-0/minicluster-data/ts-0-root/wals/2325ee5f9d474dec97e4e738d6e6ced7
I20260713 09:00:37.332409  1441 catalog_manager.cc:5028] TS b8dca59d69ab4bf08a87b3a9cbd015dd (127.0.107.193:36611): tablet 2325ee5f9d474dec97e4e738d6e6ced7 (table test-workload [id=64a67af871dc4f61bd9710df754210ff]) successfully deleted
I20260713 09:00:37.785935  1627 consensus_queue.cc:237] T bf208266be0c4f4bace88f20605b7b32 P aaedaaff1007420f80a472ad81330a47 [LEADER]: Queue going to LEADER mode. State: All replicated index: 0, Majority replicated index: 3, Committed index: 3, Last appended: 1.3, Last appended by leader: 0, Current term: 1, Majority size: 2, State: 0, Mode: LEADER, active raft config: opid_index: 4 OBSOLETE_local: false peers { permanent_uuid: "b8dca59d69ab4bf08a87b3a9cbd015dd" member_type: VOTER last_known_addr { host: "127.0.107.193" port: 36611 } } peers { permanent_uuid: "aaedaaff1007420f80a472ad81330a47" member_type: VOTER last_known_addr { host: "127.0.107.194" port: 42787 } } peers { permanent_uuid: "60f40b24080547ca969e224407c9b1ed" member_type: VOTER last_known_addr { host: "127.0.107.196" port: 35955 } attrs { promote: false } }
I20260713 09:00:37.790753  1965 raft_consensus.cc:1275] T bf208266be0c4f4bace88f20605b7b32 P 60f40b24080547ca969e224407c9b1ed [term 1 FOLLOWER]: Refusing update from remote peer aaedaaff1007420f80a472ad81330a47: Log matching property violated. Preceding OpId in replica: term: 1 index: 3. Preceding OpId from leader: term: 1 index: 4. (index mismatch)
I20260713 09:00:37.791107  1553 raft_consensus.cc:1275] T bf208266be0c4f4bace88f20605b7b32 P b8dca59d69ab4bf08a87b3a9cbd015dd [term 1 FOLLOWER]: Refusing update from remote peer aaedaaff1007420f80a472ad81330a47: Log matching property violated. Preceding OpId in replica: term: 1 index: 3. Preceding OpId from leader: term: 1 index: 4. (index mismatch)
I20260713 09:00:37.792661  2297 consensus_queue.cc:1048] T bf208266be0c4f4bace88f20605b7b32 P aaedaaff1007420f80a472ad81330a47 [LEADER]: Connected to new peer: Peer: permanent_uuid: "60f40b24080547ca969e224407c9b1ed" member_type: VOTER last_known_addr { host: "127.0.107.196" port: 35955 } attrs { promote: false }, Status: LMP_MISMATCH, Last received: 0.0, Next index: 4, Last known committed idx: 3, Time since last communication: 0.001s
I20260713 09:00:37.794432  2308 consensus_queue.cc:1048] T bf208266be0c4f4bace88f20605b7b32 P aaedaaff1007420f80a472ad81330a47 [LEADER]: Connected to new peer: Peer: permanent_uuid: "b8dca59d69ab4bf08a87b3a9cbd015dd" member_type: VOTER last_known_addr { host: "127.0.107.193" port: 36611 }, Status: LMP_MISMATCH, Last received: 0.0, Next index: 4, Last known committed idx: 3, Time since last communication: 0.000s
I20260713 09:00:37.801863  2312 raft_consensus.cc:2955] T bf208266be0c4f4bace88f20605b7b32 P aaedaaff1007420f80a472ad81330a47 [term 1 LEADER]: Committing config change with OpId 1.4: config changed from index 3 to 4, VOTER 3ca19753235d4c49a06d8b566f984926 (127.0.107.195) evicted. New config: { opid_index: 4 OBSOLETE_local: false peers { permanent_uuid: "b8dca59d69ab4bf08a87b3a9cbd015dd" member_type: VOTER last_known_addr { host: "127.0.107.193" port: 36611 } } peers { permanent_uuid: "aaedaaff1007420f80a472ad81330a47" member_type: VOTER last_known_addr { host: "127.0.107.194" port: 42787 } } peers { permanent_uuid: "60f40b24080547ca969e224407c9b1ed" member_type: VOTER last_known_addr { host: "127.0.107.196" port: 35955 } attrs { promote: false } } }
I20260713 09:00:37.803376  1553 raft_consensus.cc:2955] T bf208266be0c4f4bace88f20605b7b32 P b8dca59d69ab4bf08a87b3a9cbd015dd [term 1 FOLLOWER]: Committing config change with OpId 1.4: config changed from index 3 to 4, VOTER 3ca19753235d4c49a06d8b566f984926 (127.0.107.195) evicted. New config: { opid_index: 4 OBSOLETE_local: false peers { permanent_uuid: "b8dca59d69ab4bf08a87b3a9cbd015dd" member_type: VOTER last_known_addr { host: "127.0.107.193" port: 36611 } } peers { permanent_uuid: "aaedaaff1007420f80a472ad81330a47" member_type: VOTER last_known_addr { host: "127.0.107.194" port: 42787 } } peers { permanent_uuid: "60f40b24080547ca969e224407c9b1ed" member_type: VOTER last_known_addr { host: "127.0.107.196" port: 35955 } attrs { promote: false } } }
I20260713 09:00:37.808171  1965 raft_consensus.cc:2955] T bf208266be0c4f4bace88f20605b7b32 P 60f40b24080547ca969e224407c9b1ed [term 1 FOLLOWER]: Committing config change with OpId 1.4: config changed from index 3 to 4, VOTER 3ca19753235d4c49a06d8b566f984926 (127.0.107.195) evicted. New config: { opid_index: 4 OBSOLETE_local: false peers { permanent_uuid: "b8dca59d69ab4bf08a87b3a9cbd015dd" member_type: VOTER last_known_addr { host: "127.0.107.193" port: 36611 } } peers { permanent_uuid: "aaedaaff1007420f80a472ad81330a47" member_type: VOTER last_known_addr { host: "127.0.107.194" port: 42787 } } peers { permanent_uuid: "60f40b24080547ca969e224407c9b1ed" member_type: VOTER last_known_addr { host: "127.0.107.196" port: 35955 } attrs { promote: false } } }
I20260713 09:00:37.813791  1438 catalog_manager.cc:5210] ChangeConfig:REMOVE_PEER RPC for tablet bf208266be0c4f4bace88f20605b7b32 with cas_config_opid_index 3: ChangeConfig:REMOVE_PEER succeeded (attempt 1)
I20260713 09:00:37.818890  1451 catalog_manager.cc:5697] T bf208266be0c4f4bace88f20605b7b32 P aaedaaff1007420f80a472ad81330a47 reported cstate change: config changed from index 3 to 4, VOTER 3ca19753235d4c49a06d8b566f984926 (127.0.107.195) evicted. New cstate: current_term: 1 leader_uuid: "aaedaaff1007420f80a472ad81330a47" committed_config { opid_index: 4 OBSOLETE_local: false peers { permanent_uuid: "b8dca59d69ab4bf08a87b3a9cbd015dd" member_type: VOTER last_known_addr { host: "127.0.107.193" port: 36611 } health_report { overall_health: HEALTHY } } peers { permanent_uuid: "aaedaaff1007420f80a472ad81330a47" member_type: VOTER last_known_addr { host: "127.0.107.194" port: 42787 } health_report { overall_health: HEALTHY } } peers { permanent_uuid: "60f40b24080547ca969e224407c9b1ed" member_type: VOTER last_known_addr { host: "127.0.107.196" port: 35955 } attrs { promote: false } health_report { overall_health: HEALTHY } } }
I20260713 09:00:37.840569  1694 tablet_service.cc:1558] Processing DeleteTablet for tablet bf208266be0c4f4bace88f20605b7b32 with delete_type TABLET_DATA_TOMBSTONED (TS 3ca19753235d4c49a06d8b566f984926 not found in new config with opid_index 4) from {username='slave'} at 127.0.0.1:40908
I20260713 09:00:37.842236  2322 tablet_replica.cc:333] T bf208266be0c4f4bace88f20605b7b32 P 3ca19753235d4c49a06d8b566f984926: stopping tablet replica
I20260713 09:00:37.843194  2322 raft_consensus.cc:2243] T bf208266be0c4f4bace88f20605b7b32 P 3ca19753235d4c49a06d8b566f984926 [term 1 FOLLOWER]: Raft consensus shutting down.
I20260713 09:00:37.843822  2322 raft_consensus.cc:2272] T bf208266be0c4f4bace88f20605b7b32 P 3ca19753235d4c49a06d8b566f984926 [term 1 FOLLOWER]: Raft consensus is shut down!
I20260713 09:00:37.846544  2322 ts_tablet_manager.cc:1916] T bf208266be0c4f4bace88f20605b7b32 P 3ca19753235d4c49a06d8b566f984926: Deleting tablet data with delete state TABLET_DATA_TOMBSTONED
I20260713 09:00:37.858980  2322 ts_tablet_manager.cc:1929] T bf208266be0c4f4bace88f20605b7b32 P 3ca19753235d4c49a06d8b566f984926: tablet deleted with delete type TABLET_DATA_TOMBSTONED: last-logged OpId 1.3
I20260713 09:00:37.859328  2322 log.cc:1199] T bf208266be0c4f4bace88f20605b7b32 P 3ca19753235d4c49a06d8b566f984926: Deleting WAL directory at /tmp/dist-test-taskUuRJ2D/test-tmp/auto_leader_rebalancer-test.0.LeaderRebalancerTest.AddTserver.1783933193423385-431-0/minicluster-data/ts-2-root/wals/bf208266be0c4f4bace88f20605b7b32
I20260713 09:00:37.860698  1441 catalog_manager.cc:5028] TS 3ca19753235d4c49a06d8b566f984926 (127.0.107.195:45209): tablet bf208266be0c4f4bace88f20605b7b32 (table test-workload [id=64a67af871dc4f61bd9710df754210ff]) successfully deleted
I20260713 09:00:42.834133   431 auto_leader_rebalancer.cc:141] leader rebalance for table test-workload
I20260713 09:00:42.863509  1553 tablet_service.cc:2072] Received LeaderStepDown RPC: tablet_id: "773ad1ac67304fbf841c163916c866d5"
dest_uuid: "b8dca59d69ab4bf08a87b3a9cbd015dd"
mode: GRACEFUL
new_leader_uuid: "60f40b24080547ca969e224407c9b1ed"
 from {username='slave'} at 127.0.0.1:54500
I20260713 09:00:42.864037  1553 raft_consensus.cc:606] T 773ad1ac67304fbf841c163916c866d5 P b8dca59d69ab4bf08a87b3a9cbd015dd [term 1 LEADER]: Received request to transfer leadership to TS 60f40b24080547ca969e224407c9b1ed
I20260713 09:00:42.866470  1553 tablet_service.cc:2072] Received LeaderStepDown RPC: tablet_id: "cc3338b309fc42fe895c06cb6ba281d2"
dest_uuid: "b8dca59d69ab4bf08a87b3a9cbd015dd"
mode: GRACEFUL
new_leader_uuid: "3ca19753235d4c49a06d8b566f984926"
 from {username='slave'} at 127.0.0.1:54500
I20260713 09:00:42.866986  1553 raft_consensus.cc:606] T cc3338b309fc42fe895c06cb6ba281d2 P b8dca59d69ab4bf08a87b3a9cbd015dd [term 1 LEADER]: Received request to transfer leadership to TS 3ca19753235d4c49a06d8b566f984926
I20260713 09:00:42.881875  1704 tablet_service.cc:2072] Received LeaderStepDown RPC: tablet_id: "e1682f901c5d418ea4590e261df97cdf"
dest_uuid: "3ca19753235d4c49a06d8b566f984926"
mode: GRACEFUL
new_leader_uuid: "60f40b24080547ca969e224407c9b1ed"
 from {username='slave'} at 127.0.0.1:34386
I20260713 09:00:42.882476  1704 raft_consensus.cc:606] T e1682f901c5d418ea4590e261df97cdf P 3ca19753235d4c49a06d8b566f984926 [term 1 LEADER]: Received request to transfer leadership to TS 60f40b24080547ca969e224407c9b1ed
I20260713 09:00:42.884946  1704 tablet_service.cc:2072] Received LeaderStepDown RPC: tablet_id: "e7faad08c90d487c8f6768a58cd53a87"
dest_uuid: "3ca19753235d4c49a06d8b566f984926"
mode: GRACEFUL
new_leader_uuid: "60f40b24080547ca969e224407c9b1ed"
 from {username='slave'} at 127.0.0.1:34386
I20260713 09:00:42.885370  1704 raft_consensus.cc:606] T e7faad08c90d487c8f6768a58cd53a87 P 3ca19753235d4c49a06d8b566f984926 [term 1 LEADER]: Received request to transfer leadership to TS 60f40b24080547ca969e224407c9b1ed
I20260713 09:00:42.887598  1553 tablet_service.cc:2072] Received LeaderStepDown RPC: tablet_id: "f10582b98e19450cba3eb1fce08373c3"
dest_uuid: "b8dca59d69ab4bf08a87b3a9cbd015dd"
mode: GRACEFUL
new_leader_uuid: "60f40b24080547ca969e224407c9b1ed"
 from {username='slave'} at 127.0.0.1:54500
I20260713 09:00:42.888119  1553 raft_consensus.cc:606] T f10582b98e19450cba3eb1fce08373c3 P b8dca59d69ab4bf08a87b3a9cbd015dd [term 1 LEADER]: Received request to transfer leadership to TS 60f40b24080547ca969e224407c9b1ed
I20260713 09:00:42.889192   431 auto_leader_rebalancer.cc:479] table: test-workload, leader rebalance finish, leader transfer count: 5
I20260713 09:00:42.889966   431 auto_leader_rebalancer.cc:554] All tables' leader rebalancing finished this round
I20260713 09:00:42.981583  2326 raft_consensus.cc:993] T 773ad1ac67304fbf841c163916c866d5 P b8dca59d69ab4bf08a87b3a9cbd015dd: : Instructing follower 60f40b24080547ca969e224407c9b1ed to start an election
I20260713 09:00:42.982172  2326 raft_consensus.cc:1081] T 773ad1ac67304fbf841c163916c866d5 P b8dca59d69ab4bf08a87b3a9cbd015dd [term 1 LEADER]: Signalling peer 60f40b24080547ca969e224407c9b1ed to start an election
I20260713 09:00:42.983688  1966 tablet_service.cc:2044] Received Run Leader Election RPC: tablet_id: "773ad1ac67304fbf841c163916c866d5"
dest_uuid: "60f40b24080547ca969e224407c9b1ed"
 from {username='slave'} at 127.0.0.1:56342
I20260713 09:00:42.984238  1966 raft_consensus.cc:493] T 773ad1ac67304fbf841c163916c866d5 P 60f40b24080547ca969e224407c9b1ed [term 1 FOLLOWER]: Starting forced leader election (received explicit request)
I20260713 09:00:42.984527  1966 raft_consensus.cc:3060] T 773ad1ac67304fbf841c163916c866d5 P 60f40b24080547ca969e224407c9b1ed [term 1 FOLLOWER]: Advancing to term 2
I20260713 09:00:42.989849  1966 raft_consensus.cc:515] T 773ad1ac67304fbf841c163916c866d5 P 60f40b24080547ca969e224407c9b1ed [term 2 FOLLOWER]: Starting forced leader election with config: opid_index: 4 OBSOLETE_local: false peers { permanent_uuid: "b8dca59d69ab4bf08a87b3a9cbd015dd" member_type: VOTER last_known_addr { host: "127.0.107.193" port: 36611 } } peers { permanent_uuid: "3ca19753235d4c49a06d8b566f984926" member_type: VOTER last_known_addr { host: "127.0.107.195" port: 45209 } } peers { permanent_uuid: "60f40b24080547ca969e224407c9b1ed" member_type: VOTER last_known_addr { host: "127.0.107.196" port: 35955 } attrs { promote: false } }
I20260713 09:00:42.991802  1966 leader_election.cc:290] T 773ad1ac67304fbf841c163916c866d5 P 60f40b24080547ca969e224407c9b1ed [CANDIDATE]: Term 2 election: Requested vote from peers b8dca59d69ab4bf08a87b3a9cbd015dd (127.0.107.193:36611), 3ca19753235d4c49a06d8b566f984926 (127.0.107.195:45209)
I20260713 09:00:42.992647  1553 tablet_service.cc:1917] Received RequestConsensusVote() RPC: tablet_id: "773ad1ac67304fbf841c163916c866d5" candidate_uuid: "60f40b24080547ca969e224407c9b1ed" candidate_term: 2 candidate_status { last_received { term: 1 index: 4 } } ignore_live_leader: true dest_uuid: "b8dca59d69ab4bf08a87b3a9cbd015dd"
I20260713 09:00:42.992888  1704 tablet_service.cc:1917] Received RequestConsensusVote() RPC: tablet_id: "773ad1ac67304fbf841c163916c866d5" candidate_uuid: "60f40b24080547ca969e224407c9b1ed" candidate_term: 2 candidate_status { last_received { term: 1 index: 4 } } ignore_live_leader: true dest_uuid: "3ca19753235d4c49a06d8b566f984926"
I20260713 09:00:42.993369  1553 raft_consensus.cc:3055] T 773ad1ac67304fbf841c163916c866d5 P b8dca59d69ab4bf08a87b3a9cbd015dd [term 1 LEADER]: Stepping down as leader of term 1
I20260713 09:00:42.993489  1704 raft_consensus.cc:3060] T 773ad1ac67304fbf841c163916c866d5 P 3ca19753235d4c49a06d8b566f984926 [term 1 FOLLOWER]: Advancing to term 2
I20260713 09:00:42.993676  1553 raft_consensus.cc:740] T 773ad1ac67304fbf841c163916c866d5 P b8dca59d69ab4bf08a87b3a9cbd015dd [term 1 LEADER]: Becoming Follower/Learner. State: Replica: b8dca59d69ab4bf08a87b3a9cbd015dd, State: Running, Role: LEADER
I20260713 09:00:42.994514  1553 consensus_queue.cc:260] T 773ad1ac67304fbf841c163916c866d5 P b8dca59d69ab4bf08a87b3a9cbd015dd [NON_LEADER]: Queue going to NON_LEADER mode. State: All replicated index: 0, Majority replicated index: 4, Committed index: 4, Last appended: 1.4, Last appended by leader: 4, Current term: 1, Majority size: -1, State: 0, Mode: NON_LEADER, active raft config: opid_index: 4 OBSOLETE_local: false peers { permanent_uuid: "b8dca59d69ab4bf08a87b3a9cbd015dd" member_type: VOTER last_known_addr { host: "127.0.107.193" port: 36611 } } peers { permanent_uuid: "3ca19753235d4c49a06d8b566f984926" member_type: VOTER last_known_addr { host: "127.0.107.195" port: 45209 } } peers { permanent_uuid: "60f40b24080547ca969e224407c9b1ed" member_type: VOTER last_known_addr { host: "127.0.107.196" port: 35955 } attrs { promote: false } }
I20260713 09:00:42.995429  1553 raft_consensus.cc:3060] T 773ad1ac67304fbf841c163916c866d5 P b8dca59d69ab4bf08a87b3a9cbd015dd [term 1 FOLLOWER]: Advancing to term 2
I20260713 09:00:42.998555  1704 raft_consensus.cc:2468] T 773ad1ac67304fbf841c163916c866d5 P 3ca19753235d4c49a06d8b566f984926 [term 2 FOLLOWER]: Leader election vote request: Granting yes vote for candidate 60f40b24080547ca969e224407c9b1ed in term 2.
I20260713 09:00:42.999715  1553 raft_consensus.cc:2468] T 773ad1ac67304fbf841c163916c866d5 P b8dca59d69ab4bf08a87b3a9cbd015dd [term 2 FOLLOWER]: Leader election vote request: Granting yes vote for candidate 60f40b24080547ca969e224407c9b1ed in term 2.
I20260713 09:00:42.999804  1932 leader_election.cc:304] T 773ad1ac67304fbf841c163916c866d5 P 60f40b24080547ca969e224407c9b1ed [CANDIDATE]: Term 2 election: Election decided. Result: candidate won. Election summary: received 2 responses out of 3 voters: 2 yes votes; 0 no votes. yes voters: 3ca19753235d4c49a06d8b566f984926, 60f40b24080547ca969e224407c9b1ed; no voters: 
I20260713 09:00:43.001906  2332 raft_consensus.cc:2804] T 773ad1ac67304fbf841c163916c866d5 P 60f40b24080547ca969e224407c9b1ed [term 2 FOLLOWER]: Leader election won for term 2
I20260713 09:00:43.003130  2332 raft_consensus.cc:697] T 773ad1ac67304fbf841c163916c866d5 P 60f40b24080547ca969e224407c9b1ed [term 2 LEADER]: Becoming Leader. State: Replica: 60f40b24080547ca969e224407c9b1ed, State: Running, Role: LEADER
I20260713 09:00:43.004004  2332 consensus_queue.cc:237] T 773ad1ac67304fbf841c163916c866d5 P 60f40b24080547ca969e224407c9b1ed [LEADER]: Queue going to LEADER mode. State: All replicated index: 0, Majority replicated index: 4, Committed index: 4, Last appended: 1.4, Last appended by leader: 4, Current term: 2, Majority size: 2, State: 0, Mode: LEADER, active raft config: opid_index: 4 OBSOLETE_local: false peers { permanent_uuid: "b8dca59d69ab4bf08a87b3a9cbd015dd" member_type: VOTER last_known_addr { host: "127.0.107.193" port: 36611 } } peers { permanent_uuid: "3ca19753235d4c49a06d8b566f984926" member_type: VOTER last_known_addr { host: "127.0.107.195" port: 45209 } } peers { permanent_uuid: "60f40b24080547ca969e224407c9b1ed" member_type: VOTER last_known_addr { host: "127.0.107.196" port: 35955 } attrs { promote: false } }
I20260713 09:00:43.011448  1451 catalog_manager.cc:5697] T 773ad1ac67304fbf841c163916c866d5 P 60f40b24080547ca969e224407c9b1ed reported cstate change: term changed from 1 to 2, leader changed from b8dca59d69ab4bf08a87b3a9cbd015dd (127.0.107.193) to 60f40b24080547ca969e224407c9b1ed (127.0.107.196). New cstate: current_term: 2 leader_uuid: "60f40b24080547ca969e224407c9b1ed" committed_config { opid_index: 4 OBSOLETE_local: false peers { permanent_uuid: "b8dca59d69ab4bf08a87b3a9cbd015dd" member_type: VOTER last_known_addr { host: "127.0.107.193" port: 36611 } health_report { overall_health: UNKNOWN } } peers { permanent_uuid: "3ca19753235d4c49a06d8b566f984926" member_type: VOTER last_known_addr { host: "127.0.107.195" port: 45209 } health_report { overall_health: UNKNOWN } } peers { permanent_uuid: "60f40b24080547ca969e224407c9b1ed" member_type: VOTER last_known_addr { host: "127.0.107.196" port: 35955 } attrs { promote: false } health_report { overall_health: HEALTHY } } }
I20260713 09:00:43.065572  2323 raft_consensus.cc:993] T f10582b98e19450cba3eb1fce08373c3 P b8dca59d69ab4bf08a87b3a9cbd015dd: : Instructing follower 60f40b24080547ca969e224407c9b1ed to start an election
I20260713 09:00:43.066026  2323 raft_consensus.cc:1081] T f10582b98e19450cba3eb1fce08373c3 P b8dca59d69ab4bf08a87b3a9cbd015dd [term 1 LEADER]: Signalling peer 60f40b24080547ca969e224407c9b1ed to start an election
I20260713 09:00:43.067360  1966 tablet_service.cc:2044] Received Run Leader Election RPC: tablet_id: "f10582b98e19450cba3eb1fce08373c3"
dest_uuid: "60f40b24080547ca969e224407c9b1ed"
 from {username='slave'} at 127.0.0.1:56342
I20260713 09:00:43.067834  1966 raft_consensus.cc:493] T f10582b98e19450cba3eb1fce08373c3 P 60f40b24080547ca969e224407c9b1ed [term 1 FOLLOWER]: Starting forced leader election (received explicit request)
I20260713 09:00:43.068111  1966 raft_consensus.cc:3060] T f10582b98e19450cba3eb1fce08373c3 P 60f40b24080547ca969e224407c9b1ed [term 1 FOLLOWER]: Advancing to term 2
I20260713 09:00:43.072301  1966 raft_consensus.cc:515] T f10582b98e19450cba3eb1fce08373c3 P 60f40b24080547ca969e224407c9b1ed [term 2 FOLLOWER]: Starting forced leader election with config: opid_index: 4 OBSOLETE_local: false peers { permanent_uuid: "b8dca59d69ab4bf08a87b3a9cbd015dd" member_type: VOTER last_known_addr { host: "127.0.107.193" port: 36611 } } peers { permanent_uuid: "aaedaaff1007420f80a472ad81330a47" member_type: VOTER last_known_addr { host: "127.0.107.194" port: 42787 } } peers { permanent_uuid: "60f40b24080547ca969e224407c9b1ed" member_type: VOTER last_known_addr { host: "127.0.107.196" port: 35955 } attrs { promote: false } }
I20260713 09:00:43.074038  1966 leader_election.cc:290] T f10582b98e19450cba3eb1fce08373c3 P 60f40b24080547ca969e224407c9b1ed [CANDIDATE]: Term 2 election: Requested vote from peers b8dca59d69ab4bf08a87b3a9cbd015dd (127.0.107.193:36611), aaedaaff1007420f80a472ad81330a47 (127.0.107.194:42787)
I20260713 09:00:43.074898  1553 tablet_service.cc:1917] Received RequestConsensusVote() RPC: tablet_id: "f10582b98e19450cba3eb1fce08373c3" candidate_uuid: "60f40b24080547ca969e224407c9b1ed" candidate_term: 2 candidate_status { last_received { term: 1 index: 4 } } ignore_live_leader: true dest_uuid: "b8dca59d69ab4bf08a87b3a9cbd015dd"
I20260713 09:00:43.075160  1630 tablet_service.cc:1917] Received RequestConsensusVote() RPC: tablet_id: "f10582b98e19450cba3eb1fce08373c3" candidate_uuid: "60f40b24080547ca969e224407c9b1ed" candidate_term: 2 candidate_status { last_received { term: 1 index: 4 } } ignore_live_leader: true dest_uuid: "aaedaaff1007420f80a472ad81330a47"
I20260713 09:00:43.075531  1553 raft_consensus.cc:3055] T f10582b98e19450cba3eb1fce08373c3 P b8dca59d69ab4bf08a87b3a9cbd015dd [term 1 LEADER]: Stepping down as leader of term 1
I20260713 09:00:43.075673  1630 raft_consensus.cc:3060] T f10582b98e19450cba3eb1fce08373c3 P aaedaaff1007420f80a472ad81330a47 [term 1 FOLLOWER]: Advancing to term 2
I20260713 09:00:43.075879  1553 raft_consensus.cc:740] T f10582b98e19450cba3eb1fce08373c3 P b8dca59d69ab4bf08a87b3a9cbd015dd [term 1 LEADER]: Becoming Follower/Learner. State: Replica: b8dca59d69ab4bf08a87b3a9cbd015dd, State: Running, Role: LEADER
I20260713 09:00:43.076674  1553 consensus_queue.cc:260] T f10582b98e19450cba3eb1fce08373c3 P b8dca59d69ab4bf08a87b3a9cbd015dd [NON_LEADER]: Queue going to NON_LEADER mode. State: All replicated index: 0, Majority replicated index: 4, Committed index: 4, Last appended: 1.4, Last appended by leader: 4, Current term: 1, Majority size: -1, State: 0, Mode: NON_LEADER, active raft config: opid_index: 4 OBSOLETE_local: false peers { permanent_uuid: "b8dca59d69ab4bf08a87b3a9cbd015dd" member_type: VOTER last_known_addr { host: "127.0.107.193" port: 36611 } } peers { permanent_uuid: "aaedaaff1007420f80a472ad81330a47" member_type: VOTER last_known_addr { host: "127.0.107.194" port: 42787 } } peers { permanent_uuid: "60f40b24080547ca969e224407c9b1ed" member_type: VOTER last_known_addr { host: "127.0.107.196" port: 35955 } attrs { promote: false } }
I20260713 09:00:43.077837  1553 raft_consensus.cc:3060] T f10582b98e19450cba3eb1fce08373c3 P b8dca59d69ab4bf08a87b3a9cbd015dd [term 1 FOLLOWER]: Advancing to term 2
I20260713 09:00:43.082047  1630 raft_consensus.cc:2468] T f10582b98e19450cba3eb1fce08373c3 P aaedaaff1007420f80a472ad81330a47 [term 2 FOLLOWER]: Leader election vote request: Granting yes vote for candidate 60f40b24080547ca969e224407c9b1ed in term 2.
I20260713 09:00:43.083356  1929 leader_election.cc:304] T f10582b98e19450cba3eb1fce08373c3 P 60f40b24080547ca969e224407c9b1ed [CANDIDATE]: Term 2 election: Election decided. Result: candidate won. Election summary: received 2 responses out of 3 voters: 2 yes votes; 0 no votes. yes voters: 60f40b24080547ca969e224407c9b1ed, aaedaaff1007420f80a472ad81330a47; no voters: 
I20260713 09:00:43.084182  2332 raft_consensus.cc:2804] T f10582b98e19450cba3eb1fce08373c3 P 60f40b24080547ca969e224407c9b1ed [term 2 FOLLOWER]: Leader election won for term 2
I20260713 09:00:43.084228  1553 raft_consensus.cc:2468] T f10582b98e19450cba3eb1fce08373c3 P b8dca59d69ab4bf08a87b3a9cbd015dd [term 2 FOLLOWER]: Leader election vote request: Granting yes vote for candidate 60f40b24080547ca969e224407c9b1ed in term 2.
I20260713 09:00:43.084713  2332 raft_consensus.cc:697] T f10582b98e19450cba3eb1fce08373c3 P 60f40b24080547ca969e224407c9b1ed [term 2 LEADER]: Becoming Leader. State: Replica: 60f40b24080547ca969e224407c9b1ed, State: Running, Role: LEADER
I20260713 09:00:43.085597  2332 consensus_queue.cc:237] T f10582b98e19450cba3eb1fce08373c3 P 60f40b24080547ca969e224407c9b1ed [LEADER]: Queue going to LEADER mode. State: All replicated index: 0, Majority replicated index: 4, Committed index: 4, Last appended: 1.4, Last appended by leader: 4, Current term: 2, Majority size: 2, State: 0, Mode: LEADER, active raft config: opid_index: 4 OBSOLETE_local: false peers { permanent_uuid: "b8dca59d69ab4bf08a87b3a9cbd015dd" member_type: VOTER last_known_addr { host: "127.0.107.193" port: 36611 } } peers { permanent_uuid: "aaedaaff1007420f80a472ad81330a47" member_type: VOTER last_known_addr { host: "127.0.107.194" port: 42787 } } peers { permanent_uuid: "60f40b24080547ca969e224407c9b1ed" member_type: VOTER last_known_addr { host: "127.0.107.196" port: 35955 } attrs { promote: false } }
I20260713 09:00:43.093408  1451 catalog_manager.cc:5697] T f10582b98e19450cba3eb1fce08373c3 P 60f40b24080547ca969e224407c9b1ed reported cstate change: term changed from 1 to 2, leader changed from b8dca59d69ab4bf08a87b3a9cbd015dd (127.0.107.193) to 60f40b24080547ca969e224407c9b1ed (127.0.107.196). New cstate: current_term: 2 leader_uuid: "60f40b24080547ca969e224407c9b1ed" committed_config { opid_index: 4 OBSOLETE_local: false peers { permanent_uuid: "b8dca59d69ab4bf08a87b3a9cbd015dd" member_type: VOTER last_known_addr { host: "127.0.107.193" port: 36611 } health_report { overall_health: UNKNOWN } } peers { permanent_uuid: "aaedaaff1007420f80a472ad81330a47" member_type: VOTER last_known_addr { host: "127.0.107.194" port: 42787 } health_report { overall_health: UNKNOWN } } peers { permanent_uuid: "60f40b24080547ca969e224407c9b1ed" member_type: VOTER last_known_addr { host: "127.0.107.196" port: 35955 } attrs { promote: false } health_report { overall_health: HEALTHY } } }
I20260713 09:00:43.124191  2328 raft_consensus.cc:993] T e1682f901c5d418ea4590e261df97cdf P 3ca19753235d4c49a06d8b566f984926: : Instructing follower 60f40b24080547ca969e224407c9b1ed to start an election
I20260713 09:00:43.124625  2300 raft_consensus.cc:1081] T e1682f901c5d418ea4590e261df97cdf P 3ca19753235d4c49a06d8b566f984926 [term 1 LEADER]: Signalling peer 60f40b24080547ca969e224407c9b1ed to start an election
I20260713 09:00:43.126027  1966 tablet_service.cc:2044] Received Run Leader Election RPC: tablet_id: "e1682f901c5d418ea4590e261df97cdf"
dest_uuid: "60f40b24080547ca969e224407c9b1ed"
 from {username='slave'} at 127.0.0.1:44414
I20260713 09:00:43.126457  1966 raft_consensus.cc:493] T e1682f901c5d418ea4590e261df97cdf P 60f40b24080547ca969e224407c9b1ed [term 1 FOLLOWER]: Starting forced leader election (received explicit request)
I20260713 09:00:43.126721  1966 raft_consensus.cc:3060] T e1682f901c5d418ea4590e261df97cdf P 60f40b24080547ca969e224407c9b1ed [term 1 FOLLOWER]: Advancing to term 2
I20260713 09:00:43.131026  1966 raft_consensus.cc:515] T e1682f901c5d418ea4590e261df97cdf P 60f40b24080547ca969e224407c9b1ed [term 2 FOLLOWER]: Starting forced leader election with config: opid_index: 4 OBSOLETE_local: false peers { permanent_uuid: "3ca19753235d4c49a06d8b566f984926" member_type: VOTER last_known_addr { host: "127.0.107.195" port: 45209 } } peers { permanent_uuid: "b8dca59d69ab4bf08a87b3a9cbd015dd" member_type: VOTER last_known_addr { host: "127.0.107.193" port: 36611 } } peers { permanent_uuid: "60f40b24080547ca969e224407c9b1ed" member_type: VOTER last_known_addr { host: "127.0.107.196" port: 35955 } attrs { promote: false } }
I20260713 09:00:43.132594  1966 leader_election.cc:290] T e1682f901c5d418ea4590e261df97cdf P 60f40b24080547ca969e224407c9b1ed [CANDIDATE]: Term 2 election: Requested vote from peers 3ca19753235d4c49a06d8b566f984926 (127.0.107.195:45209), b8dca59d69ab4bf08a87b3a9cbd015dd (127.0.107.193:36611)
I20260713 09:00:43.133965  1704 tablet_service.cc:1917] Received RequestConsensusVote() RPC: tablet_id: "e1682f901c5d418ea4590e261df97cdf" candidate_uuid: "60f40b24080547ca969e224407c9b1ed" candidate_term: 2 candidate_status { last_received { term: 1 index: 4 } } ignore_live_leader: true dest_uuid: "3ca19753235d4c49a06d8b566f984926"
I20260713 09:00:43.134097  1553 tablet_service.cc:1917] Received RequestConsensusVote() RPC: tablet_id: "e1682f901c5d418ea4590e261df97cdf" candidate_uuid: "60f40b24080547ca969e224407c9b1ed" candidate_term: 2 candidate_status { last_received { term: 1 index: 4 } } ignore_live_leader: true dest_uuid: "b8dca59d69ab4bf08a87b3a9cbd015dd"
I20260713 09:00:43.134465  1704 raft_consensus.cc:3055] T e1682f901c5d418ea4590e261df97cdf P 3ca19753235d4c49a06d8b566f984926 [term 1 LEADER]: Stepping down as leader of term 1
I20260713 09:00:43.134646  1553 raft_consensus.cc:3060] T e1682f901c5d418ea4590e261df97cdf P b8dca59d69ab4bf08a87b3a9cbd015dd [term 1 FOLLOWER]: Advancing to term 2
I20260713 09:00:43.134792  1704 raft_consensus.cc:740] T e1682f901c5d418ea4590e261df97cdf P 3ca19753235d4c49a06d8b566f984926 [term 1 LEADER]: Becoming Follower/Learner. State: Replica: 3ca19753235d4c49a06d8b566f984926, State: Running, Role: LEADER
I20260713 09:00:43.135612  1704 consensus_queue.cc:260] T e1682f901c5d418ea4590e261df97cdf P 3ca19753235d4c49a06d8b566f984926 [NON_LEADER]: Queue going to NON_LEADER mode. State: All replicated index: 0, Majority replicated index: 4, Committed index: 4, Last appended: 1.4, Last appended by leader: 4, Current term: 1, Majority size: -1, State: 0, Mode: NON_LEADER, active raft config: opid_index: 4 OBSOLETE_local: false peers { permanent_uuid: "3ca19753235d4c49a06d8b566f984926" member_type: VOTER last_known_addr { host: "127.0.107.195" port: 45209 } } peers { permanent_uuid: "b8dca59d69ab4bf08a87b3a9cbd015dd" member_type: VOTER last_known_addr { host: "127.0.107.193" port: 36611 } } peers { permanent_uuid: "60f40b24080547ca969e224407c9b1ed" member_type: VOTER last_known_addr { host: "127.0.107.196" port: 35955 } attrs { promote: false } }
I20260713 09:00:43.136572  1704 raft_consensus.cc:3060] T e1682f901c5d418ea4590e261df97cdf P 3ca19753235d4c49a06d8b566f984926 [term 1 FOLLOWER]: Advancing to term 2
I20260713 09:00:43.139421  1553 raft_consensus.cc:2468] T e1682f901c5d418ea4590e261df97cdf P b8dca59d69ab4bf08a87b3a9cbd015dd [term 2 FOLLOWER]: Leader election vote request: Granting yes vote for candidate 60f40b24080547ca969e224407c9b1ed in term 2.
I20260713 09:00:43.140475  1932 leader_election.cc:304] T e1682f901c5d418ea4590e261df97cdf P 60f40b24080547ca969e224407c9b1ed [CANDIDATE]: Term 2 election: Election decided. Result: candidate won. Election summary: received 2 responses out of 3 voters: 2 yes votes; 0 no votes. yes voters: 60f40b24080547ca969e224407c9b1ed, b8dca59d69ab4bf08a87b3a9cbd015dd; no voters: 
I20260713 09:00:43.141229  2332 raft_consensus.cc:2804] T e1682f901c5d418ea4590e261df97cdf P 60f40b24080547ca969e224407c9b1ed [term 2 FOLLOWER]: Leader election won for term 2
I20260713 09:00:43.141582  1704 raft_consensus.cc:2468] T e1682f901c5d418ea4590e261df97cdf P 3ca19753235d4c49a06d8b566f984926 [term 2 FOLLOWER]: Leader election vote request: Granting yes vote for candidate 60f40b24080547ca969e224407c9b1ed in term 2.
I20260713 09:00:43.141731  2332 raft_consensus.cc:697] T e1682f901c5d418ea4590e261df97cdf P 60f40b24080547ca969e224407c9b1ed [term 2 LEADER]: Becoming Leader. State: Replica: 60f40b24080547ca969e224407c9b1ed, State: Running, Role: LEADER
I20260713 09:00:43.142594  2332 consensus_queue.cc:237] T e1682f901c5d418ea4590e261df97cdf P 60f40b24080547ca969e224407c9b1ed [LEADER]: Queue going to LEADER mode. State: All replicated index: 0, Majority replicated index: 4, Committed index: 4, Last appended: 1.4, Last appended by leader: 4, Current term: 2, Majority size: 2, State: 0, Mode: LEADER, active raft config: opid_index: 4 OBSOLETE_local: false peers { permanent_uuid: "3ca19753235d4c49a06d8b566f984926" member_type: VOTER last_known_addr { host: "127.0.107.195" port: 45209 } } peers { permanent_uuid: "b8dca59d69ab4bf08a87b3a9cbd015dd" member_type: VOTER last_known_addr { host: "127.0.107.193" port: 36611 } } peers { permanent_uuid: "60f40b24080547ca969e224407c9b1ed" member_type: VOTER last_known_addr { host: "127.0.107.196" port: 35955 } attrs { promote: false } }
I20260713 09:00:43.150368  1451 catalog_manager.cc:5697] T e1682f901c5d418ea4590e261df97cdf P 60f40b24080547ca969e224407c9b1ed reported cstate change: term changed from 1 to 2, leader changed from 3ca19753235d4c49a06d8b566f984926 (127.0.107.195) to 60f40b24080547ca969e224407c9b1ed (127.0.107.196). New cstate: current_term: 2 leader_uuid: "60f40b24080547ca969e224407c9b1ed" committed_config { opid_index: 4 OBSOLETE_local: false peers { permanent_uuid: "3ca19753235d4c49a06d8b566f984926" member_type: VOTER last_known_addr { host: "127.0.107.195" port: 45209 } health_report { overall_health: UNKNOWN } } peers { permanent_uuid: "b8dca59d69ab4bf08a87b3a9cbd015dd" member_type: VOTER last_known_addr { host: "127.0.107.193" port: 36611 } health_report { overall_health: UNKNOWN } } peers { permanent_uuid: "60f40b24080547ca969e224407c9b1ed" member_type: VOTER last_known_addr { host: "127.0.107.196" port: 35955 } attrs { promote: false } health_report { overall_health: HEALTHY } } }
I20260713 09:00:43.239046  2323 raft_consensus.cc:993] T cc3338b309fc42fe895c06cb6ba281d2 P b8dca59d69ab4bf08a87b3a9cbd015dd: : Instructing follower 3ca19753235d4c49a06d8b566f984926 to start an election
I20260713 09:00:43.239583  2323 raft_consensus.cc:1081] T cc3338b309fc42fe895c06cb6ba281d2 P b8dca59d69ab4bf08a87b3a9cbd015dd [term 1 LEADER]: Signalling peer 3ca19753235d4c49a06d8b566f984926 to start an election
I20260713 09:00:43.241024  1704 tablet_service.cc:2044] Received Run Leader Election RPC: tablet_id: "cc3338b309fc42fe895c06cb6ba281d2"
dest_uuid: "3ca19753235d4c49a06d8b566f984926"
 from {username='slave'} at 127.0.0.1:40914
I20260713 09:00:43.241536  1704 raft_consensus.cc:493] T cc3338b309fc42fe895c06cb6ba281d2 P 3ca19753235d4c49a06d8b566f984926 [term 1 FOLLOWER]: Starting forced leader election (received explicit request)
I20260713 09:00:43.241830  1704 raft_consensus.cc:3060] T cc3338b309fc42fe895c06cb6ba281d2 P 3ca19753235d4c49a06d8b566f984926 [term 1 FOLLOWER]: Advancing to term 2
I20260713 09:00:43.245978  1704 raft_consensus.cc:515] T cc3338b309fc42fe895c06cb6ba281d2 P 3ca19753235d4c49a06d8b566f984926 [term 2 FOLLOWER]: Starting forced leader election with config: opid_index: -1 OBSOLETE_local: false peers { permanent_uuid: "b8dca59d69ab4bf08a87b3a9cbd015dd" member_type: VOTER last_known_addr { host: "127.0.107.193" port: 36611 } } peers { permanent_uuid: "aaedaaff1007420f80a472ad81330a47" member_type: VOTER last_known_addr { host: "127.0.107.194" port: 42787 } } peers { permanent_uuid: "3ca19753235d4c49a06d8b566f984926" member_type: VOTER last_known_addr { host: "127.0.107.195" port: 45209 } }
I20260713 09:00:43.248236  1553 tablet_service.cc:1917] Received RequestConsensusVote() RPC: tablet_id: "cc3338b309fc42fe895c06cb6ba281d2" candidate_uuid: "3ca19753235d4c49a06d8b566f984926" candidate_term: 2 candidate_status { last_received { term: 1 index: 1 } } ignore_live_leader: true dest_uuid: "b8dca59d69ab4bf08a87b3a9cbd015dd"
I20260713 09:00:43.248612  1630 tablet_service.cc:1917] Received RequestConsensusVote() RPC: tablet_id: "cc3338b309fc42fe895c06cb6ba281d2" candidate_uuid: "3ca19753235d4c49a06d8b566f984926" candidate_term: 2 candidate_status { last_received { term: 1 index: 1 } } ignore_live_leader: true dest_uuid: "aaedaaff1007420f80a472ad81330a47"
I20260713 09:00:43.248862  1704 leader_election.cc:290] T cc3338b309fc42fe895c06cb6ba281d2 P 3ca19753235d4c49a06d8b566f984926 [CANDIDATE]: Term 2 election: Requested vote from peers b8dca59d69ab4bf08a87b3a9cbd015dd (127.0.107.193:36611), aaedaaff1007420f80a472ad81330a47 (127.0.107.194:42787)
I20260713 09:00:43.248880  1553 raft_consensus.cc:3055] T cc3338b309fc42fe895c06cb6ba281d2 P b8dca59d69ab4bf08a87b3a9cbd015dd [term 1 LEADER]: Stepping down as leader of term 1
I20260713 09:00:43.249236  1630 raft_consensus.cc:3060] T cc3338b309fc42fe895c06cb6ba281d2 P aaedaaff1007420f80a472ad81330a47 [term 1 FOLLOWER]: Advancing to term 2
I20260713 09:00:43.249444  1553 raft_consensus.cc:740] T cc3338b309fc42fe895c06cb6ba281d2 P b8dca59d69ab4bf08a87b3a9cbd015dd [term 1 LEADER]: Becoming Follower/Learner. State: Replica: b8dca59d69ab4bf08a87b3a9cbd015dd, State: Running, Role: LEADER
I20260713 09:00:43.250324  1553 consensus_queue.cc:260] T cc3338b309fc42fe895c06cb6ba281d2 P b8dca59d69ab4bf08a87b3a9cbd015dd [NON_LEADER]: Queue going to NON_LEADER mode. State: All replicated index: 0, Majority replicated index: 1, Committed index: 1, Last appended: 1.1, Last appended by leader: 1, Current term: 1, Majority size: -1, State: 0, Mode: NON_LEADER, active raft config: opid_index: -1 OBSOLETE_local: false peers { permanent_uuid: "b8dca59d69ab4bf08a87b3a9cbd015dd" member_type: VOTER last_known_addr { host: "127.0.107.193" port: 36611 } } peers { permanent_uuid: "aaedaaff1007420f80a472ad81330a47" member_type: VOTER last_known_addr { host: "127.0.107.194" port: 42787 } } peers { permanent_uuid: "3ca19753235d4c49a06d8b566f984926" member_type: VOTER last_known_addr { host: "127.0.107.195" port: 45209 } }
I20260713 09:00:43.251596  1553 raft_consensus.cc:3060] T cc3338b309fc42fe895c06cb6ba281d2 P b8dca59d69ab4bf08a87b3a9cbd015dd [term 1 FOLLOWER]: Advancing to term 2
I20260713 09:00:43.254791  1630 raft_consensus.cc:2468] T cc3338b309fc42fe895c06cb6ba281d2 P aaedaaff1007420f80a472ad81330a47 [term 2 FOLLOWER]: Leader election vote request: Granting yes vote for candidate 3ca19753235d4c49a06d8b566f984926 in term 2.
I20260713 09:00:43.255753  1668 leader_election.cc:304] T cc3338b309fc42fe895c06cb6ba281d2 P 3ca19753235d4c49a06d8b566f984926 [CANDIDATE]: Term 2 election: Election decided. Result: candidate won. Election summary: received 2 responses out of 3 voters: 2 yes votes; 0 no votes. yes voters: 3ca19753235d4c49a06d8b566f984926, aaedaaff1007420f80a472ad81330a47; no voters: 
I20260713 09:00:43.256467  2300 raft_consensus.cc:2804] T cc3338b309fc42fe895c06cb6ba281d2 P 3ca19753235d4c49a06d8b566f984926 [term 2 FOLLOWER]: Leader election won for term 2
I20260713 09:00:43.256524  1553 raft_consensus.cc:2468] T cc3338b309fc42fe895c06cb6ba281d2 P b8dca59d69ab4bf08a87b3a9cbd015dd [term 2 FOLLOWER]: Leader election vote request: Granting yes vote for candidate 3ca19753235d4c49a06d8b566f984926 in term 2.
I20260713 09:00:43.256891  2300 raft_consensus.cc:697] T cc3338b309fc42fe895c06cb6ba281d2 P 3ca19753235d4c49a06d8b566f984926 [term 2 LEADER]: Becoming Leader. State: Replica: 3ca19753235d4c49a06d8b566f984926, State: Running, Role: LEADER
I20260713 09:00:43.257732  2300 consensus_queue.cc:237] T cc3338b309fc42fe895c06cb6ba281d2 P 3ca19753235d4c49a06d8b566f984926 [LEADER]: Queue going to LEADER mode. State: All replicated index: 0, Majority replicated index: 1, Committed index: 1, Last appended: 1.1, Last appended by leader: 1, Current term: 2, Majority size: 2, State: 0, Mode: LEADER, active raft config: opid_index: -1 OBSOLETE_local: false peers { permanent_uuid: "b8dca59d69ab4bf08a87b3a9cbd015dd" member_type: VOTER last_known_addr { host: "127.0.107.193" port: 36611 } } peers { permanent_uuid: "aaedaaff1007420f80a472ad81330a47" member_type: VOTER last_known_addr { host: "127.0.107.194" port: 42787 } } peers { permanent_uuid: "3ca19753235d4c49a06d8b566f984926" member_type: VOTER last_known_addr { host: "127.0.107.195" port: 45209 } }
I20260713 09:00:43.265763  1451 catalog_manager.cc:5697] T cc3338b309fc42fe895c06cb6ba281d2 P 3ca19753235d4c49a06d8b566f984926 reported cstate change: term changed from 1 to 2, leader changed from b8dca59d69ab4bf08a87b3a9cbd015dd (127.0.107.193) to 3ca19753235d4c49a06d8b566f984926 (127.0.107.195). New cstate: current_term: 2 leader_uuid: "3ca19753235d4c49a06d8b566f984926" committed_config { opid_index: -1 OBSOLETE_local: false peers { permanent_uuid: "b8dca59d69ab4bf08a87b3a9cbd015dd" member_type: VOTER last_known_addr { host: "127.0.107.193" port: 36611 } health_report { overall_health: UNKNOWN } } peers { permanent_uuid: "aaedaaff1007420f80a472ad81330a47" member_type: VOTER last_known_addr { host: "127.0.107.194" port: 42787 } health_report { overall_health: UNKNOWN } } peers { permanent_uuid: "3ca19753235d4c49a06d8b566f984926" member_type: VOTER last_known_addr { host: "127.0.107.195" port: 45209 } health_report { overall_health: HEALTHY } } }
I20260713 09:00:43.455961  2328 raft_consensus.cc:993] T e7faad08c90d487c8f6768a58cd53a87 P 3ca19753235d4c49a06d8b566f984926: : Instructing follower 60f40b24080547ca969e224407c9b1ed to start an election
I20260713 09:00:43.456463  2300 raft_consensus.cc:1081] T e7faad08c90d487c8f6768a58cd53a87 P 3ca19753235d4c49a06d8b566f984926 [term 1 LEADER]: Signalling peer 60f40b24080547ca969e224407c9b1ed to start an election
I20260713 09:00:43.457953  1966 tablet_service.cc:2044] Received Run Leader Election RPC: tablet_id: "e7faad08c90d487c8f6768a58cd53a87"
dest_uuid: "60f40b24080547ca969e224407c9b1ed"
 from {username='slave'} at 127.0.0.1:44414
I20260713 09:00:43.458396  1966 raft_consensus.cc:493] T e7faad08c90d487c8f6768a58cd53a87 P 60f40b24080547ca969e224407c9b1ed [term 1 FOLLOWER]: Starting forced leader election (received explicit request)
I20260713 09:00:43.458679  1966 raft_consensus.cc:3060] T e7faad08c90d487c8f6768a58cd53a87 P 60f40b24080547ca969e224407c9b1ed [term 1 FOLLOWER]: Advancing to term 2
