I20260713 09:08:18.860846 23089 raft_consensus.cc:385] T 41240e46ed974ce89c98600c1bc22b99 P c0cdab5c8f4747599931058973eb347b [term 0 FOLLOWER]: Consensus starting up: Expiring failure detector timer to make a prompt election more likely
I20260713 09:08:18.861238 23089 raft_consensus.cc:740] T 41240e46ed974ce89c98600c1bc22b99 P c0cdab5c8f4747599931058973eb347b [term 0 FOLLOWER]: Becoming Follower/Learner. State: Replica: c0cdab5c8f4747599931058973eb347b, State: Initialized, Role: FOLLOWER
I20260713 09:08:18.861703 23090 tablet_bootstrap.cc:654] T 41240e46ed974ce89c98600c1bc22b99 P 3392e8d3c7bb418ab60bd1d89fceda6f: Neither blocks nor log segments found. Creating new log.
I20260713 09:08:18.862116 23089 consensus_queue.cc:260] T 41240e46ed974ce89c98600c1bc22b99 P c0cdab5c8f4747599931058973eb347b [NON_LEADER]: Queue going to NON_LEADER mode. State: All replicated index: 0, Majority replicated index: 0, Committed index: 0, Last appended: 0.0, Last appended by leader: 0, Current term: 0, Majority size: -1, State: 0, Mode: NON_LEADER, active raft config: opid_index: -1 OBSOLETE_local: false peers { permanent_uuid: "c0cdab5c8f4747599931058973eb347b" member_type: VOTER last_known_addr { host: "127.21.72.67" port: 38611 } } peers { permanent_uuid: "d74dae2e6f1e4e39ae4736b402991ef0" member_type: VOTER last_known_addr { host: "127.21.72.66" port: 39487 } } peers { permanent_uuid: "3392e8d3c7bb418ab60bd1d89fceda6f" member_type: VOTER last_known_addr { host: "127.21.72.65" port: 33505 } }
I20260713 09:08:18.864503 23089 ts_tablet_manager.cc:1434] T 41240e46ed974ce89c98600c1bc22b99 P c0cdab5c8f4747599931058973eb347b: Time spent starting tablet: real 0.008s	user 0.007s	sys 0.000s
I20260713 09:08:18.865576 23089 tablet_bootstrap.cc:492] T 628185ede9e749fc8252e7e0db659399 P c0cdab5c8f4747599931058973eb347b: Bootstrap starting.
I20260713 09:08:18.868294 23095 raft_consensus.cc:493] T 625675628d9242008b39bae2389aa42e P d74dae2e6f1e4e39ae4736b402991ef0 [term 0 FOLLOWER]: Starting pre-election (no leader contacted us within the election timeout)
I20260713 09:08:18.868765 23095 raft_consensus.cc:515] T 625675628d9242008b39bae2389aa42e P d74dae2e6f1e4e39ae4736b402991ef0 [term 0 FOLLOWER]: Starting pre-election with config: opid_index: -1 OBSOLETE_local: false peers { permanent_uuid: "3392e8d3c7bb418ab60bd1d89fceda6f" member_type: VOTER last_known_addr { host: "127.21.72.65" port: 33505 } } peers { permanent_uuid: "d74dae2e6f1e4e39ae4736b402991ef0" member_type: VOTER last_known_addr { host: "127.21.72.66" port: 39487 } } peers { permanent_uuid: "c0cdab5c8f4747599931058973eb347b" member_type: VOTER last_known_addr { host: "127.21.72.67" port: 38611 } }
I20260713 09:08:18.870730 23095 leader_election.cc:290] T 625675628d9242008b39bae2389aa42e P d74dae2e6f1e4e39ae4736b402991ef0 [CANDIDATE]: Term 1 pre-election: Requested pre-vote from peers 3392e8d3c7bb418ab60bd1d89fceda6f (127.21.72.65:33505), c0cdab5c8f4747599931058973eb347b (127.21.72.67:38611)
I20260713 09:08:18.870680 23048 tablet_service.cc:1917] Received RequestConsensusVote() RPC: tablet_id: "dab0949b08c542ce82a86f707bd1640a" candidate_uuid: "d74dae2e6f1e4e39ae4736b402991ef0" candidate_term: 1 candidate_status { last_received { term: 0 index: 0 } } ignore_live_leader: false dest_uuid: "c0cdab5c8f4747599931058973eb347b" is_pre_election: true
I20260713 09:08:18.871994 23047 tablet_service.cc:1917] Received RequestConsensusVote() RPC: tablet_id: "625675628d9242008b39bae2389aa42e" candidate_uuid: "d74dae2e6f1e4e39ae4736b402991ef0" candidate_term: 1 candidate_status { last_received { term: 0 index: 0 } } ignore_live_leader: false dest_uuid: "c0cdab5c8f4747599931058973eb347b" is_pre_election: true
I20260713 09:08:18.872267 23089 tablet_bootstrap.cc:654] T 628185ede9e749fc8252e7e0db659399 P c0cdab5c8f4747599931058973eb347b: Neither blocks nor log segments found. Creating new log.
W20260713 09:08:18.872308 22940 leader_election.cc:343] T dab0949b08c542ce82a86f707bd1640a P d74dae2e6f1e4e39ae4736b402991ef0 [CANDIDATE]: Term 1 pre-election: Tablet error from VoteRequest() call to peer c0cdab5c8f4747599931058973eb347b (127.21.72.67:38611): Illegal state: must be running to vote when last-logged opid is not known
I20260713 09:08:18.872880 22940 leader_election.cc:304] T dab0949b08c542ce82a86f707bd1640a P d74dae2e6f1e4e39ae4736b402991ef0 [CANDIDATE]: Term 1 pre-election: Election decided. Result: candidate lost. Election summary: received 3 responses out of 3 voters: 1 yes votes; 2 no votes. yes voters: d74dae2e6f1e4e39ae4736b402991ef0; no voters: 3392e8d3c7bb418ab60bd1d89fceda6f, c0cdab5c8f4747599931058973eb347b
I20260713 09:08:18.873239 23088 tablet_bootstrap.cc:492] T 2c58e0dd055f4e07b2ce79e94edc0724 P d74dae2e6f1e4e39ae4736b402991ef0: No bootstrap required, opened a new log
I20260713 09:08:18.873745 23088 ts_tablet_manager.cc:1403] T 2c58e0dd055f4e07b2ce79e94edc0724 P d74dae2e6f1e4e39ae4736b402991ef0: Time spent bootstrapping tablet: real 0.050s	user 0.024s	sys 0.010s
W20260713 09:08:18.874189 22940 leader_election.cc:343] T 625675628d9242008b39bae2389aa42e P d74dae2e6f1e4e39ae4736b402991ef0 [CANDIDATE]: Term 1 pre-election: Tablet error from VoteRequest() call to peer c0cdab5c8f4747599931058973eb347b (127.21.72.67:38611): Illegal state: must be running to vote when last-logged opid is not known
I20260713 09:08:18.875823 22899 tablet_service.cc:1917] Received RequestConsensusVote() RPC: tablet_id: "625675628d9242008b39bae2389aa42e" candidate_uuid: "d74dae2e6f1e4e39ae4736b402991ef0" candidate_term: 1 candidate_status { last_received { term: 0 index: 0 } } ignore_live_leader: false dest_uuid: "3392e8d3c7bb418ab60bd1d89fceda6f" is_pre_election: true
I20260713 09:08:18.876667 23088 raft_consensus.cc:359] T 2c58e0dd055f4e07b2ce79e94edc0724 P d74dae2e6f1e4e39ae4736b402991ef0 [term 0 FOLLOWER]: Replica starting. Triggering 0 pending ops. Active config: opid_index: -1 OBSOLETE_local: false peers { permanent_uuid: "3392e8d3c7bb418ab60bd1d89fceda6f" member_type: VOTER last_known_addr { host: "127.21.72.65" port: 33505 } } peers { permanent_uuid: "d74dae2e6f1e4e39ae4736b402991ef0" member_type: VOTER last_known_addr { host: "127.21.72.66" port: 39487 } } peers { permanent_uuid: "c0cdab5c8f4747599931058973eb347b" member_type: VOTER last_known_addr { host: "127.21.72.67" port: 38611 } }
W20260713 09:08:18.877169 22939 leader_election.cc:343] T 625675628d9242008b39bae2389aa42e P d74dae2e6f1e4e39ae4736b402991ef0 [CANDIDATE]: Term 1 pre-election: Tablet error from VoteRequest() call to peer 3392e8d3c7bb418ab60bd1d89fceda6f (127.21.72.65:33505): Illegal state: must be running to vote when last-logged opid is not known
I20260713 09:08:18.877367 23088 raft_consensus.cc:385] T 2c58e0dd055f4e07b2ce79e94edc0724 P d74dae2e6f1e4e39ae4736b402991ef0 [term 0 FOLLOWER]: Consensus starting up: Expiring failure detector timer to make a prompt election more likely
I20260713 09:08:18.877612 22939 leader_election.cc:304] T 625675628d9242008b39bae2389aa42e P d74dae2e6f1e4e39ae4736b402991ef0 [CANDIDATE]: Term 1 pre-election: Election decided. Result: candidate lost. Election summary: received 3 responses out of 3 voters: 1 yes votes; 2 no votes. yes voters: d74dae2e6f1e4e39ae4736b402991ef0; no voters: 3392e8d3c7bb418ab60bd1d89fceda6f, c0cdab5c8f4747599931058973eb347b
I20260713 09:08:18.878829 23095 raft_consensus.cc:2749] T dab0949b08c542ce82a86f707bd1640a P d74dae2e6f1e4e39ae4736b402991ef0 [term 0 FOLLOWER]: Leader pre-election lost for term 1. Reason: could not achieve majority
I20260713 09:08:18.879431 23095 raft_consensus.cc:2749] T 625675628d9242008b39bae2389aa42e P d74dae2e6f1e4e39ae4736b402991ef0 [term 0 FOLLOWER]: Leader pre-election lost for term 1. Reason: could not achieve majority
I20260713 09:08:18.884635 23090 tablet_bootstrap.cc:492] T 41240e46ed974ce89c98600c1bc22b99 P 3392e8d3c7bb418ab60bd1d89fceda6f: No bootstrap required, opened a new log
I20260713 09:08:18.886760 23088 raft_consensus.cc:740] T 2c58e0dd055f4e07b2ce79e94edc0724 P d74dae2e6f1e4e39ae4736b402991ef0 [term 0 FOLLOWER]: Becoming Follower/Learner. State: Replica: d74dae2e6f1e4e39ae4736b402991ef0, State: Initialized, Role: FOLLOWER
I20260713 09:08:18.886497 23090 ts_tablet_manager.cc:1403] T 41240e46ed974ce89c98600c1bc22b99 P 3392e8d3c7bb418ab60bd1d89fceda6f: Time spent bootstrapping tablet: real 0.043s	user 0.019s	sys 0.003s
I20260713 09:08:18.888053 23088 consensus_queue.cc:260] T 2c58e0dd055f4e07b2ce79e94edc0724 P d74dae2e6f1e4e39ae4736b402991ef0 [NON_LEADER]: Queue going to NON_LEADER mode. State: All replicated index: 0, Majority replicated index: 0, Committed index: 0, Last appended: 0.0, Last appended by leader: 0, Current term: 0, Majority size: -1, State: 0, Mode: NON_LEADER, active raft config: opid_index: -1 OBSOLETE_local: false peers { permanent_uuid: "3392e8d3c7bb418ab60bd1d89fceda6f" member_type: VOTER last_known_addr { host: "127.21.72.65" port: 33505 } } peers { permanent_uuid: "d74dae2e6f1e4e39ae4736b402991ef0" member_type: VOTER last_known_addr { host: "127.21.72.66" port: 39487 } } peers { permanent_uuid: "c0cdab5c8f4747599931058973eb347b" member_type: VOTER last_known_addr { host: "127.21.72.67" port: 38611 } }
I20260713 09:08:18.890545 23088 ts_tablet_manager.cc:1434] T 2c58e0dd055f4e07b2ce79e94edc0724 P d74dae2e6f1e4e39ae4736b402991ef0: Time spent starting tablet: real 0.016s	user 0.007s	sys 0.000s
I20260713 09:08:18.891502 23088 tablet_bootstrap.cc:492] T 61540d79ae63408f8b21352d5816e959 P d74dae2e6f1e4e39ae4736b402991ef0: Bootstrap starting.
I20260713 09:08:18.892917 23090 raft_consensus.cc:359] T 41240e46ed974ce89c98600c1bc22b99 P 3392e8d3c7bb418ab60bd1d89fceda6f [term 0 FOLLOWER]: Replica starting. Triggering 0 pending ops. Active config: opid_index: -1 OBSOLETE_local: false peers { permanent_uuid: "c0cdab5c8f4747599931058973eb347b" member_type: VOTER last_known_addr { host: "127.21.72.67" port: 38611 } } peers { permanent_uuid: "d74dae2e6f1e4e39ae4736b402991ef0" member_type: VOTER last_known_addr { host: "127.21.72.66" port: 39487 } } peers { permanent_uuid: "3392e8d3c7bb418ab60bd1d89fceda6f" member_type: VOTER last_known_addr { host: "127.21.72.65" port: 33505 } }
I20260713 09:08:18.894181 23090 raft_consensus.cc:385] T 41240e46ed974ce89c98600c1bc22b99 P 3392e8d3c7bb418ab60bd1d89fceda6f [term 0 FOLLOWER]: Consensus starting up: Expiring failure detector timer to make a prompt election more likely
I20260713 09:08:18.894701 23090 raft_consensus.cc:740] T 41240e46ed974ce89c98600c1bc22b99 P 3392e8d3c7bb418ab60bd1d89fceda6f [term 0 FOLLOWER]: Becoming Follower/Learner. State: Replica: 3392e8d3c7bb418ab60bd1d89fceda6f, State: Initialized, Role: FOLLOWER
I20260713 09:08:18.895673 23090 consensus_queue.cc:260] T 41240e46ed974ce89c98600c1bc22b99 P 3392e8d3c7bb418ab60bd1d89fceda6f [NON_LEADER]: Queue going to NON_LEADER mode. State: All replicated index: 0, Majority replicated index: 0, Committed index: 0, Last appended: 0.0, Last appended by leader: 0, Current term: 0, Majority size: -1, State: 0, Mode: NON_LEADER, active raft config: opid_index: -1 OBSOLETE_local: false peers { permanent_uuid: "c0cdab5c8f4747599931058973eb347b" member_type: VOTER last_known_addr { host: "127.21.72.67" port: 38611 } } peers { permanent_uuid: "d74dae2e6f1e4e39ae4736b402991ef0" member_type: VOTER last_known_addr { host: "127.21.72.66" port: 39487 } } peers { permanent_uuid: "3392e8d3c7bb418ab60bd1d89fceda6f" member_type: VOTER last_known_addr { host: "127.21.72.65" port: 33505 } }
I20260713 09:08:18.897560 23089 tablet_bootstrap.cc:492] T 628185ede9e749fc8252e7e0db659399 P c0cdab5c8f4747599931058973eb347b: No bootstrap required, opened a new log
I20260713 09:08:18.898171 23089 ts_tablet_manager.cc:1403] T 628185ede9e749fc8252e7e0db659399 P c0cdab5c8f4747599931058973eb347b: Time spent bootstrapping tablet: real 0.033s	user 0.013s	sys 0.019s
I20260713 09:08:18.898187 23088 tablet_bootstrap.cc:654] T 61540d79ae63408f8b21352d5816e959 P d74dae2e6f1e4e39ae4736b402991ef0: Neither blocks nor log segments found. Creating new log.
I20260713 09:08:18.901618 23089 raft_consensus.cc:359] T 628185ede9e749fc8252e7e0db659399 P c0cdab5c8f4747599931058973eb347b [term 0 FOLLOWER]: Replica starting. Triggering 0 pending ops. Active config: opid_index: -1 OBSOLETE_local: false peers { permanent_uuid: "3392e8d3c7bb418ab60bd1d89fceda6f" member_type: VOTER last_known_addr { host: "127.21.72.65" port: 33505 } } peers { permanent_uuid: "d74dae2e6f1e4e39ae4736b402991ef0" member_type: VOTER last_known_addr { host: "127.21.72.66" port: 39487 } } peers { permanent_uuid: "c0cdab5c8f4747599931058973eb347b" member_type: VOTER last_known_addr { host: "127.21.72.67" port: 38611 } }
I20260713 09:08:18.902496 23089 raft_consensus.cc:385] T 628185ede9e749fc8252e7e0db659399 P c0cdab5c8f4747599931058973eb347b [term 0 FOLLOWER]: Consensus starting up: Expiring failure detector timer to make a prompt election more likely
I20260713 09:08:18.902824 23089 raft_consensus.cc:740] T 628185ede9e749fc8252e7e0db659399 P c0cdab5c8f4747599931058973eb347b [term 0 FOLLOWER]: Becoming Follower/Learner. State: Replica: c0cdab5c8f4747599931058973eb347b, State: Initialized, Role: FOLLOWER
I20260713 09:08:18.903760 23089 consensus_queue.cc:260] T 628185ede9e749fc8252e7e0db659399 P c0cdab5c8f4747599931058973eb347b [NON_LEADER]: Queue going to NON_LEADER mode. State: All replicated index: 0, Majority replicated index: 0, Committed index: 0, Last appended: 0.0, Last appended by leader: 0, Current term: 0, Majority size: -1, State: 0, Mode: NON_LEADER, active raft config: opid_index: -1 OBSOLETE_local: false peers { permanent_uuid: "3392e8d3c7bb418ab60bd1d89fceda6f" member_type: VOTER last_known_addr { host: "127.21.72.65" port: 33505 } } peers { permanent_uuid: "d74dae2e6f1e4e39ae4736b402991ef0" member_type: VOTER last_known_addr { host: "127.21.72.66" port: 39487 } } peers { permanent_uuid: "c0cdab5c8f4747599931058973eb347b" member_type: VOTER last_known_addr { host: "127.21.72.67" port: 38611 } }
I20260713 09:08:18.905891 23090 ts_tablet_manager.cc:1434] T 41240e46ed974ce89c98600c1bc22b99 P 3392e8d3c7bb418ab60bd1d89fceda6f: Time spent starting tablet: real 0.018s	user 0.009s	sys 0.000s
I20260713 09:08:18.906582 23089 ts_tablet_manager.cc:1434] T 628185ede9e749fc8252e7e0db659399 P c0cdab5c8f4747599931058973eb347b: Time spent starting tablet: real 0.008s	user 0.008s	sys 0.000s
I20260713 09:08:18.908305 23090 tablet_bootstrap.cc:492] T 2c58e0dd055f4e07b2ce79e94edc0724 P 3392e8d3c7bb418ab60bd1d89fceda6f: Bootstrap starting.
I20260713 09:08:18.914678 23089 tablet_bootstrap.cc:492] T 0ff82e6009f1445e8bda6f8fd16b4be6 P c0cdab5c8f4747599931058973eb347b: Bootstrap starting.
I20260713 09:08:18.920625 23088 tablet_bootstrap.cc:492] T 61540d79ae63408f8b21352d5816e959 P d74dae2e6f1e4e39ae4736b402991ef0: No bootstrap required, opened a new log
I20260713 09:08:18.921150 23088 ts_tablet_manager.cc:1403] T 61540d79ae63408f8b21352d5816e959 P d74dae2e6f1e4e39ae4736b402991ef0: Time spent bootstrapping tablet: real 0.030s	user 0.008s	sys 0.019s
I20260713 09:08:18.922079 23089 tablet_bootstrap.cc:654] T 0ff82e6009f1445e8bda6f8fd16b4be6 P c0cdab5c8f4747599931058973eb347b: Neither blocks nor log segments found. Creating new log.
I20260713 09:08:18.922533 23090 tablet_bootstrap.cc:654] T 2c58e0dd055f4e07b2ce79e94edc0724 P 3392e8d3c7bb418ab60bd1d89fceda6f: Neither blocks nor log segments found. Creating new log.
I20260713 09:08:18.924264 23088 raft_consensus.cc:359] T 61540d79ae63408f8b21352d5816e959 P d74dae2e6f1e4e39ae4736b402991ef0 [term 0 FOLLOWER]: Replica starting. Triggering 0 pending ops. Active config: opid_index: -1 OBSOLETE_local: false peers { permanent_uuid: "3392e8d3c7bb418ab60bd1d89fceda6f" member_type: VOTER last_known_addr { host: "127.21.72.65" port: 33505 } } peers { permanent_uuid: "d74dae2e6f1e4e39ae4736b402991ef0" member_type: VOTER last_known_addr { host: "127.21.72.66" port: 39487 } } peers { permanent_uuid: "c0cdab5c8f4747599931058973eb347b" member_type: VOTER last_known_addr { host: "127.21.72.67" port: 38611 } }
I20260713 09:08:18.925081 23088 raft_consensus.cc:385] T 61540d79ae63408f8b21352d5816e959 P d74dae2e6f1e4e39ae4736b402991ef0 [term 0 FOLLOWER]: Consensus starting up: Expiring failure detector timer to make a prompt election more likely
I20260713 09:08:18.925508 23088 raft_consensus.cc:740] T 61540d79ae63408f8b21352d5816e959 P d74dae2e6f1e4e39ae4736b402991ef0 [term 0 FOLLOWER]: Becoming Follower/Learner. State: Replica: d74dae2e6f1e4e39ae4736b402991ef0, State: Initialized, Role: FOLLOWER
I20260713 09:08:18.926688 23088 consensus_queue.cc:260] T 61540d79ae63408f8b21352d5816e959 P d74dae2e6f1e4e39ae4736b402991ef0 [NON_LEADER]: Queue going to NON_LEADER mode. State: All replicated index: 0, Majority replicated index: 0, Committed index: 0, Last appended: 0.0, Last appended by leader: 0, Current term: 0, Majority size: -1, State: 0, Mode: NON_LEADER, active raft config: opid_index: -1 OBSOLETE_local: false peers { permanent_uuid: "3392e8d3c7bb418ab60bd1d89fceda6f" member_type: VOTER last_known_addr { host: "127.21.72.65" port: 33505 } } peers { permanent_uuid: "d74dae2e6f1e4e39ae4736b402991ef0" member_type: VOTER last_known_addr { host: "127.21.72.66" port: 39487 } } peers { permanent_uuid: "c0cdab5c8f4747599931058973eb347b" member_type: VOTER last_known_addr { host: "127.21.72.67" port: 38611 } }
I20260713 09:08:18.934096 23088 ts_tablet_manager.cc:1434] T 61540d79ae63408f8b21352d5816e959 P d74dae2e6f1e4e39ae4736b402991ef0: Time spent starting tablet: real 0.013s	user 0.006s	sys 0.004s
I20260713 09:08:18.935431 23088 tablet_bootstrap.cc:492] T 0ff82e6009f1445e8bda6f8fd16b4be6 P d74dae2e6f1e4e39ae4736b402991ef0: Bootstrap starting.
I20260713 09:08:18.936424 23090 tablet_bootstrap.cc:492] T 2c58e0dd055f4e07b2ce79e94edc0724 P 3392e8d3c7bb418ab60bd1d89fceda6f: No bootstrap required, opened a new log
I20260713 09:08:18.937047 23090 ts_tablet_manager.cc:1403] T 2c58e0dd055f4e07b2ce79e94edc0724 P 3392e8d3c7bb418ab60bd1d89fceda6f: Time spent bootstrapping tablet: real 0.029s	user 0.015s	sys 0.002s
I20260713 09:08:18.940928 23090 raft_consensus.cc:359] T 2c58e0dd055f4e07b2ce79e94edc0724 P 3392e8d3c7bb418ab60bd1d89fceda6f [term 0 FOLLOWER]: Replica starting. Triggering 0 pending ops. Active config: opid_index: -1 OBSOLETE_local: false peers { permanent_uuid: "3392e8d3c7bb418ab60bd1d89fceda6f" member_type: VOTER last_known_addr { host: "127.21.72.65" port: 33505 } } peers { permanent_uuid: "d74dae2e6f1e4e39ae4736b402991ef0" member_type: VOTER last_known_addr { host: "127.21.72.66" port: 39487 } } peers { permanent_uuid: "c0cdab5c8f4747599931058973eb347b" member_type: VOTER last_known_addr { host: "127.21.72.67" port: 38611 } }
I20260713 09:08:18.943157 23090 raft_consensus.cc:385] T 2c58e0dd055f4e07b2ce79e94edc0724 P 3392e8d3c7bb418ab60bd1d89fceda6f [term 0 FOLLOWER]: Consensus starting up: Expiring failure detector timer to make a prompt election more likely
I20260713 09:08:18.943517 23090 raft_consensus.cc:740] T 2c58e0dd055f4e07b2ce79e94edc0724 P 3392e8d3c7bb418ab60bd1d89fceda6f [term 0 FOLLOWER]: Becoming Follower/Learner. State: Replica: 3392e8d3c7bb418ab60bd1d89fceda6f, State: Initialized, Role: FOLLOWER
I20260713 09:08:18.944249 23090 consensus_queue.cc:260] T 2c58e0dd055f4e07b2ce79e94edc0724 P 3392e8d3c7bb418ab60bd1d89fceda6f [NON_LEADER]: Queue going to NON_LEADER mode. State: All replicated index: 0, Majority replicated index: 0, Committed index: 0, Last appended: 0.0, Last appended by leader: 0, Current term: 0, Majority size: -1, State: 0, Mode: NON_LEADER, active raft config: opid_index: -1 OBSOLETE_local: false peers { permanent_uuid: "3392e8d3c7bb418ab60bd1d89fceda6f" member_type: VOTER last_known_addr { host: "127.21.72.65" port: 33505 } } peers { permanent_uuid: "d74dae2e6f1e4e39ae4736b402991ef0" member_type: VOTER last_known_addr { host: "127.21.72.66" port: 39487 } } peers { permanent_uuid: "c0cdab5c8f4747599931058973eb347b" member_type: VOTER last_known_addr { host: "127.21.72.67" port: 38611 } }
I20260713 09:08:18.944561 23089 tablet_bootstrap.cc:492] T 0ff82e6009f1445e8bda6f8fd16b4be6 P c0cdab5c8f4747599931058973eb347b: No bootstrap required, opened a new log
I20260713 09:08:18.945180 23089 ts_tablet_manager.cc:1403] T 0ff82e6009f1445e8bda6f8fd16b4be6 P c0cdab5c8f4747599931058973eb347b: Time spent bootstrapping tablet: real 0.031s	user 0.013s	sys 0.015s
I20260713 09:08:18.946597 23090 ts_tablet_manager.cc:1434] T 2c58e0dd055f4e07b2ce79e94edc0724 P 3392e8d3c7bb418ab60bd1d89fceda6f: Time spent starting tablet: real 0.009s	user 0.001s	sys 0.005s
I20260713 09:08:18.947685 23090 tablet_bootstrap.cc:492] T 8ddda03691df4d67ac1283c73b3a4684 P 3392e8d3c7bb418ab60bd1d89fceda6f: Bootstrap starting.
I20260713 09:08:18.948558 23089 raft_consensus.cc:359] T 0ff82e6009f1445e8bda6f8fd16b4be6 P c0cdab5c8f4747599931058973eb347b [term 0 FOLLOWER]: Replica starting. Triggering 0 pending ops. Active config: opid_index: -1 OBSOLETE_local: false peers { permanent_uuid: "3392e8d3c7bb418ab60bd1d89fceda6f" member_type: VOTER last_known_addr { host: "127.21.72.65" port: 33505 } } peers { permanent_uuid: "d74dae2e6f1e4e39ae4736b402991ef0" member_type: VOTER last_known_addr { host: "127.21.72.66" port: 39487 } } peers { permanent_uuid: "c0cdab5c8f4747599931058973eb347b" member_type: VOTER last_known_addr { host: "127.21.72.67" port: 38611 } }
I20260713 09:08:18.949378 23089 raft_consensus.cc:385] T 0ff82e6009f1445e8bda6f8fd16b4be6 P c0cdab5c8f4747599931058973eb347b [term 0 FOLLOWER]: Consensus starting up: Expiring failure detector timer to make a prompt election more likely
I20260713 09:08:18.949741 23089 raft_consensus.cc:740] T 0ff82e6009f1445e8bda6f8fd16b4be6 P c0cdab5c8f4747599931058973eb347b [term 0 FOLLOWER]: Becoming Follower/Learner. State: Replica: c0cdab5c8f4747599931058973eb347b, State: Initialized, Role: FOLLOWER
I20260713 09:08:18.950165 23088 tablet_bootstrap.cc:654] T 0ff82e6009f1445e8bda6f8fd16b4be6 P d74dae2e6f1e4e39ae4736b402991ef0: Neither blocks nor log segments found. Creating new log.
I20260713 09:08:18.950992 23089 consensus_queue.cc:260] T 0ff82e6009f1445e8bda6f8fd16b4be6 P c0cdab5c8f4747599931058973eb347b [NON_LEADER]: Queue going to NON_LEADER mode. State: All replicated index: 0, Majority replicated index: 0, Committed index: 0, Last appended: 0.0, Last appended by leader: 0, Current term: 0, Majority size: -1, State: 0, Mode: NON_LEADER, active raft config: opid_index: -1 OBSOLETE_local: false peers { permanent_uuid: "3392e8d3c7bb418ab60bd1d89fceda6f" member_type: VOTER last_known_addr { host: "127.21.72.65" port: 33505 } } peers { permanent_uuid: "d74dae2e6f1e4e39ae4736b402991ef0" member_type: VOTER last_known_addr { host: "127.21.72.66" port: 39487 } } peers { permanent_uuid: "c0cdab5c8f4747599931058973eb347b" member_type: VOTER last_known_addr { host: "127.21.72.67" port: 38611 } }
I20260713 09:08:18.956544 23090 tablet_bootstrap.cc:654] T 8ddda03691df4d67ac1283c73b3a4684 P 3392e8d3c7bb418ab60bd1d89fceda6f: Neither blocks nor log segments found. Creating new log.
I20260713 09:08:18.957023 23089 ts_tablet_manager.cc:1434] T 0ff82e6009f1445e8bda6f8fd16b4be6 P c0cdab5c8f4747599931058973eb347b: Time spent starting tablet: real 0.011s	user 0.007s	sys 0.000s
I20260713 09:08:18.958302 23089 tablet_bootstrap.cc:492] T 625675628d9242008b39bae2389aa42e P c0cdab5c8f4747599931058973eb347b: Bootstrap starting.
I20260713 09:08:18.963357 23088 tablet_bootstrap.cc:492] T 0ff82e6009f1445e8bda6f8fd16b4be6 P d74dae2e6f1e4e39ae4736b402991ef0: No bootstrap required, opened a new log
I20260713 09:08:18.963941 23088 ts_tablet_manager.cc:1403] T 0ff82e6009f1445e8bda6f8fd16b4be6 P d74dae2e6f1e4e39ae4736b402991ef0: Time spent bootstrapping tablet: real 0.029s	user 0.010s	sys 0.010s
I20260713 09:08:18.966135 23089 tablet_bootstrap.cc:654] T 625675628d9242008b39bae2389aa42e P c0cdab5c8f4747599931058973eb347b: Neither blocks nor log segments found. Creating new log.
I20260713 09:08:18.967227 23088 raft_consensus.cc:359] T 0ff82e6009f1445e8bda6f8fd16b4be6 P d74dae2e6f1e4e39ae4736b402991ef0 [term 0 FOLLOWER]: Replica starting. Triggering 0 pending ops. Active config: opid_index: -1 OBSOLETE_local: false peers { permanent_uuid: "3392e8d3c7bb418ab60bd1d89fceda6f" member_type: VOTER last_known_addr { host: "127.21.72.65" port: 33505 } } peers { permanent_uuid: "d74dae2e6f1e4e39ae4736b402991ef0" member_type: VOTER last_known_addr { host: "127.21.72.66" port: 39487 } } peers { permanent_uuid: "c0cdab5c8f4747599931058973eb347b" member_type: VOTER last_known_addr { host: "127.21.72.67" port: 38611 } }
I20260713 09:08:18.968134 23088 raft_consensus.cc:385] T 0ff82e6009f1445e8bda6f8fd16b4be6 P d74dae2e6f1e4e39ae4736b402991ef0 [term 0 FOLLOWER]: Consensus starting up: Expiring failure detector timer to make a prompt election more likely
I20260713 09:08:18.968514 23088 raft_consensus.cc:740] T 0ff82e6009f1445e8bda6f8fd16b4be6 P d74dae2e6f1e4e39ae4736b402991ef0 [term 0 FOLLOWER]: Becoming Follower/Learner. State: Replica: d74dae2e6f1e4e39ae4736b402991ef0, State: Initialized, Role: FOLLOWER
I20260713 09:08:18.970139 23088 consensus_queue.cc:260] T 0ff82e6009f1445e8bda6f8fd16b4be6 P d74dae2e6f1e4e39ae4736b402991ef0 [NON_LEADER]: Queue going to NON_LEADER mode. State: All replicated index: 0, Majority replicated index: 0, Committed index: 0, Last appended: 0.0, Last appended by leader: 0, Current term: 0, Majority size: -1, State: 0, Mode: NON_LEADER, active raft config: opid_index: -1 OBSOLETE_local: false peers { permanent_uuid: "3392e8d3c7bb418ab60bd1d89fceda6f" member_type: VOTER last_known_addr { host: "127.21.72.65" port: 33505 } } peers { permanent_uuid: "d74dae2e6f1e4e39ae4736b402991ef0" member_type: VOTER last_known_addr { host: "127.21.72.66" port: 39487 } } peers { permanent_uuid: "c0cdab5c8f4747599931058973eb347b" member_type: VOTER last_known_addr { host: "127.21.72.67" port: 38611 } }
I20260713 09:08:18.972380 23090 tablet_bootstrap.cc:492] T 8ddda03691df4d67ac1283c73b3a4684 P 3392e8d3c7bb418ab60bd1d89fceda6f: No bootstrap required, opened a new log
I20260713 09:08:18.972864 23090 ts_tablet_manager.cc:1403] T 8ddda03691df4d67ac1283c73b3a4684 P 3392e8d3c7bb418ab60bd1d89fceda6f: Time spent bootstrapping tablet: real 0.025s	user 0.012s	sys 0.004s
I20260713 09:08:18.975108 23088 ts_tablet_manager.cc:1434] T 0ff82e6009f1445e8bda6f8fd16b4be6 P d74dae2e6f1e4e39ae4736b402991ef0: Time spent starting tablet: real 0.011s	user 0.006s	sys 0.001s
I20260713 09:08:18.975628 23090 raft_consensus.cc:359] T 8ddda03691df4d67ac1283c73b3a4684 P 3392e8d3c7bb418ab60bd1d89fceda6f [term 0 FOLLOWER]: Replica starting. Triggering 0 pending ops. Active config: opid_index: -1 OBSOLETE_local: false peers { permanent_uuid: "3392e8d3c7bb418ab60bd1d89fceda6f" member_type: VOTER last_known_addr { host: "127.21.72.65" port: 33505 } } peers { permanent_uuid: "d74dae2e6f1e4e39ae4736b402991ef0" member_type: VOTER last_known_addr { host: "127.21.72.66" port: 39487 } } peers { permanent_uuid: "c0cdab5c8f4747599931058973eb347b" member_type: VOTER last_known_addr { host: "127.21.72.67" port: 38611 } }
I20260713 09:08:18.976219 23088 tablet_bootstrap.cc:492] T 41240e46ed974ce89c98600c1bc22b99 P d74dae2e6f1e4e39ae4736b402991ef0: Bootstrap starting.
I20260713 09:08:18.976375 23090 raft_consensus.cc:385] T 8ddda03691df4d67ac1283c73b3a4684 P 3392e8d3c7bb418ab60bd1d89fceda6f [term 0 FOLLOWER]: Consensus starting up: Expiring failure detector timer to make a prompt election more likely
I20260713 09:08:18.976744 23090 raft_consensus.cc:740] T 8ddda03691df4d67ac1283c73b3a4684 P 3392e8d3c7bb418ab60bd1d89fceda6f [term 0 FOLLOWER]: Becoming Follower/Learner. State: Replica: 3392e8d3c7bb418ab60bd1d89fceda6f, State: Initialized, Role: FOLLOWER
I20260713 09:08:18.977519 23090 consensus_queue.cc:260] T 8ddda03691df4d67ac1283c73b3a4684 P 3392e8d3c7bb418ab60bd1d89fceda6f [NON_LEADER]: Queue going to NON_LEADER mode. State: All replicated index: 0, Majority replicated index: 0, Committed index: 0, Last appended: 0.0, Last appended by leader: 0, Current term: 0, Majority size: -1, State: 0, Mode: NON_LEADER, active raft config: opid_index: -1 OBSOLETE_local: false peers { permanent_uuid: "3392e8d3c7bb418ab60bd1d89fceda6f" member_type: VOTER last_known_addr { host: "127.21.72.65" port: 33505 } } peers { permanent_uuid: "d74dae2e6f1e4e39ae4736b402991ef0" member_type: VOTER last_known_addr { host: "127.21.72.66" port: 39487 } } peers { permanent_uuid: "c0cdab5c8f4747599931058973eb347b" member_type: VOTER last_known_addr { host: "127.21.72.67" port: 38611 } }
I20260713 09:08:18.978255 23089 tablet_bootstrap.cc:492] T 625675628d9242008b39bae2389aa42e P c0cdab5c8f4747599931058973eb347b: No bootstrap required, opened a new log
I20260713 09:08:18.978837 23089 ts_tablet_manager.cc:1403] T 625675628d9242008b39bae2389aa42e P c0cdab5c8f4747599931058973eb347b: Time spent bootstrapping tablet: real 0.021s	user 0.014s	sys 0.002s
I20260713 09:08:18.981947 23089 raft_consensus.cc:359] T 625675628d9242008b39bae2389aa42e P c0cdab5c8f4747599931058973eb347b [term 0 FOLLOWER]: Replica starting. Triggering 0 pending ops. Active config: opid_index: -1 OBSOLETE_local: false peers { permanent_uuid: "3392e8d3c7bb418ab60bd1d89fceda6f" member_type: VOTER last_known_addr { host: "127.21.72.65" port: 33505 } } peers { permanent_uuid: "d74dae2e6f1e4e39ae4736b402991ef0" member_type: VOTER last_known_addr { host: "127.21.72.66" port: 39487 } } peers { permanent_uuid: "c0cdab5c8f4747599931058973eb347b" member_type: VOTER last_known_addr { host: "127.21.72.67" port: 38611 } }
I20260713 09:08:18.982754 23089 raft_consensus.cc:385] T 625675628d9242008b39bae2389aa42e P c0cdab5c8f4747599931058973eb347b [term 0 FOLLOWER]: Consensus starting up: Expiring failure detector timer to make a prompt election more likely
I20260713 09:08:18.983103 23089 raft_consensus.cc:740] T 625675628d9242008b39bae2389aa42e P c0cdab5c8f4747599931058973eb347b [term 0 FOLLOWER]: Becoming Follower/Learner. State: Replica: c0cdab5c8f4747599931058973eb347b, State: Initialized, Role: FOLLOWER
I20260713 09:08:18.983974 23088 tablet_bootstrap.cc:654] T 41240e46ed974ce89c98600c1bc22b99 P d74dae2e6f1e4e39ae4736b402991ef0: Neither blocks nor log segments found. Creating new log.
I20260713 09:08:18.984097 23089 consensus_queue.cc:260] T 625675628d9242008b39bae2389aa42e P c0cdab5c8f4747599931058973eb347b [NON_LEADER]: Queue going to NON_LEADER mode. State: All replicated index: 0, Majority replicated index: 0, Committed index: 0, Last appended: 0.0, Last appended by leader: 0, Current term: 0, Majority size: -1, State: 0, Mode: NON_LEADER, active raft config: opid_index: -1 OBSOLETE_local: false peers { permanent_uuid: "3392e8d3c7bb418ab60bd1d89fceda6f" member_type: VOTER last_known_addr { host: "127.21.72.65" port: 33505 } } peers { permanent_uuid: "d74dae2e6f1e4e39ae4736b402991ef0" member_type: VOTER last_known_addr { host: "127.21.72.66" port: 39487 } } peers { permanent_uuid: "c0cdab5c8f4747599931058973eb347b" member_type: VOTER last_known_addr { host: "127.21.72.67" port: 38611 } }
I20260713 09:08:18.987270 23090 ts_tablet_manager.cc:1434] T 8ddda03691df4d67ac1283c73b3a4684 P 3392e8d3c7bb418ab60bd1d89fceda6f: Time spent starting tablet: real 0.014s	user 0.007s	sys 0.000s
I20260713 09:08:18.989480 23089 ts_tablet_manager.cc:1434] T 625675628d9242008b39bae2389aa42e P c0cdab5c8f4747599931058973eb347b: Time spent starting tablet: real 0.010s	user 0.003s	sys 0.004s
I20260713 09:08:18.990687 23089 tablet_bootstrap.cc:492] T 8ddda03691df4d67ac1283c73b3a4684 P c0cdab5c8f4747599931058973eb347b: Bootstrap starting.
I20260713 09:08:18.992273 23090 tablet_bootstrap.cc:492] T 4b924992f7ef430da4bbf28fc0f2b8c4 P 3392e8d3c7bb418ab60bd1d89fceda6f: Bootstrap starting.
I20260713 09:08:18.997896 23089 tablet_bootstrap.cc:654] T 8ddda03691df4d67ac1283c73b3a4684 P c0cdab5c8f4747599931058973eb347b: Neither blocks nor log segments found. Creating new log.
I20260713 09:08:18.999883 23090 tablet_bootstrap.cc:654] T 4b924992f7ef430da4bbf28fc0f2b8c4 P 3392e8d3c7bb418ab60bd1d89fceda6f: Neither blocks nor log segments found. Creating new log.
I20260713 09:08:19.000535 23088 tablet_bootstrap.cc:492] T 41240e46ed974ce89c98600c1bc22b99 P d74dae2e6f1e4e39ae4736b402991ef0: No bootstrap required, opened a new log
I20260713 09:08:19.001264 23088 ts_tablet_manager.cc:1403] T 41240e46ed974ce89c98600c1bc22b99 P d74dae2e6f1e4e39ae4736b402991ef0: Time spent bootstrapping tablet: real 0.025s	user 0.007s	sys 0.011s
I20260713 09:08:19.003011 23094 raft_consensus.cc:493] T 41240e46ed974ce89c98600c1bc22b99 P c0cdab5c8f4747599931058973eb347b [term 0 FOLLOWER]: Starting pre-election (no leader contacted us within the election timeout)
I20260713 09:08:19.003690 23094 raft_consensus.cc:515] T 41240e46ed974ce89c98600c1bc22b99 P c0cdab5c8f4747599931058973eb347b [term 0 FOLLOWER]: Starting pre-election with config: opid_index: -1 OBSOLETE_local: false peers { permanent_uuid: "c0cdab5c8f4747599931058973eb347b" member_type: VOTER last_known_addr { host: "127.21.72.67" port: 38611 } } peers { permanent_uuid: "d74dae2e6f1e4e39ae4736b402991ef0" member_type: VOTER last_known_addr { host: "127.21.72.66" port: 39487 } } peers { permanent_uuid: "3392e8d3c7bb418ab60bd1d89fceda6f" member_type: VOTER last_known_addr { host: "127.21.72.65" port: 33505 } }
I20260713 09:08:19.005868 23088 raft_consensus.cc:359] T 41240e46ed974ce89c98600c1bc22b99 P d74dae2e6f1e4e39ae4736b402991ef0 [term 0 FOLLOWER]: Replica starting. Triggering 0 pending ops. Active config: opid_index: -1 OBSOLETE_local: false peers { permanent_uuid: "c0cdab5c8f4747599931058973eb347b" member_type: VOTER last_known_addr { host: "127.21.72.67" port: 38611 } } peers { permanent_uuid: "d74dae2e6f1e4e39ae4736b402991ef0" member_type: VOTER last_known_addr { host: "127.21.72.66" port: 39487 } } peers { permanent_uuid: "3392e8d3c7bb418ab60bd1d89fceda6f" member_type: VOTER last_known_addr { host: "127.21.72.65" port: 33505 } }
I20260713 09:08:19.007005 23088 raft_consensus.cc:385] T 41240e46ed974ce89c98600c1bc22b99 P d74dae2e6f1e4e39ae4736b402991ef0 [term 0 FOLLOWER]: Consensus starting up: Expiring failure detector timer to make a prompt election more likely
I20260713 09:08:19.007454 23088 raft_consensus.cc:740] T 41240e46ed974ce89c98600c1bc22b99 P d74dae2e6f1e4e39ae4736b402991ef0 [term 0 FOLLOWER]: Becoming Follower/Learner. State: Replica: d74dae2e6f1e4e39ae4736b402991ef0, State: Initialized, Role: FOLLOWER
I20260713 09:08:19.008663 23088 consensus_queue.cc:260] T 41240e46ed974ce89c98600c1bc22b99 P d74dae2e6f1e4e39ae4736b402991ef0 [NON_LEADER]: Queue going to NON_LEADER mode. State: All replicated index: 0, Majority replicated index: 0, Committed index: 0, Last appended: 0.0, Last appended by leader: 0, Current term: 0, Majority size: -1, State: 0, Mode: NON_LEADER, active raft config: opid_index: -1 OBSOLETE_local: false peers { permanent_uuid: "c0cdab5c8f4747599931058973eb347b" member_type: VOTER last_known_addr { host: "127.21.72.67" port: 38611 } } peers { permanent_uuid: "d74dae2e6f1e4e39ae4736b402991ef0" member_type: VOTER last_known_addr { host: "127.21.72.66" port: 39487 } } peers { permanent_uuid: "3392e8d3c7bb418ab60bd1d89fceda6f" member_type: VOTER last_known_addr { host: "127.21.72.65" port: 33505 } }
I20260713 09:08:19.021947 23094 leader_election.cc:290] T 41240e46ed974ce89c98600c1bc22b99 P c0cdab5c8f4747599931058973eb347b [CANDIDATE]: Term 1 pre-election: Requested pre-vote from peers d74dae2e6f1e4e39ae4736b402991ef0 (127.21.72.66:39487), 3392e8d3c7bb418ab60bd1d89fceda6f (127.21.72.65:33505)
I20260713 09:08:19.023214 23088 ts_tablet_manager.cc:1434] T 41240e46ed974ce89c98600c1bc22b99 P d74dae2e6f1e4e39ae4736b402991ef0: Time spent starting tablet: real 0.021s	user 0.006s	sys 0.003s
I20260713 09:08:19.032914 23088 tablet_bootstrap.cc:492] T 8b8e1246104a4717b6b97b624d736006 P d74dae2e6f1e4e39ae4736b402991ef0: Bootstrap starting.
I20260713 09:08:19.035822 23096 raft_consensus.cc:493] T 0ff82e6009f1445e8bda6f8fd16b4be6 P 3392e8d3c7bb418ab60bd1d89fceda6f [term 0 FOLLOWER]: Starting pre-election (no leader contacted us within the election timeout)
I20260713 09:08:19.036597 23096 raft_consensus.cc:515] T 0ff82e6009f1445e8bda6f8fd16b4be6 P 3392e8d3c7bb418ab60bd1d89fceda6f [term 0 FOLLOWER]: Starting pre-election with config: opid_index: -1 OBSOLETE_local: false peers { permanent_uuid: "3392e8d3c7bb418ab60bd1d89fceda6f" member_type: VOTER last_known_addr { host: "127.21.72.65" port: 33505 } } peers { permanent_uuid: "d74dae2e6f1e4e39ae4736b402991ef0" member_type: VOTER last_known_addr { host: "127.21.72.66" port: 39487 } } peers { permanent_uuid: "c0cdab5c8f4747599931058973eb347b" member_type: VOTER last_known_addr { host: "127.21.72.67" port: 38611 } }
I20260713 09:08:19.055325 23090 tablet_bootstrap.cc:492] T 4b924992f7ef430da4bbf28fc0f2b8c4 P 3392e8d3c7bb418ab60bd1d89fceda6f: No bootstrap required, opened a new log
I20260713 09:08:19.056368 23090 ts_tablet_manager.cc:1403] T 4b924992f7ef430da4bbf28fc0f2b8c4 P 3392e8d3c7bb418ab60bd1d89fceda6f: Time spent bootstrapping tablet: real 0.064s	user 0.017s	sys 0.045s
I20260713 09:08:19.056403 23088 tablet_bootstrap.cc:654] T 8b8e1246104a4717b6b97b624d736006 P d74dae2e6f1e4e39ae4736b402991ef0: Neither blocks nor log segments found. Creating new log.
I20260713 09:08:19.056466 23094 raft_consensus.cc:493] T 2c58e0dd055f4e07b2ce79e94edc0724 P c0cdab5c8f4747599931058973eb347b [term 0 FOLLOWER]: Starting pre-election (no leader contacted us within the election timeout)
I20260713 09:08:19.057192 23094 raft_consensus.cc:515] T 2c58e0dd055f4e07b2ce79e94edc0724 P c0cdab5c8f4747599931058973eb347b [term 0 FOLLOWER]: Starting pre-election with config: opid_index: -1 OBSOLETE_local: false peers { permanent_uuid: "3392e8d3c7bb418ab60bd1d89fceda6f" member_type: VOTER last_known_addr { host: "127.21.72.65" port: 33505 } } peers { permanent_uuid: "d74dae2e6f1e4e39ae4736b402991ef0" member_type: VOTER last_known_addr { host: "127.21.72.66" port: 39487 } } peers { permanent_uuid: "c0cdab5c8f4747599931058973eb347b" member_type: VOTER last_known_addr { host: "127.21.72.67" port: 38611 } }
I20260713 09:08:19.057885 23096 leader_election.cc:290] T 0ff82e6009f1445e8bda6f8fd16b4be6 P 3392e8d3c7bb418ab60bd1d89fceda6f [CANDIDATE]: Term 1 pre-election: Requested pre-vote from peers d74dae2e6f1e4e39ae4736b402991ef0 (127.21.72.66:39487), c0cdab5c8f4747599931058973eb347b (127.21.72.67:38611)
I20260713 09:08:19.060189 23094 leader_election.cc:290] T 2c58e0dd055f4e07b2ce79e94edc0724 P c0cdab5c8f4747599931058973eb347b [CANDIDATE]: Term 1 pre-election: Requested pre-vote from peers 3392e8d3c7bb418ab60bd1d89fceda6f (127.21.72.65:33505), d74dae2e6f1e4e39ae4736b402991ef0 (127.21.72.66:39487)
I20260713 09:08:19.068634 23094 raft_consensus.cc:493] T 628185ede9e749fc8252e7e0db659399 P c0cdab5c8f4747599931058973eb347b [term 0 FOLLOWER]: Starting pre-election (no leader contacted us within the election timeout)
I20260713 09:08:19.069288 23094 raft_consensus.cc:515] T 628185ede9e749fc8252e7e0db659399 P c0cdab5c8f4747599931058973eb347b [term 0 FOLLOWER]: Starting pre-election with config: opid_index: -1 OBSOLETE_local: false peers { permanent_uuid: "3392e8d3c7bb418ab60bd1d89fceda6f" member_type: VOTER last_known_addr { host: "127.21.72.65" port: 33505 } } peers { permanent_uuid: "d74dae2e6f1e4e39ae4736b402991ef0" member_type: VOTER last_known_addr { host: "127.21.72.66" port: 39487 } } peers { permanent_uuid: "c0cdab5c8f4747599931058973eb347b" member_type: VOTER last_known_addr { host: "127.21.72.67" port: 38611 } }
I20260713 09:08:19.071838 23094 leader_election.cc:290] T 628185ede9e749fc8252e7e0db659399 P c0cdab5c8f4747599931058973eb347b [CANDIDATE]: Term 1 pre-election: Requested pre-vote from peers 3392e8d3c7bb418ab60bd1d89fceda6f (127.21.72.65:33505), d74dae2e6f1e4e39ae4736b402991ef0 (127.21.72.66:39487)
I20260713 09:08:19.074788 23089 tablet_bootstrap.cc:492] T 8ddda03691df4d67ac1283c73b3a4684 P c0cdab5c8f4747599931058973eb347b: No bootstrap required, opened a new log
I20260713 09:08:19.075446 23089 ts_tablet_manager.cc:1403] T 8ddda03691df4d67ac1283c73b3a4684 P c0cdab5c8f4747599931058973eb347b: Time spent bootstrapping tablet: real 0.085s	user 0.024s	sys 0.036s
I20260713 09:08:19.084626 23089 raft_consensus.cc:359] T 8ddda03691df4d67ac1283c73b3a4684 P c0cdab5c8f4747599931058973eb347b [term 0 FOLLOWER]: Replica starting. Triggering 0 pending ops. Active config: opid_index: -1 OBSOLETE_local: false peers { permanent_uuid: "3392e8d3c7bb418ab60bd1d89fceda6f" member_type: VOTER last_known_addr { host: "127.21.72.65" port: 33505 } } peers { permanent_uuid: "d74dae2e6f1e4e39ae4736b402991ef0" member_type: VOTER last_known_addr { host: "127.21.72.66" port: 39487 } } peers { permanent_uuid: "c0cdab5c8f4747599931058973eb347b" member_type: VOTER last_known_addr { host: "127.21.72.67" port: 38611 } }
I20260713 09:08:19.085572 23089 raft_consensus.cc:385] T 8ddda03691df4d67ac1283c73b3a4684 P c0cdab5c8f4747599931058973eb347b [term 0 FOLLOWER]: Consensus starting up: Expiring failure detector timer to make a prompt election more likely
I20260713 09:08:19.085963 23089 raft_consensus.cc:740] T 8ddda03691df4d67ac1283c73b3a4684 P c0cdab5c8f4747599931058973eb347b [term 0 FOLLOWER]: Becoming Follower/Learner. State: Replica: c0cdab5c8f4747599931058973eb347b, State: Initialized, Role: FOLLOWER
I20260713 09:08:19.087981 22899 tablet_service.cc:1917] Received RequestConsensusVote() RPC: tablet_id: "41240e46ed974ce89c98600c1bc22b99" candidate_uuid: "c0cdab5c8f4747599931058973eb347b" candidate_term: 1 candidate_status { last_received { term: 0 index: 0 } } ignore_live_leader: false dest_uuid: "3392e8d3c7bb418ab60bd1d89fceda6f" is_pre_election: true
I20260713 09:08:19.076725 23090 raft_consensus.cc:359] T 4b924992f7ef430da4bbf28fc0f2b8c4 P 3392e8d3c7bb418ab60bd1d89fceda6f [term 0 FOLLOWER]: Replica starting. Triggering 0 pending ops. Active config: opid_index: -1 OBSOLETE_local: false peers { permanent_uuid: "3392e8d3c7bb418ab60bd1d89fceda6f" member_type: VOTER last_known_addr { host: "127.21.72.65" port: 33505 } } peers { permanent_uuid: "d74dae2e6f1e4e39ae4736b402991ef0" member_type: VOTER last_known_addr { host: "127.21.72.66" port: 39487 } } peers { permanent_uuid: "c0cdab5c8f4747599931058973eb347b" member_type: VOTER last_known_addr { host: "127.21.72.67" port: 38611 } }
I20260713 09:08:19.088641 22899 raft_consensus.cc:2468] T 41240e46ed974ce89c98600c1bc22b99 P 3392e8d3c7bb418ab60bd1d89fceda6f [term 0 FOLLOWER]: Leader pre-election vote request: Granting yes vote for candidate c0cdab5c8f4747599931058973eb347b in term 0.
I20260713 09:08:19.088477 22898 tablet_service.cc:1917] Received RequestConsensusVote() RPC: tablet_id: "2c58e0dd055f4e07b2ce79e94edc0724" candidate_uuid: "c0cdab5c8f4747599931058973eb347b" candidate_term: 1 candidate_status { last_received { term: 0 index: 0 } } ignore_live_leader: false dest_uuid: "3392e8d3c7bb418ab60bd1d89fceda6f" is_pre_election: true
I20260713 09:08:19.093401 23096 raft_consensus.cc:493] T 8ddda03691df4d67ac1283c73b3a4684 P 3392e8d3c7bb418ab60bd1d89fceda6f [term 0 FOLLOWER]: Starting pre-election (no leader contacted us within the election timeout)
I20260713 09:08:19.092957 23089 consensus_queue.cc:260] T 8ddda03691df4d67ac1283c73b3a4684 P c0cdab5c8f4747599931058973eb347b [NON_LEADER]: Queue going to NON_LEADER mode. State: All replicated index: 0, Majority replicated index: 0, Committed index: 0, Last appended: 0.0, Last appended by leader: 0, Current term: 0, Majority size: -1, State: 0, Mode: NON_LEADER, active raft config: opid_index: -1 OBSOLETE_local: false peers { permanent_uuid: "3392e8d3c7bb418ab60bd1d89fceda6f" member_type: VOTER last_known_addr { host: "127.21.72.65" port: 33505 } } peers { permanent_uuid: "d74dae2e6f1e4e39ae4736b402991ef0" member_type: VOTER last_known_addr { host: "127.21.72.66" port: 39487 } } peers { permanent_uuid: "c0cdab5c8f4747599931058973eb347b" member_type: VOTER last_known_addr { host: "127.21.72.67" port: 38611 } }
I20260713 09:08:19.093966 23096 raft_consensus.cc:515] T 8ddda03691df4d67ac1283c73b3a4684 P 3392e8d3c7bb418ab60bd1d89fceda6f [term 0 FOLLOWER]: Starting pre-election with config: opid_index: -1 OBSOLETE_local: false peers { permanent_uuid: "3392e8d3c7bb418ab60bd1d89fceda6f" member_type: VOTER last_known_addr { host: "127.21.72.65" port: 33505 } } peers { permanent_uuid: "d74dae2e6f1e4e39ae4736b402991ef0" member_type: VOTER last_known_addr { host: "127.21.72.66" port: 39487 } } peers { permanent_uuid: "c0cdab5c8f4747599931058973eb347b" member_type: VOTER last_known_addr { host: "127.21.72.67" port: 38611 } }
I20260713 09:08:19.094368 23013 leader_election.cc:304] T 41240e46ed974ce89c98600c1bc22b99 P c0cdab5c8f4747599931058973eb347b [CANDIDATE]: Term 1 pre-election: Election decided. Result: candidate won. Election summary: received 2 responses out of 3 voters: 2 yes votes; 0 no votes. yes voters: 3392e8d3c7bb418ab60bd1d89fceda6f, c0cdab5c8f4747599931058973eb347b; no voters: 
I20260713 09:08:19.094523 22897 tablet_service.cc:1917] Received RequestConsensusVote() RPC: tablet_id: "628185ede9e749fc8252e7e0db659399" candidate_uuid: "c0cdab5c8f4747599931058973eb347b" candidate_term: 1 candidate_status { last_received { term: 0 index: 0 } } ignore_live_leader: false dest_uuid: "3392e8d3c7bb418ab60bd1d89fceda6f" is_pre_election: true
I20260713 09:08:19.096122 23096 leader_election.cc:290] T 8ddda03691df4d67ac1283c73b3a4684 P 3392e8d3c7bb418ab60bd1d89fceda6f [CANDIDATE]: Term 1 pre-election: Requested pre-vote from peers d74dae2e6f1e4e39ae4736b402991ef0 (127.21.72.66:39487), c0cdab5c8f4747599931058973eb347b (127.21.72.67:38611)
I20260713 09:08:19.096882 22898 raft_consensus.cc:2468] T 2c58e0dd055f4e07b2ce79e94edc0724 P 3392e8d3c7bb418ab60bd1d89fceda6f [term 0 FOLLOWER]: Leader pre-election vote request: Granting yes vote for candidate c0cdab5c8f4747599931058973eb347b in term 0.
I20260713 09:08:19.090983 23090 raft_consensus.cc:385] T 4b924992f7ef430da4bbf28fc0f2b8c4 P 3392e8d3c7bb418ab60bd1d89fceda6f [term 0 FOLLOWER]: Consensus starting up: Expiring failure detector timer to make a prompt election more likely
I20260713 09:08:19.097246 23094 raft_consensus.cc:2804] T 41240e46ed974ce89c98600c1bc22b99 P c0cdab5c8f4747599931058973eb347b [term 0 FOLLOWER]: Leader pre-election won for term 1
I20260713 09:08:19.098428 23094 raft_consensus.cc:493] T 41240e46ed974ce89c98600c1bc22b99 P c0cdab5c8f4747599931058973eb347b [term 0 FOLLOWER]: Starting leader election (no leader contacted us within the election timeout)
I20260713 09:08:19.098754 23094 raft_consensus.cc:3060] T 41240e46ed974ce89c98600c1bc22b99 P c0cdab5c8f4747599931058973eb347b [term 0 FOLLOWER]: Advancing to term 1
I20260713 09:08:19.099224 22973 tablet_service.cc:1917] Received RequestConsensusVote() RPC: tablet_id: "2c58e0dd055f4e07b2ce79e94edc0724" candidate_uuid: "c0cdab5c8f4747599931058973eb347b" candidate_term: 1 candidate_status { last_received { term: 0 index: 0 } } ignore_live_leader: false dest_uuid: "d74dae2e6f1e4e39ae4736b402991ef0" is_pre_election: true
I20260713 09:08:19.100005 23090 raft_consensus.cc:740] T 4b924992f7ef430da4bbf28fc0f2b8c4 P 3392e8d3c7bb418ab60bd1d89fceda6f [term 0 FOLLOWER]: Becoming Follower/Learner. State: Replica: 3392e8d3c7bb418ab60bd1d89fceda6f, State: Initialized, Role: FOLLOWER
I20260713 09:08:19.102356 22973 raft_consensus.cc:2468] T 2c58e0dd055f4e07b2ce79e94edc0724 P d74dae2e6f1e4e39ae4736b402991ef0 [term 0 FOLLOWER]: Leader pre-election vote request: Granting yes vote for candidate c0cdab5c8f4747599931058973eb347b in term 0.
W20260713 09:08:19.102551 23013 leader_election.cc:343] T 628185ede9e749fc8252e7e0db659399 P c0cdab5c8f4747599931058973eb347b [CANDIDATE]: Term 1 pre-election: Tablet error from VoteRequest() call to peer 3392e8d3c7bb418ab60bd1d89fceda6f (127.21.72.65:33505): Illegal state: must be running to vote when last-logged opid is not known
I20260713 09:08:19.102427 22972 tablet_service.cc:1917] Received RequestConsensusVote() RPC: tablet_id: "628185ede9e749fc8252e7e0db659399" candidate_uuid: "c0cdab5c8f4747599931058973eb347b" candidate_term: 1 candidate_status { last_received { term: 0 index: 0 } } ignore_live_leader: false dest_uuid: "d74dae2e6f1e4e39ae4736b402991ef0" is_pre_election: true
I20260713 09:08:19.098417 22974 tablet_service.cc:1917] Received RequestConsensusVote() RPC: tablet_id: "41240e46ed974ce89c98600c1bc22b99" candidate_uuid: "c0cdab5c8f4747599931058973eb347b" candidate_term: 1 candidate_status { last_received { term: 0 index: 0 } } ignore_live_leader: false dest_uuid: "d74dae2e6f1e4e39ae4736b402991ef0" is_pre_election: true
I20260713 09:08:19.104003 22974 raft_consensus.cc:2468] T 41240e46ed974ce89c98600c1bc22b99 P d74dae2e6f1e4e39ae4736b402991ef0 [term 0 FOLLOWER]: Leader pre-election vote request: Granting yes vote for candidate c0cdab5c8f4747599931058973eb347b in term 0.
I20260713 09:08:19.104283 23089 ts_tablet_manager.cc:1434] T 8ddda03691df4d67ac1283c73b3a4684 P c0cdab5c8f4747599931058973eb347b: Time spent starting tablet: real 0.028s	user 0.009s	sys 0.000s
I20260713 09:08:19.104373 23012 leader_election.cc:304] T 2c58e0dd055f4e07b2ce79e94edc0724 P c0cdab5c8f4747599931058973eb347b [CANDIDATE]: Term 1 pre-election: Election decided. Result: candidate won. Election summary: received 2 responses out of 3 voters: 2 yes votes; 0 no votes. yes voters: c0cdab5c8f4747599931058973eb347b, d74dae2e6f1e4e39ae4736b402991ef0; no voters: 
I20260713 09:08:19.105453 23089 tablet_bootstrap.cc:492] T 8b8e1246104a4717b6b97b624d736006 P c0cdab5c8f4747599931058973eb347b: Bootstrap starting.
W20260713 09:08:19.109872 23012 leader_election.cc:343] T 628185ede9e749fc8252e7e0db659399 P c0cdab5c8f4747599931058973eb347b [CANDIDATE]: Term 1 pre-election: Tablet error from VoteRequest() call to peer d74dae2e6f1e4e39ae4736b402991ef0 (127.21.72.66:39487): Illegal state: must be running to vote when last-logged opid is not known
