I20260713 09:08:05.164175 22678 raft_consensus.cc:2804] T eecffe4c7e794310bbad9704c0306a72 P 955eeffbb6bd48b2a693412c589d0977 [term 2 FOLLOWER]: Leader election won for term 2
I20260713 09:08:05.164601 22678 raft_consensus.cc:697] T eecffe4c7e794310bbad9704c0306a72 P 955eeffbb6bd48b2a693412c589d0977 [term 2 LEADER]: Becoming Leader. State: Replica: 955eeffbb6bd48b2a693412c589d0977, State: Running, Role: LEADER
I20260713 09:08:05.164685 22595 raft_consensus.cc:2468] T eecffe4c7e794310bbad9704c0306a72 P 8a9b84cba8bc49da9399053d3c859801 [term 2 FOLLOWER]: Leader election vote request: Granting yes vote for candidate 955eeffbb6bd48b2a693412c589d0977 in term 2.
I20260713 09:08:05.165388 22678 consensus_queue.cc:237] T eecffe4c7e794310bbad9704c0306a72 P 955eeffbb6bd48b2a693412c589d0977 [LEADER]: Queue going to LEADER mode. State: All replicated index: 0, Majority replicated index: 1, Committed index: 1, Last appended: 1.1, Last appended by leader: 1, Current term: 2, Majority size: 2, State: 0, Mode: LEADER, active raft config: opid_index: -1 OBSOLETE_local: false peers { permanent_uuid: "955eeffbb6bd48b2a693412c589d0977" member_type: VOTER last_known_addr { host: "127.21.82.129" port: 45707 } } peers { permanent_uuid: "85e1c658507942fea9809823ef6e7cbf" member_type: VOTER last_known_addr { host: "127.21.82.130" port: 36129 } } peers { permanent_uuid: "8a9b84cba8bc49da9399053d3c859801" member_type: VOTER last_known_addr { host: "127.21.82.131" port: 44935 } }
I20260713 09:08:05.173497 22342 catalog_manager.cc:5697] T eecffe4c7e794310bbad9704c0306a72 P 955eeffbb6bd48b2a693412c589d0977 reported cstate change: term changed from 1 to 2, leader changed from 8a9b84cba8bc49da9399053d3c859801 (127.21.82.131) to 955eeffbb6bd48b2a693412c589d0977 (127.21.82.129). New cstate: current_term: 2 leader_uuid: "955eeffbb6bd48b2a693412c589d0977" committed_config { opid_index: -1 OBSOLETE_local: false peers { permanent_uuid: "955eeffbb6bd48b2a693412c589d0977" member_type: VOTER last_known_addr { host: "127.21.82.129" port: 45707 } health_report { overall_health: HEALTHY } } peers { permanent_uuid: "85e1c658507942fea9809823ef6e7cbf" member_type: VOTER last_known_addr { host: "127.21.82.130" port: 36129 } health_report { overall_health: UNKNOWN } } peers { permanent_uuid: "8a9b84cba8bc49da9399053d3c859801" member_type: VOTER last_known_addr { host: "127.21.82.131" port: 44935 } health_report { overall_health: UNKNOWN } } }
I20260713 09:08:05.199239 22645 raft_consensus.cc:993] T b2c0d01db3694adf8cc1e0341163b5f8 P 8a9b84cba8bc49da9399053d3c859801: : Instructing follower 85e1c658507942fea9809823ef6e7cbf to start an election
I20260713 09:08:05.199602 22711 raft_consensus.cc:1081] T b2c0d01db3694adf8cc1e0341163b5f8 P 8a9b84cba8bc49da9399053d3c859801 [term 1 LEADER]: Signalling peer 85e1c658507942fea9809823ef6e7cbf to start an election
I20260713 09:08:05.200920 22522 tablet_service.cc:2044] Received Run Leader Election RPC: tablet_id: "b2c0d01db3694adf8cc1e0341163b5f8"
dest_uuid: "85e1c658507942fea9809823ef6e7cbf"
 from {username='slave'} at 127.0.0.1:37506
I20260713 09:08:05.201325 22522 raft_consensus.cc:493] T b2c0d01db3694adf8cc1e0341163b5f8 P 85e1c658507942fea9809823ef6e7cbf [term 1 FOLLOWER]: Starting forced leader election (received explicit request)
I20260713 09:08:05.201560 22522 raft_consensus.cc:3060] T b2c0d01db3694adf8cc1e0341163b5f8 P 85e1c658507942fea9809823ef6e7cbf [term 1 FOLLOWER]: Advancing to term 2
I20260713 09:08:05.205857 22522 raft_consensus.cc:515] T b2c0d01db3694adf8cc1e0341163b5f8 P 85e1c658507942fea9809823ef6e7cbf [term 2 FOLLOWER]: Starting forced leader election with config: opid_index: -1 OBSOLETE_local: false peers { permanent_uuid: "955eeffbb6bd48b2a693412c589d0977" member_type: VOTER last_known_addr { host: "127.21.82.129" port: 45707 } } peers { permanent_uuid: "85e1c658507942fea9809823ef6e7cbf" member_type: VOTER last_known_addr { host: "127.21.82.130" port: 36129 } } peers { permanent_uuid: "8a9b84cba8bc49da9399053d3c859801" member_type: VOTER last_known_addr { host: "127.21.82.131" port: 44935 } }
I20260713 09:08:05.207297 22522 leader_election.cc:290] T b2c0d01db3694adf8cc1e0341163b5f8 P 85e1c658507942fea9809823ef6e7cbf [CANDIDATE]: Term 2 election: Requested vote from peers 955eeffbb6bd48b2a693412c589d0977 (127.21.82.129:45707), 8a9b84cba8bc49da9399053d3c859801 (127.21.82.131:44935)
I20260713 09:08:05.207995 22446 tablet_service.cc:1917] Received RequestConsensusVote() RPC: tablet_id: "b2c0d01db3694adf8cc1e0341163b5f8" candidate_uuid: "85e1c658507942fea9809823ef6e7cbf" candidate_term: 2 candidate_status { last_received { term: 1 index: 1 } } ignore_live_leader: true dest_uuid: "955eeffbb6bd48b2a693412c589d0977"
I20260713 09:08:05.208305 22595 tablet_service.cc:1917] Received RequestConsensusVote() RPC: tablet_id: "b2c0d01db3694adf8cc1e0341163b5f8" candidate_uuid: "85e1c658507942fea9809823ef6e7cbf" candidate_term: 2 candidate_status { last_received { term: 1 index: 1 } } ignore_live_leader: true dest_uuid: "8a9b84cba8bc49da9399053d3c859801"
I20260713 09:08:05.208491 22446 raft_consensus.cc:3060] T b2c0d01db3694adf8cc1e0341163b5f8 P 955eeffbb6bd48b2a693412c589d0977 [term 1 FOLLOWER]: Advancing to term 2
I20260713 09:08:05.208760 22595 raft_consensus.cc:3055] T b2c0d01db3694adf8cc1e0341163b5f8 P 8a9b84cba8bc49da9399053d3c859801 [term 1 LEADER]: Stepping down as leader of term 1
I20260713 09:08:05.209005 22595 raft_consensus.cc:740] T b2c0d01db3694adf8cc1e0341163b5f8 P 8a9b84cba8bc49da9399053d3c859801 [term 1 LEADER]: Becoming Follower/Learner. State: Replica: 8a9b84cba8bc49da9399053d3c859801, State: Running, Role: LEADER
I20260713 09:08:05.209580 22595 consensus_queue.cc:260] T b2c0d01db3694adf8cc1e0341163b5f8 P 8a9b84cba8bc49da9399053d3c859801 [NON_LEADER]: Queue going to NON_LEADER mode. State: All replicated index: 0, Majority replicated index: 1, Committed index: 1, Last appended: 1.1, Last appended by leader: 1, Current term: 1, Majority size: -1, State: 0, Mode: NON_LEADER, active raft config: opid_index: -1 OBSOLETE_local: false peers { permanent_uuid: "955eeffbb6bd48b2a693412c589d0977" member_type: VOTER last_known_addr { host: "127.21.82.129" port: 45707 } } peers { permanent_uuid: "85e1c658507942fea9809823ef6e7cbf" member_type: VOTER last_known_addr { host: "127.21.82.130" port: 36129 } } peers { permanent_uuid: "8a9b84cba8bc49da9399053d3c859801" member_type: VOTER last_known_addr { host: "127.21.82.131" port: 44935 } }
I20260713 09:08:05.210402 22595 raft_consensus.cc:3060] T b2c0d01db3694adf8cc1e0341163b5f8 P 8a9b84cba8bc49da9399053d3c859801 [term 1 FOLLOWER]: Advancing to term 2
I20260713 09:08:05.212859 22446 raft_consensus.cc:2468] T b2c0d01db3694adf8cc1e0341163b5f8 P 955eeffbb6bd48b2a693412c589d0977 [term 2 FOLLOWER]: Leader election vote request: Granting yes vote for candidate 85e1c658507942fea9809823ef6e7cbf in term 2.
I20260713 09:08:05.213716 22488 leader_election.cc:304] T b2c0d01db3694adf8cc1e0341163b5f8 P 85e1c658507942fea9809823ef6e7cbf [CANDIDATE]: Term 2 election: Election decided. Result: candidate won. Election summary: received 2 responses out of 3 voters: 2 yes votes; 0 no votes. yes voters: 85e1c658507942fea9809823ef6e7cbf, 955eeffbb6bd48b2a693412c589d0977; no voters: 
I20260713 09:08:05.214308 22669 raft_consensus.cc:2804] T b2c0d01db3694adf8cc1e0341163b5f8 P 85e1c658507942fea9809823ef6e7cbf [term 2 FOLLOWER]: Leader election won for term 2
I20260713 09:08:05.214681 22669 raft_consensus.cc:697] T b2c0d01db3694adf8cc1e0341163b5f8 P 85e1c658507942fea9809823ef6e7cbf [term 2 LEADER]: Becoming Leader. State: Replica: 85e1c658507942fea9809823ef6e7cbf, State: Running, Role: LEADER
I20260713 09:08:05.214694 22595 raft_consensus.cc:2468] T b2c0d01db3694adf8cc1e0341163b5f8 P 8a9b84cba8bc49da9399053d3c859801 [term 2 FOLLOWER]: Leader election vote request: Granting yes vote for candidate 85e1c658507942fea9809823ef6e7cbf in term 2.
I20260713 09:08:05.215559 22669 consensus_queue.cc:237] T b2c0d01db3694adf8cc1e0341163b5f8 P 85e1c658507942fea9809823ef6e7cbf [LEADER]: Queue going to LEADER mode. State: All replicated index: 0, Majority replicated index: 1, Committed index: 1, Last appended: 1.1, Last appended by leader: 1, Current term: 2, Majority size: 2, State: 0, Mode: LEADER, active raft config: opid_index: -1 OBSOLETE_local: false peers { permanent_uuid: "955eeffbb6bd48b2a693412c589d0977" member_type: VOTER last_known_addr { host: "127.21.82.129" port: 45707 } } peers { permanent_uuid: "85e1c658507942fea9809823ef6e7cbf" member_type: VOTER last_known_addr { host: "127.21.82.130" port: 36129 } } peers { permanent_uuid: "8a9b84cba8bc49da9399053d3c859801" member_type: VOTER last_known_addr { host: "127.21.82.131" port: 44935 } }
I20260713 09:08:05.220973 22342 catalog_manager.cc:5697] T b2c0d01db3694adf8cc1e0341163b5f8 P 85e1c658507942fea9809823ef6e7cbf reported cstate change: term changed from 1 to 2, leader changed from 8a9b84cba8bc49da9399053d3c859801 (127.21.82.131) to 85e1c658507942fea9809823ef6e7cbf (127.21.82.130). New cstate: current_term: 2 leader_uuid: "85e1c658507942fea9809823ef6e7cbf" committed_config { opid_index: -1 OBSOLETE_local: false peers { permanent_uuid: "955eeffbb6bd48b2a693412c589d0977" member_type: VOTER last_known_addr { host: "127.21.82.129" port: 45707 } health_report { overall_health: UNKNOWN } } peers { permanent_uuid: "85e1c658507942fea9809823ef6e7cbf" member_type: VOTER last_known_addr { host: "127.21.82.130" port: 36129 } health_report { overall_health: HEALTHY } } peers { permanent_uuid: "8a9b84cba8bc49da9399053d3c859801" member_type: VOTER last_known_addr { host: "127.21.82.131" port: 44935 } health_report { overall_health: UNKNOWN } } }
I20260713 09:08:05.357000 22595 raft_consensus.cc:1275] T ef18faf9c9d24c00a3939415ab062541 P 8a9b84cba8bc49da9399053d3c859801 [term 2 FOLLOWER]: Refusing update from remote peer 85e1c658507942fea9809823ef6e7cbf: Log matching property violated. Preceding OpId in replica: term: 1 index: 1. Preceding OpId from leader: term: 2 index: 2. (index mismatch)
I20260713 09:08:05.358235 22669 consensus_queue.cc:1048] T ef18faf9c9d24c00a3939415ab062541 P 85e1c658507942fea9809823ef6e7cbf [LEADER]: Connected to new peer: Peer: permanent_uuid: "8a9b84cba8bc49da9399053d3c859801" member_type: VOTER last_known_addr { host: "127.21.82.131" port: 44935 }, Status: LMP_MISMATCH, Last received: 0.0, Next index: 2, Last known committed idx: 1, Time since last communication: 0.000s
I20260713 09:08:05.359352 22446 raft_consensus.cc:1275] T ef18faf9c9d24c00a3939415ab062541 P 955eeffbb6bd48b2a693412c589d0977 [term 2 FOLLOWER]: Refusing update from remote peer 85e1c658507942fea9809823ef6e7cbf: Log matching property violated. Preceding OpId in replica: term: 1 index: 1. Preceding OpId from leader: term: 2 index: 2. (index mismatch)
I20260713 09:08:05.360608 22669 consensus_queue.cc:1048] T ef18faf9c9d24c00a3939415ab062541 P 85e1c658507942fea9809823ef6e7cbf [LEADER]: Connected to new peer: Peer: permanent_uuid: "955eeffbb6bd48b2a693412c589d0977" member_type: VOTER last_known_addr { host: "127.21.82.129" port: 45707 }, Status: LMP_MISMATCH, Last received: 0.0, Next index: 2, Last known committed idx: 1, Time since last communication: 0.000s
I20260713 09:08:05.437762 22446 raft_consensus.cc:1275] T 854bf41c8c594d28b5f16d1cf9cc4544 P 955eeffbb6bd48b2a693412c589d0977 [term 2 FOLLOWER]: Refusing update from remote peer 85e1c658507942fea9809823ef6e7cbf: Log matching property violated. Preceding OpId in replica: term: 1 index: 1. Preceding OpId from leader: term: 2 index: 2. (index mismatch)
I20260713 09:08:05.438833 22669 consensus_queue.cc:1048] T 854bf41c8c594d28b5f16d1cf9cc4544 P 85e1c658507942fea9809823ef6e7cbf [LEADER]: Connected to new peer: Peer: permanent_uuid: "955eeffbb6bd48b2a693412c589d0977" member_type: VOTER last_known_addr { host: "127.21.82.129" port: 45707 }, Status: LMP_MISMATCH, Last received: 0.0, Next index: 2, Last known committed idx: 1, Time since last communication: 0.000s
I20260713 09:08:05.445874 22595 raft_consensus.cc:1275] T 854bf41c8c594d28b5f16d1cf9cc4544 P 8a9b84cba8bc49da9399053d3c859801 [term 2 FOLLOWER]: Refusing update from remote peer 85e1c658507942fea9809823ef6e7cbf: Log matching property violated. Preceding OpId in replica: term: 1 index: 1. Preceding OpId from leader: term: 2 index: 2. (index mismatch)
I20260713 09:08:05.447094 22669 consensus_queue.cc:1048] T 854bf41c8c594d28b5f16d1cf9cc4544 P 85e1c658507942fea9809823ef6e7cbf [LEADER]: Connected to new peer: Peer: permanent_uuid: "8a9b84cba8bc49da9399053d3c859801" member_type: VOTER last_known_addr { host: "127.21.82.131" port: 44935 }, Status: LMP_MISMATCH, Last received: 0.0, Next index: 2, Last known committed idx: 1, Time since last communication: 0.000s
I20260713 09:08:05.496476 22595 raft_consensus.cc:1275] T 3c957d4ce2ed4764b991ca74908d8f4a P 8a9b84cba8bc49da9399053d3c859801 [term 2 FOLLOWER]: Refusing update from remote peer 955eeffbb6bd48b2a693412c589d0977: Log matching property violated. Preceding OpId in replica: term: 1 index: 1. Preceding OpId from leader: term: 2 index: 2. (index mismatch)
I20260713 09:08:05.497515 22678 consensus_queue.cc:1048] T 3c957d4ce2ed4764b991ca74908d8f4a P 955eeffbb6bd48b2a693412c589d0977 [LEADER]: Connected to new peer: Peer: permanent_uuid: "8a9b84cba8bc49da9399053d3c859801" member_type: VOTER last_known_addr { host: "127.21.82.131" port: 44935 }, Status: LMP_MISMATCH, Last received: 0.0, Next index: 2, Last known committed idx: 1, Time since last communication: 0.000s
I20260713 09:08:05.504200 22522 raft_consensus.cc:1275] T 3c957d4ce2ed4764b991ca74908d8f4a P 85e1c658507942fea9809823ef6e7cbf [term 2 FOLLOWER]: Refusing update from remote peer 955eeffbb6bd48b2a693412c589d0977: Log matching property violated. Preceding OpId in replica: term: 1 index: 1. Preceding OpId from leader: term: 2 index: 2. (index mismatch)
I20260713 09:08:05.505465 22642 consensus_queue.cc:1048] T 3c957d4ce2ed4764b991ca74908d8f4a P 955eeffbb6bd48b2a693412c589d0977 [LEADER]: Connected to new peer: Peer: permanent_uuid: "85e1c658507942fea9809823ef6e7cbf" member_type: VOTER last_known_addr { host: "127.21.82.130" port: 36129 }, Status: LMP_MISMATCH, Last received: 0.0, Next index: 2, Last known committed idx: 1, Time since last communication: 0.000s
I20260713 09:08:05.518435 22595 raft_consensus.cc:1275] T 14abd6bf1f664e7482d0c171bdda26ff P 8a9b84cba8bc49da9399053d3c859801 [term 2 FOLLOWER]: Refusing update from remote peer 955eeffbb6bd48b2a693412c589d0977: Log matching property violated. Preceding OpId in replica: term: 1 index: 1. Preceding OpId from leader: term: 2 index: 2. (index mismatch)
I20260713 09:08:05.519577 22642 consensus_queue.cc:1048] T 14abd6bf1f664e7482d0c171bdda26ff P 955eeffbb6bd48b2a693412c589d0977 [LEADER]: Connected to new peer: Peer: permanent_uuid: "8a9b84cba8bc49da9399053d3c859801" member_type: VOTER last_known_addr { host: "127.21.82.131" port: 44935 }, Status: LMP_MISMATCH, Last received: 0.0, Next index: 2, Last known committed idx: 1, Time since last communication: 0.000s
I20260713 09:08:05.527772 22522 raft_consensus.cc:1275] T 14abd6bf1f664e7482d0c171bdda26ff P 85e1c658507942fea9809823ef6e7cbf [term 2 FOLLOWER]: Refusing update from remote peer 955eeffbb6bd48b2a693412c589d0977: Log matching property violated. Preceding OpId in replica: term: 1 index: 1. Preceding OpId from leader: term: 2 index: 2. (index mismatch)
I20260713 09:08:05.529039 22680 consensus_queue.cc:1048] T 14abd6bf1f664e7482d0c171bdda26ff P 955eeffbb6bd48b2a693412c589d0977 [LEADER]: Connected to new peer: Peer: permanent_uuid: "85e1c658507942fea9809823ef6e7cbf" member_type: VOTER last_known_addr { host: "127.21.82.130" port: 36129 }, Status: LMP_MISMATCH, Last received: 0.0, Next index: 2, Last known committed idx: 1, Time since last communication: 0.000s
I20260713 09:08:05.542611 22595 raft_consensus.cc:1275] T 1d7f0e15de514b5db5b89c33a99d79ce P 8a9b84cba8bc49da9399053d3c859801 [term 2 FOLLOWER]: Refusing update from remote peer 955eeffbb6bd48b2a693412c589d0977: Log matching property violated. Preceding OpId in replica: term: 1 index: 1. Preceding OpId from leader: term: 2 index: 2. (index mismatch)
I20260713 09:08:05.543642 22680 consensus_queue.cc:1048] T 1d7f0e15de514b5db5b89c33a99d79ce P 955eeffbb6bd48b2a693412c589d0977 [LEADER]: Connected to new peer: Peer: permanent_uuid: "8a9b84cba8bc49da9399053d3c859801" member_type: VOTER last_known_addr { host: "127.21.82.131" port: 44935 }, Status: LMP_MISMATCH, Last received: 0.0, Next index: 2, Last known committed idx: 1, Time since last communication: 0.000s
I20260713 09:08:05.550158 22522 raft_consensus.cc:1275] T 1d7f0e15de514b5db5b89c33a99d79ce P 85e1c658507942fea9809823ef6e7cbf [term 2 FOLLOWER]: Refusing update from remote peer 955eeffbb6bd48b2a693412c589d0977: Log matching property violated. Preceding OpId in replica: term: 1 index: 1. Preceding OpId from leader: term: 2 index: 2. (index mismatch)
I20260713 09:08:05.551599 22642 consensus_queue.cc:1048] T 1d7f0e15de514b5db5b89c33a99d79ce P 955eeffbb6bd48b2a693412c589d0977 [LEADER]: Connected to new peer: Peer: permanent_uuid: "85e1c658507942fea9809823ef6e7cbf" member_type: VOTER last_known_addr { host: "127.21.82.130" port: 36129 }, Status: LMP_MISMATCH, Last received: 0.0, Next index: 2, Last known committed idx: 1, Time since last communication: 0.000s
I20260713 09:08:05.555738 22446 raft_consensus.cc:1275] T 4c1c44bd03eb47708b6da55083a64b42 P 955eeffbb6bd48b2a693412c589d0977 [term 2 FOLLOWER]: Refusing update from remote peer 85e1c658507942fea9809823ef6e7cbf: Log matching property violated. Preceding OpId in replica: term: 1 index: 1. Preceding OpId from leader: term: 2 index: 2. (index mismatch)
I20260713 09:08:05.556986 22715 consensus_queue.cc:1048] T 4c1c44bd03eb47708b6da55083a64b42 P 85e1c658507942fea9809823ef6e7cbf [LEADER]: Connected to new peer: Peer: permanent_uuid: "955eeffbb6bd48b2a693412c589d0977" member_type: VOTER last_known_addr { host: "127.21.82.129" port: 45707 }, Status: LMP_MISMATCH, Last received: 0.0, Next index: 2, Last known committed idx: 1, Time since last communication: 0.000s
I20260713 09:08:05.564801 22595 raft_consensus.cc:1275] T 4c1c44bd03eb47708b6da55083a64b42 P 8a9b84cba8bc49da9399053d3c859801 [term 2 FOLLOWER]: Refusing update from remote peer 85e1c658507942fea9809823ef6e7cbf: Log matching property violated. Preceding OpId in replica: term: 1 index: 1. Preceding OpId from leader: term: 2 index: 2. (index mismatch)
I20260713 09:08:05.566243 22682 consensus_queue.cc:1048] T 4c1c44bd03eb47708b6da55083a64b42 P 85e1c658507942fea9809823ef6e7cbf [LEADER]: Connected to new peer: Peer: permanent_uuid: "8a9b84cba8bc49da9399053d3c859801" member_type: VOTER last_known_addr { host: "127.21.82.131" port: 44935 }, Status: LMP_MISMATCH, Last received: 0.0, Next index: 2, Last known committed idx: 1, Time since last communication: 0.000s
I20260713 09:08:05.646030 22446 raft_consensus.cc:1275] T b2c0d01db3694adf8cc1e0341163b5f8 P 955eeffbb6bd48b2a693412c589d0977 [term 2 FOLLOWER]: Refusing update from remote peer 85e1c658507942fea9809823ef6e7cbf: Log matching property violated. Preceding OpId in replica: term: 1 index: 1. Preceding OpId from leader: term: 2 index: 2. (index mismatch)
I20260713 09:08:05.647150 22669 consensus_queue.cc:1048] T b2c0d01db3694adf8cc1e0341163b5f8 P 85e1c658507942fea9809823ef6e7cbf [LEADER]: Connected to new peer: Peer: permanent_uuid: "955eeffbb6bd48b2a693412c589d0977" member_type: VOTER last_known_addr { host: "127.21.82.129" port: 45707 }, Status: LMP_MISMATCH, Last received: 0.0, Next index: 2, Last known committed idx: 1, Time since last communication: 0.000s
I20260713 09:08:05.651141 22522 raft_consensus.cc:1275] T 844f4136123f45ce85836a9660b1f5ca P 85e1c658507942fea9809823ef6e7cbf [term 2 FOLLOWER]: Refusing update from remote peer 8a9b84cba8bc49da9399053d3c859801: Log matching property violated. Preceding OpId in replica: term: 1 index: 1. Preceding OpId from leader: term: 2 index: 2. (index mismatch)
I20260713 09:08:05.652560 22711 consensus_queue.cc:1048] T 844f4136123f45ce85836a9660b1f5ca P 8a9b84cba8bc49da9399053d3c859801 [LEADER]: Connected to new peer: Peer: permanent_uuid: "85e1c658507942fea9809823ef6e7cbf" member_type: VOTER last_known_addr { host: "127.21.82.130" port: 36129 }, Status: LMP_MISMATCH, Last received: 0.0, Next index: 2, Last known committed idx: 1, Time since last communication: 0.000s
I20260713 09:08:05.655570 22595 raft_consensus.cc:1275] T b2c0d01db3694adf8cc1e0341163b5f8 P 8a9b84cba8bc49da9399053d3c859801 [term 2 FOLLOWER]: Refusing update from remote peer 85e1c658507942fea9809823ef6e7cbf: Log matching property violated. Preceding OpId in replica: term: 1 index: 1. Preceding OpId from leader: term: 2 index: 2. (index mismatch)
I20260713 09:08:05.656865 22669 consensus_queue.cc:1048] T b2c0d01db3694adf8cc1e0341163b5f8 P 85e1c658507942fea9809823ef6e7cbf [LEADER]: Connected to new peer: Peer: permanent_uuid: "8a9b84cba8bc49da9399053d3c859801" member_type: VOTER last_known_addr { host: "127.21.82.131" port: 44935 }, Status: LMP_MISMATCH, Last received: 0.0, Next index: 2, Last known committed idx: 1, Time since last communication: 0.000s
I20260713 09:08:05.667565 22446 raft_consensus.cc:1275] T 844f4136123f45ce85836a9660b1f5ca P 955eeffbb6bd48b2a693412c589d0977 [term 2 FOLLOWER]: Refusing update from remote peer 8a9b84cba8bc49da9399053d3c859801: Log matching property violated. Preceding OpId in replica: term: 1 index: 1. Preceding OpId from leader: term: 2 index: 2. (index mismatch)
I20260713 09:08:05.669040 22720 consensus_queue.cc:1048] T 844f4136123f45ce85836a9660b1f5ca P 8a9b84cba8bc49da9399053d3c859801 [LEADER]: Connected to new peer: Peer: permanent_uuid: "955eeffbb6bd48b2a693412c589d0977" member_type: VOTER last_known_addr { host: "127.21.82.129" port: 45707 }, Status: LMP_MISMATCH, Last received: 0.0, Next index: 2, Last known committed idx: 1, Time since last communication: 0.000s
I20260713 09:08:05.700838 22595 raft_consensus.cc:1275] T eecffe4c7e794310bbad9704c0306a72 P 8a9b84cba8bc49da9399053d3c859801 [term 2 FOLLOWER]: Refusing update from remote peer 955eeffbb6bd48b2a693412c589d0977: Log matching property violated. Preceding OpId in replica: term: 1 index: 1. Preceding OpId from leader: term: 2 index: 2. (index mismatch)
I20260713 09:08:05.701932 22678 consensus_queue.cc:1048] T eecffe4c7e794310bbad9704c0306a72 P 955eeffbb6bd48b2a693412c589d0977 [LEADER]: Connected to new peer: Peer: permanent_uuid: "8a9b84cba8bc49da9399053d3c859801" member_type: VOTER last_known_addr { host: "127.21.82.131" port: 44935 }, Status: LMP_MISMATCH, Last received: 0.0, Next index: 2, Last known committed idx: 1, Time since last communication: 0.000s
I20260713 09:08:05.709327 22521 raft_consensus.cc:1275] T eecffe4c7e794310bbad9704c0306a72 P 85e1c658507942fea9809823ef6e7cbf [term 2 FOLLOWER]: Refusing update from remote peer 955eeffbb6bd48b2a693412c589d0977: Log matching property violated. Preceding OpId in replica: term: 1 index: 1. Preceding OpId from leader: term: 2 index: 2. (index mismatch)
I20260713 09:08:05.710567 22642 consensus_queue.cc:1048] T eecffe4c7e794310bbad9704c0306a72 P 955eeffbb6bd48b2a693412c589d0977 [LEADER]: Connected to new peer: Peer: permanent_uuid: "85e1c658507942fea9809823ef6e7cbf" member_type: VOTER last_known_addr { host: "127.21.82.130" port: 36129 }, Status: LMP_MISMATCH, Last received: 0.0, Next index: 2, Last known committed idx: 1, Time since last communication: 0.000s
I20260713 09:08:07.817137 21834 auto_leader_rebalancer-test.cc:352] The leader distribution is 
I20260713 09:08:07.817996 21834 auto_leader_rebalancer.cc:141] leader rebalance for table test-workload
I20260713 09:08:07.833365 22446 tablet_service.cc:2072] Received LeaderStepDown RPC: tablet_id: "1d7f0e15de514b5db5b89c33a99d79ce"
dest_uuid: "955eeffbb6bd48b2a693412c589d0977"
mode: GRACEFUL
new_leader_uuid: "8a9b84cba8bc49da9399053d3c859801"
 from {username='slave'} at 127.0.0.1:44398
I20260713 09:08:07.833806 22446 raft_consensus.cc:606] T 1d7f0e15de514b5db5b89c33a99d79ce P 955eeffbb6bd48b2a693412c589d0977 [term 2 LEADER]: Received request to transfer leadership to TS 8a9b84cba8bc49da9399053d3c859801
I20260713 09:08:07.835942 22446 tablet_service.cc:2072] Received LeaderStepDown RPC: tablet_id: "3c957d4ce2ed4764b991ca74908d8f4a"
dest_uuid: "955eeffbb6bd48b2a693412c589d0977"
mode: GRACEFUL
new_leader_uuid: "8a9b84cba8bc49da9399053d3c859801"
 from {username='slave'} at 127.0.0.1:44398
I20260713 09:08:07.836330 22446 raft_consensus.cc:606] T 3c957d4ce2ed4764b991ca74908d8f4a P 955eeffbb6bd48b2a693412c589d0977 [term 2 LEADER]: Received request to transfer leadership to TS 8a9b84cba8bc49da9399053d3c859801
I20260713 09:08:07.837150 21834 auto_leader_rebalancer.cc:479] table: test-workload, leader rebalance finish, leader transfer count: 2
I20260713 09:08:07.837515 21834 auto_leader_rebalancer.cc:554] All tables' leader rebalancing finished this round
I20260713 09:08:08.110575 22680 raft_consensus.cc:993] T 1d7f0e15de514b5db5b89c33a99d79ce P 955eeffbb6bd48b2a693412c589d0977: : Instructing follower 8a9b84cba8bc49da9399053d3c859801 to start an election
I20260713 09:08:08.111013 22727 raft_consensus.cc:1081] T 1d7f0e15de514b5db5b89c33a99d79ce P 955eeffbb6bd48b2a693412c589d0977 [term 2 LEADER]: Signalling peer 8a9b84cba8bc49da9399053d3c859801 to start an election
I20260713 09:08:08.112339 22593 tablet_service.cc:2044] Received Run Leader Election RPC: tablet_id: "1d7f0e15de514b5db5b89c33a99d79ce"
dest_uuid: "8a9b84cba8bc49da9399053d3c859801"
 from {username='slave'} at 127.0.0.1:41880
I20260713 09:08:08.112783 22593 raft_consensus.cc:493] T 1d7f0e15de514b5db5b89c33a99d79ce P 8a9b84cba8bc49da9399053d3c859801 [term 2 FOLLOWER]: Starting forced leader election (received explicit request)
I20260713 09:08:08.113054 22593 raft_consensus.cc:3060] T 1d7f0e15de514b5db5b89c33a99d79ce P 8a9b84cba8bc49da9399053d3c859801 [term 2 FOLLOWER]: Advancing to term 3
I20260713 09:08:08.117506 22593 raft_consensus.cc:515] T 1d7f0e15de514b5db5b89c33a99d79ce P 8a9b84cba8bc49da9399053d3c859801 [term 3 FOLLOWER]: Starting forced leader election with config: opid_index: -1 OBSOLETE_local: false peers { permanent_uuid: "955eeffbb6bd48b2a693412c589d0977" member_type: VOTER last_known_addr { host: "127.21.82.129" port: 45707 } } peers { permanent_uuid: "85e1c658507942fea9809823ef6e7cbf" member_type: VOTER last_known_addr { host: "127.21.82.130" port: 36129 } } peers { permanent_uuid: "8a9b84cba8bc49da9399053d3c859801" member_type: VOTER last_known_addr { host: "127.21.82.131" port: 44935 } }
I20260713 09:08:08.119161 22593 leader_election.cc:290] T 1d7f0e15de514b5db5b89c33a99d79ce P 8a9b84cba8bc49da9399053d3c859801 [CANDIDATE]: Term 3 election: Requested vote from peers 955eeffbb6bd48b2a693412c589d0977 (127.21.82.129:45707), 85e1c658507942fea9809823ef6e7cbf (127.21.82.130:36129)
I20260713 09:08:08.120347 22521 tablet_service.cc:1917] Received RequestConsensusVote() RPC: tablet_id: "1d7f0e15de514b5db5b89c33a99d79ce" candidate_uuid: "8a9b84cba8bc49da9399053d3c859801" candidate_term: 3 candidate_status { last_received { term: 2 index: 2 } } ignore_live_leader: true dest_uuid: "85e1c658507942fea9809823ef6e7cbf"
I20260713 09:08:08.120785 22521 raft_consensus.cc:3060] T 1d7f0e15de514b5db5b89c33a99d79ce P 85e1c658507942fea9809823ef6e7cbf [term 2 FOLLOWER]: Advancing to term 3
I20260713 09:08:08.120898 22446 tablet_service.cc:1917] Received RequestConsensusVote() RPC: tablet_id: "1d7f0e15de514b5db5b89c33a99d79ce" candidate_uuid: "8a9b84cba8bc49da9399053d3c859801" candidate_term: 3 candidate_status { last_received { term: 2 index: 2 } } ignore_live_leader: true dest_uuid: "955eeffbb6bd48b2a693412c589d0977"
I20260713 09:08:08.121398 22446 raft_consensus.cc:3055] T 1d7f0e15de514b5db5b89c33a99d79ce P 955eeffbb6bd48b2a693412c589d0977 [term 2 LEADER]: Stepping down as leader of term 2
I20260713 09:08:08.121622 22446 raft_consensus.cc:740] T 1d7f0e15de514b5db5b89c33a99d79ce P 955eeffbb6bd48b2a693412c589d0977 [term 2 LEADER]: Becoming Follower/Learner. State: Replica: 955eeffbb6bd48b2a693412c589d0977, State: Running, Role: LEADER
I20260713 09:08:08.122205 22446 consensus_queue.cc:260] T 1d7f0e15de514b5db5b89c33a99d79ce P 955eeffbb6bd48b2a693412c589d0977 [NON_LEADER]: Queue going to NON_LEADER mode. State: All replicated index: 0, Majority replicated index: 2, Committed index: 2, Last appended: 2.2, Last appended by leader: 2, Current term: 2, Majority size: -1, State: 0, Mode: NON_LEADER, active raft config: opid_index: -1 OBSOLETE_local: false peers { permanent_uuid: "955eeffbb6bd48b2a693412c589d0977" member_type: VOTER last_known_addr { host: "127.21.82.129" port: 45707 } } peers { permanent_uuid: "85e1c658507942fea9809823ef6e7cbf" member_type: VOTER last_known_addr { host: "127.21.82.130" port: 36129 } } peers { permanent_uuid: "8a9b84cba8bc49da9399053d3c859801" member_type: VOTER last_known_addr { host: "127.21.82.131" port: 44935 } }
I20260713 09:08:08.123128 22446 raft_consensus.cc:3060] T 1d7f0e15de514b5db5b89c33a99d79ce P 955eeffbb6bd48b2a693412c589d0977 [term 2 FOLLOWER]: Advancing to term 3
I20260713 09:08:08.125249 22521 raft_consensus.cc:2468] T 1d7f0e15de514b5db5b89c33a99d79ce P 85e1c658507942fea9809823ef6e7cbf [term 3 FOLLOWER]: Leader election vote request: Granting yes vote for candidate 8a9b84cba8bc49da9399053d3c859801 in term 3.
I20260713 09:08:08.126222 22560 leader_election.cc:304] T 1d7f0e15de514b5db5b89c33a99d79ce P 8a9b84cba8bc49da9399053d3c859801 [CANDIDATE]: Term 3 election: Election decided. Result: candidate won. Election summary: received 2 responses out of 3 voters: 2 yes votes; 0 no votes. yes voters: 85e1c658507942fea9809823ef6e7cbf, 8a9b84cba8bc49da9399053d3c859801; no voters: 
I20260713 09:08:08.126873 22724 raft_consensus.cc:2804] T 1d7f0e15de514b5db5b89c33a99d79ce P 8a9b84cba8bc49da9399053d3c859801 [term 3 FOLLOWER]: Leader election won for term 3
I20260713 09:08:08.127691 22446 raft_consensus.cc:2468] T 1d7f0e15de514b5db5b89c33a99d79ce P 955eeffbb6bd48b2a693412c589d0977 [term 3 FOLLOWER]: Leader election vote request: Granting yes vote for candidate 8a9b84cba8bc49da9399053d3c859801 in term 3.
I20260713 09:08:08.127907 22724 raft_consensus.cc:697] T 1d7f0e15de514b5db5b89c33a99d79ce P 8a9b84cba8bc49da9399053d3c859801 [term 3 LEADER]: Becoming Leader. State: Replica: 8a9b84cba8bc49da9399053d3c859801, State: Running, Role: LEADER
I20260713 09:08:08.128756 22724 consensus_queue.cc:237] T 1d7f0e15de514b5db5b89c33a99d79ce P 8a9b84cba8bc49da9399053d3c859801 [LEADER]: Queue going to LEADER mode. State: All replicated index: 0, Majority replicated index: 2, Committed index: 2, Last appended: 2.2, Last appended by leader: 2, Current term: 3, Majority size: 2, State: 0, Mode: LEADER, active raft config: opid_index: -1 OBSOLETE_local: false peers { permanent_uuid: "955eeffbb6bd48b2a693412c589d0977" member_type: VOTER last_known_addr { host: "127.21.82.129" port: 45707 } } peers { permanent_uuid: "85e1c658507942fea9809823ef6e7cbf" member_type: VOTER last_known_addr { host: "127.21.82.130" port: 36129 } } peers { permanent_uuid: "8a9b84cba8bc49da9399053d3c859801" member_type: VOTER last_known_addr { host: "127.21.82.131" port: 44935 } }
I20260713 09:08:08.134877 22345 catalog_manager.cc:5697] T 1d7f0e15de514b5db5b89c33a99d79ce P 8a9b84cba8bc49da9399053d3c859801 reported cstate change: term changed from 2 to 3, leader changed from 955eeffbb6bd48b2a693412c589d0977 (127.21.82.129) to 8a9b84cba8bc49da9399053d3c859801 (127.21.82.131). New cstate: current_term: 3 leader_uuid: "8a9b84cba8bc49da9399053d3c859801" committed_config { opid_index: -1 OBSOLETE_local: false peers { permanent_uuid: "955eeffbb6bd48b2a693412c589d0977" member_type: VOTER last_known_addr { host: "127.21.82.129" port: 45707 } health_report { overall_health: UNKNOWN } } peers { permanent_uuid: "85e1c658507942fea9809823ef6e7cbf" member_type: VOTER last_known_addr { host: "127.21.82.130" port: 36129 } health_report { overall_health: UNKNOWN } } peers { permanent_uuid: "8a9b84cba8bc49da9399053d3c859801" member_type: VOTER last_known_addr { host: "127.21.82.131" port: 44935 } health_report { overall_health: HEALTHY } } }
I20260713 09:08:08.148360 22680 raft_consensus.cc:993] T 3c957d4ce2ed4764b991ca74908d8f4a P 955eeffbb6bd48b2a693412c589d0977: : Instructing follower 8a9b84cba8bc49da9399053d3c859801 to start an election
I20260713 09:08:08.148754 22727 raft_consensus.cc:1081] T 3c957d4ce2ed4764b991ca74908d8f4a P 955eeffbb6bd48b2a693412c589d0977 [term 2 LEADER]: Signalling peer 8a9b84cba8bc49da9399053d3c859801 to start an election
I20260713 09:08:08.149976 22593 tablet_service.cc:2044] Received Run Leader Election RPC: tablet_id: "3c957d4ce2ed4764b991ca74908d8f4a"
dest_uuid: "8a9b84cba8bc49da9399053d3c859801"
 from {username='slave'} at 127.0.0.1:41880
I20260713 09:08:08.150384 22593 raft_consensus.cc:493] T 3c957d4ce2ed4764b991ca74908d8f4a P 8a9b84cba8bc49da9399053d3c859801 [term 2 FOLLOWER]: Starting forced leader election (received explicit request)
I20260713 09:08:08.150646 22593 raft_consensus.cc:3060] T 3c957d4ce2ed4764b991ca74908d8f4a P 8a9b84cba8bc49da9399053d3c859801 [term 2 FOLLOWER]: Advancing to term 3
I20260713 09:08:08.154767 22593 raft_consensus.cc:515] T 3c957d4ce2ed4764b991ca74908d8f4a P 8a9b84cba8bc49da9399053d3c859801 [term 3 FOLLOWER]: Starting forced leader election with config: opid_index: -1 OBSOLETE_local: false peers { permanent_uuid: "955eeffbb6bd48b2a693412c589d0977" member_type: VOTER last_known_addr { host: "127.21.82.129" port: 45707 } } peers { permanent_uuid: "85e1c658507942fea9809823ef6e7cbf" member_type: VOTER last_known_addr { host: "127.21.82.130" port: 36129 } } peers { permanent_uuid: "8a9b84cba8bc49da9399053d3c859801" member_type: VOTER last_known_addr { host: "127.21.82.131" port: 44935 } }
I20260713 09:08:08.156219 22593 leader_election.cc:290] T 3c957d4ce2ed4764b991ca74908d8f4a P 8a9b84cba8bc49da9399053d3c859801 [CANDIDATE]: Term 3 election: Requested vote from peers 955eeffbb6bd48b2a693412c589d0977 (127.21.82.129:45707), 85e1c658507942fea9809823ef6e7cbf (127.21.82.130:36129)
I20260713 09:08:08.156896 22446 tablet_service.cc:1917] Received RequestConsensusVote() RPC: tablet_id: "3c957d4ce2ed4764b991ca74908d8f4a" candidate_uuid: "8a9b84cba8bc49da9399053d3c859801" candidate_term: 3 candidate_status { last_received { term: 2 index: 2 } } ignore_live_leader: true dest_uuid: "955eeffbb6bd48b2a693412c589d0977"
I20260713 09:08:08.157230 22521 tablet_service.cc:1917] Received RequestConsensusVote() RPC: tablet_id: "3c957d4ce2ed4764b991ca74908d8f4a" candidate_uuid: "8a9b84cba8bc49da9399053d3c859801" candidate_term: 3 candidate_status { last_received { term: 2 index: 2 } } ignore_live_leader: true dest_uuid: "85e1c658507942fea9809823ef6e7cbf"
I20260713 09:08:08.157418 22446 raft_consensus.cc:3055] T 3c957d4ce2ed4764b991ca74908d8f4a P 955eeffbb6bd48b2a693412c589d0977 [term 2 LEADER]: Stepping down as leader of term 2
I20260713 09:08:08.157694 22521 raft_consensus.cc:3060] T 3c957d4ce2ed4764b991ca74908d8f4a P 85e1c658507942fea9809823ef6e7cbf [term 2 FOLLOWER]: Advancing to term 3
I20260713 09:08:08.157696 22446 raft_consensus.cc:740] T 3c957d4ce2ed4764b991ca74908d8f4a P 955eeffbb6bd48b2a693412c589d0977 [term 2 LEADER]: Becoming Follower/Learner. State: Replica: 955eeffbb6bd48b2a693412c589d0977, State: Running, Role: LEADER
I20260713 09:08:08.158456 22446 consensus_queue.cc:260] T 3c957d4ce2ed4764b991ca74908d8f4a P 955eeffbb6bd48b2a693412c589d0977 [NON_LEADER]: Queue going to NON_LEADER mode. State: All replicated index: 0, Majority replicated index: 2, Committed index: 2, Last appended: 2.2, Last appended by leader: 2, Current term: 2, Majority size: -1, State: 0, Mode: NON_LEADER, active raft config: opid_index: -1 OBSOLETE_local: false peers { permanent_uuid: "955eeffbb6bd48b2a693412c589d0977" member_type: VOTER last_known_addr { host: "127.21.82.129" port: 45707 } } peers { permanent_uuid: "85e1c658507942fea9809823ef6e7cbf" member_type: VOTER last_known_addr { host: "127.21.82.130" port: 36129 } } peers { permanent_uuid: "8a9b84cba8bc49da9399053d3c859801" member_type: VOTER last_known_addr { host: "127.21.82.131" port: 44935 } }
I20260713 09:08:08.159314 22446 raft_consensus.cc:3060] T 3c957d4ce2ed4764b991ca74908d8f4a P 955eeffbb6bd48b2a693412c589d0977 [term 2 FOLLOWER]: Advancing to term 3
I20260713 09:08:08.162073 22521 raft_consensus.cc:2468] T 3c957d4ce2ed4764b991ca74908d8f4a P 85e1c658507942fea9809823ef6e7cbf [term 3 FOLLOWER]: Leader election vote request: Granting yes vote for candidate 8a9b84cba8bc49da9399053d3c859801 in term 3.
I20260713 09:08:08.163002 22560 leader_election.cc:304] T 3c957d4ce2ed4764b991ca74908d8f4a P 8a9b84cba8bc49da9399053d3c859801 [CANDIDATE]: Term 3 election: Election decided. Result: candidate won. Election summary: received 2 responses out of 3 voters: 2 yes votes; 0 no votes. yes voters: 85e1c658507942fea9809823ef6e7cbf, 8a9b84cba8bc49da9399053d3c859801; no voters: 
I20260713 09:08:08.163800 22446 raft_consensus.cc:2468] T 3c957d4ce2ed4764b991ca74908d8f4a P 955eeffbb6bd48b2a693412c589d0977 [term 3 FOLLOWER]: Leader election vote request: Granting yes vote for candidate 8a9b84cba8bc49da9399053d3c859801 in term 3.
I20260713 09:08:08.163797 22724 raft_consensus.cc:2804] T 3c957d4ce2ed4764b991ca74908d8f4a P 8a9b84cba8bc49da9399053d3c859801 [term 3 FOLLOWER]: Leader election won for term 3
I20260713 09:08:08.164445 22724 raft_consensus.cc:697] T 3c957d4ce2ed4764b991ca74908d8f4a P 8a9b84cba8bc49da9399053d3c859801 [term 3 LEADER]: Becoming Leader. State: Replica: 8a9b84cba8bc49da9399053d3c859801, State: Running, Role: LEADER
I20260713 09:08:08.165191 22724 consensus_queue.cc:237] T 3c957d4ce2ed4764b991ca74908d8f4a P 8a9b84cba8bc49da9399053d3c859801 [LEADER]: Queue going to LEADER mode. State: All replicated index: 0, Majority replicated index: 2, Committed index: 2, Last appended: 2.2, Last appended by leader: 2, Current term: 3, Majority size: 2, State: 0, Mode: LEADER, active raft config: opid_index: -1 OBSOLETE_local: false peers { permanent_uuid: "955eeffbb6bd48b2a693412c589d0977" member_type: VOTER last_known_addr { host: "127.21.82.129" port: 45707 } } peers { permanent_uuid: "85e1c658507942fea9809823ef6e7cbf" member_type: VOTER last_known_addr { host: "127.21.82.130" port: 36129 } } peers { permanent_uuid: "8a9b84cba8bc49da9399053d3c859801" member_type: VOTER last_known_addr { host: "127.21.82.131" port: 44935 } }
I20260713 09:08:08.171135 22345 catalog_manager.cc:5697] T 3c957d4ce2ed4764b991ca74908d8f4a P 8a9b84cba8bc49da9399053d3c859801 reported cstate change: term changed from 2 to 3, leader changed from 955eeffbb6bd48b2a693412c589d0977 (127.21.82.129) to 8a9b84cba8bc49da9399053d3c859801 (127.21.82.131). New cstate: current_term: 3 leader_uuid: "8a9b84cba8bc49da9399053d3c859801" committed_config { opid_index: -1 OBSOLETE_local: false peers { permanent_uuid: "955eeffbb6bd48b2a693412c589d0977" member_type: VOTER last_known_addr { host: "127.21.82.129" port: 45707 } health_report { overall_health: UNKNOWN } } peers { permanent_uuid: "85e1c658507942fea9809823ef6e7cbf" member_type: VOTER last_known_addr { host: "127.21.82.130" port: 36129 } health_report { overall_health: UNKNOWN } } peers { permanent_uuid: "8a9b84cba8bc49da9399053d3c859801" member_type: VOTER last_known_addr { host: "127.21.82.131" port: 44935 } health_report { overall_health: HEALTHY } } }
I20260713 09:08:08.522394 22446 raft_consensus.cc:1275] T 1d7f0e15de514b5db5b89c33a99d79ce P 955eeffbb6bd48b2a693412c589d0977 [term 3 FOLLOWER]: Refusing update from remote peer 8a9b84cba8bc49da9399053d3c859801: Log matching property violated. Preceding OpId in replica: term: 2 index: 2. Preceding OpId from leader: term: 3 index: 3. (index mismatch)
I20260713 09:08:08.523667 22724 consensus_queue.cc:1048] T 1d7f0e15de514b5db5b89c33a99d79ce P 8a9b84cba8bc49da9399053d3c859801 [LEADER]: Connected to new peer: Peer: permanent_uuid: "955eeffbb6bd48b2a693412c589d0977" member_type: VOTER last_known_addr { host: "127.21.82.129" port: 45707 }, Status: LMP_MISMATCH, Last received: 0.0, Next index: 3, Last known committed idx: 2, Time since last communication: 0.000s
I20260713 09:08:08.534868 22521 raft_consensus.cc:1275] T 1d7f0e15de514b5db5b89c33a99d79ce P 85e1c658507942fea9809823ef6e7cbf [term 3 FOLLOWER]: Refusing update from remote peer 8a9b84cba8bc49da9399053d3c859801: Log matching property violated. Preceding OpId in replica: term: 2 index: 2. Preceding OpId from leader: term: 3 index: 3. (index mismatch)
I20260713 09:08:08.536331 22737 consensus_queue.cc:1048] T 1d7f0e15de514b5db5b89c33a99d79ce P 8a9b84cba8bc49da9399053d3c859801 [LEADER]: Connected to new peer: Peer: permanent_uuid: "85e1c658507942fea9809823ef6e7cbf" member_type: VOTER last_known_addr { host: "127.21.82.130" port: 36129 }, Status: LMP_MISMATCH, Last received: 0.0, Next index: 3, Last known committed idx: 2, Time since last communication: 0.000s
I20260713 09:08:08.745003 22446 raft_consensus.cc:1275] T 3c957d4ce2ed4764b991ca74908d8f4a P 955eeffbb6bd48b2a693412c589d0977 [term 3 FOLLOWER]: Refusing update from remote peer 8a9b84cba8bc49da9399053d3c859801: Log matching property violated. Preceding OpId in replica: term: 2 index: 2. Preceding OpId from leader: term: 3 index: 3. (index mismatch)
I20260713 09:08:08.746222 22724 consensus_queue.cc:1048] T 3c957d4ce2ed4764b991ca74908d8f4a P 8a9b84cba8bc49da9399053d3c859801 [LEADER]: Connected to new peer: Peer: permanent_uuid: "955eeffbb6bd48b2a693412c589d0977" member_type: VOTER last_known_addr { host: "127.21.82.129" port: 45707 }, Status: LMP_MISMATCH, Last received: 0.0, Next index: 3, Last known committed idx: 2, Time since last communication: 0.000s
I20260713 09:08:08.747597 22521 raft_consensus.cc:1275] T 3c957d4ce2ed4764b991ca74908d8f4a P 85e1c658507942fea9809823ef6e7cbf [term 3 FOLLOWER]: Refusing update from remote peer 8a9b84cba8bc49da9399053d3c859801: Log matching property violated. Preceding OpId in replica: term: 2 index: 2. Preceding OpId from leader: term: 3 index: 3. (index mismatch)
I20260713 09:08:08.748898 22724 consensus_queue.cc:1048] T 3c957d4ce2ed4764b991ca74908d8f4a P 8a9b84cba8bc49da9399053d3c859801 [LEADER]: Connected to new peer: Peer: permanent_uuid: "85e1c658507942fea9809823ef6e7cbf" member_type: VOTER last_known_addr { host: "127.21.82.130" port: 36129 }, Status: LMP_MISMATCH, Last received: 0.0, Next index: 3, Last known committed idx: 2, Time since last communication: 0.000s
I20260713 09:08:08.838196 21834 auto_leader_rebalancer.cc:141] leader rebalance for table test-workload
I20260713 09:08:08.853106 22593 tablet_service.cc:2072] Received LeaderStepDown RPC: tablet_id: "1d7f0e15de514b5db5b89c33a99d79ce"
dest_uuid: "8a9b84cba8bc49da9399053d3c859801"
mode: GRACEFUL
new_leader_uuid: "955eeffbb6bd48b2a693412c589d0977"
 from {username='slave'} at 127.0.0.1:41888
I20260713 09:08:08.853593 22593 raft_consensus.cc:606] T 1d7f0e15de514b5db5b89c33a99d79ce P 8a9b84cba8bc49da9399053d3c859801 [term 3 LEADER]: Received request to transfer leadership to TS 955eeffbb6bd48b2a693412c589d0977
I20260713 09:08:08.860631 22593 tablet_service.cc:2072] Received LeaderStepDown RPC: tablet_id: "3c957d4ce2ed4764b991ca74908d8f4a"
dest_uuid: "8a9b84cba8bc49da9399053d3c859801"
mode: GRACEFUL
new_leader_uuid: "955eeffbb6bd48b2a693412c589d0977"
 from {username='slave'} at 127.0.0.1:41888
I20260713 09:08:08.861129 22593 raft_consensus.cc:606] T 3c957d4ce2ed4764b991ca74908d8f4a P 8a9b84cba8bc49da9399053d3c859801 [term 3 LEADER]: Received request to transfer leadership to TS 955eeffbb6bd48b2a693412c589d0977
I20260713 09:08:08.865725 22521 tablet_service.cc:2072] Received LeaderStepDown RPC: tablet_id: "b2c0d01db3694adf8cc1e0341163b5f8"
dest_uuid: "85e1c658507942fea9809823ef6e7cbf"
mode: GRACEFUL
new_leader_uuid: "955eeffbb6bd48b2a693412c589d0977"
 from {username='slave'} at 127.0.0.1:37524
I20260713 09:08:08.866178 22521 raft_consensus.cc:606] T b2c0d01db3694adf8cc1e0341163b5f8 P 85e1c658507942fea9809823ef6e7cbf [term 2 LEADER]: Received request to transfer leadership to TS 955eeffbb6bd48b2a693412c589d0977
I20260713 09:08:08.870658 22521 tablet_service.cc:2072] Received LeaderStepDown RPC: tablet_id: "854bf41c8c594d28b5f16d1cf9cc4544"
dest_uuid: "85e1c658507942fea9809823ef6e7cbf"
mode: GRACEFUL
new_leader_uuid: "955eeffbb6bd48b2a693412c589d0977"
 from {username='slave'} at 127.0.0.1:37524
I20260713 09:08:08.871174 22521 raft_consensus.cc:606] T 854bf41c8c594d28b5f16d1cf9cc4544 P 85e1c658507942fea9809823ef6e7cbf [term 2 LEADER]: Received request to transfer leadership to TS 955eeffbb6bd48b2a693412c589d0977
I20260713 09:08:08.875967 22521 tablet_service.cc:2072] Received LeaderStepDown RPC: tablet_id: "4c1c44bd03eb47708b6da55083a64b42"
dest_uuid: "85e1c658507942fea9809823ef6e7cbf"
mode: GRACEFUL
new_leader_uuid: "955eeffbb6bd48b2a693412c589d0977"
 from {username='slave'} at 127.0.0.1:37524
I20260713 09:08:08.876470 22521 raft_consensus.cc:606] T 4c1c44bd03eb47708b6da55083a64b42 P 85e1c658507942fea9809823ef6e7cbf [term 2 LEADER]: Received request to transfer leadership to TS 955eeffbb6bd48b2a693412c589d0977
I20260713 09:08:08.935159 22724 raft_consensus.cc:993] T 1d7f0e15de514b5db5b89c33a99d79ce P 8a9b84cba8bc49da9399053d3c859801: : Instructing follower 955eeffbb6bd48b2a693412c589d0977 to start an election
I20260713 09:08:08.935560 22737 raft_consensus.cc:1081] T 1d7f0e15de514b5db5b89c33a99d79ce P 8a9b84cba8bc49da9399053d3c859801 [term 3 LEADER]: Signalling peer 955eeffbb6bd48b2a693412c589d0977 to start an election
I20260713 09:08:08.937012 22446 tablet_service.cc:2044] Received Run Leader Election RPC: tablet_id: "1d7f0e15de514b5db5b89c33a99d79ce"
dest_uuid: "955eeffbb6bd48b2a693412c589d0977"
 from {username='slave'} at 127.0.0.1:44374
I20260713 09:08:08.937445 22446 raft_consensus.cc:493] T 1d7f0e15de514b5db5b89c33a99d79ce P 955eeffbb6bd48b2a693412c589d0977 [term 3 FOLLOWER]: Starting forced leader election (received explicit request)
I20260713 09:08:08.937703 22446 raft_consensus.cc:3060] T 1d7f0e15de514b5db5b89c33a99d79ce P 955eeffbb6bd48b2a693412c589d0977 [term 3 FOLLOWER]: Advancing to term 4
I20260713 09:08:08.941871 22446 raft_consensus.cc:515] T 1d7f0e15de514b5db5b89c33a99d79ce P 955eeffbb6bd48b2a693412c589d0977 [term 4 FOLLOWER]: Starting forced leader election with config: opid_index: -1 OBSOLETE_local: false peers { permanent_uuid: "955eeffbb6bd48b2a693412c589d0977" member_type: VOTER last_known_addr { host: "127.21.82.129" port: 45707 } } peers { permanent_uuid: "85e1c658507942fea9809823ef6e7cbf" member_type: VOTER last_known_addr { host: "127.21.82.130" port: 36129 } } peers { permanent_uuid: "8a9b84cba8bc49da9399053d3c859801" member_type: VOTER last_known_addr { host: "127.21.82.131" port: 44935 } }
I20260713 09:08:08.943434 22446 leader_election.cc:290] T 1d7f0e15de514b5db5b89c33a99d79ce P 955eeffbb6bd48b2a693412c589d0977 [CANDIDATE]: Term 4 election: Requested vote from peers 85e1c658507942fea9809823ef6e7cbf (127.21.82.130:36129), 8a9b84cba8bc49da9399053d3c859801 (127.21.82.131:44935)
I20260713 09:08:08.944460 22521 tablet_service.cc:1917] Received RequestConsensusVote() RPC: tablet_id: "1d7f0e15de514b5db5b89c33a99d79ce" candidate_uuid: "955eeffbb6bd48b2a693412c589d0977" candidate_term: 4 candidate_status { last_received { term: 3 index: 3 } } ignore_live_leader: true dest_uuid: "85e1c658507942fea9809823ef6e7cbf"
I20260713 09:08:08.944460 22593 tablet_service.cc:1917] Received RequestConsensusVote() RPC: tablet_id: "1d7f0e15de514b5db5b89c33a99d79ce" candidate_uuid: "955eeffbb6bd48b2a693412c589d0977" candidate_term: 4 candidate_status { last_received { term: 3 index: 3 } } ignore_live_leader: true dest_uuid: "8a9b84cba8bc49da9399053d3c859801"
I20260713 09:08:08.945168 22521 raft_consensus.cc:3060] T 1d7f0e15de514b5db5b89c33a99d79ce P 85e1c658507942fea9809823ef6e7cbf [term 3 FOLLOWER]: Advancing to term 4
I20260713 09:08:08.945218 22593 raft_consensus.cc:3055] T 1d7f0e15de514b5db5b89c33a99d79ce P 8a9b84cba8bc49da9399053d3c859801 [term 3 LEADER]: Stepping down as leader of term 3
I20260713 09:08:08.945708 22593 raft_consensus.cc:740] T 1d7f0e15de514b5db5b89c33a99d79ce P 8a9b84cba8bc49da9399053d3c859801 [term 3 LEADER]: Becoming Follower/Learner. State: Replica: 8a9b84cba8bc49da9399053d3c859801, State: Running, Role: LEADER
I20260713 09:08:08.946504 22593 consensus_queue.cc:260] T 1d7f0e15de514b5db5b89c33a99d79ce P 8a9b84cba8bc49da9399053d3c859801 [NON_LEADER]: Queue going to NON_LEADER mode. State: All replicated index: 0, Majority replicated index: 3, Committed index: 3, Last appended: 3.3, Last appended by leader: 3, Current term: 3, Majority size: -1, State: 0, Mode: NON_LEADER, active raft config: opid_index: -1 OBSOLETE_local: false peers { permanent_uuid: "955eeffbb6bd48b2a693412c589d0977" member_type: VOTER last_known_addr { host: "127.21.82.129" port: 45707 } } peers { permanent_uuid: "85e1c658507942fea9809823ef6e7cbf" member_type: VOTER last_known_addr { host: "127.21.82.130" port: 36129 } } peers { permanent_uuid: "8a9b84cba8bc49da9399053d3c859801" member_type: VOTER last_known_addr { host: "127.21.82.131" port: 44935 } }
I20260713 09:08:08.947738 22593 raft_consensus.cc:3060] T 1d7f0e15de514b5db5b89c33a99d79ce P 8a9b84cba8bc49da9399053d3c859801 [term 3 FOLLOWER]: Advancing to term 4
I20260713 09:08:08.951889 22521 raft_consensus.cc:2468] T 1d7f0e15de514b5db5b89c33a99d79ce P 85e1c658507942fea9809823ef6e7cbf [term 4 FOLLOWER]: Leader election vote request: Granting yes vote for candidate 955eeffbb6bd48b2a693412c589d0977 in term 4.
I20260713 09:08:08.953145 22411 leader_election.cc:304] T 1d7f0e15de514b5db5b89c33a99d79ce P 955eeffbb6bd48b2a693412c589d0977 [CANDIDATE]: Term 4 election: Election decided. Result: candidate won. Election summary: received 2 responses out of 3 voters: 2 yes votes; 0 no votes. yes voters: 85e1c658507942fea9809823ef6e7cbf, 955eeffbb6bd48b2a693412c589d0977; no voters: 
