I20260713 09:00:17.858124  1383 consensus_queue.cc:237] T b079185d45e343eeb381a40fd41b2949 P 3d9b7b8044f44753a6a0fa9bc5796a5b [LEADER]: Queue going to LEADER mode. State: All replicated index: 0, Majority replicated index: 4, Committed index: 4, Last appended: 4.4, Last appended by leader: 4, Current term: 5, Majority size: 2, State: 0, Mode: LEADER, active raft config: opid_index: -1 OBSOLETE_local: false peers { permanent_uuid: "7a76b9e8aad44439825d2a8b946637b9" member_type: VOTER last_known_addr { host: "127.0.107.193" port: 42659 } } peers { permanent_uuid: "dac1883416a5484994b7d714afbe4851" member_type: VOTER last_known_addr { host: "127.0.107.194" port: 41611 } } peers { permanent_uuid: "3d9b7b8044f44753a6a0fa9bc5796a5b" member_type: VOTER last_known_addr { host: "127.0.107.195" port: 45133 } }
I20260713 09:00:17.864861   963 catalog_manager.cc:5697] T b079185d45e343eeb381a40fd41b2949 P 3d9b7b8044f44753a6a0fa9bc5796a5b reported cstate change: term changed from 4 to 5, leader changed from 7a76b9e8aad44439825d2a8b946637b9 (127.0.107.193) to 3d9b7b8044f44753a6a0fa9bc5796a5b (127.0.107.195). New cstate: current_term: 5 leader_uuid: "3d9b7b8044f44753a6a0fa9bc5796a5b" committed_config { opid_index: -1 OBSOLETE_local: false peers { permanent_uuid: "7a76b9e8aad44439825d2a8b946637b9" member_type: VOTER last_known_addr { host: "127.0.107.193" port: 42659 } health_report { overall_health: UNKNOWN } } peers { permanent_uuid: "dac1883416a5484994b7d714afbe4851" member_type: VOTER last_known_addr { host: "127.0.107.194" port: 41611 } health_report { overall_health: UNKNOWN } } peers { permanent_uuid: "3d9b7b8044f44753a6a0fa9bc5796a5b" member_type: VOTER last_known_addr { host: "127.0.107.195" port: 45133 } health_report { overall_health: HEALTHY } } }
I20260713 09:00:17.868937  1410 raft_consensus.cc:993] T e4d5f2523a9847c5a99cc0236e168ea2 P 7a76b9e8aad44439825d2a8b946637b9: : Instructing follower dac1883416a5484994b7d714afbe4851 to start an election
I20260713 09:00:17.869436  1410 raft_consensus.cc:1081] T e4d5f2523a9847c5a99cc0236e168ea2 P 7a76b9e8aad44439825d2a8b946637b9 [term 3 LEADER]: Signalling peer dac1883416a5484994b7d714afbe4851 to start an election
I20260713 09:00:17.871078  1144 tablet_service.cc:2044] Received Run Leader Election RPC: tablet_id: "e4d5f2523a9847c5a99cc0236e168ea2"
dest_uuid: "dac1883416a5484994b7d714afbe4851"
 from {username='slave'} at 127.0.0.1:51136
I20260713 09:00:17.871591  1144 raft_consensus.cc:493] T e4d5f2523a9847c5a99cc0236e168ea2 P dac1883416a5484994b7d714afbe4851 [term 3 FOLLOWER]: Starting forced leader election (received explicit request)
I20260713 09:00:17.871973  1144 raft_consensus.cc:3060] T e4d5f2523a9847c5a99cc0236e168ea2 P dac1883416a5484994b7d714afbe4851 [term 3 FOLLOWER]: Advancing to term 4
I20260713 09:00:17.877872  1144 raft_consensus.cc:515] T e4d5f2523a9847c5a99cc0236e168ea2 P dac1883416a5484994b7d714afbe4851 [term 4 FOLLOWER]: Starting forced leader election with config: opid_index: -1 OBSOLETE_local: false peers { permanent_uuid: "7a76b9e8aad44439825d2a8b946637b9" member_type: VOTER last_known_addr { host: "127.0.107.193" port: 42659 } } peers { permanent_uuid: "dac1883416a5484994b7d714afbe4851" member_type: VOTER last_known_addr { host: "127.0.107.194" port: 41611 } } peers { permanent_uuid: "3d9b7b8044f44753a6a0fa9bc5796a5b" member_type: VOTER last_known_addr { host: "127.0.107.195" port: 45133 } }
I20260713 09:00:17.879949  1144 leader_election.cc:290] T e4d5f2523a9847c5a99cc0236e168ea2 P dac1883416a5484994b7d714afbe4851 [CANDIDATE]: Term 4 election: Requested vote from peers 7a76b9e8aad44439825d2a8b946637b9 (127.0.107.193:42659), 3d9b7b8044f44753a6a0fa9bc5796a5b (127.0.107.195:45133)
I20260713 09:00:17.880864  1069 tablet_service.cc:1917] Received RequestConsensusVote() RPC: tablet_id: "e4d5f2523a9847c5a99cc0236e168ea2" candidate_uuid: "dac1883416a5484994b7d714afbe4851" candidate_term: 4 candidate_status { last_received { term: 3 index: 3 } } ignore_live_leader: true dest_uuid: "7a76b9e8aad44439825d2a8b946637b9"
I20260713 09:00:17.881080  1218 tablet_service.cc:1917] Received RequestConsensusVote() RPC: tablet_id: "e4d5f2523a9847c5a99cc0236e168ea2" candidate_uuid: "dac1883416a5484994b7d714afbe4851" candidate_term: 4 candidate_status { last_received { term: 3 index: 3 } } ignore_live_leader: true dest_uuid: "3d9b7b8044f44753a6a0fa9bc5796a5b"
I20260713 09:00:17.881466  1069 raft_consensus.cc:3055] T e4d5f2523a9847c5a99cc0236e168ea2 P 7a76b9e8aad44439825d2a8b946637b9 [term 3 LEADER]: Stepping down as leader of term 3
I20260713 09:00:17.881551  1218 raft_consensus.cc:3060] T e4d5f2523a9847c5a99cc0236e168ea2 P 3d9b7b8044f44753a6a0fa9bc5796a5b [term 3 FOLLOWER]: Advancing to term 4
I20260713 09:00:17.881871  1069 raft_consensus.cc:740] T e4d5f2523a9847c5a99cc0236e168ea2 P 7a76b9e8aad44439825d2a8b946637b9 [term 3 LEADER]: Becoming Follower/Learner. State: Replica: 7a76b9e8aad44439825d2a8b946637b9, State: Running, Role: LEADER
I20260713 09:00:17.882627  1069 consensus_queue.cc:260] T e4d5f2523a9847c5a99cc0236e168ea2 P 7a76b9e8aad44439825d2a8b946637b9 [NON_LEADER]: Queue going to NON_LEADER mode. State: All replicated index: 0, Majority replicated index: 3, Committed index: 3, Last appended: 3.3, Last appended by leader: 3, Current term: 3, Majority size: -1, State: 0, Mode: NON_LEADER, active raft config: opid_index: -1 OBSOLETE_local: false peers { permanent_uuid: "7a76b9e8aad44439825d2a8b946637b9" member_type: VOTER last_known_addr { host: "127.0.107.193" port: 42659 } } peers { permanent_uuid: "dac1883416a5484994b7d714afbe4851" member_type: VOTER last_known_addr { host: "127.0.107.194" port: 41611 } } peers { permanent_uuid: "3d9b7b8044f44753a6a0fa9bc5796a5b" member_type: VOTER last_known_addr { host: "127.0.107.195" port: 45133 } }
I20260713 09:00:17.883816  1069 raft_consensus.cc:3060] T e4d5f2523a9847c5a99cc0236e168ea2 P 7a76b9e8aad44439825d2a8b946637b9 [term 3 FOLLOWER]: Advancing to term 4
I20260713 09:00:17.888232  1218 raft_consensus.cc:2468] T e4d5f2523a9847c5a99cc0236e168ea2 P 3d9b7b8044f44753a6a0fa9bc5796a5b [term 4 FOLLOWER]: Leader election vote request: Granting yes vote for candidate dac1883416a5484994b7d714afbe4851 in term 4.
I20260713 09:00:17.889663  1108 leader_election.cc:304] T e4d5f2523a9847c5a99cc0236e168ea2 P dac1883416a5484994b7d714afbe4851 [CANDIDATE]: Term 4 election: Election decided. Result: candidate won. Election summary: received 2 responses out of 3 voters: 2 yes votes; 0 no votes. yes voters: 3d9b7b8044f44753a6a0fa9bc5796a5b, dac1883416a5484994b7d714afbe4851; no voters: 
I20260713 09:00:17.890568  1069 raft_consensus.cc:2468] T e4d5f2523a9847c5a99cc0236e168ea2 P 7a76b9e8aad44439825d2a8b946637b9 [term 4 FOLLOWER]: Leader election vote request: Granting yes vote for candidate dac1883416a5484994b7d714afbe4851 in term 4.
I20260713 09:00:17.890654  1370 raft_consensus.cc:2804] T e4d5f2523a9847c5a99cc0236e168ea2 P dac1883416a5484994b7d714afbe4851 [term 4 FOLLOWER]: Leader election won for term 4
I20260713 09:00:17.891916  1370 raft_consensus.cc:697] T e4d5f2523a9847c5a99cc0236e168ea2 P dac1883416a5484994b7d714afbe4851 [term 4 LEADER]: Becoming Leader. State: Replica: dac1883416a5484994b7d714afbe4851, State: Running, Role: LEADER
I20260713 09:00:17.892592  1370 consensus_queue.cc:237] T e4d5f2523a9847c5a99cc0236e168ea2 P dac1883416a5484994b7d714afbe4851 [LEADER]: Queue going to LEADER mode. State: All replicated index: 0, Majority replicated index: 3, Committed index: 3, Last appended: 3.3, Last appended by leader: 3, Current term: 4, Majority size: 2, State: 0, Mode: LEADER, active raft config: opid_index: -1 OBSOLETE_local: false peers { permanent_uuid: "7a76b9e8aad44439825d2a8b946637b9" member_type: VOTER last_known_addr { host: "127.0.107.193" port: 42659 } } peers { permanent_uuid: "dac1883416a5484994b7d714afbe4851" member_type: VOTER last_known_addr { host: "127.0.107.194" port: 41611 } } peers { permanent_uuid: "3d9b7b8044f44753a6a0fa9bc5796a5b" member_type: VOTER last_known_addr { host: "127.0.107.195" port: 45133 } }
I20260713 09:00:17.898870   963 catalog_manager.cc:5697] T e4d5f2523a9847c5a99cc0236e168ea2 P dac1883416a5484994b7d714afbe4851 reported cstate change: term changed from 3 to 4, leader changed from 7a76b9e8aad44439825d2a8b946637b9 (127.0.107.193) to dac1883416a5484994b7d714afbe4851 (127.0.107.194). New cstate: current_term: 4 leader_uuid: "dac1883416a5484994b7d714afbe4851" committed_config { opid_index: -1 OBSOLETE_local: false peers { permanent_uuid: "7a76b9e8aad44439825d2a8b946637b9" member_type: VOTER last_known_addr { host: "127.0.107.193" port: 42659 } health_report { overall_health: UNKNOWN } } peers { permanent_uuid: "dac1883416a5484994b7d714afbe4851" member_type: VOTER last_known_addr { host: "127.0.107.194" port: 41611 } health_report { overall_health: HEALTHY } } peers { permanent_uuid: "3d9b7b8044f44753a6a0fa9bc5796a5b" member_type: VOTER last_known_addr { host: "127.0.107.195" port: 45133 } health_report { overall_health: UNKNOWN } } }
I20260713 09:00:18.033726  1409 raft_consensus.cc:993] T 24d56007f44745a39c1dfab9be2c484f P 7a76b9e8aad44439825d2a8b946637b9: : Instructing follower 3d9b7b8044f44753a6a0fa9bc5796a5b to start an election
I20260713 09:00:18.033829  1419 raft_consensus.cc:993] T eb5d0997dba84add94c608799ffba6ff P 7a76b9e8aad44439825d2a8b946637b9: : Instructing follower dac1883416a5484994b7d714afbe4851 to start an election
I20260713 09:00:18.034317  1410 raft_consensus.cc:1081] T 24d56007f44745a39c1dfab9be2c484f P 7a76b9e8aad44439825d2a8b946637b9 [term 3 LEADER]: Signalling peer 3d9b7b8044f44753a6a0fa9bc5796a5b to start an election
I20260713 09:00:18.034442  1409 raft_consensus.cc:1081] T eb5d0997dba84add94c608799ffba6ff P 7a76b9e8aad44439825d2a8b946637b9 [term 2 LEADER]: Signalling peer dac1883416a5484994b7d714afbe4851 to start an election
I20260713 09:00:18.035835  1218 tablet_service.cc:2044] Received Run Leader Election RPC: tablet_id: "24d56007f44745a39c1dfab9be2c484f"
dest_uuid: "3d9b7b8044f44753a6a0fa9bc5796a5b"
 from {username='slave'} at 127.0.0.1:51940
I20260713 09:00:18.035940  1144 tablet_service.cc:2044] Received Run Leader Election RPC: tablet_id: "eb5d0997dba84add94c608799ffba6ff"
dest_uuid: "dac1883416a5484994b7d714afbe4851"
 from {username='slave'} at 127.0.0.1:51136
I20260713 09:00:18.036360  1218 raft_consensus.cc:493] T 24d56007f44745a39c1dfab9be2c484f P 3d9b7b8044f44753a6a0fa9bc5796a5b [term 3 FOLLOWER]: Starting forced leader election (received explicit request)
I20260713 09:00:18.036412  1144 raft_consensus.cc:493] T eb5d0997dba84add94c608799ffba6ff P dac1883416a5484994b7d714afbe4851 [term 2 FOLLOWER]: Starting forced leader election (received explicit request)
I20260713 09:00:18.036753  1218 raft_consensus.cc:3060] T 24d56007f44745a39c1dfab9be2c484f P 3d9b7b8044f44753a6a0fa9bc5796a5b [term 3 FOLLOWER]: Advancing to term 4
I20260713 09:00:18.036823  1144 raft_consensus.cc:3060] T eb5d0997dba84add94c608799ffba6ff P dac1883416a5484994b7d714afbe4851 [term 2 FOLLOWER]: Advancing to term 3
I20260713 09:00:18.041285  1218 raft_consensus.cc:515] T 24d56007f44745a39c1dfab9be2c484f P 3d9b7b8044f44753a6a0fa9bc5796a5b [term 4 FOLLOWER]: Starting forced leader election with config: opid_index: -1 OBSOLETE_local: false peers { permanent_uuid: "7a76b9e8aad44439825d2a8b946637b9" member_type: VOTER last_known_addr { host: "127.0.107.193" port: 42659 } } peers { permanent_uuid: "dac1883416a5484994b7d714afbe4851" member_type: VOTER last_known_addr { host: "127.0.107.194" port: 41611 } } peers { permanent_uuid: "3d9b7b8044f44753a6a0fa9bc5796a5b" member_type: VOTER last_known_addr { host: "127.0.107.195" port: 45133 } }
I20260713 09:00:18.041280  1144 raft_consensus.cc:515] T eb5d0997dba84add94c608799ffba6ff P dac1883416a5484994b7d714afbe4851 [term 3 FOLLOWER]: Starting forced leader election with config: opid_index: -1 OBSOLETE_local: false peers { permanent_uuid: "3d9b7b8044f44753a6a0fa9bc5796a5b" member_type: VOTER last_known_addr { host: "127.0.107.195" port: 45133 } } peers { permanent_uuid: "dac1883416a5484994b7d714afbe4851" member_type: VOTER last_known_addr { host: "127.0.107.194" port: 41611 } } peers { permanent_uuid: "7a76b9e8aad44439825d2a8b946637b9" member_type: VOTER last_known_addr { host: "127.0.107.193" port: 42659 } }
I20260713 09:00:18.043051  1144 leader_election.cc:290] T eb5d0997dba84add94c608799ffba6ff P dac1883416a5484994b7d714afbe4851 [CANDIDATE]: Term 3 election: Requested vote from peers 3d9b7b8044f44753a6a0fa9bc5796a5b (127.0.107.195:45133), 7a76b9e8aad44439825d2a8b946637b9 (127.0.107.193:42659)
I20260713 09:00:18.043879  1217 tablet_service.cc:1917] Received RequestConsensusVote() RPC: tablet_id: "eb5d0997dba84add94c608799ffba6ff" candidate_uuid: "dac1883416a5484994b7d714afbe4851" candidate_term: 3 candidate_status { last_received { term: 2 index: 2 } } ignore_live_leader: true dest_uuid: "3d9b7b8044f44753a6a0fa9bc5796a5b"
I20260713 09:00:18.044122  1069 tablet_service.cc:1917] Received RequestConsensusVote() RPC: tablet_id: "eb5d0997dba84add94c608799ffba6ff" candidate_uuid: "dac1883416a5484994b7d714afbe4851" candidate_term: 3 candidate_status { last_received { term: 2 index: 2 } } ignore_live_leader: true dest_uuid: "7a76b9e8aad44439825d2a8b946637b9"
I20260713 09:00:18.044471  1217 raft_consensus.cc:3060] T eb5d0997dba84add94c608799ffba6ff P 3d9b7b8044f44753a6a0fa9bc5796a5b [term 2 FOLLOWER]: Advancing to term 3
I20260713 09:00:18.044651  1069 raft_consensus.cc:3055] T eb5d0997dba84add94c608799ffba6ff P 7a76b9e8aad44439825d2a8b946637b9 [term 2 LEADER]: Stepping down as leader of term 2
I20260713 09:00:18.044715  1218 leader_election.cc:290] T 24d56007f44745a39c1dfab9be2c484f P 3d9b7b8044f44753a6a0fa9bc5796a5b [CANDIDATE]: Term 4 election: Requested vote from peers 7a76b9e8aad44439825d2a8b946637b9 (127.0.107.193:42659), dac1883416a5484994b7d714afbe4851 (127.0.107.194:41611)
I20260713 09:00:18.044726  1068 tablet_service.cc:1917] Received RequestConsensusVote() RPC: tablet_id: "24d56007f44745a39c1dfab9be2c484f" candidate_uuid: "3d9b7b8044f44753a6a0fa9bc5796a5b" candidate_term: 4 candidate_status { last_received { term: 3 index: 3 } } ignore_live_leader: true dest_uuid: "7a76b9e8aad44439825d2a8b946637b9"
I20260713 09:00:18.045167  1069 raft_consensus.cc:740] T eb5d0997dba84add94c608799ffba6ff P 7a76b9e8aad44439825d2a8b946637b9 [term 2 LEADER]: Becoming Follower/Learner. State: Replica: 7a76b9e8aad44439825d2a8b946637b9, State: Running, Role: LEADER
I20260713 09:00:18.045409  1068 raft_consensus.cc:3055] T 24d56007f44745a39c1dfab9be2c484f P 7a76b9e8aad44439825d2a8b946637b9 [term 3 LEADER]: Stepping down as leader of term 3
I20260713 09:00:18.045755  1068 raft_consensus.cc:740] T 24d56007f44745a39c1dfab9be2c484f P 7a76b9e8aad44439825d2a8b946637b9 [term 3 LEADER]: Becoming Follower/Learner. State: Replica: 7a76b9e8aad44439825d2a8b946637b9, State: Running, Role: LEADER
I20260713 09:00:18.045861  1144 tablet_service.cc:1917] Received RequestConsensusVote() RPC: tablet_id: "24d56007f44745a39c1dfab9be2c484f" candidate_uuid: "3d9b7b8044f44753a6a0fa9bc5796a5b" candidate_term: 4 candidate_status { last_received { term: 3 index: 3 } } ignore_live_leader: true dest_uuid: "dac1883416a5484994b7d714afbe4851"
I20260713 09:00:18.045993  1069 consensus_queue.cc:260] T eb5d0997dba84add94c608799ffba6ff P 7a76b9e8aad44439825d2a8b946637b9 [NON_LEADER]: Queue going to NON_LEADER mode. State: All replicated index: 0, Majority replicated index: 2, Committed index: 2, Last appended: 2.2, Last appended by leader: 2, Current term: 2, Majority size: -1, State: 0, Mode: NON_LEADER, active raft config: opid_index: -1 OBSOLETE_local: false peers { permanent_uuid: "3d9b7b8044f44753a6a0fa9bc5796a5b" member_type: VOTER last_known_addr { host: "127.0.107.195" port: 45133 } } peers { permanent_uuid: "dac1883416a5484994b7d714afbe4851" member_type: VOTER last_known_addr { host: "127.0.107.194" port: 41611 } } peers { permanent_uuid: "7a76b9e8aad44439825d2a8b946637b9" member_type: VOTER last_known_addr { host: "127.0.107.193" port: 42659 } }
I20260713 09:00:18.046381  1144 raft_consensus.cc:3060] T 24d56007f44745a39c1dfab9be2c484f P dac1883416a5484994b7d714afbe4851 [term 3 FOLLOWER]: Advancing to term 4
I20260713 09:00:18.046474  1068 consensus_queue.cc:260] T 24d56007f44745a39c1dfab9be2c484f P 7a76b9e8aad44439825d2a8b946637b9 [NON_LEADER]: Queue going to NON_LEADER mode. State: All replicated index: 0, Majority replicated index: 3, Committed index: 3, Last appended: 3.3, Last appended by leader: 3, Current term: 3, Majority size: -1, State: 0, Mode: NON_LEADER, active raft config: opid_index: -1 OBSOLETE_local: false peers { permanent_uuid: "7a76b9e8aad44439825d2a8b946637b9" member_type: VOTER last_known_addr { host: "127.0.107.193" port: 42659 } } peers { permanent_uuid: "dac1883416a5484994b7d714afbe4851" member_type: VOTER last_known_addr { host: "127.0.107.194" port: 41611 } } peers { permanent_uuid: "3d9b7b8044f44753a6a0fa9bc5796a5b" member_type: VOTER last_known_addr { host: "127.0.107.195" port: 45133 } }
I20260713 09:00:18.047163  1069 raft_consensus.cc:3060] T eb5d0997dba84add94c608799ffba6ff P 7a76b9e8aad44439825d2a8b946637b9 [term 2 FOLLOWER]: Advancing to term 3
I20260713 09:00:18.047482  1068 raft_consensus.cc:3060] T 24d56007f44745a39c1dfab9be2c484f P 7a76b9e8aad44439825d2a8b946637b9 [term 3 FOLLOWER]: Advancing to term 4
I20260713 09:00:18.051577  1217 raft_consensus.cc:2468] T eb5d0997dba84add94c608799ffba6ff P 3d9b7b8044f44753a6a0fa9bc5796a5b [term 3 FOLLOWER]: Leader election vote request: Granting yes vote for candidate dac1883416a5484994b7d714afbe4851 in term 3.
I20260713 09:00:18.052151  1144 raft_consensus.cc:2468] T 24d56007f44745a39c1dfab9be2c484f P dac1883416a5484994b7d714afbe4851 [term 4 FOLLOWER]: Leader election vote request: Granting yes vote for candidate 3d9b7b8044f44753a6a0fa9bc5796a5b in term 4.
I20260713 09:00:18.052644  1108 leader_election.cc:304] T eb5d0997dba84add94c608799ffba6ff P dac1883416a5484994b7d714afbe4851 [CANDIDATE]: Term 3 election: Election decided. Result: candidate won. Election summary: received 2 responses out of 3 voters: 2 yes votes; 0 no votes. yes voters: 3d9b7b8044f44753a6a0fa9bc5796a5b, dac1883416a5484994b7d714afbe4851; no voters: 
I20260713 09:00:18.053546  1370 raft_consensus.cc:2804] T eb5d0997dba84add94c608799ffba6ff P dac1883416a5484994b7d714afbe4851 [term 3 FOLLOWER]: Leader election won for term 3
I20260713 09:00:18.053903  1068 raft_consensus.cc:2468] T 24d56007f44745a39c1dfab9be2c484f P 7a76b9e8aad44439825d2a8b946637b9 [term 4 FOLLOWER]: Leader election vote request: Granting yes vote for candidate 3d9b7b8044f44753a6a0fa9bc5796a5b in term 4.
I20260713 09:00:18.054041  1370 raft_consensus.cc:697] T eb5d0997dba84add94c608799ffba6ff P dac1883416a5484994b7d714afbe4851 [term 3 LEADER]: Becoming Leader. State: Replica: dac1883416a5484994b7d714afbe4851, State: Running, Role: LEADER
I20260713 09:00:18.054514  1183 leader_election.cc:304] T 24d56007f44745a39c1dfab9be2c484f P 3d9b7b8044f44753a6a0fa9bc5796a5b [CANDIDATE]: Term 4 election: Election decided. Result: candidate won. Election summary: received 2 responses out of 3 voters: 2 yes votes; 0 no votes. yes voters: 3d9b7b8044f44753a6a0fa9bc5796a5b, dac1883416a5484994b7d714afbe4851; no voters: 
I20260713 09:00:18.054790  1069 raft_consensus.cc:2468] T eb5d0997dba84add94c608799ffba6ff P 7a76b9e8aad44439825d2a8b946637b9 [term 3 FOLLOWER]: Leader election vote request: Granting yes vote for candidate dac1883416a5484994b7d714afbe4851 in term 3.
I20260713 09:00:18.055302  1383 raft_consensus.cc:2804] T 24d56007f44745a39c1dfab9be2c484f P 3d9b7b8044f44753a6a0fa9bc5796a5b [term 4 FOLLOWER]: Leader election won for term 4
I20260713 09:00:18.054982  1370 consensus_queue.cc:237] T eb5d0997dba84add94c608799ffba6ff P dac1883416a5484994b7d714afbe4851 [LEADER]: Queue going to LEADER mode. State: All replicated index: 0, Majority replicated index: 2, Committed index: 2, Last appended: 2.2, Last appended by leader: 2, Current term: 3, Majority size: 2, State: 0, Mode: LEADER, active raft config: opid_index: -1 OBSOLETE_local: false peers { permanent_uuid: "3d9b7b8044f44753a6a0fa9bc5796a5b" member_type: VOTER last_known_addr { host: "127.0.107.195" port: 45133 } } peers { permanent_uuid: "dac1883416a5484994b7d714afbe4851" member_type: VOTER last_known_addr { host: "127.0.107.194" port: 41611 } } peers { permanent_uuid: "7a76b9e8aad44439825d2a8b946637b9" member_type: VOTER last_known_addr { host: "127.0.107.193" port: 42659 } }
I20260713 09:00:18.055749  1383 raft_consensus.cc:697] T 24d56007f44745a39c1dfab9be2c484f P 3d9b7b8044f44753a6a0fa9bc5796a5b [term 4 LEADER]: Becoming Leader. State: Replica: 3d9b7b8044f44753a6a0fa9bc5796a5b, State: Running, Role: LEADER
I20260713 09:00:18.056586  1383 consensus_queue.cc:237] T 24d56007f44745a39c1dfab9be2c484f P 3d9b7b8044f44753a6a0fa9bc5796a5b [LEADER]: Queue going to LEADER mode. State: All replicated index: 0, Majority replicated index: 3, Committed index: 3, Last appended: 3.3, Last appended by leader: 3, Current term: 4, Majority size: 2, State: 0, Mode: LEADER, active raft config: opid_index: -1 OBSOLETE_local: false peers { permanent_uuid: "7a76b9e8aad44439825d2a8b946637b9" member_type: VOTER last_known_addr { host: "127.0.107.193" port: 42659 } } peers { permanent_uuid: "dac1883416a5484994b7d714afbe4851" member_type: VOTER last_known_addr { host: "127.0.107.194" port: 41611 } } peers { permanent_uuid: "3d9b7b8044f44753a6a0fa9bc5796a5b" member_type: VOTER last_known_addr { host: "127.0.107.195" port: 45133 } }
I20260713 09:00:18.063786   963 catalog_manager.cc:5697] T eb5d0997dba84add94c608799ffba6ff P dac1883416a5484994b7d714afbe4851 reported cstate change: term changed from 2 to 3, leader changed from 7a76b9e8aad44439825d2a8b946637b9 (127.0.107.193) to dac1883416a5484994b7d714afbe4851 (127.0.107.194). New cstate: current_term: 3 leader_uuid: "dac1883416a5484994b7d714afbe4851" committed_config { opid_index: -1 OBSOLETE_local: false peers { permanent_uuid: "3d9b7b8044f44753a6a0fa9bc5796a5b" member_type: VOTER last_known_addr { host: "127.0.107.195" port: 45133 } health_report { overall_health: UNKNOWN } } peers { permanent_uuid: "dac1883416a5484994b7d714afbe4851" member_type: VOTER last_known_addr { host: "127.0.107.194" port: 41611 } health_report { overall_health: HEALTHY } } peers { permanent_uuid: "7a76b9e8aad44439825d2a8b946637b9" member_type: VOTER last_known_addr { host: "127.0.107.193" port: 42659 } health_report { overall_health: UNKNOWN } } }
I20260713 09:00:18.065248   965 catalog_manager.cc:5697] T 24d56007f44745a39c1dfab9be2c484f P 3d9b7b8044f44753a6a0fa9bc5796a5b reported cstate change: term changed from 3 to 4, leader changed from 7a76b9e8aad44439825d2a8b946637b9 (127.0.107.193) to 3d9b7b8044f44753a6a0fa9bc5796a5b (127.0.107.195). New cstate: current_term: 4 leader_uuid: "3d9b7b8044f44753a6a0fa9bc5796a5b" committed_config { opid_index: -1 OBSOLETE_local: false peers { permanent_uuid: "7a76b9e8aad44439825d2a8b946637b9" member_type: VOTER last_known_addr { host: "127.0.107.193" port: 42659 } health_report { overall_health: UNKNOWN } } peers { permanent_uuid: "dac1883416a5484994b7d714afbe4851" member_type: VOTER last_known_addr { host: "127.0.107.194" port: 41611 } health_report { overall_health: UNKNOWN } } peers { permanent_uuid: "3d9b7b8044f44753a6a0fa9bc5796a5b" member_type: VOTER last_known_addr { host: "127.0.107.195" port: 45133 } health_report { overall_health: HEALTHY } } }
I20260713 09:00:18.298414  1217 raft_consensus.cc:1275] T e4d5f2523a9847c5a99cc0236e168ea2 P 3d9b7b8044f44753a6a0fa9bc5796a5b [term 4 FOLLOWER]: Refusing update from remote peer dac1883416a5484994b7d714afbe4851: Log matching property violated. Preceding OpId in replica: term: 3 index: 3. Preceding OpId from leader: term: 4 index: 4. (index mismatch)
I20260713 09:00:18.299700  1370 consensus_queue.cc:1048] T e4d5f2523a9847c5a99cc0236e168ea2 P dac1883416a5484994b7d714afbe4851 [LEADER]: Connected to new peer: Peer: permanent_uuid: "3d9b7b8044f44753a6a0fa9bc5796a5b" member_type: VOTER last_known_addr { host: "127.0.107.195" port: 45133 }, Status: LMP_MISMATCH, Last received: 0.0, Next index: 4, Last known committed idx: 3, Time since last communication: 0.000s
I20260713 09:00:18.310089  1069 raft_consensus.cc:1275] T e4d5f2523a9847c5a99cc0236e168ea2 P 7a76b9e8aad44439825d2a8b946637b9 [term 4 FOLLOWER]: Refusing update from remote peer dac1883416a5484994b7d714afbe4851: Log matching property violated. Preceding OpId in replica: term: 3 index: 3. Preceding OpId from leader: term: 4 index: 4. (index mismatch)
I20260713 09:00:18.311625  1425 consensus_queue.cc:1048] T e4d5f2523a9847c5a99cc0236e168ea2 P dac1883416a5484994b7d714afbe4851 [LEADER]: Connected to new peer: Peer: permanent_uuid: "7a76b9e8aad44439825d2a8b946637b9" member_type: VOTER last_known_addr { host: "127.0.107.193" port: 42659 }, Status: LMP_MISMATCH, Last received: 0.0, Next index: 4, Last known committed idx: 3, Time since last communication: 0.000s
I20260713 09:00:18.421434  1144 raft_consensus.cc:1275] T b079185d45e343eeb381a40fd41b2949 P dac1883416a5484994b7d714afbe4851 [term 5 FOLLOWER]: Refusing update from remote peer 3d9b7b8044f44753a6a0fa9bc5796a5b: Log matching property violated. Preceding OpId in replica: term: 4 index: 4. Preceding OpId from leader: term: 5 index: 5. (index mismatch)
I20260713 09:00:18.422775  1383 consensus_queue.cc:1048] T b079185d45e343eeb381a40fd41b2949 P 3d9b7b8044f44753a6a0fa9bc5796a5b [LEADER]: Connected to new peer: Peer: permanent_uuid: "dac1883416a5484994b7d714afbe4851" member_type: VOTER last_known_addr { host: "127.0.107.194" port: 41611 }, Status: LMP_MISMATCH, Last received: 0.0, Next index: 5, Last known committed idx: 4, Time since last communication: 0.000s
I20260713 09:00:18.431164  1069 raft_consensus.cc:1275] T b079185d45e343eeb381a40fd41b2949 P 7a76b9e8aad44439825d2a8b946637b9 [term 5 FOLLOWER]: Refusing update from remote peer 3d9b7b8044f44753a6a0fa9bc5796a5b: Log matching property violated. Preceding OpId in replica: term: 4 index: 4. Preceding OpId from leader: term: 5 index: 5. (index mismatch)
I20260713 09:00:18.432977  1430 consensus_queue.cc:1048] T b079185d45e343eeb381a40fd41b2949 P 3d9b7b8044f44753a6a0fa9bc5796a5b [LEADER]: Connected to new peer: Peer: permanent_uuid: "7a76b9e8aad44439825d2a8b946637b9" member_type: VOTER last_known_addr { host: "127.0.107.193" port: 42659 }, Status: LMP_MISMATCH, Last received: 0.0, Next index: 5, Last known committed idx: 4, Time since last communication: 0.001s
I20260713 09:00:18.453101  1069 raft_consensus.cc:1275] T eb5d0997dba84add94c608799ffba6ff P 7a76b9e8aad44439825d2a8b946637b9 [term 3 FOLLOWER]: Refusing update from remote peer dac1883416a5484994b7d714afbe4851: Log matching property violated. Preceding OpId in replica: term: 2 index: 2. Preceding OpId from leader: term: 3 index: 3. (index mismatch)
I20260713 09:00:18.454332  1425 consensus_queue.cc:1048] T eb5d0997dba84add94c608799ffba6ff P dac1883416a5484994b7d714afbe4851 [LEADER]: Connected to new peer: Peer: permanent_uuid: "7a76b9e8aad44439825d2a8b946637b9" member_type: VOTER last_known_addr { host: "127.0.107.193" port: 42659 }, Status: LMP_MISMATCH, Last received: 0.0, Next index: 3, Last known committed idx: 2, Time since last communication: 0.000s
I20260713 09:00:18.462282  1217 raft_consensus.cc:1275] T eb5d0997dba84add94c608799ffba6ff P 3d9b7b8044f44753a6a0fa9bc5796a5b [term 3 FOLLOWER]: Refusing update from remote peer dac1883416a5484994b7d714afbe4851: Log matching property violated. Preceding OpId in replica: term: 2 index: 2. Preceding OpId from leader: term: 3 index: 3. (index mismatch)
I20260713 09:00:18.464123  1417 consensus_queue.cc:1048] T eb5d0997dba84add94c608799ffba6ff P dac1883416a5484994b7d714afbe4851 [LEADER]: Connected to new peer: Peer: permanent_uuid: "3d9b7b8044f44753a6a0fa9bc5796a5b" member_type: VOTER last_known_addr { host: "127.0.107.195" port: 45133 }, Status: LMP_MISMATCH, Last received: 0.0, Next index: 3, Last known committed idx: 2, Time since last communication: 0.001s
I20260713 09:00:18.479624  1144 raft_consensus.cc:1275] T 24d56007f44745a39c1dfab9be2c484f P dac1883416a5484994b7d714afbe4851 [term 4 FOLLOWER]: Refusing update from remote peer 3d9b7b8044f44753a6a0fa9bc5796a5b: Log matching property violated. Preceding OpId in replica: term: 3 index: 3. Preceding OpId from leader: term: 4 index: 4. (index mismatch)
I20260713 09:00:18.480746  1430 consensus_queue.cc:1048] T 24d56007f44745a39c1dfab9be2c484f P 3d9b7b8044f44753a6a0fa9bc5796a5b [LEADER]: Connected to new peer: Peer: permanent_uuid: "dac1883416a5484994b7d714afbe4851" member_type: VOTER last_known_addr { host: "127.0.107.194" port: 41611 }, Status: LMP_MISMATCH, Last received: 0.0, Next index: 4, Last known committed idx: 3, Time since last communication: 0.000s
I20260713 09:00:18.489125  1069 raft_consensus.cc:1275] T 24d56007f44745a39c1dfab9be2c484f P 7a76b9e8aad44439825d2a8b946637b9 [term 4 FOLLOWER]: Refusing update from remote peer 3d9b7b8044f44753a6a0fa9bc5796a5b: Log matching property violated. Preceding OpId in replica: term: 3 index: 3. Preceding OpId from leader: term: 4 index: 4. (index mismatch)
I20260713 09:00:18.490767  1383 consensus_queue.cc:1048] T 24d56007f44745a39c1dfab9be2c484f P 3d9b7b8044f44753a6a0fa9bc5796a5b [LEADER]: Connected to new peer: Peer: permanent_uuid: "7a76b9e8aad44439825d2a8b946637b9" member_type: VOTER last_known_addr { host: "127.0.107.193" port: 42659 }, Status: LMP_MISMATCH, Last received: 0.0, Next index: 4, Last known committed idx: 3, Time since last communication: 0.000s
I20260713 09:00:18.824471   431 auto_leader_rebalancer.cc:141] leader rebalance for table test-workload
I20260713 09:00:18.830871   431 tablet_server.cc:179] TabletServer@127.0.107.193:0 shutting down...
I20260713 09:00:18.853094   431 ts_tablet_manager.cc:1507] Shutting down tablet manager...
I20260713 09:00:18.853754   431 tablet_replica.cc:333] T e4d5f2523a9847c5a99cc0236e168ea2 P 7a76b9e8aad44439825d2a8b946637b9: stopping tablet replica
I20260713 09:00:18.854337   431 raft_consensus.cc:2243] T e4d5f2523a9847c5a99cc0236e168ea2 P 7a76b9e8aad44439825d2a8b946637b9 [term 4 FOLLOWER]: Raft consensus shutting down.
I20260713 09:00:18.854715   431 raft_consensus.cc:2272] T e4d5f2523a9847c5a99cc0236e168ea2 P 7a76b9e8aad44439825d2a8b946637b9 [term 4 FOLLOWER]: Raft consensus is shut down!
I20260713 09:00:18.856814   431 tablet_replica.cc:333] T 74d41d0436ff4affb078c2eb51a6cfa4 P 7a76b9e8aad44439825d2a8b946637b9: stopping tablet replica
I20260713 09:00:18.857319   431 raft_consensus.cc:2243] T 74d41d0436ff4affb078c2eb51a6cfa4 P 7a76b9e8aad44439825d2a8b946637b9 [term 4 LEADER]: Raft consensus shutting down.
I20260713 09:00:18.858035   431 raft_consensus.cc:2272] T 74d41d0436ff4affb078c2eb51a6cfa4 P 7a76b9e8aad44439825d2a8b946637b9 [term 4 FOLLOWER]: Raft consensus is shut down!
I20260713 09:00:18.859603   431 tablet_replica.cc:333] T eb5d0997dba84add94c608799ffba6ff P 7a76b9e8aad44439825d2a8b946637b9: stopping tablet replica
I20260713 09:00:18.860031   431 raft_consensus.cc:2243] T eb5d0997dba84add94c608799ffba6ff P 7a76b9e8aad44439825d2a8b946637b9 [term 3 FOLLOWER]: Raft consensus shutting down.
I20260713 09:00:18.860350   431 raft_consensus.cc:2272] T eb5d0997dba84add94c608799ffba6ff P 7a76b9e8aad44439825d2a8b946637b9 [term 3 FOLLOWER]: Raft consensus is shut down!
I20260713 09:00:18.862377   431 tablet_replica.cc:333] T ef737db1d146451e9cc34ee474189f75 P 7a76b9e8aad44439825d2a8b946637b9: stopping tablet replica
I20260713 09:00:18.862969   431 raft_consensus.cc:2243] T ef737db1d146451e9cc34ee474189f75 P 7a76b9e8aad44439825d2a8b946637b9 [term 2 LEADER]: Raft consensus shutting down.
I20260713 09:00:18.863582   431 raft_consensus.cc:2272] T ef737db1d146451e9cc34ee474189f75 P 7a76b9e8aad44439825d2a8b946637b9 [term 2 FOLLOWER]: Raft consensus is shut down!
I20260713 09:00:18.864923   431 tablet_replica.cc:333] T 63f444eb4eb7442e9bee914e39e0f82b P 7a76b9e8aad44439825d2a8b946637b9: stopping tablet replica
I20260713 09:00:18.865341   431 raft_consensus.cc:2243] T 63f444eb4eb7442e9bee914e39e0f82b P 7a76b9e8aad44439825d2a8b946637b9 [term 1 FOLLOWER]: Raft consensus shutting down.
I20260713 09:00:18.865661   431 raft_consensus.cc:2272] T 63f444eb4eb7442e9bee914e39e0f82b P 7a76b9e8aad44439825d2a8b946637b9 [term 1 FOLLOWER]: Raft consensus is shut down!
I20260713 09:00:18.867987   431 tablet_replica.cc:333] T 29f03ffac6c847f4b9354277619efdae P 7a76b9e8aad44439825d2a8b946637b9: stopping tablet replica
I20260713 09:00:18.868669   431 raft_consensus.cc:2243] T 29f03ffac6c847f4b9354277619efdae P 7a76b9e8aad44439825d2a8b946637b9 [term 2 LEADER]: Raft consensus shutting down.
I20260713 09:00:18.869768   431 raft_consensus.cc:2272] T 29f03ffac6c847f4b9354277619efdae P 7a76b9e8aad44439825d2a8b946637b9 [term 2 FOLLOWER]: Raft consensus is shut down!
I20260713 09:00:18.872241   431 tablet_replica.cc:333] T b079185d45e343eeb381a40fd41b2949 P 7a76b9e8aad44439825d2a8b946637b9: stopping tablet replica
I20260713 09:00:18.872887   431 raft_consensus.cc:2243] T b079185d45e343eeb381a40fd41b2949 P 7a76b9e8aad44439825d2a8b946637b9 [term 5 FOLLOWER]: Raft consensus shutting down.
I20260713 09:00:18.873358   431 raft_consensus.cc:2272] T b079185d45e343eeb381a40fd41b2949 P 7a76b9e8aad44439825d2a8b946637b9 [term 5 FOLLOWER]: Raft consensus is shut down!
I20260713 09:00:18.875274   431 tablet_replica.cc:333] T c57f864197b44f53a9737b74bc741a05 P 7a76b9e8aad44439825d2a8b946637b9: stopping tablet replica
I20260713 09:00:18.875700   431 raft_consensus.cc:2243] T c57f864197b44f53a9737b74bc741a05 P 7a76b9e8aad44439825d2a8b946637b9 [term 1 FOLLOWER]: Raft consensus shutting down.
I20260713 09:00:18.876067   431 raft_consensus.cc:2272] T c57f864197b44f53a9737b74bc741a05 P 7a76b9e8aad44439825d2a8b946637b9 [term 1 FOLLOWER]: Raft consensus is shut down!
I20260713 09:00:18.877599   431 tablet_replica.cc:333] T 24d56007f44745a39c1dfab9be2c484f P 7a76b9e8aad44439825d2a8b946637b9: stopping tablet replica
I20260713 09:00:18.878052   431 raft_consensus.cc:2243] T 24d56007f44745a39c1dfab9be2c484f P 7a76b9e8aad44439825d2a8b946637b9 [term 4 FOLLOWER]: Raft consensus shutting down.
I20260713 09:00:18.878379   431 raft_consensus.cc:2272] T 24d56007f44745a39c1dfab9be2c484f P 7a76b9e8aad44439825d2a8b946637b9 [term 4 FOLLOWER]: Raft consensus is shut down!
I20260713 09:00:18.880087   431 tablet_replica.cc:333] T f66ecd8b823c41dcb8803a41be09a072 P 7a76b9e8aad44439825d2a8b946637b9: stopping tablet replica
I20260713 09:00:18.880590   431 raft_consensus.cc:2243] T f66ecd8b823c41dcb8803a41be09a072 P 7a76b9e8aad44439825d2a8b946637b9 [term 2 LEADER]: Raft consensus shutting down.
I20260713 09:00:18.881250   431 raft_consensus.cc:2272] T f66ecd8b823c41dcb8803a41be09a072 P 7a76b9e8aad44439825d2a8b946637b9 [term 2 FOLLOWER]: Raft consensus is shut down!
W20260713 09:00:18.899502  1183 proxy.cc:239] Call had error, refreshing address and retrying: Network error: Client connection negotiation failed: client connection to 127.0.107.193:42659: connect: Connection refused (error 111) [suppressed 5 similar messages]
I20260713 09:00:18.901319   431 tablet_server.cc:196] TabletServer@127.0.107.193:0 shutdown complete.
W20260713 09:00:18.902987  1183 consensus_peers.cc:597] T 63f444eb4eb7442e9bee914e39e0f82b P 3d9b7b8044f44753a6a0fa9bc5796a5b -> Peer 7a76b9e8aad44439825d2a8b946637b9 (127.0.107.193:42659): Couldn't send request to peer 7a76b9e8aad44439825d2a8b946637b9. Status: Network error: Client connection negotiation failed: client connection to 127.0.107.193:42659: connect: Connection refused (error 111). This is attempt 1: this message will repeat every 5th retry.
W20260713 09:00:18.917419  1109 consensus_peers.cc:597] T c57f864197b44f53a9737b74bc741a05 P dac1883416a5484994b7d714afbe4851 -> Peer 7a76b9e8aad44439825d2a8b946637b9 (127.0.107.193:42659): Couldn't send request to peer 7a76b9e8aad44439825d2a8b946637b9. Status: Network error: Client connection negotiation failed: client connection to 127.0.107.193:42659: connect: Connection refused (error 111). This is attempt 1: this message will repeat every 5th retry.
I20260713 09:00:18.923215   431 tablet_server.cc:179] TabletServer@127.0.107.194:0 shutting down...
W20260713 09:00:18.948693  1183 consensus_peers.cc:597] T b079185d45e343eeb381a40fd41b2949 P 3d9b7b8044f44753a6a0fa9bc5796a5b -> Peer dac1883416a5484994b7d714afbe4851 (127.0.107.194:41611): Couldn't send request to peer dac1883416a5484994b7d714afbe4851. Status: Remote error: Service unavailable: service kudu.consensus.ConsensusService not registered on TabletServer. This is attempt 1: this message will repeat every 5th retry.
I20260713 09:00:18.950383   431 ts_tablet_manager.cc:1507] Shutting down tablet manager...
I20260713 09:00:18.951162   431 tablet_replica.cc:333] T eb5d0997dba84add94c608799ffba6ff P dac1883416a5484994b7d714afbe4851: stopping tablet replica
W20260713 09:00:18.951084  1183 consensus_peers.cc:597] T b079185d45e343eeb381a40fd41b2949 P 3d9b7b8044f44753a6a0fa9bc5796a5b -> Peer 7a76b9e8aad44439825d2a8b946637b9 (127.0.107.193:42659): Couldn't send request to peer 7a76b9e8aad44439825d2a8b946637b9. Status: Network error: Client connection negotiation failed: client connection to 127.0.107.193:42659: connect: Connection refused (error 111). This is attempt 1: this message will repeat every 5th retry.
I20260713 09:00:18.951927   431 raft_consensus.cc:2243] T eb5d0997dba84add94c608799ffba6ff P dac1883416a5484994b7d714afbe4851 [term 3 LEADER]: Raft consensus shutting down.
I20260713 09:00:18.952620   431 raft_consensus.cc:2272] T eb5d0997dba84add94c608799ffba6ff P dac1883416a5484994b7d714afbe4851 [term 3 FOLLOWER]: Raft consensus is shut down!
I20260713 09:00:18.954874   431 tablet_replica.cc:333] T 74d41d0436ff4affb078c2eb51a6cfa4 P dac1883416a5484994b7d714afbe4851: stopping tablet replica
I20260713 09:00:18.955390   431 raft_consensus.cc:2243] T 74d41d0436ff4affb078c2eb51a6cfa4 P dac1883416a5484994b7d714afbe4851 [term 4 FOLLOWER]: Raft consensus shutting down.
I20260713 09:00:18.955802   431 raft_consensus.cc:2272] T 74d41d0436ff4affb078c2eb51a6cfa4 P dac1883416a5484994b7d714afbe4851 [term 4 FOLLOWER]: Raft consensus is shut down!
I20260713 09:00:18.957260   431 tablet_replica.cc:333] T c57f864197b44f53a9737b74bc741a05 P dac1883416a5484994b7d714afbe4851: stopping tablet replica
I20260713 09:00:18.957818   431 raft_consensus.cc:2243] T c57f864197b44f53a9737b74bc741a05 P dac1883416a5484994b7d714afbe4851 [term 1 LEADER]: Raft consensus shutting down.
I20260713 09:00:18.958537   431 raft_consensus.cc:2272] T c57f864197b44f53a9737b74bc741a05 P dac1883416a5484994b7d714afbe4851 [term 1 FOLLOWER]: Raft consensus is shut down!
I20260713 09:00:18.960098   431 tablet_replica.cc:333] T 24d56007f44745a39c1dfab9be2c484f P dac1883416a5484994b7d714afbe4851: stopping tablet replica
I20260713 09:00:18.960593   431 raft_consensus.cc:2243] T 24d56007f44745a39c1dfab9be2c484f P dac1883416a5484994b7d714afbe4851 [term 4 FOLLOWER]: Raft consensus shutting down.
I20260713 09:00:18.960974   431 raft_consensus.cc:2272] T 24d56007f44745a39c1dfab9be2c484f P dac1883416a5484994b7d714afbe4851 [term 4 FOLLOWER]: Raft consensus is shut down!
I20260713 09:00:18.963027   431 tablet_replica.cc:333] T e4d5f2523a9847c5a99cc0236e168ea2 P dac1883416a5484994b7d714afbe4851: stopping tablet replica
I20260713 09:00:18.963510   431 raft_consensus.cc:2243] T e4d5f2523a9847c5a99cc0236e168ea2 P dac1883416a5484994b7d714afbe4851 [term 4 LEADER]: Raft consensus shutting down.
I20260713 09:00:18.964154   431 raft_consensus.cc:2272] T e4d5f2523a9847c5a99cc0236e168ea2 P dac1883416a5484994b7d714afbe4851 [term 4 FOLLOWER]: Raft consensus is shut down!
I20260713 09:00:18.966133   431 tablet_replica.cc:333] T f66ecd8b823c41dcb8803a41be09a072 P dac1883416a5484994b7d714afbe4851: stopping tablet replica
I20260713 09:00:18.966634   431 raft_consensus.cc:2243] T f66ecd8b823c41dcb8803a41be09a072 P dac1883416a5484994b7d714afbe4851 [term 2 FOLLOWER]: Raft consensus shutting down.
I20260713 09:00:18.967041   431 raft_consensus.cc:2272] T f66ecd8b823c41dcb8803a41be09a072 P dac1883416a5484994b7d714afbe4851 [term 2 FOLLOWER]: Raft consensus is shut down!
I20260713 09:00:18.968667   431 tablet_replica.cc:333] T b079185d45e343eeb381a40fd41b2949 P dac1883416a5484994b7d714afbe4851: stopping tablet replica
I20260713 09:00:18.969127   431 raft_consensus.cc:2243] T b079185d45e343eeb381a40fd41b2949 P dac1883416a5484994b7d714afbe4851 [term 5 FOLLOWER]: Raft consensus shutting down.
I20260713 09:00:18.969518   431 raft_consensus.cc:2272] T b079185d45e343eeb381a40fd41b2949 P dac1883416a5484994b7d714afbe4851 [term 5 FOLLOWER]: Raft consensus is shut down!
I20260713 09:00:18.971422   431 tablet_replica.cc:333] T 63f444eb4eb7442e9bee914e39e0f82b P dac1883416a5484994b7d714afbe4851: stopping tablet replica
I20260713 09:00:18.971897   431 raft_consensus.cc:2243] T 63f444eb4eb7442e9bee914e39e0f82b P dac1883416a5484994b7d714afbe4851 [term 1 FOLLOWER]: Raft consensus shutting down.
I20260713 09:00:18.972275   431 raft_consensus.cc:2272] T 63f444eb4eb7442e9bee914e39e0f82b P dac1883416a5484994b7d714afbe4851 [term 1 FOLLOWER]: Raft consensus is shut down!
I20260713 09:00:18.973908   431 tablet_replica.cc:333] T 29f03ffac6c847f4b9354277619efdae P dac1883416a5484994b7d714afbe4851: stopping tablet replica
I20260713 09:00:18.974341   431 raft_consensus.cc:2243] T 29f03ffac6c847f4b9354277619efdae P dac1883416a5484994b7d714afbe4851 [term 2 FOLLOWER]: Raft consensus shutting down.
I20260713 09:00:18.974754   431 raft_consensus.cc:2272] T 29f03ffac6c847f4b9354277619efdae P dac1883416a5484994b7d714afbe4851 [term 2 FOLLOWER]: Raft consensus is shut down!
I20260713 09:00:18.976305   431 tablet_replica.cc:333] T ef737db1d146451e9cc34ee474189f75 P dac1883416a5484994b7d714afbe4851: stopping tablet replica
I20260713 09:00:18.976711   431 raft_consensus.cc:2243] T ef737db1d146451e9cc34ee474189f75 P dac1883416a5484994b7d714afbe4851 [term 2 FOLLOWER]: Raft consensus shutting down.
I20260713 09:00:18.977069   431 raft_consensus.cc:2272] T ef737db1d146451e9cc34ee474189f75 P dac1883416a5484994b7d714afbe4851 [term 2 FOLLOWER]: Raft consensus is shut down!
I20260713 09:00:19.004266   431 tablet_server.cc:196] TabletServer@127.0.107.194:0 shutdown complete.
I20260713 09:00:19.021602   431 tablet_server.cc:179] TabletServer@127.0.107.195:0 shutting down...
I20260713 09:00:19.043421   431 ts_tablet_manager.cc:1507] Shutting down tablet manager...
I20260713 09:00:19.044155   431 tablet_replica.cc:333] T 74d41d0436ff4affb078c2eb51a6cfa4 P 3d9b7b8044f44753a6a0fa9bc5796a5b: stopping tablet replica
I20260713 09:00:19.044726   431 raft_consensus.cc:2243] T 74d41d0436ff4affb078c2eb51a6cfa4 P 3d9b7b8044f44753a6a0fa9bc5796a5b [term 4 FOLLOWER]: Raft consensus shutting down.
I20260713 09:00:19.045164   431 raft_consensus.cc:2272] T 74d41d0436ff4affb078c2eb51a6cfa4 P 3d9b7b8044f44753a6a0fa9bc5796a5b [term 4 FOLLOWER]: Raft consensus is shut down!
I20260713 09:00:19.046923   431 tablet_replica.cc:333] T f66ecd8b823c41dcb8803a41be09a072 P 3d9b7b8044f44753a6a0fa9bc5796a5b: stopping tablet replica
I20260713 09:00:19.047430   431 raft_consensus.cc:2243] T f66ecd8b823c41dcb8803a41be09a072 P 3d9b7b8044f44753a6a0fa9bc5796a5b [term 2 FOLLOWER]: Raft consensus shutting down.
I20260713 09:00:19.047847   431 raft_consensus.cc:2272] T f66ecd8b823c41dcb8803a41be09a072 P 3d9b7b8044f44753a6a0fa9bc5796a5b [term 2 FOLLOWER]: Raft consensus is shut down!
I20260713 09:00:19.049479   431 tablet_replica.cc:333] T e4d5f2523a9847c5a99cc0236e168ea2 P 3d9b7b8044f44753a6a0fa9bc5796a5b: stopping tablet replica
I20260713 09:00:19.050025   431 raft_consensus.cc:2243] T e4d5f2523a9847c5a99cc0236e168ea2 P 3d9b7b8044f44753a6a0fa9bc5796a5b [term 4 FOLLOWER]: Raft consensus shutting down.
I20260713 09:00:19.050447   431 raft_consensus.cc:2272] T e4d5f2523a9847c5a99cc0236e168ea2 P 3d9b7b8044f44753a6a0fa9bc5796a5b [term 4 FOLLOWER]: Raft consensus is shut down!
I20260713 09:00:19.052536   431 tablet_replica.cc:333] T ef737db1d146451e9cc34ee474189f75 P 3d9b7b8044f44753a6a0fa9bc5796a5b: stopping tablet replica
I20260713 09:00:19.053076   431 raft_consensus.cc:2243] T ef737db1d146451e9cc34ee474189f75 P 3d9b7b8044f44753a6a0fa9bc5796a5b [term 2 FOLLOWER]: Raft consensus shutting down.
I20260713 09:00:19.053467   431 raft_consensus.cc:2272] T ef737db1d146451e9cc34ee474189f75 P 3d9b7b8044f44753a6a0fa9bc5796a5b [term 2 FOLLOWER]: Raft consensus is shut down!
I20260713 09:00:19.054984   431 tablet_replica.cc:333] T eb5d0997dba84add94c608799ffba6ff P 3d9b7b8044f44753a6a0fa9bc5796a5b: stopping tablet replica
I20260713 09:00:19.055449   431 raft_consensus.cc:2243] T eb5d0997dba84add94c608799ffba6ff P 3d9b7b8044f44753a6a0fa9bc5796a5b [term 3 FOLLOWER]: Raft consensus shutting down.
I20260713 09:00:19.055838   431 raft_consensus.cc:2272] T eb5d0997dba84add94c608799ffba6ff P 3d9b7b8044f44753a6a0fa9bc5796a5b [term 3 FOLLOWER]: Raft consensus is shut down!
I20260713 09:00:19.057799   431 tablet_replica.cc:333] T c57f864197b44f53a9737b74bc741a05 P 3d9b7b8044f44753a6a0fa9bc5796a5b: stopping tablet replica
I20260713 09:00:19.058266   431 raft_consensus.cc:2243] T c57f864197b44f53a9737b74bc741a05 P 3d9b7b8044f44753a6a0fa9bc5796a5b [term 1 FOLLOWER]: Raft consensus shutting down.
I20260713 09:00:19.058645   431 raft_consensus.cc:2272] T c57f864197b44f53a9737b74bc741a05 P 3d9b7b8044f44753a6a0fa9bc5796a5b [term 1 FOLLOWER]: Raft consensus is shut down!
I20260713 09:00:19.060237   431 tablet_replica.cc:333] T 24d56007f44745a39c1dfab9be2c484f P 3d9b7b8044f44753a6a0fa9bc5796a5b: stopping tablet replica
I20260713 09:00:19.060698   431 raft_consensus.cc:2243] T 24d56007f44745a39c1dfab9be2c484f P 3d9b7b8044f44753a6a0fa9bc5796a5b [term 4 LEADER]: Raft consensus shutting down.
I20260713 09:00:19.061419   431 raft_consensus.cc:2272] T 24d56007f44745a39c1dfab9be2c484f P 3d9b7b8044f44753a6a0fa9bc5796a5b [term 4 FOLLOWER]: Raft consensus is shut down!
I20260713 09:00:19.063534   431 tablet_replica.cc:333] T b079185d45e343eeb381a40fd41b2949 P 3d9b7b8044f44753a6a0fa9bc5796a5b: stopping tablet replica
I20260713 09:00:19.064020   431 raft_consensus.cc:2243] T b079185d45e343eeb381a40fd41b2949 P 3d9b7b8044f44753a6a0fa9bc5796a5b [term 5 LEADER]: Raft consensus shutting down.
I20260713 09:00:19.064736   431 raft_consensus.cc:2272] T b079185d45e343eeb381a40fd41b2949 P 3d9b7b8044f44753a6a0fa9bc5796a5b [term 5 FOLLOWER]: Raft consensus is shut down!
I20260713 09:00:19.066761   431 tablet_replica.cc:333] T 63f444eb4eb7442e9bee914e39e0f82b P 3d9b7b8044f44753a6a0fa9bc5796a5b: stopping tablet replica
I20260713 09:00:19.067231   431 raft_consensus.cc:2243] T 63f444eb4eb7442e9bee914e39e0f82b P 3d9b7b8044f44753a6a0fa9bc5796a5b [term 1 LEADER]: Raft consensus shutting down.
I20260713 09:00:19.067893   431 raft_consensus.cc:2272] T 63f444eb4eb7442e9bee914e39e0f82b P 3d9b7b8044f44753a6a0fa9bc5796a5b [term 1 FOLLOWER]: Raft consensus is shut down!
I20260713 09:00:19.069392   431 tablet_replica.cc:333] T 29f03ffac6c847f4b9354277619efdae P 3d9b7b8044f44753a6a0fa9bc5796a5b: stopping tablet replica
I20260713 09:00:19.069868   431 raft_consensus.cc:2243] T 29f03ffac6c847f4b9354277619efdae P 3d9b7b8044f44753a6a0fa9bc5796a5b [term 2 FOLLOWER]: Raft consensus shutting down.
I20260713 09:00:19.070257   431 raft_consensus.cc:2272] T 29f03ffac6c847f4b9354277619efdae P 3d9b7b8044f44753a6a0fa9bc5796a5b [term 2 FOLLOWER]: Raft consensus is shut down!
I20260713 09:00:19.097155   431 tablet_server.cc:196] TabletServer@127.0.107.195:0 shutdown complete.
I20260713 09:00:19.114534   431 master.cc:562] Master@127.0.107.254:39303 shutting down...
I20260713 09:00:19.133857   431 raft_consensus.cc:2243] T 00000000000000000000000000000000 P 995de611e48f46128573e2069a8b6c70 [term 1 LEADER]: Raft consensus shutting down.
I20260713 09:00:19.134395   431 raft_consensus.cc:2272] T 00000000000000000000000000000000 P 995de611e48f46128573e2069a8b6c70 [term 1 FOLLOWER]: Raft consensus is shut down!
I20260713 09:00:19.134722   431 tablet_replica.cc:333] T 00000000000000000000000000000000 P 995de611e48f46128573e2069a8b6c70: stopping tablet replica
I20260713 09:00:19.153910   431 master.cc:584] Master@127.0.107.254:39303 shutdown complete.
3d9b7b8044f44753a6a0fa9bc5796a5b  1
7a76b9e8aad44439825d2a8b946637b9  5
dac1883416a5484994b7d714afbe4851  4
[       OK ] LeaderRebalancerTest.FunctionalTestForNotDivided (10938 ms)
[ RUN      ] LeaderRebalancerTest.AddTserver
I20260713 09:00:19.192250   431 internal_mini_cluster.cc:156] Creating distributed mini masters. Addrs: 127.0.107.254:39427
I20260713 09:00:19.193337   431 file_cache.cc:504] Constructed file cache file cache with capacity 419430
W20260713 09:00:19.198844  1441 instance_detector.cc:116] could not retrieve AWS instance metadata: Network error: curl error: HTTP response code said error: The requested URL returned error: 404
W20260713 09:00:19.198933  1442 instance_detector.cc:116] could not retrieve Azure instance metadata: Network error: curl error: HTTP response code said error: The requested URL returned error: 404
W20260713 09:00:19.200047  1444 instance_detector.cc:116] could not retrieve OpenStack instance metadata: Network error: curl error: HTTP response code said error: The requested URL returned error: 404
I20260713 09:00:19.200841   431 server_base.cc:1061] running on GCE node
I20260713 09:00:19.201606   431 hybrid_clock.cc:584] initializing the hybrid clock with 'system_unsync' time source
W20260713 09:00:19.201853   431 system_unsync_time.cc:38] NTP support is disabled. Clock error bounds will not be accurate. This configuration is not suitable for distributed clusters.
I20260713 09:00:19.202026   431 hybrid_clock.cc:648] HybridClock initialized: now 1783933219201991 us; error 0 us; skew 500 ppm
