I20260713 09:08:10.955261 17465 raft_consensus.cc:3060] T 781d4a57fc524574becf280978fbd219 P e62cd603d87f4576bc8f6d1fa1376233 [term 0 FOLLOWER]: Advancing to term 1
I20260713 09:08:10.955771 17673 consensus_queue.cc:1048] T 10428cbfb57047528a00f7a65a4cad05 P 745e5f97619043b0baf560b3471959b8 [LEADER]: Connected to new peer: Peer: permanent_uuid: "e62cd603d87f4576bc8f6d1fa1376233" member_type: VOTER last_known_addr { host: "127.15.231.66" port: 40853 }, Status: LMP_MISMATCH, Last received: 0.0, Next index: 1, Last known committed idx: 0, Time since last communication: 0.000s
I20260713 09:08:10.957088 17605 leader_election.cc:290] T a1a9133dab7e414ea4a606c487e19253 P f0c34f1a495046a899ace700d3b9a531 [CANDIDATE]: Term 1 pre-election: Requested pre-vote from peers 745e5f97619043b0baf560b3471959b8 (127.15.231.65:35273), e62cd603d87f4576bc8f6d1fa1376233 (127.15.231.66:40853)
I20260713 09:08:10.960340 17615 leader_election.cc:290] T 2421dc2cfcce45d29526fcc08a8a56da P f0c34f1a495046a899ace700d3b9a531 [CANDIDATE]: Term 1 pre-election: Requested pre-vote from peers 745e5f97619043b0baf560b3471959b8 (127.15.231.65:35273), e62cd603d87f4576bc8f6d1fa1376233 (127.15.231.66:40853)
I20260713 09:08:10.947827 17536 raft_consensus.cc:2468] T e67a07ac35db45a69451b631c4181d6f P f0c34f1a495046a899ace700d3b9a531 [term 0 FOLLOWER]: Leader pre-election vote request: Granting yes vote for candidate 745e5f97619043b0baf560b3471959b8 in term 0.
I20260713 09:08:10.965546 17288 catalog_manager.cc:5697] T 91cd7b3462dd4112a69f234abb05b50e P f0c34f1a495046a899ace700d3b9a531 reported cstate change: term changed from 0 to 1, leader changed from <none> to f0c34f1a495046a899ace700d3b9a531 (127.15.231.67). New cstate: current_term: 1 leader_uuid: "f0c34f1a495046a899ace700d3b9a531" committed_config { opid_index: -1 OBSOLETE_local: false peers { permanent_uuid: "745e5f97619043b0baf560b3471959b8" member_type: VOTER last_known_addr { host: "127.15.231.65" port: 35273 } health_report { overall_health: UNKNOWN } } peers { permanent_uuid: "e62cd603d87f4576bc8f6d1fa1376233" member_type: VOTER last_known_addr { host: "127.15.231.66" port: 40853 } health_report { overall_health: UNKNOWN } } peers { permanent_uuid: "f0c34f1a495046a899ace700d3b9a531" member_type: VOTER last_known_addr { host: "127.15.231.67" port: 39741 } health_report { overall_health: HEALTHY } } }
I20260713 09:08:10.970019 17357 leader_election.cc:304] T e67a07ac35db45a69451b631c4181d6f P 745e5f97619043b0baf560b3471959b8 [CANDIDATE]: Term 1 pre-election: Election decided. Result: candidate won. Election summary: received 2 responses out of 3 voters: 2 yes votes; 0 no votes. yes voters: 745e5f97619043b0baf560b3471959b8, f0c34f1a495046a899ace700d3b9a531; no voters: 
I20260713 09:08:10.971946 17673 raft_consensus.cc:2804] T e67a07ac35db45a69451b631c4181d6f P 745e5f97619043b0baf560b3471959b8 [term 0 FOLLOWER]: Leader pre-election won for term 1
I20260713 09:08:10.972311 17673 raft_consensus.cc:493] T e67a07ac35db45a69451b631c4181d6f P 745e5f97619043b0baf560b3471959b8 [term 0 FOLLOWER]: Starting leader election (no leader contacted us within the election timeout)
I20260713 09:08:10.972620 17673 raft_consensus.cc:3060] T e67a07ac35db45a69451b631c4181d6f P 745e5f97619043b0baf560b3471959b8 [term 0 FOLLOWER]: Advancing to term 1
I20260713 09:08:10.980043 17460 tablet_service.cc:1917] Received RequestConsensusVote() RPC: tablet_id: "a1a9133dab7e414ea4a606c487e19253" candidate_uuid: "f0c34f1a495046a899ace700d3b9a531" candidate_term: 1 candidate_status { last_received { term: 0 index: 0 } } ignore_live_leader: false dest_uuid: "e62cd603d87f4576bc8f6d1fa1376233" is_pre_election: true
I20260713 09:08:10.962078 17463 raft_consensus.cc:2468] T e67a07ac35db45a69451b631c4181d6f P e62cd603d87f4576bc8f6d1fa1376233 [term 0 FOLLOWER]: Leader pre-election vote request: Granting yes vote for candidate 745e5f97619043b0baf560b3471959b8 in term 0.
W20260713 09:08:11.004125 17505 leader_election.cc:343] T a1a9133dab7e414ea4a606c487e19253 P f0c34f1a495046a899ace700d3b9a531 [CANDIDATE]: Term 1 pre-election: Tablet error from VoteRequest() call to peer e62cd603d87f4576bc8f6d1fa1376233 (127.15.231.66:40853): Illegal state: must be running to vote when last-logged opid is not known
I20260713 09:08:11.004208 17388 tablet_service.cc:1917] Received RequestConsensusVote() RPC: tablet_id: "a1a9133dab7e414ea4a606c487e19253" candidate_uuid: "f0c34f1a495046a899ace700d3b9a531" candidate_term: 1 candidate_status { last_received { term: 0 index: 0 } } ignore_live_leader: false dest_uuid: "745e5f97619043b0baf560b3471959b8" is_pre_election: true
I20260713 09:08:11.012593 17460 tablet_service.cc:1917] Received RequestConsensusVote() RPC: tablet_id: "2421dc2cfcce45d29526fcc08a8a56da" candidate_uuid: "f0c34f1a495046a899ace700d3b9a531" candidate_term: 1 candidate_status { last_received { term: 0 index: 0 } } ignore_live_leader: false dest_uuid: "e62cd603d87f4576bc8f6d1fa1376233" is_pre_election: true
I20260713 09:08:11.016546 17387 tablet_service.cc:1917] Received RequestConsensusVote() RPC: tablet_id: "2421dc2cfcce45d29526fcc08a8a56da" candidate_uuid: "f0c34f1a495046a899ace700d3b9a531" candidate_term: 1 candidate_status { last_received { term: 0 index: 0 } } ignore_live_leader: false dest_uuid: "745e5f97619043b0baf560b3471959b8" is_pre_election: true
I20260713 09:08:11.017326 17387 raft_consensus.cc:2468] T 2421dc2cfcce45d29526fcc08a8a56da P 745e5f97619043b0baf560b3471959b8 [term 0 FOLLOWER]: Leader pre-election vote request: Granting yes vote for candidate f0c34f1a495046a899ace700d3b9a531 in term 0.
W20260713 09:08:11.018246 17506 leader_election.cc:343] T a1a9133dab7e414ea4a606c487e19253 P f0c34f1a495046a899ace700d3b9a531 [CANDIDATE]: Term 1 pre-election: Tablet error from VoteRequest() call to peer 745e5f97619043b0baf560b3471959b8 (127.15.231.65:35273): Illegal state: must be running to vote when last-logged opid is not known
I20260713 09:08:11.018654 17506 leader_election.cc:304] T a1a9133dab7e414ea4a606c487e19253 P f0c34f1a495046a899ace700d3b9a531 [CANDIDATE]: Term 1 pre-election: Election decided. Result: candidate lost. Election summary: received 3 responses out of 3 voters: 1 yes votes; 2 no votes. yes voters: f0c34f1a495046a899ace700d3b9a531; no voters: 745e5f97619043b0baf560b3471959b8, e62cd603d87f4576bc8f6d1fa1376233
I20260713 09:08:11.019385 17615 raft_consensus.cc:2749] T a1a9133dab7e414ea4a606c487e19253 P f0c34f1a495046a899ace700d3b9a531 [term 0 FOLLOWER]: Leader pre-election lost for term 1. Reason: could not achieve majority
I20260713 09:08:11.020066 17506 leader_election.cc:304] T 2421dc2cfcce45d29526fcc08a8a56da P f0c34f1a495046a899ace700d3b9a531 [CANDIDATE]: Term 1 pre-election: Election decided. Result: candidate won. Election summary: received 2 responses out of 3 voters: 2 yes votes; 0 no votes. yes voters: 745e5f97619043b0baf560b3471959b8, f0c34f1a495046a899ace700d3b9a531; no voters: 
I20260713 09:08:11.020897 17714 raft_consensus.cc:2804] T 2421dc2cfcce45d29526fcc08a8a56da P f0c34f1a495046a899ace700d3b9a531 [term 0 FOLLOWER]: Leader pre-election won for term 1
I20260713 09:08:11.023069 17714 raft_consensus.cc:493] T 2421dc2cfcce45d29526fcc08a8a56da P f0c34f1a495046a899ace700d3b9a531 [term 0 FOLLOWER]: Starting leader election (no leader contacted us within the election timeout)
I20260713 09:08:11.023422 17714 raft_consensus.cc:3060] T 2421dc2cfcce45d29526fcc08a8a56da P f0c34f1a495046a899ace700d3b9a531 [term 0 FOLLOWER]: Advancing to term 1
I20260713 09:08:11.025519 17582 tablet_bootstrap.cc:492] T db0375fa3be2490c8d2736d33a4ba7d2 P e62cd603d87f4576bc8f6d1fa1376233: No bootstrap required, opened a new log
I20260713 09:08:11.025977 17582 ts_tablet_manager.cc:1403] T db0375fa3be2490c8d2736d33a4ba7d2 P e62cd603d87f4576bc8f6d1fa1376233: Time spent bootstrapping tablet: real 0.220s	user 0.017s	sys 0.015s
I20260713 09:08:11.009893 17461 raft_consensus.cc:2468] T 001a2a0441cc4e4b9120da8f2948385d P e62cd603d87f4576bc8f6d1fa1376233 [term 1 FOLLOWER]: Leader election vote request: Granting yes vote for candidate 745e5f97619043b0baf560b3471959b8 in term 1.
I20260713 09:08:11.039413 17672 consensus_queue.cc:1048] T 781d4a57fc524574becf280978fbd219 P 745e5f97619043b0baf560b3471959b8 [LEADER]: Connected to new peer: Peer: permanent_uuid: "f0c34f1a495046a899ace700d3b9a531" member_type: VOTER last_known_addr { host: "127.15.231.67" port: 39741 }, Status: LMP_MISMATCH, Last received: 0.0, Next index: 1, Last known committed idx: 0, Time since last communication: 0.001s
I20260713 09:08:11.040683 17289 catalog_manager.cc:5697] T 3a2d53a5786f44ab9c70c92ae921be41 P f0c34f1a495046a899ace700d3b9a531 reported cstate change: term changed from 0 to 1, leader changed from <none> to f0c34f1a495046a899ace700d3b9a531 (127.15.231.67). New cstate: current_term: 1 leader_uuid: "f0c34f1a495046a899ace700d3b9a531" committed_config { opid_index: -1 OBSOLETE_local: false peers { permanent_uuid: "745e5f97619043b0baf560b3471959b8" member_type: VOTER last_known_addr { host: "127.15.231.65" port: 35273 } health_report { overall_health: UNKNOWN } } peers { permanent_uuid: "e62cd603d87f4576bc8f6d1fa1376233" member_type: VOTER last_known_addr { host: "127.15.231.66" port: 40853 } health_report { overall_health: UNKNOWN } } peers { permanent_uuid: "f0c34f1a495046a899ace700d3b9a531" member_type: VOTER last_known_addr { host: "127.15.231.67" port: 39741 } health_report { overall_health: HEALTHY } } }
I20260713 09:08:11.030124 17615 raft_consensus.cc:493] T db0375fa3be2490c8d2736d33a4ba7d2 P f0c34f1a495046a899ace700d3b9a531 [term 0 FOLLOWER]: Starting pre-election (no leader contacted us within the election timeout)
I20260713 09:08:11.049352 17582 raft_consensus.cc:359] T db0375fa3be2490c8d2736d33a4ba7d2 P e62cd603d87f4576bc8f6d1fa1376233 [term 0 FOLLOWER]: Replica starting. Triggering 0 pending ops. Active config: opid_index: -1 OBSOLETE_local: false peers { permanent_uuid: "745e5f97619043b0baf560b3471959b8" member_type: VOTER last_known_addr { host: "127.15.231.65" port: 35273 } } peers { permanent_uuid: "e62cd603d87f4576bc8f6d1fa1376233" member_type: VOTER last_known_addr { host: "127.15.231.66" port: 40853 } } peers { permanent_uuid: "f0c34f1a495046a899ace700d3b9a531" member_type: VOTER last_known_addr { host: "127.15.231.67" port: 39741 } }
I20260713 09:08:11.050042 17582 raft_consensus.cc:385] T db0375fa3be2490c8d2736d33a4ba7d2 P e62cd603d87f4576bc8f6d1fa1376233 [term 0 FOLLOWER]: Consensus starting up: Expiring failure detector timer to make a prompt election more likely
I20260713 09:08:11.050426 17582 raft_consensus.cc:740] T db0375fa3be2490c8d2736d33a4ba7d2 P e62cd603d87f4576bc8f6d1fa1376233 [term 0 FOLLOWER]: Becoming Follower/Learner. State: Replica: e62cd603d87f4576bc8f6d1fa1376233, State: Initialized, Role: FOLLOWER
I20260713 09:08:11.051005 17582 consensus_queue.cc:260] T db0375fa3be2490c8d2736d33a4ba7d2 P e62cd603d87f4576bc8f6d1fa1376233 [NON_LEADER]: Queue going to NON_LEADER mode. State: All replicated index: 0, Majority replicated index: 0, Committed index: 0, Last appended: 0.0, Last appended by leader: 0, Current term: 0, Majority size: -1, State: 0, Mode: NON_LEADER, active raft config: opid_index: -1 OBSOLETE_local: false peers { permanent_uuid: "745e5f97619043b0baf560b3471959b8" member_type: VOTER last_known_addr { host: "127.15.231.65" port: 35273 } } peers { permanent_uuid: "e62cd603d87f4576bc8f6d1fa1376233" member_type: VOTER last_known_addr { host: "127.15.231.66" port: 40853 } } peers { permanent_uuid: "f0c34f1a495046a899ace700d3b9a531" member_type: VOTER last_known_addr { host: "127.15.231.67" port: 39741 } }
I20260713 09:08:11.053241 17582 ts_tablet_manager.cc:1434] T db0375fa3be2490c8d2736d33a4ba7d2 P e62cd603d87f4576bc8f6d1fa1376233: Time spent starting tablet: real 0.027s	user 0.006s	sys 0.000s
I20260713 09:08:11.054112 17582 tablet_bootstrap.cc:492] T 2421dc2cfcce45d29526fcc08a8a56da P e62cd603d87f4576bc8f6d1fa1376233: Bootstrap starting.
I20260713 09:08:11.049969 17615 raft_consensus.cc:515] T db0375fa3be2490c8d2736d33a4ba7d2 P f0c34f1a495046a899ace700d3b9a531 [term 0 FOLLOWER]: Starting pre-election with config: opid_index: -1 OBSOLETE_local: false peers { permanent_uuid: "745e5f97619043b0baf560b3471959b8" member_type: VOTER last_known_addr { host: "127.15.231.65" port: 35273 } } peers { permanent_uuid: "e62cd603d87f4576bc8f6d1fa1376233" member_type: VOTER last_known_addr { host: "127.15.231.66" port: 40853 } } peers { permanent_uuid: "f0c34f1a495046a899ace700d3b9a531" member_type: VOTER last_known_addr { host: "127.15.231.67" port: 39741 } }
I20260713 09:08:11.071869 17721 consensus_queue.cc:1048] T 781d4a57fc524574becf280978fbd219 P 745e5f97619043b0baf560b3471959b8 [LEADER]: Connected to new peer: Peer: permanent_uuid: "e62cd603d87f4576bc8f6d1fa1376233" member_type: VOTER last_known_addr { host: "127.15.231.66" port: 40853 }, Status: LMP_MISMATCH, Last received: 0.0, Next index: 1, Last known committed idx: 0, Time since last communication: 0.001s
W20260713 09:08:11.069031 17505 leader_election.cc:343] T 2421dc2cfcce45d29526fcc08a8a56da P f0c34f1a495046a899ace700d3b9a531 [CANDIDATE]: Term 1 pre-election: Tablet error from VoteRequest() call to peer e62cd603d87f4576bc8f6d1fa1376233 (127.15.231.66:40853): Illegal state: must be running to vote when last-logged opid is not known
I20260713 09:08:11.075158 17615 leader_election.cc:290] T db0375fa3be2490c8d2736d33a4ba7d2 P f0c34f1a495046a899ace700d3b9a531 [CANDIDATE]: Term 1 pre-election: Requested pre-vote from peers 745e5f97619043b0baf560b3471959b8 (127.15.231.65:35273), e62cd603d87f4576bc8f6d1fa1376233 (127.15.231.66:40853)
I20260713 09:08:11.076495 17389 tablet_service.cc:1917] Received RequestConsensusVote() RPC: tablet_id: "db0375fa3be2490c8d2736d33a4ba7d2" candidate_uuid: "f0c34f1a495046a899ace700d3b9a531" candidate_term: 1 candidate_status { last_received { term: 0 index: 0 } } ignore_live_leader: false dest_uuid: "745e5f97619043b0baf560b3471959b8" is_pre_election: true
W20260713 09:08:11.077940 17506 leader_election.cc:343] T db0375fa3be2490c8d2736d33a4ba7d2 P f0c34f1a495046a899ace700d3b9a531 [CANDIDATE]: Term 1 pre-election: Tablet error from VoteRequest() call to peer 745e5f97619043b0baf560b3471959b8 (127.15.231.65:35273): Illegal state: must be running to vote when last-logged opid is not known
I20260713 09:08:11.078148 17538 raft_consensus.cc:2468] T 001a2a0441cc4e4b9120da8f2948385d P f0c34f1a495046a899ace700d3b9a531 [term 1 FOLLOWER]: Leader election vote request: Granting yes vote for candidate 745e5f97619043b0baf560b3471959b8 in term 1.
I20260713 09:08:11.079331 17713 raft_consensus.cc:493] T 781d4a57fc524574becf280978fbd219 P e62cd603d87f4576bc8f6d1fa1376233 [term 1 FOLLOWER]: Starting pre-election (no leader contacted us within the election timeout)
I20260713 09:08:11.079878 17713 raft_consensus.cc:515] T 781d4a57fc524574becf280978fbd219 P e62cd603d87f4576bc8f6d1fa1376233 [term 1 FOLLOWER]: Starting pre-election with config: opid_index: -1 OBSOLETE_local: false peers { permanent_uuid: "745e5f97619043b0baf560b3471959b8" member_type: VOTER last_known_addr { host: "127.15.231.65" port: 35273 } } peers { permanent_uuid: "e62cd603d87f4576bc8f6d1fa1376233" member_type: VOTER last_known_addr { host: "127.15.231.66" port: 40853 } } peers { permanent_uuid: "f0c34f1a495046a899ace700d3b9a531" member_type: VOTER last_known_addr { host: "127.15.231.67" port: 39741 } }
I20260713 09:08:11.082517 17713 leader_election.cc:290] T 781d4a57fc524574becf280978fbd219 P e62cd603d87f4576bc8f6d1fa1376233 [CANDIDATE]: Term 2 pre-election: Requested pre-vote from peers 745e5f97619043b0baf560b3471959b8 (127.15.231.65:35273), f0c34f1a495046a899ace700d3b9a531 (127.15.231.67:39741)
I20260713 09:08:11.086401 17357 leader_election.cc:304] T 001a2a0441cc4e4b9120da8f2948385d P 745e5f97619043b0baf560b3471959b8 [CANDIDATE]: Term 1 election: Election decided. Result: candidate won. Election summary: received 2 responses out of 3 voters: 2 yes votes; 0 no votes. yes voters: 745e5f97619043b0baf560b3471959b8, f0c34f1a495046a899ace700d3b9a531; no voters: 
I20260713 09:08:11.087958 17672 raft_consensus.cc:2804] T 001a2a0441cc4e4b9120da8f2948385d P 745e5f97619043b0baf560b3471959b8 [term 1 FOLLOWER]: Leader election won for term 1
I20260713 09:08:11.093479 17672 raft_consensus.cc:697] T 001a2a0441cc4e4b9120da8f2948385d P 745e5f97619043b0baf560b3471959b8 [term 1 LEADER]: Becoming Leader. State: Replica: 745e5f97619043b0baf560b3471959b8, State: Running, Role: LEADER
I20260713 09:08:11.094542 17672 consensus_queue.cc:237] T 001a2a0441cc4e4b9120da8f2948385d P 745e5f97619043b0baf560b3471959b8 [LEADER]: Queue going to LEADER mode. State: All replicated index: 0, Majority replicated index: 0, Committed index: 0, Last appended: 0.0, Last appended by leader: 0, Current term: 1, Majority size: 2, State: 0, Mode: LEADER, active raft config: opid_index: -1 OBSOLETE_local: false peers { permanent_uuid: "745e5f97619043b0baf560b3471959b8" member_type: VOTER last_known_addr { host: "127.15.231.65" port: 35273 } } peers { permanent_uuid: "e62cd603d87f4576bc8f6d1fa1376233" member_type: VOTER last_known_addr { host: "127.15.231.66" port: 40853 } } peers { permanent_uuid: "f0c34f1a495046a899ace700d3b9a531" member_type: VOTER last_known_addr { host: "127.15.231.67" port: 39741 } }
I20260713 09:08:11.103605 17673 raft_consensus.cc:515] T e67a07ac35db45a69451b631c4181d6f P 745e5f97619043b0baf560b3471959b8 [term 1 FOLLOWER]: Starting leader election with config: opid_index: -1 OBSOLETE_local: false peers { permanent_uuid: "745e5f97619043b0baf560b3471959b8" member_type: VOTER last_known_addr { host: "127.15.231.65" port: 35273 } } peers { permanent_uuid: "e62cd603d87f4576bc8f6d1fa1376233" member_type: VOTER last_known_addr { host: "127.15.231.66" port: 40853 } } peers { permanent_uuid: "f0c34f1a495046a899ace700d3b9a531" member_type: VOTER last_known_addr { host: "127.15.231.67" port: 39741 } }
I20260713 09:08:11.099783 17714 raft_consensus.cc:515] T 2421dc2cfcce45d29526fcc08a8a56da P f0c34f1a495046a899ace700d3b9a531 [term 1 FOLLOWER]: Starting leader election with config: opid_index: -1 OBSOLETE_local: false peers { permanent_uuid: "745e5f97619043b0baf560b3471959b8" member_type: VOTER last_known_addr { host: "127.15.231.65" port: 35273 } } peers { permanent_uuid: "e62cd603d87f4576bc8f6d1fa1376233" member_type: VOTER last_known_addr { host: "127.15.231.66" port: 40853 } } peers { permanent_uuid: "f0c34f1a495046a899ace700d3b9a531" member_type: VOTER last_known_addr { host: "127.15.231.67" port: 39741 } }
I20260713 09:08:11.108065 17538 tablet_service.cc:1917] Received RequestConsensusVote() RPC: tablet_id: "e67a07ac35db45a69451b631c4181d6f" candidate_uuid: "745e5f97619043b0baf560b3471959b8" candidate_term: 1 candidate_status { last_received { term: 0 index: 0 } } ignore_live_leader: false dest_uuid: "f0c34f1a495046a899ace700d3b9a531"
I20260713 09:08:11.113258 17538 raft_consensus.cc:3060] T e67a07ac35db45a69451b631c4181d6f P f0c34f1a495046a899ace700d3b9a531 [term 0 FOLLOWER]: Advancing to term 1
I20260713 09:08:11.115819 17459 tablet_service.cc:1917] Received RequestConsensusVote() RPC: tablet_id: "db0375fa3be2490c8d2736d33a4ba7d2" candidate_uuid: "f0c34f1a495046a899ace700d3b9a531" candidate_term: 1 candidate_status { last_received { term: 0 index: 0 } } ignore_live_leader: false dest_uuid: "e62cd603d87f4576bc8f6d1fa1376233" is_pre_election: true
I20260713 09:08:11.116462 17459 raft_consensus.cc:2468] T db0375fa3be2490c8d2736d33a4ba7d2 P e62cd603d87f4576bc8f6d1fa1376233 [term 0 FOLLOWER]: Leader pre-election vote request: Granting yes vote for candidate f0c34f1a495046a899ace700d3b9a531 in term 0.
I20260713 09:08:11.121917 17390 tablet_service.cc:1917] Received RequestConsensusVote() RPC: tablet_id: "781d4a57fc524574becf280978fbd219" candidate_uuid: "e62cd603d87f4576bc8f6d1fa1376233" candidate_term: 2 candidate_status { last_received { term: 0 index: 0 } } ignore_live_leader: false dest_uuid: "745e5f97619043b0baf560b3471959b8" is_pre_election: true
I20260713 09:08:11.122041 17540 tablet_service.cc:1917] Received RequestConsensusVote() RPC: tablet_id: "781d4a57fc524574becf280978fbd219" candidate_uuid: "e62cd603d87f4576bc8f6d1fa1376233" candidate_term: 2 candidate_status { last_received { term: 0 index: 0 } } ignore_live_leader: false dest_uuid: "f0c34f1a495046a899ace700d3b9a531" is_pre_election: true
I20260713 09:08:11.124076 17582 tablet_bootstrap.cc:654] T 2421dc2cfcce45d29526fcc08a8a56da P e62cd603d87f4576bc8f6d1fa1376233: Neither blocks nor log segments found. Creating new log.
I20260713 09:08:11.109686 17673 leader_election.cc:290] T e67a07ac35db45a69451b631c4181d6f P 745e5f97619043b0baf560b3471959b8 [CANDIDATE]: Term 1 election: Requested vote from peers e62cd603d87f4576bc8f6d1fa1376233 (127.15.231.66:40853), f0c34f1a495046a899ace700d3b9a531 (127.15.231.67:39741)
W20260713 09:08:11.127982 17337 auto_rebalancer.cc:288] Could not retrieve cluster info: Service unavailable: Tablet not running
I20260713 09:08:11.130060 17713 consensus_queue.cc:1048] T 9726cf6532a542da91d77e18269aa0c6 P e62cd603d87f4576bc8f6d1fa1376233 [LEADER]: Connected to new peer: Peer: permanent_uuid: "f0c34f1a495046a899ace700d3b9a531" member_type: VOTER last_known_addr { host: "127.15.231.67" port: 39741 }, Status: LMP_MISMATCH, Last received: 0.0, Next index: 1, Last known committed idx: 0, Time since last communication: 0.001s
I20260713 09:08:11.131548 17390 tablet_service.cc:1917] Received RequestConsensusVote() RPC: tablet_id: "2421dc2cfcce45d29526fcc08a8a56da" candidate_uuid: "f0c34f1a495046a899ace700d3b9a531" candidate_term: 1 candidate_status { last_received { term: 0 index: 0 } } ignore_live_leader: false dest_uuid: "745e5f97619043b0baf560b3471959b8"
I20260713 09:08:11.131760 17581 tablet_bootstrap.cc:492] T a1a9133dab7e414ea4a606c487e19253 P 745e5f97619043b0baf560b3471959b8: No bootstrap required, opened a new log
I20260713 09:08:11.132145 17390 raft_consensus.cc:3060] T 2421dc2cfcce45d29526fcc08a8a56da P 745e5f97619043b0baf560b3471959b8 [term 0 FOLLOWER]: Advancing to term 1
I20260713 09:08:11.132395 17581 ts_tablet_manager.cc:1403] T a1a9133dab7e414ea4a606c487e19253 P 745e5f97619043b0baf560b3471959b8: Time spent bootstrapping tablet: real 0.293s	user 0.028s	sys 0.008s
I20260713 09:08:11.136408 17581 raft_consensus.cc:359] T a1a9133dab7e414ea4a606c487e19253 P 745e5f97619043b0baf560b3471959b8 [term 0 FOLLOWER]: Replica starting. Triggering 0 pending ops. Active config: opid_index: -1 OBSOLETE_local: false peers { permanent_uuid: "745e5f97619043b0baf560b3471959b8" member_type: VOTER last_known_addr { host: "127.15.231.65" port: 35273 } } peers { permanent_uuid: "e62cd603d87f4576bc8f6d1fa1376233" member_type: VOTER last_known_addr { host: "127.15.231.66" port: 40853 } } peers { permanent_uuid: "f0c34f1a495046a899ace700d3b9a531" member_type: VOTER last_known_addr { host: "127.15.231.67" port: 39741 } }
I20260713 09:08:11.137066 17581 raft_consensus.cc:385] T a1a9133dab7e414ea4a606c487e19253 P 745e5f97619043b0baf560b3471959b8 [term 0 FOLLOWER]: Consensus starting up: Expiring failure detector timer to make a prompt election more likely
I20260713 09:08:11.137363 17581 raft_consensus.cc:740] T a1a9133dab7e414ea4a606c487e19253 P 745e5f97619043b0baf560b3471959b8 [term 0 FOLLOWER]: Becoming Follower/Learner. State: Replica: 745e5f97619043b0baf560b3471959b8, State: Initialized, Role: FOLLOWER
I20260713 09:08:11.137965 17581 consensus_queue.cc:260] T a1a9133dab7e414ea4a606c487e19253 P 745e5f97619043b0baf560b3471959b8 [NON_LEADER]: Queue going to NON_LEADER mode. State: All replicated index: 0, Majority replicated index: 0, Committed index: 0, Last appended: 0.0, Last appended by leader: 0, Current term: 0, Majority size: -1, State: 0, Mode: NON_LEADER, active raft config: opid_index: -1 OBSOLETE_local: false peers { permanent_uuid: "745e5f97619043b0baf560b3471959b8" member_type: VOTER last_known_addr { host: "127.15.231.65" port: 35273 } } peers { permanent_uuid: "e62cd603d87f4576bc8f6d1fa1376233" member_type: VOTER last_known_addr { host: "127.15.231.66" port: 40853 } } peers { permanent_uuid: "f0c34f1a495046a899ace700d3b9a531" member_type: VOTER last_known_addr { host: "127.15.231.67" port: 39741 } }
I20260713 09:08:11.140071 17581 ts_tablet_manager.cc:1434] T a1a9133dab7e414ea4a606c487e19253 P 745e5f97619043b0baf560b3471959b8: Time spent starting tablet: real 0.007s	user 0.005s	sys 0.000s
I20260713 09:08:11.140869 17581 tablet_bootstrap.cc:492] T 07ece24b11484015afae1b68b7864783 P 745e5f97619043b0baf560b3471959b8: Bootstrap starting.
I20260713 09:08:11.146396 17714 leader_election.cc:290] T 2421dc2cfcce45d29526fcc08a8a56da P f0c34f1a495046a899ace700d3b9a531 [CANDIDATE]: Term 1 election: Requested vote from peers 745e5f97619043b0baf560b3471959b8 (127.15.231.65:35273), e62cd603d87f4576bc8f6d1fa1376233 (127.15.231.66:40853)
I20260713 09:08:11.151062 17390 raft_consensus.cc:2468] T 2421dc2cfcce45d29526fcc08a8a56da P 745e5f97619043b0baf560b3471959b8 [term 1 FOLLOWER]: Leader election vote request: Granting yes vote for candidate f0c34f1a495046a899ace700d3b9a531 in term 1.
I20260713 09:08:11.149334 17538 raft_consensus.cc:2468] T e67a07ac35db45a69451b631c4181d6f P f0c34f1a495046a899ace700d3b9a531 [term 1 FOLLOWER]: Leader election vote request: Granting yes vote for candidate 745e5f97619043b0baf560b3471959b8 in term 1.
I20260713 09:08:11.160290 17357 leader_election.cc:304] T e67a07ac35db45a69451b631c4181d6f P 745e5f97619043b0baf560b3471959b8 [CANDIDATE]: Term 1 election: Election decided. Result: candidate won. Election summary: received 2 responses out of 3 voters: 2 yes votes; 0 no votes. yes voters: 745e5f97619043b0baf560b3471959b8, f0c34f1a495046a899ace700d3b9a531; no voters: 
I20260713 09:08:11.164616 17721 raft_consensus.cc:2804] T e67a07ac35db45a69451b631c4181d6f P 745e5f97619043b0baf560b3471959b8 [term 1 FOLLOWER]: Leader election won for term 1
I20260713 09:08:11.165125 17721 raft_consensus.cc:697] T e67a07ac35db45a69451b631c4181d6f P 745e5f97619043b0baf560b3471959b8 [term 1 LEADER]: Becoming Leader. State: Replica: 745e5f97619043b0baf560b3471959b8, State: Running, Role: LEADER
I20260713 09:08:11.166044 17462 tablet_service.cc:1917] Received RequestConsensusVote() RPC: tablet_id: "e67a07ac35db45a69451b631c4181d6f" candidate_uuid: "745e5f97619043b0baf560b3471959b8" candidate_term: 1 candidate_status { last_received { term: 0 index: 0 } } ignore_live_leader: false dest_uuid: "e62cd603d87f4576bc8f6d1fa1376233"
I20260713 09:08:11.166682 17462 raft_consensus.cc:3060] T e67a07ac35db45a69451b631c4181d6f P e62cd603d87f4576bc8f6d1fa1376233 [term 0 FOLLOWER]: Advancing to term 1
I20260713 09:08:11.166374 17721 consensus_queue.cc:237] T e67a07ac35db45a69451b631c4181d6f P 745e5f97619043b0baf560b3471959b8 [LEADER]: Queue going to LEADER mode. State: All replicated index: 0, Majority replicated index: 0, Committed index: 0, Last appended: 0.0, Last appended by leader: 0, Current term: 1, Majority size: 2, State: 0, Mode: LEADER, active raft config: opid_index: -1 OBSOLETE_local: false peers { permanent_uuid: "745e5f97619043b0baf560b3471959b8" member_type: VOTER last_known_addr { host: "127.15.231.65" port: 35273 } } peers { permanent_uuid: "e62cd603d87f4576bc8f6d1fa1376233" member_type: VOTER last_known_addr { host: "127.15.231.66" port: 40853 } } peers { permanent_uuid: "f0c34f1a495046a899ace700d3b9a531" member_type: VOTER last_known_addr { host: "127.15.231.67" port: 39741 } }
I20260713 09:08:11.167371 17582 tablet_bootstrap.cc:492] T 2421dc2cfcce45d29526fcc08a8a56da P e62cd603d87f4576bc8f6d1fa1376233: No bootstrap required, opened a new log
I20260713 09:08:11.167878 17582 ts_tablet_manager.cc:1403] T 2421dc2cfcce45d29526fcc08a8a56da P e62cd603d87f4576bc8f6d1fa1376233: Time spent bootstrapping tablet: real 0.114s	user 0.017s	sys 0.016s
I20260713 09:08:11.158042 17506 leader_election.cc:304] T 2421dc2cfcce45d29526fcc08a8a56da P f0c34f1a495046a899ace700d3b9a531 [CANDIDATE]: Term 1 election: Election decided. Result: candidate won. Election summary: received 2 responses out of 3 voters: 2 yes votes; 0 no votes. yes voters: 745e5f97619043b0baf560b3471959b8, f0c34f1a495046a899ace700d3b9a531; no voters: 
I20260713 09:08:11.170768 17505 leader_election.cc:304] T db0375fa3be2490c8d2736d33a4ba7d2 P f0c34f1a495046a899ace700d3b9a531 [CANDIDATE]: Term 1 pre-election: Election decided. Result: candidate won. Election summary: received 3 responses out of 3 voters: 2 yes votes; 1 no votes. yes voters: e62cd603d87f4576bc8f6d1fa1376233, f0c34f1a495046a899ace700d3b9a531; no voters: 745e5f97619043b0baf560b3471959b8
I20260713 09:08:11.171088 17714 raft_consensus.cc:2804] T 2421dc2cfcce45d29526fcc08a8a56da P f0c34f1a495046a899ace700d3b9a531 [term 1 FOLLOWER]: Leader election won for term 1
I20260713 09:08:11.171655 17668 raft_consensus.cc:2804] T db0375fa3be2490c8d2736d33a4ba7d2 P f0c34f1a495046a899ace700d3b9a531 [term 0 FOLLOWER]: Leader pre-election won for term 1
I20260713 09:08:11.172140 17668 raft_consensus.cc:493] T db0375fa3be2490c8d2736d33a4ba7d2 P f0c34f1a495046a899ace700d3b9a531 [term 0 FOLLOWER]: Starting leader election (no leader contacted us within the election timeout)
I20260713 09:08:11.172580 17668 raft_consensus.cc:3060] T db0375fa3be2490c8d2736d33a4ba7d2 P f0c34f1a495046a899ace700d3b9a531 [term 0 FOLLOWER]: Advancing to term 1
I20260713 09:08:11.173929 17714 raft_consensus.cc:697] T 2421dc2cfcce45d29526fcc08a8a56da P f0c34f1a495046a899ace700d3b9a531 [term 1 LEADER]: Becoming Leader. State: Replica: f0c34f1a495046a899ace700d3b9a531, State: Running, Role: LEADER
I20260713 09:08:11.175380 17714 consensus_queue.cc:237] T 2421dc2cfcce45d29526fcc08a8a56da P f0c34f1a495046a899ace700d3b9a531 [LEADER]: Queue going to LEADER mode. State: All replicated index: 0, Majority replicated index: 0, Committed index: 0, Last appended: 0.0, Last appended by leader: 0, Current term: 1, Majority size: 2, State: 0, Mode: LEADER, active raft config: opid_index: -1 OBSOLETE_local: false peers { permanent_uuid: "745e5f97619043b0baf560b3471959b8" member_type: VOTER last_known_addr { host: "127.15.231.65" port: 35273 } } peers { permanent_uuid: "e62cd603d87f4576bc8f6d1fa1376233" member_type: VOTER last_known_addr { host: "127.15.231.66" port: 40853 } } peers { permanent_uuid: "f0c34f1a495046a899ace700d3b9a531" member_type: VOTER last_known_addr { host: "127.15.231.67" port: 39741 } }
I20260713 09:08:11.190661 17432 leader_election.cc:304] T 781d4a57fc524574becf280978fbd219 P e62cd603d87f4576bc8f6d1fa1376233 [CANDIDATE]: Term 2 pre-election: Election decided. Result: candidate lost. Election summary: received 3 responses out of 3 voters: 1 yes votes; 2 no votes. yes voters: e62cd603d87f4576bc8f6d1fa1376233; no voters: 745e5f97619043b0baf560b3471959b8, f0c34f1a495046a899ace700d3b9a531
I20260713 09:08:11.169590 17286 catalog_manager.cc:5697] T 001a2a0441cc4e4b9120da8f2948385d P 745e5f97619043b0baf560b3471959b8 reported cstate change: term changed from 0 to 1, leader changed from <none> to 745e5f97619043b0baf560b3471959b8 (127.15.231.65). New cstate: current_term: 1 leader_uuid: "745e5f97619043b0baf560b3471959b8" committed_config { opid_index: -1 OBSOLETE_local: false peers { permanent_uuid: "745e5f97619043b0baf560b3471959b8" member_type: VOTER last_known_addr { host: "127.15.231.65" port: 35273 } health_report { overall_health: HEALTHY } } peers { permanent_uuid: "e62cd603d87f4576bc8f6d1fa1376233" member_type: VOTER last_known_addr { host: "127.15.231.66" port: 40853 } health_report { overall_health: UNKNOWN } } peers { permanent_uuid: "f0c34f1a495046a899ace700d3b9a531" member_type: VOTER last_known_addr { host: "127.15.231.67" port: 39741 } health_report { overall_health: UNKNOWN } } }
I20260713 09:08:11.196673 17713 raft_consensus.cc:2749] T 781d4a57fc524574becf280978fbd219 P e62cd603d87f4576bc8f6d1fa1376233 [term 1 FOLLOWER]: Leader pre-election lost for term 2. Reason: could not achieve majority
I20260713 09:08:11.198449 17582 raft_consensus.cc:359] T 2421dc2cfcce45d29526fcc08a8a56da P e62cd603d87f4576bc8f6d1fa1376233 [term 0 FOLLOWER]: Replica starting. Triggering 0 pending ops. Active config: opid_index: -1 OBSOLETE_local: false peers { permanent_uuid: "745e5f97619043b0baf560b3471959b8" member_type: VOTER last_known_addr { host: "127.15.231.65" port: 35273 } } peers { permanent_uuid: "e62cd603d87f4576bc8f6d1fa1376233" member_type: VOTER last_known_addr { host: "127.15.231.66" port: 40853 } } peers { permanent_uuid: "f0c34f1a495046a899ace700d3b9a531" member_type: VOTER last_known_addr { host: "127.15.231.67" port: 39741 } }
I20260713 09:08:11.199152 17582 raft_consensus.cc:385] T 2421dc2cfcce45d29526fcc08a8a56da P e62cd603d87f4576bc8f6d1fa1376233 [term 0 FOLLOWER]: Consensus starting up: Expiring failure detector timer to make a prompt election more likely
I20260713 09:08:11.199409 17582 raft_consensus.cc:740] T 2421dc2cfcce45d29526fcc08a8a56da P e62cd603d87f4576bc8f6d1fa1376233 [term 0 FOLLOWER]: Becoming Follower/Learner. State: Replica: e62cd603d87f4576bc8f6d1fa1376233, State: Initialized, Role: FOLLOWER
I20260713 09:08:11.200007 17582 consensus_queue.cc:260] T 2421dc2cfcce45d29526fcc08a8a56da P e62cd603d87f4576bc8f6d1fa1376233 [NON_LEADER]: Queue going to NON_LEADER mode. State: All replicated index: 0, Majority replicated index: 0, Committed index: 0, Last appended: 0.0, Last appended by leader: 0, Current term: 0, Majority size: -1, State: 0, Mode: NON_LEADER, active raft config: opid_index: -1 OBSOLETE_local: false peers { permanent_uuid: "745e5f97619043b0baf560b3471959b8" member_type: VOTER last_known_addr { host: "127.15.231.65" port: 35273 } } peers { permanent_uuid: "e62cd603d87f4576bc8f6d1fa1376233" member_type: VOTER last_known_addr { host: "127.15.231.66" port: 40853 } } peers { permanent_uuid: "f0c34f1a495046a899ace700d3b9a531" member_type: VOTER last_known_addr { host: "127.15.231.67" port: 39741 } }
I20260713 09:08:11.202040 17582 ts_tablet_manager.cc:1434] T 2421dc2cfcce45d29526fcc08a8a56da P e62cd603d87f4576bc8f6d1fa1376233: Time spent starting tablet: real 0.034s	user 0.005s	sys 0.000s
I20260713 09:08:11.202895 17582 tablet_bootstrap.cc:492] T 3a2d53a5786f44ab9c70c92ae921be41 P e62cd603d87f4576bc8f6d1fa1376233: Bootstrap starting.
I20260713 09:08:11.205821 17464 tablet_service.cc:1917] Received RequestConsensusVote() RPC: tablet_id: "2421dc2cfcce45d29526fcc08a8a56da" candidate_uuid: "f0c34f1a495046a899ace700d3b9a531" candidate_term: 1 candidate_status { last_received { term: 0 index: 0 } } ignore_live_leader: false dest_uuid: "e62cd603d87f4576bc8f6d1fa1376233"
I20260713 09:08:11.206426 17464 raft_consensus.cc:3060] T 2421dc2cfcce45d29526fcc08a8a56da P e62cd603d87f4576bc8f6d1fa1376233 [term 0 FOLLOWER]: Advancing to term 1
I20260713 09:08:11.205821 17581 tablet_bootstrap.cc:654] T 07ece24b11484015afae1b68b7864783 P 745e5f97619043b0baf560b3471959b8: Neither blocks nor log segments found. Creating new log.
I20260713 09:08:11.210405 17668 raft_consensus.cc:515] T db0375fa3be2490c8d2736d33a4ba7d2 P f0c34f1a495046a899ace700d3b9a531 [term 1 FOLLOWER]: Starting leader election with config: opid_index: -1 OBSOLETE_local: false peers { permanent_uuid: "745e5f97619043b0baf560b3471959b8" member_type: VOTER last_known_addr { host: "127.15.231.65" port: 35273 } } peers { permanent_uuid: "e62cd603d87f4576bc8f6d1fa1376233" member_type: VOTER last_known_addr { host: "127.15.231.66" port: 40853 } } peers { permanent_uuid: "f0c34f1a495046a899ace700d3b9a531" member_type: VOTER last_known_addr { host: "127.15.231.67" port: 39741 } }
I20260713 09:08:11.213361 17390 tablet_service.cc:1917] Received RequestConsensusVote() RPC: tablet_id: "db0375fa3be2490c8d2736d33a4ba7d2" candidate_uuid: "f0c34f1a495046a899ace700d3b9a531" candidate_term: 1 candidate_status { last_received { term: 0 index: 0 } } ignore_live_leader: false dest_uuid: "745e5f97619043b0baf560b3471959b8"
I20260713 09:08:11.213986 17668 leader_election.cc:290] T db0375fa3be2490c8d2736d33a4ba7d2 P f0c34f1a495046a899ace700d3b9a531 [CANDIDATE]: Term 1 election: Requested vote from peers 745e5f97619043b0baf560b3471959b8 (127.15.231.65:35273), e62cd603d87f4576bc8f6d1fa1376233 (127.15.231.66:40853)
W20260713 09:08:11.214962 17506 leader_election.cc:343] T db0375fa3be2490c8d2736d33a4ba7d2 P f0c34f1a495046a899ace700d3b9a531 [CANDIDATE]: Term 1 election: Tablet error from VoteRequest() call to peer 745e5f97619043b0baf560b3471959b8 (127.15.231.65:35273): Illegal state: must be running to vote when last-logged opid is not known
I20260713 09:08:11.213336 17582 tablet_bootstrap.cc:654] T 3a2d53a5786f44ab9c70c92ae921be41 P e62cd603d87f4576bc8f6d1fa1376233: Neither blocks nor log segments found. Creating new log.
I20260713 09:08:11.228505 17288 catalog_manager.cc:5697] T 2421dc2cfcce45d29526fcc08a8a56da P f0c34f1a495046a899ace700d3b9a531 reported cstate change: term changed from 0 to 1, leader changed from <none> to f0c34f1a495046a899ace700d3b9a531 (127.15.231.67). New cstate: current_term: 1 leader_uuid: "f0c34f1a495046a899ace700d3b9a531" committed_config { opid_index: -1 OBSOLETE_local: false peers { permanent_uuid: "745e5f97619043b0baf560b3471959b8" member_type: VOTER last_known_addr { host: "127.15.231.65" port: 35273 } health_report { overall_health: UNKNOWN } } peers { permanent_uuid: "e62cd603d87f4576bc8f6d1fa1376233" member_type: VOTER last_known_addr { host: "127.15.231.66" port: 40853 } health_report { overall_health: UNKNOWN } } peers { permanent_uuid: "f0c34f1a495046a899ace700d3b9a531" member_type: VOTER last_known_addr { host: "127.15.231.67" port: 39741 } health_report { overall_health: HEALTHY } } }
I20260713 09:08:11.228009 17462 raft_consensus.cc:2468] T e67a07ac35db45a69451b631c4181d6f P e62cd603d87f4576bc8f6d1fa1376233 [term 1 FOLLOWER]: Leader election vote request: Granting yes vote for candidate 745e5f97619043b0baf560b3471959b8 in term 1.
I20260713 09:08:11.246069 17465 tablet_service.cc:1917] Received RequestConsensusVote() RPC: tablet_id: "db0375fa3be2490c8d2736d33a4ba7d2" candidate_uuid: "f0c34f1a495046a899ace700d3b9a531" candidate_term: 1 candidate_status { last_received { term: 0 index: 0 } } ignore_live_leader: false dest_uuid: "e62cd603d87f4576bc8f6d1fa1376233"
I20260713 09:08:11.246680 17465 raft_consensus.cc:3060] T db0375fa3be2490c8d2736d33a4ba7d2 P e62cd603d87f4576bc8f6d1fa1376233 [term 0 FOLLOWER]: Advancing to term 1
I20260713 09:08:11.247377 17464 raft_consensus.cc:2468] T 2421dc2cfcce45d29526fcc08a8a56da P e62cd603d87f4576bc8f6d1fa1376233 [term 1 FOLLOWER]: Leader election vote request: Granting yes vote for candidate f0c34f1a495046a899ace700d3b9a531 in term 1.
I20260713 09:08:11.253810 17288 catalog_manager.cc:5697] T e67a07ac35db45a69451b631c4181d6f P 745e5f97619043b0baf560b3471959b8 reported cstate change: term changed from 0 to 1, leader changed from <none> to 745e5f97619043b0baf560b3471959b8 (127.15.231.65). New cstate: current_term: 1 leader_uuid: "745e5f97619043b0baf560b3471959b8" committed_config { opid_index: -1 OBSOLETE_local: false peers { permanent_uuid: "745e5f97619043b0baf560b3471959b8" member_type: VOTER last_known_addr { host: "127.15.231.65" port: 35273 } health_report { overall_health: HEALTHY } } peers { permanent_uuid: "e62cd603d87f4576bc8f6d1fa1376233" member_type: VOTER last_known_addr { host: "127.15.231.66" port: 40853 } health_report { overall_health: UNKNOWN } } peers { permanent_uuid: "f0c34f1a495046a899ace700d3b9a531" member_type: VOTER last_known_addr { host: "127.15.231.67" port: 39741 } health_report { overall_health: UNKNOWN } } }
I20260713 09:08:11.256644 17713 consensus_queue.cc:1048] T 9726cf6532a542da91d77e18269aa0c6 P e62cd603d87f4576bc8f6d1fa1376233 [LEADER]: Connected to new peer: Peer: permanent_uuid: "745e5f97619043b0baf560b3471959b8" member_type: VOTER last_known_addr { host: "127.15.231.65" port: 35273 }, Status: LMP_MISMATCH, Last received: 0.0, Next index: 1, Last known committed idx: 0, Time since last communication: 0.000s
W20260713 09:08:11.261170 17505 consensus_peers.cc:597] T 3a2d53a5786f44ab9c70c92ae921be41 P f0c34f1a495046a899ace700d3b9a531 -> Peer e62cd603d87f4576bc8f6d1fa1376233 (127.15.231.66:40853): Couldn't send request to peer e62cd603d87f4576bc8f6d1fa1376233. Error code: TABLET_NOT_RUNNING (12). Status: Illegal state: Tablet not RUNNING: BOOTSTRAPPING. This is attempt 1: this message will repeat every 5th retry.
I20260713 09:08:11.270190 17668 consensus_queue.cc:1048] T 91cd7b3462dd4112a69f234abb05b50e P f0c34f1a495046a899ace700d3b9a531 [LEADER]: Connected to new peer: Peer: permanent_uuid: "e62cd603d87f4576bc8f6d1fa1376233" member_type: VOTER last_known_addr { host: "127.15.231.66" port: 40853 }, Status: LMP_MISMATCH, Last received: 0.0, Next index: 1, Last known committed idx: 0, Time since last communication: 0.000s
I20260713 09:08:11.275115 17582 tablet_bootstrap.cc:492] T 3a2d53a5786f44ab9c70c92ae921be41 P e62cd603d87f4576bc8f6d1fa1376233: No bootstrap required, opened a new log
I20260713 09:08:11.275611 17582 ts_tablet_manager.cc:1403] T 3a2d53a5786f44ab9c70c92ae921be41 P e62cd603d87f4576bc8f6d1fa1376233: Time spent bootstrapping tablet: real 0.073s	user 0.021s	sys 0.028s
I20260713 09:08:11.278208 17582 raft_consensus.cc:359] T 3a2d53a5786f44ab9c70c92ae921be41 P e62cd603d87f4576bc8f6d1fa1376233 [term 0 FOLLOWER]: Replica starting. Triggering 0 pending ops. Active config: opid_index: -1 OBSOLETE_local: false peers { permanent_uuid: "745e5f97619043b0baf560b3471959b8" member_type: VOTER last_known_addr { host: "127.15.231.65" port: 35273 } } peers { permanent_uuid: "e62cd603d87f4576bc8f6d1fa1376233" member_type: VOTER last_known_addr { host: "127.15.231.66" port: 40853 } } peers { permanent_uuid: "f0c34f1a495046a899ace700d3b9a531" member_type: VOTER last_known_addr { host: "127.15.231.67" port: 39741 } }
I20260713 09:08:11.280815 17582 raft_consensus.cc:385] T 3a2d53a5786f44ab9c70c92ae921be41 P e62cd603d87f4576bc8f6d1fa1376233 [term 0 FOLLOWER]: Consensus starting up: Expiring failure detector timer to make a prompt election more likely
I20260713 09:08:11.281091 17582 raft_consensus.cc:740] T 3a2d53a5786f44ab9c70c92ae921be41 P e62cd603d87f4576bc8f6d1fa1376233 [term 0 FOLLOWER]: Becoming Follower/Learner. State: Replica: e62cd603d87f4576bc8f6d1fa1376233, State: Initialized, Role: FOLLOWER
I20260713 09:08:11.281765 17582 consensus_queue.cc:260] T 3a2d53a5786f44ab9c70c92ae921be41 P e62cd603d87f4576bc8f6d1fa1376233 [NON_LEADER]: Queue going to NON_LEADER mode. State: All replicated index: 0, Majority replicated index: 0, Committed index: 0, Last appended: 0.0, Last appended by leader: 0, Current term: 0, Majority size: -1, State: 0, Mode: NON_LEADER, active raft config: opid_index: -1 OBSOLETE_local: false peers { permanent_uuid: "745e5f97619043b0baf560b3471959b8" member_type: VOTER last_known_addr { host: "127.15.231.65" port: 35273 } } peers { permanent_uuid: "e62cd603d87f4576bc8f6d1fa1376233" member_type: VOTER last_known_addr { host: "127.15.231.66" port: 40853 } } peers { permanent_uuid: "f0c34f1a495046a899ace700d3b9a531" member_type: VOTER last_known_addr { host: "127.15.231.67" port: 39741 } }
I20260713 09:08:11.282066 17668 consensus_queue.cc:1048] T 3a2d53a5786f44ab9c70c92ae921be41 P f0c34f1a495046a899ace700d3b9a531 [LEADER]: Connected to new peer: Peer: permanent_uuid: "745e5f97619043b0baf560b3471959b8" member_type: VOTER last_known_addr { host: "127.15.231.65" port: 35273 }, Status: LMP_MISMATCH, Last received: 0.0, Next index: 1, Last known committed idx: 0, Time since last communication: 0.001s
I20260713 09:08:11.283769 17582 ts_tablet_manager.cc:1434] T 3a2d53a5786f44ab9c70c92ae921be41 P e62cd603d87f4576bc8f6d1fa1376233: Time spent starting tablet: real 0.008s	user 0.005s	sys 0.000s
I20260713 09:08:11.284693 17582 tablet_bootstrap.cc:492] T ffa8c103b91c40538534a004fb5180b4 P e62cd603d87f4576bc8f6d1fa1376233: Bootstrap starting.
I20260713 09:08:11.286340 17581 tablet_bootstrap.cc:492] T 07ece24b11484015afae1b68b7864783 P 745e5f97619043b0baf560b3471959b8: No bootstrap required, opened a new log
I20260713 09:08:11.286830 17581 ts_tablet_manager.cc:1403] T 07ece24b11484015afae1b68b7864783 P 745e5f97619043b0baf560b3471959b8: Time spent bootstrapping tablet: real 0.146s	user 0.010s	sys 0.002s
I20260713 09:08:11.289801 17581 raft_consensus.cc:359] T 07ece24b11484015afae1b68b7864783 P 745e5f97619043b0baf560b3471959b8 [term 0 FOLLOWER]: Replica starting. Triggering 0 pending ops. Active config: opid_index: -1 OBSOLETE_local: false peers { permanent_uuid: "745e5f97619043b0baf560b3471959b8" member_type: VOTER last_known_addr { host: "127.15.231.65" port: 35273 } } peers { permanent_uuid: "e62cd603d87f4576bc8f6d1fa1376233" member_type: VOTER last_known_addr { host: "127.15.231.66" port: 40853 } } peers { permanent_uuid: "f0c34f1a495046a899ace700d3b9a531" member_type: VOTER last_known_addr { host: "127.15.231.67" port: 39741 } }
I20260713 09:08:11.290582 17581 raft_consensus.cc:385] T 07ece24b11484015afae1b68b7864783 P 745e5f97619043b0baf560b3471959b8 [term 0 FOLLOWER]: Consensus starting up: Expiring failure detector timer to make a prompt election more likely
I20260713 09:08:11.290886 17581 raft_consensus.cc:740] T 07ece24b11484015afae1b68b7864783 P 745e5f97619043b0baf560b3471959b8 [term 0 FOLLOWER]: Becoming Follower/Learner. State: Replica: 745e5f97619043b0baf560b3471959b8, State: Initialized, Role: FOLLOWER
I20260713 09:08:11.291601 17582 tablet_bootstrap.cc:654] T ffa8c103b91c40538534a004fb5180b4 P e62cd603d87f4576bc8f6d1fa1376233: Neither blocks nor log segments found. Creating new log.
I20260713 09:08:11.291824 17581 consensus_queue.cc:260] T 07ece24b11484015afae1b68b7864783 P 745e5f97619043b0baf560b3471959b8 [NON_LEADER]: Queue going to NON_LEADER mode. State: All replicated index: 0, Majority replicated index: 0, Committed index: 0, Last appended: 0.0, Last appended by leader: 0, Current term: 0, Majority size: -1, State: 0, Mode: NON_LEADER, active raft config: opid_index: -1 OBSOLETE_local: false peers { permanent_uuid: "745e5f97619043b0baf560b3471959b8" member_type: VOTER last_known_addr { host: "127.15.231.65" port: 35273 } } peers { permanent_uuid: "e62cd603d87f4576bc8f6d1fa1376233" member_type: VOTER last_known_addr { host: "127.15.231.66" port: 40853 } } peers { permanent_uuid: "f0c34f1a495046a899ace700d3b9a531" member_type: VOTER last_known_addr { host: "127.15.231.67" port: 39741 } }
I20260713 09:08:11.294339 17581 ts_tablet_manager.cc:1434] T 07ece24b11484015afae1b68b7864783 P 745e5f97619043b0baf560b3471959b8: Time spent starting tablet: real 0.007s	user 0.006s	sys 0.001s
I20260713 09:08:11.295258 17581 tablet_bootstrap.cc:492] T ffa8c103b91c40538534a004fb5180b4 P 745e5f97619043b0baf560b3471959b8: Bootstrap starting.
I20260713 09:08:11.300158 17714 consensus_queue.cc:1048] T 91cd7b3462dd4112a69f234abb05b50e P f0c34f1a495046a899ace700d3b9a531 [LEADER]: Connected to new peer: Peer: permanent_uuid: "745e5f97619043b0baf560b3471959b8" member_type: VOTER last_known_addr { host: "127.15.231.65" port: 35273 }, Status: LMP_MISMATCH, Last received: 0.0, Next index: 1, Last known committed idx: 0, Time since last communication: 0.001s
I20260713 09:08:11.309252 17581 tablet_bootstrap.cc:654] T ffa8c103b91c40538534a004fb5180b4 P 745e5f97619043b0baf560b3471959b8: Neither blocks nor log segments found. Creating new log.
I20260713 09:08:11.314316 17582 tablet_bootstrap.cc:492] T ffa8c103b91c40538534a004fb5180b4 P e62cd603d87f4576bc8f6d1fa1376233: No bootstrap required, opened a new log
I20260713 09:08:11.314744 17582 ts_tablet_manager.cc:1403] T ffa8c103b91c40538534a004fb5180b4 P e62cd603d87f4576bc8f6d1fa1376233: Time spent bootstrapping tablet: real 0.030s	user 0.023s	sys 0.001s
I20260713 09:08:11.317813 17582 raft_consensus.cc:359] T ffa8c103b91c40538534a004fb5180b4 P e62cd603d87f4576bc8f6d1fa1376233 [term 0 FOLLOWER]: Replica starting. Triggering 0 pending ops. Active config: opid_index: -1 OBSOLETE_local: false peers { permanent_uuid: "745e5f97619043b0baf560b3471959b8" member_type: VOTER last_known_addr { host: "127.15.231.65" port: 35273 } } peers { permanent_uuid: "e62cd603d87f4576bc8f6d1fa1376233" member_type: VOTER last_known_addr { host: "127.15.231.66" port: 40853 } } peers { permanent_uuid: "f0c34f1a495046a899ace700d3b9a531" member_type: VOTER last_known_addr { host: "127.15.231.67" port: 39741 } }
I20260713 09:08:11.318480 17582 raft_consensus.cc:385] T ffa8c103b91c40538534a004fb5180b4 P e62cd603d87f4576bc8f6d1fa1376233 [term 0 FOLLOWER]: Consensus starting up: Expiring failure detector timer to make a prompt election more likely
I20260713 09:08:11.318745 17582 raft_consensus.cc:740] T ffa8c103b91c40538534a004fb5180b4 P e62cd603d87f4576bc8f6d1fa1376233 [term 0 FOLLOWER]: Becoming Follower/Learner. State: Replica: e62cd603d87f4576bc8f6d1fa1376233, State: Initialized, Role: FOLLOWER
I20260713 09:08:11.319356 17582 consensus_queue.cc:260] T ffa8c103b91c40538534a004fb5180b4 P e62cd603d87f4576bc8f6d1fa1376233 [NON_LEADER]: Queue going to NON_LEADER mode. State: All replicated index: 0, Majority replicated index: 0, Committed index: 0, Last appended: 0.0, Last appended by leader: 0, Current term: 0, Majority size: -1, State: 0, Mode: NON_LEADER, active raft config: opid_index: -1 OBSOLETE_local: false peers { permanent_uuid: "745e5f97619043b0baf560b3471959b8" member_type: VOTER last_known_addr { host: "127.15.231.65" port: 35273 } } peers { permanent_uuid: "e62cd603d87f4576bc8f6d1fa1376233" member_type: VOTER last_known_addr { host: "127.15.231.66" port: 40853 } } peers { permanent_uuid: "f0c34f1a495046a899ace700d3b9a531" member_type: VOTER last_known_addr { host: "127.15.231.67" port: 39741 } }
I20260713 09:08:11.325426 17582 ts_tablet_manager.cc:1434] T ffa8c103b91c40538534a004fb5180b4 P e62cd603d87f4576bc8f6d1fa1376233: Time spent starting tablet: real 0.010s	user 0.004s	sys 0.003s
I20260713 09:08:11.326377 17582 tablet_bootstrap.cc:492] T 07ece24b11484015afae1b68b7864783 P e62cd603d87f4576bc8f6d1fa1376233: Bootstrap starting.
