I20260713 09:08:24.518294 23000 raft_consensus.cc:2955] T f39c617ae4a74edb8cba74750f4beb0f P f40f1c0eed3d4e90a690f55e68338880 [term 1 FOLLOWER]: Committing config change with OpId 1.3: config changed from index 2 to 3, 8a6d6a4de24b4e21ae8f46c6fc5a1d28 (127.21.50.132) changed from NON_VOTER to VOTER. New config: { opid_index: 3 OBSOLETE_local: false peers { permanent_uuid: "f40f1c0eed3d4e90a690f55e68338880" member_type: VOTER last_known_addr { host: "127.21.50.131" port: 42395 } attrs { replace: true } } peers { permanent_uuid: "c499741afdce42e987df5be00233ac9a" member_type: VOTER last_known_addr { host: "127.21.50.130" port: 35445 } } peers { permanent_uuid: "35b0e4afb6c04528a0e7020088df5ac9" member_type: VOTER last_known_addr { host: "127.21.50.129" port: 42319 } } peers { permanent_uuid: "8a6d6a4de24b4e21ae8f46c6fc5a1d28" member_type: VOTER last_known_addr { host: "127.21.50.132" port: 42491 } attrs { promote: false } } }
I20260713 09:08:24.525650 22999 raft_consensus.cc:1275] T 9ed6b556d5414510bc51ab399bf9f0d2 P f40f1c0eed3d4e90a690f55e68338880 [term 1 FOLLOWER]: Refusing update from remote peer 35b0e4afb6c04528a0e7020088df5ac9: Log matching property violated. Preceding OpId in replica: term: 1 index: 3. Preceding OpId from leader: term: 1 index: 4. (index mismatch)
I20260713 09:08:24.527145 23543 consensus_queue.cc:1048] T 9ed6b556d5414510bc51ab399bf9f0d2 P 35b0e4afb6c04528a0e7020088df5ac9 [LEADER]: Connected to new peer: Peer: permanent_uuid: "f40f1c0eed3d4e90a690f55e68338880" member_type: VOTER last_known_addr { host: "127.21.50.131" port: 42395 }, Status: LMP_MISMATCH, Last received: 0.0, Next index: 4, Last known committed idx: 3, Time since last communication: 0.000s
I20260713 09:08:24.527175 23530 raft_consensus.cc:2955] T 9ed6b556d5414510bc51ab399bf9f0d2 P 35b0e4afb6c04528a0e7020088df5ac9 [term 1 LEADER]: Committing config change with OpId 1.4: config changed from index 3 to 4, VOTER c499741afdce42e987df5be00233ac9a (127.21.50.130) evicted. New config: { opid_index: 4 OBSOLETE_local: false peers { permanent_uuid: "35b0e4afb6c04528a0e7020088df5ac9" member_type: VOTER last_known_addr { host: "127.21.50.129" port: 42319 } } peers { permanent_uuid: "f40f1c0eed3d4e90a690f55e68338880" member_type: VOTER last_known_addr { host: "127.21.50.131" port: 42395 } } peers { permanent_uuid: "8a6d6a4de24b4e21ae8f46c6fc5a1d28" member_type: VOTER last_known_addr { host: "127.21.50.132" port: 42491 } attrs { promote: false } } }
I20260713 09:08:24.533305 23000 raft_consensus.cc:2955] T 9ed6b556d5414510bc51ab399bf9f0d2 P f40f1c0eed3d4e90a690f55e68338880 [term 1 FOLLOWER]: Committing config change with OpId 1.4: config changed from index 3 to 4, VOTER c499741afdce42e987df5be00233ac9a (127.21.50.130) evicted. New config: { opid_index: 4 OBSOLETE_local: false peers { permanent_uuid: "35b0e4afb6c04528a0e7020088df5ac9" member_type: VOTER last_known_addr { host: "127.21.50.129" port: 42319 } } peers { permanent_uuid: "f40f1c0eed3d4e90a690f55e68338880" member_type: VOTER last_known_addr { host: "127.21.50.131" port: 42395 } } peers { permanent_uuid: "8a6d6a4de24b4e21ae8f46c6fc5a1d28" member_type: VOTER last_known_addr { host: "127.21.50.132" port: 42491 } attrs { promote: false } } }
I20260713 09:08:24.538633 22747 catalog_manager.cc:5697] T f39c617ae4a74edb8cba74750f4beb0f P f40f1c0eed3d4e90a690f55e68338880 reported cstate change: config changed from index 2 to 3, 8a6d6a4de24b4e21ae8f46c6fc5a1d28 (127.21.50.132) changed from NON_VOTER to VOTER. New cstate: current_term: 1 leader_uuid: "c499741afdce42e987df5be00233ac9a" committed_config { opid_index: 3 OBSOLETE_local: false peers { permanent_uuid: "f40f1c0eed3d4e90a690f55e68338880" member_type: VOTER last_known_addr { host: "127.21.50.131" port: 42395 } attrs { replace: true } } peers { permanent_uuid: "c499741afdce42e987df5be00233ac9a" member_type: VOTER last_known_addr { host: "127.21.50.130" port: 35445 } } peers { permanent_uuid: "35b0e4afb6c04528a0e7020088df5ac9" member_type: VOTER last_known_addr { host: "127.21.50.129" port: 42319 } } peers { permanent_uuid: "8a6d6a4de24b4e21ae8f46c6fc5a1d28" member_type: VOTER last_known_addr { host: "127.21.50.132" port: 42491 } attrs { promote: false } } }
I20260713 09:08:24.543500 23265 raft_consensus.cc:2955] T 9ed6b556d5414510bc51ab399bf9f0d2 P 8a6d6a4de24b4e21ae8f46c6fc5a1d28 [term 1 FOLLOWER]: Committing config change with OpId 1.4: config changed from index 3 to 4, VOTER c499741afdce42e987df5be00233ac9a (127.21.50.130) evicted. New config: { opid_index: 4 OBSOLETE_local: false peers { permanent_uuid: "35b0e4afb6c04528a0e7020088df5ac9" member_type: VOTER last_known_addr { host: "127.21.50.129" port: 42319 } } peers { permanent_uuid: "f40f1c0eed3d4e90a690f55e68338880" member_type: VOTER last_known_addr { host: "127.21.50.131" port: 42395 } } peers { permanent_uuid: "8a6d6a4de24b4e21ae8f46c6fc5a1d28" member_type: VOTER last_known_addr { host: "127.21.50.132" port: 42491 } attrs { promote: false } } }
I20260713 09:08:24.545696 22735 catalog_manager.cc:5210] ChangeConfig:REMOVE_PEER RPC for tablet 9ed6b556d5414510bc51ab399bf9f0d2 with cas_config_opid_index 3: ChangeConfig:REMOVE_PEER succeeded (attempt 1)
I20260713 09:08:24.547222 22848 raft_consensus.cc:2955] T f39c617ae4a74edb8cba74750f4beb0f P 35b0e4afb6c04528a0e7020088df5ac9 [term 1 FOLLOWER]: Committing config change with OpId 1.3: config changed from index 2 to 3, 8a6d6a4de24b4e21ae8f46c6fc5a1d28 (127.21.50.132) changed from NON_VOTER to VOTER. New config: { opid_index: 3 OBSOLETE_local: false peers { permanent_uuid: "f40f1c0eed3d4e90a690f55e68338880" member_type: VOTER last_known_addr { host: "127.21.50.131" port: 42395 } attrs { replace: true } } peers { permanent_uuid: "c499741afdce42e987df5be00233ac9a" member_type: VOTER last_known_addr { host: "127.21.50.130" port: 35445 } } peers { permanent_uuid: "35b0e4afb6c04528a0e7020088df5ac9" member_type: VOTER last_known_addr { host: "127.21.50.129" port: 42319 } } peers { permanent_uuid: "8a6d6a4de24b4e21ae8f46c6fc5a1d28" member_type: VOTER last_known_addr { host: "127.21.50.132" port: 42491 } attrs { promote: false } } }
I20260713 09:08:24.551152 22749 catalog_manager.cc:5697] T 9ed6b556d5414510bc51ab399bf9f0d2 P 35b0e4afb6c04528a0e7020088df5ac9 reported cstate change: config changed from index 3 to 4, VOTER c499741afdce42e987df5be00233ac9a (127.21.50.130) evicted. New cstate: current_term: 1 leader_uuid: "35b0e4afb6c04528a0e7020088df5ac9" committed_config { opid_index: 4 OBSOLETE_local: false peers { permanent_uuid: "35b0e4afb6c04528a0e7020088df5ac9" member_type: VOTER last_known_addr { host: "127.21.50.129" port: 42319 } health_report { overall_health: HEALTHY } } peers { permanent_uuid: "f40f1c0eed3d4e90a690f55e68338880" member_type: VOTER last_known_addr { host: "127.21.50.131" port: 42395 } health_report { overall_health: UNKNOWN } } peers { permanent_uuid: "8a6d6a4de24b4e21ae8f46c6fc5a1d28" member_type: VOTER last_known_addr { host: "127.21.50.132" port: 42491 } attrs { promote: false } health_report { overall_health: HEALTHY } } }
I20260713 09:08:24.566502 22912 tablet_service.cc:1558] Processing DeleteTablet for tablet 9ed6b556d5414510bc51ab399bf9f0d2 with delete_type TABLET_DATA_TOMBSTONED (TS c499741afdce42e987df5be00233ac9a not found in new config with opid_index 4) from {username='slave'} at 127.0.0.1:47978
I20260713 09:08:24.572418 22926 consensus_queue.cc:237] T f39c617ae4a74edb8cba74750f4beb0f P c499741afdce42e987df5be00233ac9a [LEADER]: Queue going to LEADER mode. State: All replicated index: 0, Majority replicated index: 3, Committed index: 3, Last appended: 1.3, Last appended by leader: 0, Current term: 1, Majority size: 2, State: 0, Mode: LEADER, active raft config: opid_index: 4 OBSOLETE_local: false peers { permanent_uuid: "c499741afdce42e987df5be00233ac9a" member_type: VOTER last_known_addr { host: "127.21.50.130" port: 35445 } } peers { permanent_uuid: "35b0e4afb6c04528a0e7020088df5ac9" member_type: VOTER last_known_addr { host: "127.21.50.129" port: 42319 } } peers { permanent_uuid: "8a6d6a4de24b4e21ae8f46c6fc5a1d28" member_type: VOTER last_known_addr { host: "127.21.50.132" port: 42491 } attrs { promote: false } }
I20260713 09:08:24.581681 23555 tablet_replica.cc:333] T 9ed6b556d5414510bc51ab399bf9f0d2 P c499741afdce42e987df5be00233ac9a: stopping tablet replica
I20260713 09:08:24.582741 23555 raft_consensus.cc:2243] T 9ed6b556d5414510bc51ab399bf9f0d2 P c499741afdce42e987df5be00233ac9a [term 1 FOLLOWER]: Raft consensus shutting down.
I20260713 09:08:24.583540 23555 raft_consensus.cc:2272] T 9ed6b556d5414510bc51ab399bf9f0d2 P c499741afdce42e987df5be00233ac9a [term 1 FOLLOWER]: Raft consensus is shut down!
I20260713 09:08:24.584431 22848 raft_consensus.cc:1275] T f39c617ae4a74edb8cba74750f4beb0f P 35b0e4afb6c04528a0e7020088df5ac9 [term 1 FOLLOWER]: Refusing update from remote peer c499741afdce42e987df5be00233ac9a: Log matching property violated. Preceding OpId in replica: term: 1 index: 3. Preceding OpId from leader: term: 1 index: 4. (index mismatch)
I20260713 09:08:24.586180 23504 consensus_queue.cc:1048] T f39c617ae4a74edb8cba74750f4beb0f P c499741afdce42e987df5be00233ac9a [LEADER]: Connected to new peer: Peer: permanent_uuid: "35b0e4afb6c04528a0e7020088df5ac9" member_type: VOTER last_known_addr { host: "127.21.50.129" port: 42319 }, Status: LMP_MISMATCH, Last received: 0.0, Next index: 4, Last known committed idx: 3, Time since last communication: 0.000s
I20260713 09:08:24.586467 23265 raft_consensus.cc:1275] T f39c617ae4a74edb8cba74750f4beb0f P 8a6d6a4de24b4e21ae8f46c6fc5a1d28 [term 1 FOLLOWER]: Refusing update from remote peer c499741afdce42e987df5be00233ac9a: Log matching property violated. Preceding OpId in replica: term: 1 index: 3. Preceding OpId from leader: term: 1 index: 4. (index mismatch)
I20260713 09:08:24.587510 23555 ts_tablet_manager.cc:1916] T 9ed6b556d5414510bc51ab399bf9f0d2 P c499741afdce42e987df5be00233ac9a: Deleting tablet data with delete state TABLET_DATA_TOMBSTONED
I20260713 09:08:24.588389 23504 consensus_queue.cc:1048] T f39c617ae4a74edb8cba74750f4beb0f P c499741afdce42e987df5be00233ac9a [LEADER]: Connected to new peer: Peer: permanent_uuid: "8a6d6a4de24b4e21ae8f46c6fc5a1d28" member_type: VOTER last_known_addr { host: "127.21.50.132" port: 42491 } attrs { promote: false }, Status: LMP_MISMATCH, Last received: 0.0, Next index: 4, Last known committed idx: 3, Time since last communication: 0.000s
I20260713 09:08:24.594765 23550 raft_consensus.cc:2955] T f39c617ae4a74edb8cba74750f4beb0f P c499741afdce42e987df5be00233ac9a [term 1 LEADER]: Committing config change with OpId 1.4: config changed from index 3 to 4, VOTER f40f1c0eed3d4e90a690f55e68338880 (127.21.50.131) evicted. New config: { opid_index: 4 OBSOLETE_local: false peers { permanent_uuid: "c499741afdce42e987df5be00233ac9a" member_type: VOTER last_known_addr { host: "127.21.50.130" port: 35445 } } peers { permanent_uuid: "35b0e4afb6c04528a0e7020088df5ac9" member_type: VOTER last_known_addr { host: "127.21.50.129" port: 42319 } } peers { permanent_uuid: "8a6d6a4de24b4e21ae8f46c6fc5a1d28" member_type: VOTER last_known_addr { host: "127.21.50.132" port: 42491 } attrs { promote: false } } }
I20260713 09:08:24.602267 23531 raft_consensus.cc:1064] T 2c231783753c4c0eaf4748172370d82b P c499741afdce42e987df5be00233ac9a: attempting to promote NON_VOTER 8a6d6a4de24b4e21ae8f46c6fc5a1d28 to VOTER
I20260713 09:08:24.604049 23555 ts_tablet_manager.cc:1929] T 9ed6b556d5414510bc51ab399bf9f0d2 P c499741afdce42e987df5be00233ac9a: tablet deleted with delete type TABLET_DATA_TOMBSTONED: last-logged OpId 1.3
I20260713 09:08:24.604743 23555 log.cc:1199] T 9ed6b556d5414510bc51ab399bf9f0d2 P c499741afdce42e987df5be00233ac9a: Deleting WAL directory at /tmp/dist-test-taskcV3TYU/test-tmp/auto_leader_rebalancer-test.0.LeaderRebalancerTest.AddTserver.1783933664393057-21706-0/minicluster-data/ts-1-root/wals/9ed6b556d5414510bc51ab399bf9f0d2
I20260713 09:08:24.604139 23265 raft_consensus.cc:2955] T f39c617ae4a74edb8cba74750f4beb0f P 8a6d6a4de24b4e21ae8f46c6fc5a1d28 [term 1 FOLLOWER]: Committing config change with OpId 1.4: config changed from index 3 to 4, VOTER f40f1c0eed3d4e90a690f55e68338880 (127.21.50.131) evicted. New config: { opid_index: 4 OBSOLETE_local: false peers { permanent_uuid: "c499741afdce42e987df5be00233ac9a" member_type: VOTER last_known_addr { host: "127.21.50.130" port: 35445 } } peers { permanent_uuid: "35b0e4afb6c04528a0e7020088df5ac9" member_type: VOTER last_known_addr { host: "127.21.50.129" port: 42319 } } peers { permanent_uuid: "8a6d6a4de24b4e21ae8f46c6fc5a1d28" member_type: VOTER last_known_addr { host: "127.21.50.132" port: 42491 } attrs { promote: false } } }
I20260713 09:08:24.608319 22848 raft_consensus.cc:2955] T f39c617ae4a74edb8cba74750f4beb0f P 35b0e4afb6c04528a0e7020088df5ac9 [term 1 FOLLOWER]: Committing config change with OpId 1.4: config changed from index 3 to 4, VOTER f40f1c0eed3d4e90a690f55e68338880 (127.21.50.131) evicted. New config: { opid_index: 4 OBSOLETE_local: false peers { permanent_uuid: "c499741afdce42e987df5be00233ac9a" member_type: VOTER last_known_addr { host: "127.21.50.130" port: 35445 } } peers { permanent_uuid: "35b0e4afb6c04528a0e7020088df5ac9" member_type: VOTER last_known_addr { host: "127.21.50.129" port: 42319 } } peers { permanent_uuid: "8a6d6a4de24b4e21ae8f46c6fc5a1d28" member_type: VOTER last_known_addr { host: "127.21.50.132" port: 42491 } attrs { promote: false } } }
I20260713 09:08:24.604861 23531 consensus_queue.cc:237] T 2c231783753c4c0eaf4748172370d82b P c499741afdce42e987df5be00233ac9a [LEADER]: Queue going to LEADER mode. State: All replicated index: 0, Majority replicated index: 2, Committed index: 2, Last appended: 1.2, Last appended by leader: 0, Current term: 1, Majority size: 3, State: 0, Mode: LEADER, active raft config: opid_index: 3 OBSOLETE_local: false peers { permanent_uuid: "35b0e4afb6c04528a0e7020088df5ac9" member_type: VOTER last_known_addr { host: "127.21.50.129" port: 42319 } attrs { replace: true } } peers { permanent_uuid: "c499741afdce42e987df5be00233ac9a" member_type: VOTER last_known_addr { host: "127.21.50.130" port: 35445 } } peers { permanent_uuid: "f40f1c0eed3d4e90a690f55e68338880" member_type: VOTER last_known_addr { host: "127.21.50.131" port: 42395 } } peers { permanent_uuid: "8a6d6a4de24b4e21ae8f46c6fc5a1d28" member_type: VOTER last_known_addr { host: "127.21.50.132" port: 42491 } attrs { promote: false } }
I20260713 09:08:24.606362 22736 catalog_manager.cc:5028] TS c499741afdce42e987df5be00233ac9a (127.21.50.130:35445): tablet 9ed6b556d5414510bc51ab399bf9f0d2 (table test-workload [id=e187a72fb4984ad49b860ec9718c7585]) successfully deleted
I20260713 09:08:24.619602 22736 catalog_manager.cc:5210] ChangeConfig:REMOVE_PEER RPC for tablet f39c617ae4a74edb8cba74750f4beb0f with cas_config_opid_index 3: ChangeConfig:REMOVE_PEER succeeded (attempt 1)
I20260713 09:08:24.621728 22748 catalog_manager.cc:5697] T f39c617ae4a74edb8cba74750f4beb0f P 8a6d6a4de24b4e21ae8f46c6fc5a1d28 reported cstate change: config changed from index 3 to 4, VOTER f40f1c0eed3d4e90a690f55e68338880 (127.21.50.131) evicted. New cstate: current_term: 1 leader_uuid: "c499741afdce42e987df5be00233ac9a" committed_config { opid_index: 4 OBSOLETE_local: false peers { permanent_uuid: "c499741afdce42e987df5be00233ac9a" member_type: VOTER last_known_addr { host: "127.21.50.130" port: 35445 } } peers { permanent_uuid: "35b0e4afb6c04528a0e7020088df5ac9" member_type: VOTER last_known_addr { host: "127.21.50.129" port: 42319 } } peers { permanent_uuid: "8a6d6a4de24b4e21ae8f46c6fc5a1d28" member_type: VOTER last_known_addr { host: "127.21.50.132" port: 42491 } attrs { promote: false } } }
I20260713 09:08:24.630501 23265 raft_consensus.cc:1275] T 2c231783753c4c0eaf4748172370d82b P 8a6d6a4de24b4e21ae8f46c6fc5a1d28 [term 1 LEARNER]: Refusing update from remote peer c499741afdce42e987df5be00233ac9a: Log matching property violated. Preceding OpId in replica: term: 1 index: 2. Preceding OpId from leader: term: 1 index: 3. (index mismatch)
I20260713 09:08:24.630501 23000 raft_consensus.cc:1275] T 2c231783753c4c0eaf4748172370d82b P f40f1c0eed3d4e90a690f55e68338880 [term 1 FOLLOWER]: Refusing update from remote peer c499741afdce42e987df5be00233ac9a: Log matching property violated. Preceding OpId in replica: term: 1 index: 2. Preceding OpId from leader: term: 1 index: 3. (index mismatch)
I20260713 09:08:24.632169 23504 consensus_queue.cc:1048] T 2c231783753c4c0eaf4748172370d82b P c499741afdce42e987df5be00233ac9a [LEADER]: Connected to new peer: Peer: permanent_uuid: "8a6d6a4de24b4e21ae8f46c6fc5a1d28" member_type: VOTER last_known_addr { host: "127.21.50.132" port: 42491 } attrs { promote: false }, Status: LMP_MISMATCH, Last received: 0.0, Next index: 3, Last known committed idx: 2, Time since last communication: 0.000s
I20260713 09:08:24.632627 22848 raft_consensus.cc:1275] T 2c231783753c4c0eaf4748172370d82b P 35b0e4afb6c04528a0e7020088df5ac9 [term 1 FOLLOWER]: Refusing update from remote peer c499741afdce42e987df5be00233ac9a: Log matching property violated. Preceding OpId in replica: term: 1 index: 2. Preceding OpId from leader: term: 1 index: 3. (index mismatch)
I20260713 09:08:24.634186 23531 consensus_queue.cc:1048] T 2c231783753c4c0eaf4748172370d82b P c499741afdce42e987df5be00233ac9a [LEADER]: Connected to new peer: Peer: permanent_uuid: "35b0e4afb6c04528a0e7020088df5ac9" member_type: VOTER last_known_addr { host: "127.21.50.129" port: 42319 } attrs { replace: true }, Status: LMP_MISMATCH, Last received: 0.0, Next index: 3, Last known committed idx: 2, Time since last communication: 0.000s
I20260713 09:08:24.635394 23532 consensus_queue.cc:1048] T 2c231783753c4c0eaf4748172370d82b P c499741afdce42e987df5be00233ac9a [LEADER]: Connected to new peer: Peer: permanent_uuid: "f40f1c0eed3d4e90a690f55e68338880" member_type: VOTER last_known_addr { host: "127.21.50.131" port: 42395 }, Status: LMP_MISMATCH, Last received: 0.0, Next index: 3, Last known committed idx: 2, Time since last communication: 0.000s
I20260713 09:08:24.643224 22986 tablet_service.cc:1558] Processing DeleteTablet for tablet f39c617ae4a74edb8cba74750f4beb0f with delete_type TABLET_DATA_TOMBSTONED (TS f40f1c0eed3d4e90a690f55e68338880 not found in new config with opid_index 4) from {username='slave'} at 127.0.0.1:35466
I20260713 09:08:24.644155 23545 tablet_replica.cc:333] T f39c617ae4a74edb8cba74750f4beb0f P f40f1c0eed3d4e90a690f55e68338880: stopping tablet replica
I20260713 09:08:24.647028 23545 raft_consensus.cc:2243] T f39c617ae4a74edb8cba74750f4beb0f P f40f1c0eed3d4e90a690f55e68338880 [term 1 FOLLOWER]: Raft consensus shutting down.
I20260713 09:08:24.647773 23545 raft_consensus.cc:2272] T f39c617ae4a74edb8cba74750f4beb0f P f40f1c0eed3d4e90a690f55e68338880 [term 1 FOLLOWER]: Raft consensus is shut down!
I20260713 09:08:24.658488 23545 ts_tablet_manager.cc:1916] T f39c617ae4a74edb8cba74750f4beb0f P f40f1c0eed3d4e90a690f55e68338880: Deleting tablet data with delete state TABLET_DATA_TOMBSTONED
I20260713 09:08:24.666923 23504 raft_consensus.cc:2955] T 2c231783753c4c0eaf4748172370d82b P c499741afdce42e987df5be00233ac9a [term 1 LEADER]: Committing config change with OpId 1.3: config changed from index 2 to 3, 8a6d6a4de24b4e21ae8f46c6fc5a1d28 (127.21.50.132) changed from NON_VOTER to VOTER. New config: { opid_index: 3 OBSOLETE_local: false peers { permanent_uuid: "35b0e4afb6c04528a0e7020088df5ac9" member_type: VOTER last_known_addr { host: "127.21.50.129" port: 42319 } attrs { replace: true } } peers { permanent_uuid: "c499741afdce42e987df5be00233ac9a" member_type: VOTER last_known_addr { host: "127.21.50.130" port: 35445 } } peers { permanent_uuid: "f40f1c0eed3d4e90a690f55e68338880" member_type: VOTER last_known_addr { host: "127.21.50.131" port: 42395 } } peers { permanent_uuid: "8a6d6a4de24b4e21ae8f46c6fc5a1d28" member_type: VOTER last_known_addr { host: "127.21.50.132" port: 42491 } attrs { promote: false } } }
I20260713 09:08:24.674597 22848 raft_consensus.cc:2955] T 2c231783753c4c0eaf4748172370d82b P 35b0e4afb6c04528a0e7020088df5ac9 [term 1 FOLLOWER]: Committing config change with OpId 1.3: config changed from index 2 to 3, 8a6d6a4de24b4e21ae8f46c6fc5a1d28 (127.21.50.132) changed from NON_VOTER to VOTER. New config: { opid_index: 3 OBSOLETE_local: false peers { permanent_uuid: "35b0e4afb6c04528a0e7020088df5ac9" member_type: VOTER last_known_addr { host: "127.21.50.129" port: 42319 } attrs { replace: true } } peers { permanent_uuid: "c499741afdce42e987df5be00233ac9a" member_type: VOTER last_known_addr { host: "127.21.50.130" port: 35445 } } peers { permanent_uuid: "f40f1c0eed3d4e90a690f55e68338880" member_type: VOTER last_known_addr { host: "127.21.50.131" port: 42395 } } peers { permanent_uuid: "8a6d6a4de24b4e21ae8f46c6fc5a1d28" member_type: VOTER last_known_addr { host: "127.21.50.132" port: 42491 } attrs { promote: false } } }
I20260713 09:08:24.677232 23545 ts_tablet_manager.cc:1929] T f39c617ae4a74edb8cba74750f4beb0f P f40f1c0eed3d4e90a690f55e68338880: tablet deleted with delete type TABLET_DATA_TOMBSTONED: last-logged OpId 1.3
I20260713 09:08:24.677763 23545 log.cc:1199] T f39c617ae4a74edb8cba74750f4beb0f P f40f1c0eed3d4e90a690f55e68338880: Deleting WAL directory at /tmp/dist-test-taskcV3TYU/test-tmp/auto_leader_rebalancer-test.0.LeaderRebalancerTest.AddTserver.1783933664393057-21706-0/minicluster-data/ts-2-root/wals/f39c617ae4a74edb8cba74750f4beb0f
I20260713 09:08:24.679368 22734 catalog_manager.cc:5028] TS f40f1c0eed3d4e90a690f55e68338880 (127.21.50.131:42395): tablet f39c617ae4a74edb8cba74750f4beb0f (table test-workload [id=e187a72fb4984ad49b860ec9718c7585]) successfully deleted
I20260713 09:08:24.683420 23000 raft_consensus.cc:2955] T 2c231783753c4c0eaf4748172370d82b P f40f1c0eed3d4e90a690f55e68338880 [term 1 FOLLOWER]: Committing config change with OpId 1.3: config changed from index 2 to 3, 8a6d6a4de24b4e21ae8f46c6fc5a1d28 (127.21.50.132) changed from NON_VOTER to VOTER. New config: { opid_index: 3 OBSOLETE_local: false peers { permanent_uuid: "35b0e4afb6c04528a0e7020088df5ac9" member_type: VOTER last_known_addr { host: "127.21.50.129" port: 42319 } attrs { replace: true } } peers { permanent_uuid: "c499741afdce42e987df5be00233ac9a" member_type: VOTER last_known_addr { host: "127.21.50.130" port: 35445 } } peers { permanent_uuid: "f40f1c0eed3d4e90a690f55e68338880" member_type: VOTER last_known_addr { host: "127.21.50.131" port: 42395 } } peers { permanent_uuid: "8a6d6a4de24b4e21ae8f46c6fc5a1d28" member_type: VOTER last_known_addr { host: "127.21.50.132" port: 42491 } attrs { promote: false } } }
I20260713 09:08:24.687450 23265 raft_consensus.cc:2955] T 2c231783753c4c0eaf4748172370d82b P 8a6d6a4de24b4e21ae8f46c6fc5a1d28 [term 1 FOLLOWER]: Committing config change with OpId 1.3: config changed from index 2 to 3, 8a6d6a4de24b4e21ae8f46c6fc5a1d28 (127.21.50.132) changed from NON_VOTER to VOTER. New config: { opid_index: 3 OBSOLETE_local: false peers { permanent_uuid: "35b0e4afb6c04528a0e7020088df5ac9" member_type: VOTER last_known_addr { host: "127.21.50.129" port: 42319 } attrs { replace: true } } peers { permanent_uuid: "c499741afdce42e987df5be00233ac9a" member_type: VOTER last_known_addr { host: "127.21.50.130" port: 35445 } } peers { permanent_uuid: "f40f1c0eed3d4e90a690f55e68338880" member_type: VOTER last_known_addr { host: "127.21.50.131" port: 42395 } } peers { permanent_uuid: "8a6d6a4de24b4e21ae8f46c6fc5a1d28" member_type: VOTER last_known_addr { host: "127.21.50.132" port: 42491 } attrs { promote: false } } }
I20260713 09:08:24.691967 22748 catalog_manager.cc:5697] T 2c231783753c4c0eaf4748172370d82b P c499741afdce42e987df5be00233ac9a reported cstate change: config changed from index 2 to 3, 8a6d6a4de24b4e21ae8f46c6fc5a1d28 (127.21.50.132) changed from NON_VOTER to VOTER. New cstate: current_term: 1 leader_uuid: "c499741afdce42e987df5be00233ac9a" committed_config { opid_index: 3 OBSOLETE_local: false peers { permanent_uuid: "35b0e4afb6c04528a0e7020088df5ac9" member_type: VOTER last_known_addr { host: "127.21.50.129" port: 42319 } attrs { replace: true } health_report { overall_health: HEALTHY } } peers { permanent_uuid: "c499741afdce42e987df5be00233ac9a" member_type: VOTER last_known_addr { host: "127.21.50.130" port: 35445 } health_report { overall_health: HEALTHY } } peers { permanent_uuid: "f40f1c0eed3d4e90a690f55e68338880" member_type: VOTER last_known_addr { host: "127.21.50.131" port: 42395 } health_report { overall_health: HEALTHY } } peers { permanent_uuid: "8a6d6a4de24b4e21ae8f46c6fc5a1d28" member_type: VOTER last_known_addr { host: "127.21.50.132" port: 42491 } attrs { promote: false } health_report { overall_health: HEALTHY } } }
I20260713 09:08:24.704497 22926 consensus_queue.cc:237] T 2c231783753c4c0eaf4748172370d82b P c499741afdce42e987df5be00233ac9a [LEADER]: Queue going to LEADER mode. State: All replicated index: 0, Majority replicated index: 3, Committed index: 3, Last appended: 1.3, Last appended by leader: 0, Current term: 1, Majority size: 2, State: 0, Mode: LEADER, active raft config: opid_index: 4 OBSOLETE_local: false peers { permanent_uuid: "c499741afdce42e987df5be00233ac9a" member_type: VOTER last_known_addr { host: "127.21.50.130" port: 35445 } } peers { permanent_uuid: "f40f1c0eed3d4e90a690f55e68338880" member_type: VOTER last_known_addr { host: "127.21.50.131" port: 42395 } } peers { permanent_uuid: "8a6d6a4de24b4e21ae8f46c6fc5a1d28" member_type: VOTER last_known_addr { host: "127.21.50.132" port: 42491 } attrs { promote: false } }
I20260713 09:08:24.711747 23265 raft_consensus.cc:1275] T 2c231783753c4c0eaf4748172370d82b P 8a6d6a4de24b4e21ae8f46c6fc5a1d28 [term 1 FOLLOWER]: Refusing update from remote peer c499741afdce42e987df5be00233ac9a: Log matching property violated. Preceding OpId in replica: term: 1 index: 3. Preceding OpId from leader: term: 1 index: 4. (index mismatch)
I20260713 09:08:24.712704 23000 raft_consensus.cc:1275] T 2c231783753c4c0eaf4748172370d82b P f40f1c0eed3d4e90a690f55e68338880 [term 1 FOLLOWER]: Refusing update from remote peer c499741afdce42e987df5be00233ac9a: Log matching property violated. Preceding OpId in replica: term: 1 index: 3. Preceding OpId from leader: term: 1 index: 4. (index mismatch)
I20260713 09:08:24.713124 23532 consensus_queue.cc:1048] T 2c231783753c4c0eaf4748172370d82b P c499741afdce42e987df5be00233ac9a [LEADER]: Connected to new peer: Peer: permanent_uuid: "8a6d6a4de24b4e21ae8f46c6fc5a1d28" member_type: VOTER last_known_addr { host: "127.21.50.132" port: 42491 } attrs { promote: false }, Status: LMP_MISMATCH, Last received: 0.0, Next index: 4, Last known committed idx: 3, Time since last communication: 0.000s
I20260713 09:08:24.713943 23550 consensus_queue.cc:1048] T 2c231783753c4c0eaf4748172370d82b P c499741afdce42e987df5be00233ac9a [LEADER]: Connected to new peer: Peer: permanent_uuid: "f40f1c0eed3d4e90a690f55e68338880" member_type: VOTER last_known_addr { host: "127.21.50.131" port: 42395 }, Status: LMP_MISMATCH, Last received: 0.0, Next index: 4, Last known committed idx: 3, Time since last communication: 0.000s
I20260713 09:08:24.719671 23532 raft_consensus.cc:2955] T 2c231783753c4c0eaf4748172370d82b P c499741afdce42e987df5be00233ac9a [term 1 LEADER]: Committing config change with OpId 1.4: config changed from index 3 to 4, VOTER 35b0e4afb6c04528a0e7020088df5ac9 (127.21.50.129) evicted. New config: { opid_index: 4 OBSOLETE_local: false peers { permanent_uuid: "c499741afdce42e987df5be00233ac9a" member_type: VOTER last_known_addr { host: "127.21.50.130" port: 35445 } } peers { permanent_uuid: "f40f1c0eed3d4e90a690f55e68338880" member_type: VOTER last_known_addr { host: "127.21.50.131" port: 42395 } } peers { permanent_uuid: "8a6d6a4de24b4e21ae8f46c6fc5a1d28" member_type: VOTER last_known_addr { host: "127.21.50.132" port: 42491 } attrs { promote: false } } }
I20260713 09:08:24.722585 23266 raft_consensus.cc:2955] T 2c231783753c4c0eaf4748172370d82b P 8a6d6a4de24b4e21ae8f46c6fc5a1d28 [term 1 FOLLOWER]: Committing config change with OpId 1.4: config changed from index 3 to 4, VOTER 35b0e4afb6c04528a0e7020088df5ac9 (127.21.50.129) evicted. New config: { opid_index: 4 OBSOLETE_local: false peers { permanent_uuid: "c499741afdce42e987df5be00233ac9a" member_type: VOTER last_known_addr { host: "127.21.50.130" port: 35445 } } peers { permanent_uuid: "f40f1c0eed3d4e90a690f55e68338880" member_type: VOTER last_known_addr { host: "127.21.50.131" port: 42395 } } peers { permanent_uuid: "8a6d6a4de24b4e21ae8f46c6fc5a1d28" member_type: VOTER last_known_addr { host: "127.21.50.132" port: 42491 } attrs { promote: false } } }
I20260713 09:08:24.734001 23000 raft_consensus.cc:2955] T 2c231783753c4c0eaf4748172370d82b P f40f1c0eed3d4e90a690f55e68338880 [term 1 FOLLOWER]: Committing config change with OpId 1.4: config changed from index 3 to 4, VOTER 35b0e4afb6c04528a0e7020088df5ac9 (127.21.50.129) evicted. New config: { opid_index: 4 OBSOLETE_local: false peers { permanent_uuid: "c499741afdce42e987df5be00233ac9a" member_type: VOTER last_known_addr { host: "127.21.50.130" port: 35445 } } peers { permanent_uuid: "f40f1c0eed3d4e90a690f55e68338880" member_type: VOTER last_known_addr { host: "127.21.50.131" port: 42395 } } peers { permanent_uuid: "8a6d6a4de24b4e21ae8f46c6fc5a1d28" member_type: VOTER last_known_addr { host: "127.21.50.132" port: 42491 } attrs { promote: false } } }
I20260713 09:08:24.735483 22736 catalog_manager.cc:5210] ChangeConfig:REMOVE_PEER RPC for tablet 2c231783753c4c0eaf4748172370d82b with cas_config_opid_index 3: ChangeConfig:REMOVE_PEER succeeded (attempt 1)
I20260713 09:08:24.739169 22748 catalog_manager.cc:5697] T 2c231783753c4c0eaf4748172370d82b P 8a6d6a4de24b4e21ae8f46c6fc5a1d28 reported cstate change: config changed from index 3 to 4, VOTER 35b0e4afb6c04528a0e7020088df5ac9 (127.21.50.129) evicted. New cstate: current_term: 1 leader_uuid: "c499741afdce42e987df5be00233ac9a" committed_config { opid_index: 4 OBSOLETE_local: false peers { permanent_uuid: "c499741afdce42e987df5be00233ac9a" member_type: VOTER last_known_addr { host: "127.21.50.130" port: 35445 } } peers { permanent_uuid: "f40f1c0eed3d4e90a690f55e68338880" member_type: VOTER last_known_addr { host: "127.21.50.131" port: 42395 } } peers { permanent_uuid: "8a6d6a4de24b4e21ae8f46c6fc5a1d28" member_type: VOTER last_known_addr { host: "127.21.50.132" port: 42491 } attrs { promote: false } } }
I20260713 09:08:24.750626 22838 tablet_service.cc:1558] Processing DeleteTablet for tablet 2c231783753c4c0eaf4748172370d82b with delete_type TABLET_DATA_TOMBSTONED (TS 35b0e4afb6c04528a0e7020088df5ac9 not found in new config with opid_index 4) from {username='slave'} at 127.0.0.1:49254
I20260713 09:08:24.752584 23560 tablet_replica.cc:333] T 2c231783753c4c0eaf4748172370d82b P 35b0e4afb6c04528a0e7020088df5ac9: stopping tablet replica
I20260713 09:08:24.753531 23560 raft_consensus.cc:2243] T 2c231783753c4c0eaf4748172370d82b P 35b0e4afb6c04528a0e7020088df5ac9 [term 1 FOLLOWER]: Raft consensus shutting down.
I20260713 09:08:24.754277 23560 raft_consensus.cc:2272] T 2c231783753c4c0eaf4748172370d82b P 35b0e4afb6c04528a0e7020088df5ac9 [term 1 FOLLOWER]: Raft consensus is shut down!
I20260713 09:08:24.761554 23560 ts_tablet_manager.cc:1916] T 2c231783753c4c0eaf4748172370d82b P 35b0e4afb6c04528a0e7020088df5ac9: Deleting tablet data with delete state TABLET_DATA_TOMBSTONED
I20260713 09:08:24.812464 23560 ts_tablet_manager.cc:1929] T 2c231783753c4c0eaf4748172370d82b P 35b0e4afb6c04528a0e7020088df5ac9: tablet deleted with delete type TABLET_DATA_TOMBSTONED: last-logged OpId 1.3
I20260713 09:08:24.813419 23560 log.cc:1199] T 2c231783753c4c0eaf4748172370d82b P 35b0e4afb6c04528a0e7020088df5ac9: Deleting WAL directory at /tmp/dist-test-taskcV3TYU/test-tmp/auto_leader_rebalancer-test.0.LeaderRebalancerTest.AddTserver.1783933664393057-21706-0/minicluster-data/ts-0-root/wals/2c231783753c4c0eaf4748172370d82b
I20260713 09:08:24.816362 22735 catalog_manager.cc:5028] TS 35b0e4afb6c04528a0e7020088df5ac9 (127.21.50.129:42319): tablet 2c231783753c4c0eaf4748172370d82b (table test-workload [id=e187a72fb4984ad49b860ec9718c7585]) successfully deleted
I20260713 09:08:25.789016 22999 consensus_queue.cc:237] T 49fed5acbc504056a674e59ed32f9145 P f40f1c0eed3d4e90a690f55e68338880 [LEADER]: Queue going to LEADER mode. State: All replicated index: 0, Majority replicated index: 1, Committed index: 1, Last appended: 1.1, Last appended by leader: 0, Current term: 1, Majority size: 2, State: 0, Mode: LEADER, active raft config: opid_index: 2 OBSOLETE_local: false peers { permanent_uuid: "35b0e4afb6c04528a0e7020088df5ac9" member_type: VOTER last_known_addr { host: "127.21.50.129" port: 42319 } attrs { replace: true } } peers { permanent_uuid: "c499741afdce42e987df5be00233ac9a" member_type: VOTER last_known_addr { host: "127.21.50.130" port: 35445 } } peers { permanent_uuid: "f40f1c0eed3d4e90a690f55e68338880" member_type: VOTER last_known_addr { host: "127.21.50.131" port: 42395 } } peers { permanent_uuid: "8a6d6a4de24b4e21ae8f46c6fc5a1d28" member_type: NON_VOTER last_known_addr { host: "127.21.50.132" port: 42491 } attrs { promote: true } }
I20260713 09:08:25.796752 22848 raft_consensus.cc:1275] T 49fed5acbc504056a674e59ed32f9145 P 35b0e4afb6c04528a0e7020088df5ac9 [term 1 FOLLOWER]: Refusing update from remote peer f40f1c0eed3d4e90a690f55e68338880: Log matching property violated. Preceding OpId in replica: term: 1 index: 1. Preceding OpId from leader: term: 1 index: 2. (index mismatch)
I20260713 09:08:25.796882 22926 raft_consensus.cc:1275] T 49fed5acbc504056a674e59ed32f9145 P c499741afdce42e987df5be00233ac9a [term 1 FOLLOWER]: Refusing update from remote peer f40f1c0eed3d4e90a690f55e68338880: Log matching property violated. Preceding OpId in replica: term: 1 index: 1. Preceding OpId from leader: term: 1 index: 2. (index mismatch)
W20260713 09:08:25.796988 22966 consensus_peers.cc:597] T 49fed5acbc504056a674e59ed32f9145 P f40f1c0eed3d4e90a690f55e68338880 -> Peer 8a6d6a4de24b4e21ae8f46c6fc5a1d28 (127.21.50.132:42491): Couldn't send request to peer 8a6d6a4de24b4e21ae8f46c6fc5a1d28. Error code: TABLET_NOT_FOUND (6). Status: Not found: Tablet not found: 49fed5acbc504056a674e59ed32f9145. This is attempt 1: this message will repeat every 5th retry.
I20260713 09:08:25.798373 23565 consensus_queue.cc:1048] T 49fed5acbc504056a674e59ed32f9145 P f40f1c0eed3d4e90a690f55e68338880 [LEADER]: Connected to new peer: Peer: permanent_uuid: "35b0e4afb6c04528a0e7020088df5ac9" member_type: VOTER last_known_addr { host: "127.21.50.129" port: 42319 } attrs { replace: true }, Status: LMP_MISMATCH, Last received: 0.0, Next index: 2, Last known committed idx: 1, Time since last communication: 0.000s
I20260713 09:08:25.799327 23405 consensus_queue.cc:1048] T 49fed5acbc504056a674e59ed32f9145 P f40f1c0eed3d4e90a690f55e68338880 [LEADER]: Connected to new peer: Peer: permanent_uuid: "c499741afdce42e987df5be00233ac9a" member_type: VOTER last_known_addr { host: "127.21.50.130" port: 35445 }, Status: LMP_MISMATCH, Last received: 0.0, Next index: 2, Last known committed idx: 1, Time since last communication: 0.000s
I20260713 09:08:25.806191 23565 raft_consensus.cc:2955] T 49fed5acbc504056a674e59ed32f9145 P f40f1c0eed3d4e90a690f55e68338880 [term 1 LEADER]: Committing config change with OpId 1.2: config changed from index -1 to 2, NON_VOTER 8a6d6a4de24b4e21ae8f46c6fc5a1d28 (127.21.50.132) added. New config: { opid_index: 2 OBSOLETE_local: false peers { permanent_uuid: "35b0e4afb6c04528a0e7020088df5ac9" member_type: VOTER last_known_addr { host: "127.21.50.129" port: 42319 } attrs { replace: true } } peers { permanent_uuid: "c499741afdce42e987df5be00233ac9a" member_type: VOTER last_known_addr { host: "127.21.50.130" port: 35445 } } peers { permanent_uuid: "f40f1c0eed3d4e90a690f55e68338880" member_type: VOTER last_known_addr { host: "127.21.50.131" port: 42395 } } peers { permanent_uuid: "8a6d6a4de24b4e21ae8f46c6fc5a1d28" member_type: NON_VOTER last_known_addr { host: "127.21.50.132" port: 42491 } attrs { promote: true } } }
I20260713 09:08:25.807879 22926 raft_consensus.cc:2955] T 49fed5acbc504056a674e59ed32f9145 P c499741afdce42e987df5be00233ac9a [term 1 FOLLOWER]: Committing config change with OpId 1.2: config changed from index -1 to 2, NON_VOTER 8a6d6a4de24b4e21ae8f46c6fc5a1d28 (127.21.50.132) added. New config: { opid_index: 2 OBSOLETE_local: false peers { permanent_uuid: "35b0e4afb6c04528a0e7020088df5ac9" member_type: VOTER last_known_addr { host: "127.21.50.129" port: 42319 } attrs { replace: true } } peers { permanent_uuid: "c499741afdce42e987df5be00233ac9a" member_type: VOTER last_known_addr { host: "127.21.50.130" port: 35445 } } peers { permanent_uuid: "f40f1c0eed3d4e90a690f55e68338880" member_type: VOTER last_known_addr { host: "127.21.50.131" port: 42395 } } peers { permanent_uuid: "8a6d6a4de24b4e21ae8f46c6fc5a1d28" member_type: NON_VOTER last_known_addr { host: "127.21.50.132" port: 42491 } attrs { promote: true } } }
I20260713 09:08:25.813581 22848 raft_consensus.cc:2955] T 49fed5acbc504056a674e59ed32f9145 P 35b0e4afb6c04528a0e7020088df5ac9 [term 1 FOLLOWER]: Committing config change with OpId 1.2: config changed from index -1 to 2, NON_VOTER 8a6d6a4de24b4e21ae8f46c6fc5a1d28 (127.21.50.132) added. New config: { opid_index: 2 OBSOLETE_local: false peers { permanent_uuid: "35b0e4afb6c04528a0e7020088df5ac9" member_type: VOTER last_known_addr { host: "127.21.50.129" port: 42319 } attrs { replace: true } } peers { permanent_uuid: "c499741afdce42e987df5be00233ac9a" member_type: VOTER last_known_addr { host: "127.21.50.130" port: 35445 } } peers { permanent_uuid: "f40f1c0eed3d4e90a690f55e68338880" member_type: VOTER last_known_addr { host: "127.21.50.131" port: 42395 } } peers { permanent_uuid: "8a6d6a4de24b4e21ae8f46c6fc5a1d28" member_type: NON_VOTER last_known_addr { host: "127.21.50.132" port: 42491 } attrs { promote: true } } }
I20260713 09:08:25.822417 22748 catalog_manager.cc:5697] T 49fed5acbc504056a674e59ed32f9145 P f40f1c0eed3d4e90a690f55e68338880 reported cstate change: config changed from index -1 to 2, NON_VOTER 8a6d6a4de24b4e21ae8f46c6fc5a1d28 (127.21.50.132) added. New cstate: current_term: 1 leader_uuid: "f40f1c0eed3d4e90a690f55e68338880" committed_config { opid_index: 2 OBSOLETE_local: false peers { permanent_uuid: "35b0e4afb6c04528a0e7020088df5ac9" member_type: VOTER last_known_addr { host: "127.21.50.129" port: 42319 } attrs { replace: true } health_report { overall_health: HEALTHY } } peers { permanent_uuid: "c499741afdce42e987df5be00233ac9a" member_type: VOTER last_known_addr { host: "127.21.50.130" port: 35445 } health_report { overall_health: HEALTHY } } peers { permanent_uuid: "f40f1c0eed3d4e90a690f55e68338880" member_type: VOTER last_known_addr { host: "127.21.50.131" port: 42395 } health_report { overall_health: HEALTHY } } peers { permanent_uuid: "8a6d6a4de24b4e21ae8f46c6fc5a1d28" member_type: NON_VOTER last_known_addr { host: "127.21.50.132" port: 42491 } attrs { promote: true } health_report { overall_health: UNKNOWN } } }
I20260713 09:08:25.824196 22850 consensus_queue.cc:237] T 372c2aae29c04131a409de4a7a9e7c25 P 35b0e4afb6c04528a0e7020088df5ac9 [LEADER]: Queue going to LEADER mode. State: All replicated index: 0, Majority replicated index: 1, Committed index: 1, Last appended: 1.1, Last appended by leader: 0, Current term: 1, Majority size: 2, State: 0, Mode: LEADER, active raft config: opid_index: 2 OBSOLETE_local: false peers { permanent_uuid: "35b0e4afb6c04528a0e7020088df5ac9" member_type: VOTER last_known_addr { host: "127.21.50.129" port: 42319 } } peers { permanent_uuid: "c499741afdce42e987df5be00233ac9a" member_type: VOTER last_known_addr { host: "127.21.50.130" port: 35445 } attrs { replace: true } } peers { permanent_uuid: "f40f1c0eed3d4e90a690f55e68338880" member_type: VOTER last_known_addr { host: "127.21.50.131" port: 42395 } } peers { permanent_uuid: "8a6d6a4de24b4e21ae8f46c6fc5a1d28" member_type: NON_VOTER last_known_addr { host: "127.21.50.132" port: 42491 } attrs { promote: true } }
I20260713 09:08:25.838184 22999 raft_consensus.cc:1275] T 372c2aae29c04131a409de4a7a9e7c25 P f40f1c0eed3d4e90a690f55e68338880 [term 1 FOLLOWER]: Refusing update from remote peer 35b0e4afb6c04528a0e7020088df5ac9: Log matching property violated. Preceding OpId in replica: term: 1 index: 1. Preceding OpId from leader: term: 1 index: 2. (index mismatch)
W20260713 09:08:25.838864 22817 consensus_peers.cc:597] T 372c2aae29c04131a409de4a7a9e7c25 P 35b0e4afb6c04528a0e7020088df5ac9 -> Peer 8a6d6a4de24b4e21ae8f46c6fc5a1d28 (127.21.50.132:42491): Couldn't send request to peer 8a6d6a4de24b4e21ae8f46c6fc5a1d28. Error code: TABLET_NOT_FOUND (6). Status: Not found: Tablet not found: 372c2aae29c04131a409de4a7a9e7c25. This is attempt 1: this message will repeat every 5th retry.
I20260713 09:08:25.839706 23530 consensus_queue.cc:1048] T 372c2aae29c04131a409de4a7a9e7c25 P 35b0e4afb6c04528a0e7020088df5ac9 [LEADER]: Connected to new peer: Peer: permanent_uuid: "f40f1c0eed3d4e90a690f55e68338880" member_type: VOTER last_known_addr { host: "127.21.50.131" port: 42395 }, Status: LMP_MISMATCH, Last received: 0.0, Next index: 2, Last known committed idx: 1, Time since last communication: 0.000s
I20260713 09:08:25.840595 22926 raft_consensus.cc:1275] T 372c2aae29c04131a409de4a7a9e7c25 P c499741afdce42e987df5be00233ac9a [term 1 FOLLOWER]: Refusing update from remote peer 35b0e4afb6c04528a0e7020088df5ac9: Log matching property violated. Preceding OpId in replica: term: 1 index: 1. Preceding OpId from leader: term: 1 index: 2. (index mismatch)
I20260713 09:08:25.844830 23530 consensus_queue.cc:1048] T 372c2aae29c04131a409de4a7a9e7c25 P 35b0e4afb6c04528a0e7020088df5ac9 [LEADER]: Connected to new peer: Peer: permanent_uuid: "c499741afdce42e987df5be00233ac9a" member_type: VOTER last_known_addr { host: "127.21.50.130" port: 35445 } attrs { replace: true }, Status: LMP_MISMATCH, Last received: 0.0, Next index: 2, Last known committed idx: 1, Time since last communication: 0.000s
I20260713 09:08:25.848764 23543 raft_consensus.cc:2955] T 372c2aae29c04131a409de4a7a9e7c25 P 35b0e4afb6c04528a0e7020088df5ac9 [term 1 LEADER]: Committing config change with OpId 1.2: config changed from index -1 to 2, NON_VOTER 8a6d6a4de24b4e21ae8f46c6fc5a1d28 (127.21.50.132) added. New config: { opid_index: 2 OBSOLETE_local: false peers { permanent_uuid: "35b0e4afb6c04528a0e7020088df5ac9" member_type: VOTER last_known_addr { host: "127.21.50.129" port: 42319 } } peers { permanent_uuid: "c499741afdce42e987df5be00233ac9a" member_type: VOTER last_known_addr { host: "127.21.50.130" port: 35445 } attrs { replace: true } } peers { permanent_uuid: "f40f1c0eed3d4e90a690f55e68338880" member_type: VOTER last_known_addr { host: "127.21.50.131" port: 42395 } } peers { permanent_uuid: "8a6d6a4de24b4e21ae8f46c6fc5a1d28" member_type: NON_VOTER last_known_addr { host: "127.21.50.132" port: 42491 } attrs { promote: true } } }
I20260713 09:08:25.850312 22999 raft_consensus.cc:2955] T 372c2aae29c04131a409de4a7a9e7c25 P f40f1c0eed3d4e90a690f55e68338880 [term 1 FOLLOWER]: Committing config change with OpId 1.2: config changed from index -1 to 2, NON_VOTER 8a6d6a4de24b4e21ae8f46c6fc5a1d28 (127.21.50.132) added. New config: { opid_index: 2 OBSOLETE_local: false peers { permanent_uuid: "35b0e4afb6c04528a0e7020088df5ac9" member_type: VOTER last_known_addr { host: "127.21.50.129" port: 42319 } } peers { permanent_uuid: "c499741afdce42e987df5be00233ac9a" member_type: VOTER last_known_addr { host: "127.21.50.130" port: 35445 } attrs { replace: true } } peers { permanent_uuid: "f40f1c0eed3d4e90a690f55e68338880" member_type: VOTER last_known_addr { host: "127.21.50.131" port: 42395 } } peers { permanent_uuid: "8a6d6a4de24b4e21ae8f46c6fc5a1d28" member_type: NON_VOTER last_known_addr { host: "127.21.50.132" port: 42491 } attrs { promote: true } } }
I20260713 09:08:25.872848 22926 raft_consensus.cc:2955] T 372c2aae29c04131a409de4a7a9e7c25 P c499741afdce42e987df5be00233ac9a [term 1 FOLLOWER]: Committing config change with OpId 1.2: config changed from index -1 to 2, NON_VOTER 8a6d6a4de24b4e21ae8f46c6fc5a1d28 (127.21.50.132) added. New config: { opid_index: 2 OBSOLETE_local: false peers { permanent_uuid: "35b0e4afb6c04528a0e7020088df5ac9" member_type: VOTER last_known_addr { host: "127.21.50.129" port: 42319 } } peers { permanent_uuid: "c499741afdce42e987df5be00233ac9a" member_type: VOTER last_known_addr { host: "127.21.50.130" port: 35445 } attrs { replace: true } } peers { permanent_uuid: "f40f1c0eed3d4e90a690f55e68338880" member_type: VOTER last_known_addr { host: "127.21.50.131" port: 42395 } } peers { permanent_uuid: "8a6d6a4de24b4e21ae8f46c6fc5a1d28" member_type: NON_VOTER last_known_addr { host: "127.21.50.132" port: 42491 } attrs { promote: true } } }
I20260713 09:08:25.876276 22746 catalog_manager.cc:5697] T 372c2aae29c04131a409de4a7a9e7c25 P f40f1c0eed3d4e90a690f55e68338880 reported cstate change: config changed from index -1 to 2, NON_VOTER 8a6d6a4de24b4e21ae8f46c6fc5a1d28 (127.21.50.132) added. New cstate: current_term: 1 leader_uuid: "35b0e4afb6c04528a0e7020088df5ac9" committed_config { opid_index: 2 OBSOLETE_local: false peers { permanent_uuid: "35b0e4afb6c04528a0e7020088df5ac9" member_type: VOTER last_known_addr { host: "127.21.50.129" port: 42319 } } peers { permanent_uuid: "c499741afdce42e987df5be00233ac9a" member_type: VOTER last_known_addr { host: "127.21.50.130" port: 35445 } attrs { replace: true } } peers { permanent_uuid: "f40f1c0eed3d4e90a690f55e68338880" member_type: VOTER last_known_addr { host: "127.21.50.131" port: 42395 } } peers { permanent_uuid: "8a6d6a4de24b4e21ae8f46c6fc5a1d28" member_type: NON_VOTER last_known_addr { host: "127.21.50.132" port: 42491 } attrs { promote: true } } }
I20260713 09:08:26.274834 23578 ts_tablet_manager.cc:933] T 372c2aae29c04131a409de4a7a9e7c25 P 8a6d6a4de24b4e21ae8f46c6fc5a1d28: Initiating tablet copy from peer 35b0e4afb6c04528a0e7020088df5ac9 (127.21.50.129:42319)
I20260713 09:08:26.276703 23578 tablet_copy_client.cc:323] T 372c2aae29c04131a409de4a7a9e7c25 P 8a6d6a4de24b4e21ae8f46c6fc5a1d28: tablet copy: Beginning tablet copy session from remote peer at address 127.21.50.129:42319
I20260713 09:08:26.278966 22862 tablet_copy_service.cc:140] P 35b0e4afb6c04528a0e7020088df5ac9: Received BeginTabletCopySession request for tablet 372c2aae29c04131a409de4a7a9e7c25 from peer 8a6d6a4de24b4e21ae8f46c6fc5a1d28 ({username='slave'} at 127.0.0.1:49288)
I20260713 09:08:26.279680 22862 tablet_copy_service.cc:161] P 35b0e4afb6c04528a0e7020088df5ac9: Beginning new tablet copy session on tablet 372c2aae29c04131a409de4a7a9e7c25 from peer 8a6d6a4de24b4e21ae8f46c6fc5a1d28 at {username='slave'} at 127.0.0.1:49288: session id = 8a6d6a4de24b4e21ae8f46c6fc5a1d28-372c2aae29c04131a409de4a7a9e7c25
I20260713 09:08:26.288350 22862 tablet_copy_source_session.cc:215] T 372c2aae29c04131a409de4a7a9e7c25 P 35b0e4afb6c04528a0e7020088df5ac9: Tablet Copy: opened 0 blocks and 1 log segments
I20260713 09:08:26.291631 23578 data_dirs.cc:400] Could only allocate 1 dirs of requested 3 for tablet 372c2aae29c04131a409de4a7a9e7c25. 1 dirs total, 0 dirs full, 0 dirs failed
I20260713 09:08:26.305327 23578 tablet_copy_client.cc:806] T 372c2aae29c04131a409de4a7a9e7c25 P 8a6d6a4de24b4e21ae8f46c6fc5a1d28: tablet copy: Starting download of 0 data blocks...
I20260713 09:08:26.305928 23578 tablet_copy_client.cc:670] T 372c2aae29c04131a409de4a7a9e7c25 P 8a6d6a4de24b4e21ae8f46c6fc5a1d28: tablet copy: Starting download of 1 WAL segments...
I20260713 09:08:26.309587 23578 tablet_copy_client.cc:538] T 372c2aae29c04131a409de4a7a9e7c25 P 8a6d6a4de24b4e21ae8f46c6fc5a1d28: tablet copy: Tablet Copy complete. Replacing tablet superblock.
I20260713 09:08:26.316816 23578 tablet_bootstrap.cc:492] T 372c2aae29c04131a409de4a7a9e7c25 P 8a6d6a4de24b4e21ae8f46c6fc5a1d28: Bootstrap starting.
I20260713 09:08:26.331993 23578 tablet_bootstrap.cc:492] T 372c2aae29c04131a409de4a7a9e7c25 P 8a6d6a4de24b4e21ae8f46c6fc5a1d28: Bootstrap replayed 1/1 log segments. Stats: ops{read=2 overwritten=0 applied=2 ignored=0} inserts{seen=0 ignored=0} mutations{seen=0 ignored=0} orphaned_commits=0. Pending: 0 replicates
I20260713 09:08:26.332717 23578 tablet_bootstrap.cc:492] T 372c2aae29c04131a409de4a7a9e7c25 P 8a6d6a4de24b4e21ae8f46c6fc5a1d28: Bootstrap complete.
I20260713 09:08:26.333279 23578 ts_tablet_manager.cc:1403] T 372c2aae29c04131a409de4a7a9e7c25 P 8a6d6a4de24b4e21ae8f46c6fc5a1d28: Time spent bootstrapping tablet: real 0.017s	user 0.003s	sys 0.012s
I20260713 09:08:26.337007 23578 raft_consensus.cc:359] T 372c2aae29c04131a409de4a7a9e7c25 P 8a6d6a4de24b4e21ae8f46c6fc5a1d28 [term 1 LEARNER]: Replica starting. Triggering 0 pending ops. Active config: opid_index: 2 OBSOLETE_local: false peers { permanent_uuid: "35b0e4afb6c04528a0e7020088df5ac9" member_type: VOTER last_known_addr { host: "127.21.50.129" port: 42319 } } peers { permanent_uuid: "c499741afdce42e987df5be00233ac9a" member_type: VOTER last_known_addr { host: "127.21.50.130" port: 35445 } attrs { replace: true } } peers { permanent_uuid: "f40f1c0eed3d4e90a690f55e68338880" member_type: VOTER last_known_addr { host: "127.21.50.131" port: 42395 } } peers { permanent_uuid: "8a6d6a4de24b4e21ae8f46c6fc5a1d28" member_type: NON_VOTER last_known_addr { host: "127.21.50.132" port: 42491 } attrs { promote: true } }
I20260713 09:08:26.337904 23578 raft_consensus.cc:740] T 372c2aae29c04131a409de4a7a9e7c25 P 8a6d6a4de24b4e21ae8f46c6fc5a1d28 [term 1 LEARNER]: Becoming Follower/Learner. State: Replica: 8a6d6a4de24b4e21ae8f46c6fc5a1d28, State: Initialized, Role: LEARNER
