I20260713 09:07:50.086632 21523 raft_consensus.cc:2243] T 46c5314e577b4420b5c62fd6482b6dc6 P 3d7c85e8ca6240b184b8d0f3731115f9 [term 1 FOLLOWER]: Raft consensus shutting down.
I20260713 09:07:50.087004 21523 raft_consensus.cc:2272] T 46c5314e577b4420b5c62fd6482b6dc6 P 3d7c85e8ca6240b184b8d0f3731115f9 [term 1 FOLLOWER]: Raft consensus is shut down!
I20260713 09:07:50.088625 21523 tablet_replica.cc:333] T 4dbb426239f34bdbb4d7060e4a798aa0 P 3d7c85e8ca6240b184b8d0f3731115f9: stopping tablet replica
I20260713 09:07:50.089155 21523 raft_consensus.cc:2243] T 4dbb426239f34bdbb4d7060e4a798aa0 P 3d7c85e8ca6240b184b8d0f3731115f9 [term 4 FOLLOWER]: Raft consensus shutting down.
I20260713 09:07:50.089486 21523 raft_consensus.cc:2272] T 4dbb426239f34bdbb4d7060e4a798aa0 P 3d7c85e8ca6240b184b8d0f3731115f9 [term 4 FOLLOWER]: Raft consensus is shut down!
I20260713 09:07:50.091248 21523 tablet_replica.cc:333] T f863329828094f63b647e040ac4d7933 P 3d7c85e8ca6240b184b8d0f3731115f9: stopping tablet replica
I20260713 09:07:50.091670 21523 raft_consensus.cc:2243] T f863329828094f63b647e040ac4d7933 P 3d7c85e8ca6240b184b8d0f3731115f9 [term 2 LEADER]: Raft consensus shutting down.
I20260713 09:07:50.092259 21523 raft_consensus.cc:2272] T f863329828094f63b647e040ac4d7933 P 3d7c85e8ca6240b184b8d0f3731115f9 [term 2 FOLLOWER]: Raft consensus is shut down!
I20260713 09:07:50.093680 21523 tablet_replica.cc:333] T 5a357a7f27d440eaa66b943a7a532df0 P 3d7c85e8ca6240b184b8d0f3731115f9: stopping tablet replica
I20260713 09:07:50.094110 21523 raft_consensus.cc:2243] T 5a357a7f27d440eaa66b943a7a532df0 P 3d7c85e8ca6240b184b8d0f3731115f9 [term 2 FOLLOWER]: Raft consensus shutting down.
I20260713 09:07:50.094429 21523 raft_consensus.cc:2272] T 5a357a7f27d440eaa66b943a7a532df0 P 3d7c85e8ca6240b184b8d0f3731115f9 [term 2 FOLLOWER]: Raft consensus is shut down!
I20260713 09:07:50.096540 21523 tablet_replica.cc:333] T beae6ac97bf9463aa0c4f7b54f378fa7 P 3d7c85e8ca6240b184b8d0f3731115f9: stopping tablet replica
I20260713 09:07:50.096971 21523 raft_consensus.cc:2243] T beae6ac97bf9463aa0c4f7b54f378fa7 P 3d7c85e8ca6240b184b8d0f3731115f9 [term 3 LEADER]: Raft consensus shutting down.
I20260713 09:07:50.097560 21523 raft_consensus.cc:2272] T beae6ac97bf9463aa0c4f7b54f378fa7 P 3d7c85e8ca6240b184b8d0f3731115f9 [term 3 FOLLOWER]: Raft consensus is shut down!
I20260713 09:07:50.098929 21523 tablet_replica.cc:333] T ff814ec5a8ec450a88db8b49daeec004 P 3d7c85e8ca6240b184b8d0f3731115f9: stopping tablet replica
I20260713 09:07:50.099328 21523 raft_consensus.cc:2243] T ff814ec5a8ec450a88db8b49daeec004 P 3d7c85e8ca6240b184b8d0f3731115f9 [term 5 FOLLOWER]: Raft consensus shutting down.
I20260713 09:07:50.099630 21523 raft_consensus.cc:2272] T ff814ec5a8ec450a88db8b49daeec004 P 3d7c85e8ca6240b184b8d0f3731115f9 [term 5 FOLLOWER]: Raft consensus is shut down!
I20260713 09:07:50.101290 21523 tablet_replica.cc:333] T 3d48904e7140467fa7aa36e44b660fad P 3d7c85e8ca6240b184b8d0f3731115f9: stopping tablet replica
I20260713 09:07:50.101687 21523 raft_consensus.cc:2243] T 3d48904e7140467fa7aa36e44b660fad P 3d7c85e8ca6240b184b8d0f3731115f9 [term 3 FOLLOWER]: Raft consensus shutting down.
I20260713 09:07:50.101989 21523 raft_consensus.cc:2272] T 3d48904e7140467fa7aa36e44b660fad P 3d7c85e8ca6240b184b8d0f3731115f9 [term 3 FOLLOWER]: Raft consensus is shut down!
I20260713 09:07:50.103538 21523 tablet_replica.cc:333] T 3b19031f1d3240babe4ca9c9d4fc9ff7 P 3d7c85e8ca6240b184b8d0f3731115f9: stopping tablet replica
I20260713 09:07:50.103968 21523 raft_consensus.cc:2243] T 3b19031f1d3240babe4ca9c9d4fc9ff7 P 3d7c85e8ca6240b184b8d0f3731115f9 [term 3 LEADER]: Raft consensus shutting down.
I20260713 09:07:50.104547 21523 raft_consensus.cc:2272] T 3b19031f1d3240babe4ca9c9d4fc9ff7 P 3d7c85e8ca6240b184b8d0f3731115f9 [term 3 FOLLOWER]: Raft consensus is shut down!
I20260713 09:07:50.105922 21523 tablet_replica.cc:333] T 5b8b0860cdc749c6aefdb70aaf839c5c P 3d7c85e8ca6240b184b8d0f3731115f9: stopping tablet replica
I20260713 09:07:50.106264 21523 raft_consensus.cc:2243] T 5b8b0860cdc749c6aefdb70aaf839c5c P 3d7c85e8ca6240b184b8d0f3731115f9 [term 5 FOLLOWER]: Raft consensus shutting down.
I20260713 09:07:50.106556 21523 raft_consensus.cc:2272] T 5b8b0860cdc749c6aefdb70aaf839c5c P 3d7c85e8ca6240b184b8d0f3731115f9 [term 5 FOLLOWER]: Raft consensus is shut down!
W20260713 09:07:50.122429 21772 consensus_peers.cc:597] T 4dbb426239f34bdbb4d7060e4a798aa0 P 491f3026167a433797d4e36ef7f5b891 -> Peer 412d5c794f314a72b755e3eb206a5c14 (127.21.4.193:33011): Couldn't send request to peer 412d5c794f314a72b755e3eb206a5c14. Status: Network error: Client connection negotiation failed: client connection to 127.21.4.193:33011: connect: Connection refused (error 111). This is attempt 1: this message will repeat every 5th retry.
I20260713 09:07:50.131949 21523 tablet_server.cc:196] TabletServer@127.21.4.194:0 shutdown complete.
I20260713 09:07:50.146466 21523 tablet_server.cc:179] TabletServer@127.21.4.195:0 shutting down...
I20260713 09:07:50.169128 21523 ts_tablet_manager.cc:1507] Shutting down tablet manager...
I20260713 09:07:50.169770 21523 tablet_replica.cc:333] T 3b19031f1d3240babe4ca9c9d4fc9ff7 P 491f3026167a433797d4e36ef7f5b891: stopping tablet replica
I20260713 09:07:50.170493 21523 raft_consensus.cc:2243] T 3b19031f1d3240babe4ca9c9d4fc9ff7 P 491f3026167a433797d4e36ef7f5b891 [term 3 FOLLOWER]: Raft consensus shutting down.
I20260713 09:07:50.171073 21523 raft_consensus.cc:2272] T 3b19031f1d3240babe4ca9c9d4fc9ff7 P 491f3026167a433797d4e36ef7f5b891 [term 3 FOLLOWER]: Raft consensus is shut down!
I20260713 09:07:50.172785 21523 tablet_replica.cc:333] T 3d48904e7140467fa7aa36e44b660fad P 491f3026167a433797d4e36ef7f5b891: stopping tablet replica
I20260713 09:07:50.173271 21523 raft_consensus.cc:2243] T 3d48904e7140467fa7aa36e44b660fad P 491f3026167a433797d4e36ef7f5b891 [term 3 LEADER]: Raft consensus shutting down.
I20260713 09:07:50.173878 21523 raft_consensus.cc:2272] T 3d48904e7140467fa7aa36e44b660fad P 491f3026167a433797d4e36ef7f5b891 [term 3 FOLLOWER]: Raft consensus is shut down!
I20260713 09:07:50.175616 21523 tablet_replica.cc:333] T ff814ec5a8ec450a88db8b49daeec004 P 491f3026167a433797d4e36ef7f5b891: stopping tablet replica
I20260713 09:07:50.176041 21523 raft_consensus.cc:2243] T ff814ec5a8ec450a88db8b49daeec004 P 491f3026167a433797d4e36ef7f5b891 [term 5 FOLLOWER]: Raft consensus shutting down.
I20260713 09:07:50.176395 21523 raft_consensus.cc:2272] T ff814ec5a8ec450a88db8b49daeec004 P 491f3026167a433797d4e36ef7f5b891 [term 5 FOLLOWER]: Raft consensus is shut down!
I20260713 09:07:50.178399 21523 tablet_replica.cc:333] T 5a357a7f27d440eaa66b943a7a532df0 P 491f3026167a433797d4e36ef7f5b891: stopping tablet replica
I20260713 09:07:50.178876 21523 raft_consensus.cc:2243] T 5a357a7f27d440eaa66b943a7a532df0 P 491f3026167a433797d4e36ef7f5b891 [term 2 FOLLOWER]: Raft consensus shutting down.
I20260713 09:07:50.179242 21523 raft_consensus.cc:2272] T 5a357a7f27d440eaa66b943a7a532df0 P 491f3026167a433797d4e36ef7f5b891 [term 2 FOLLOWER]: Raft consensus is shut down!
I20260713 09:07:50.180989 21523 tablet_replica.cc:333] T f863329828094f63b647e040ac4d7933 P 491f3026167a433797d4e36ef7f5b891: stopping tablet replica
I20260713 09:07:50.181427 21523 raft_consensus.cc:2243] T f863329828094f63b647e040ac4d7933 P 491f3026167a433797d4e36ef7f5b891 [term 2 FOLLOWER]: Raft consensus shutting down.
I20260713 09:07:50.181782 21523 raft_consensus.cc:2272] T f863329828094f63b647e040ac4d7933 P 491f3026167a433797d4e36ef7f5b891 [term 2 FOLLOWER]: Raft consensus is shut down!
I20260713 09:07:50.183284 21523 tablet_replica.cc:333] T 4dbb426239f34bdbb4d7060e4a798aa0 P 491f3026167a433797d4e36ef7f5b891: stopping tablet replica
I20260713 09:07:50.183712 21523 raft_consensus.cc:2243] T 4dbb426239f34bdbb4d7060e4a798aa0 P 491f3026167a433797d4e36ef7f5b891 [term 4 LEADER]: Raft consensus shutting down.
I20260713 09:07:50.184348 21523 raft_consensus.cc:2272] T 4dbb426239f34bdbb4d7060e4a798aa0 P 491f3026167a433797d4e36ef7f5b891 [term 4 FOLLOWER]: Raft consensus is shut down!
I20260713 09:07:50.186039 21523 tablet_replica.cc:333] T 46c5314e577b4420b5c62fd6482b6dc6 P 491f3026167a433797d4e36ef7f5b891: stopping tablet replica
I20260713 09:07:50.186513 21523 raft_consensus.cc:2243] T 46c5314e577b4420b5c62fd6482b6dc6 P 491f3026167a433797d4e36ef7f5b891 [term 1 LEADER]: Raft consensus shutting down.
I20260713 09:07:50.187182 21523 raft_consensus.cc:2272] T 46c5314e577b4420b5c62fd6482b6dc6 P 491f3026167a433797d4e36ef7f5b891 [term 1 FOLLOWER]: Raft consensus is shut down!
I20260713 09:07:50.188768 21523 tablet_replica.cc:333] T beae6ac97bf9463aa0c4f7b54f378fa7 P 491f3026167a433797d4e36ef7f5b891: stopping tablet replica
I20260713 09:07:50.189199 21523 raft_consensus.cc:2243] T beae6ac97bf9463aa0c4f7b54f378fa7 P 491f3026167a433797d4e36ef7f5b891 [term 3 FOLLOWER]: Raft consensus shutting down.
I20260713 09:07:50.189566 21523 raft_consensus.cc:2272] T beae6ac97bf9463aa0c4f7b54f378fa7 P 491f3026167a433797d4e36ef7f5b891 [term 3 FOLLOWER]: Raft consensus is shut down!
I20260713 09:07:50.191030 21523 tablet_replica.cc:333] T 5b8b0860cdc749c6aefdb70aaf839c5c P 491f3026167a433797d4e36ef7f5b891: stopping tablet replica
I20260713 09:07:50.191423 21523 raft_consensus.cc:2243] T 5b8b0860cdc749c6aefdb70aaf839c5c P 491f3026167a433797d4e36ef7f5b891 [term 5 FOLLOWER]: Raft consensus shutting down.
I20260713 09:07:50.191789 21523 raft_consensus.cc:2272] T 5b8b0860cdc749c6aefdb70aaf839c5c P 491f3026167a433797d4e36ef7f5b891 [term 5 FOLLOWER]: Raft consensus is shut down!
I20260713 09:07:50.217034 21523 tablet_server.cc:196] TabletServer@127.21.4.195:0 shutdown complete.
I20260713 09:07:50.231833 21523 master.cc:562] Master@127.21.4.254:37503 shutting down...
I20260713 09:07:50.318167 21610 catalog_manager.cc:805] Waiting for catalog manager background task thread to start: Service unavailable: Catalog manager is not initialized. State: Closing
I20260713 09:07:50.368598 21523 raft_consensus.cc:2243] T 00000000000000000000000000000000 P c7dfd6d5c5054879b8b560f031e60d9f [term 1 LEADER]: Raft consensus shutting down.
I20260713 09:07:50.369180 21523 raft_consensus.cc:2272] T 00000000000000000000000000000000 P c7dfd6d5c5054879b8b560f031e60d9f [term 1 FOLLOWER]: Raft consensus is shut down!
I20260713 09:07:50.369534 21523 tablet_replica.cc:333] T 00000000000000000000000000000000 P c7dfd6d5c5054879b8b560f031e60d9f: stopping tablet replica
I20260713 09:07:50.387300 21523 master.cc:584] Master@127.21.4.254:37503 shutdown complete.
3d7c85e8ca6240b184b8d0f3731115f9  4
412d5c794f314a72b755e3eb206a5c14  4
491f3026167a433797d4e36ef7f5b891  1
[       OK ] LeaderRebalancerTest.FunctionalTestForDivided (12292 ms)
[ RUN      ] LeaderRebalancerTest.FunctionalTestForNotDivided
I20260713 09:07:50.423496 21523 internal_mini_cluster.cc:156] Creating distributed mini masters. Addrs: 127.21.4.254:42423
I20260713 09:07:50.424491 21523 file_cache.cc:504] Constructed file cache file cache with capacity 419430
W20260713 09:07:50.429312 22024 instance_detector.cc:116] could not retrieve AWS instance metadata: Network error: curl error: HTTP response code said error: The requested URL returned error: 404
W20260713 09:07:50.429366 22025 instance_detector.cc:116] could not retrieve Azure instance metadata: Network error: curl error: HTTP response code said error: The requested URL returned error: 404
I20260713 09:07:50.431438 21523 server_base.cc:1061] running on GCE node
W20260713 09:07:50.431866 22027 instance_detector.cc:116] could not retrieve OpenStack instance metadata: Network error: curl error: HTTP response code said error: The requested URL returned error: 404
I20260713 09:07:50.432631 21523 hybrid_clock.cc:584] initializing the hybrid clock with 'system_unsync' time source
W20260713 09:07:50.432801 21523 system_unsync_time.cc:38] NTP support is disabled. Clock error bounds will not be accurate. This configuration is not suitable for distributed clusters.
I20260713 09:07:50.432911 21523 hybrid_clock.cc:648] HybridClock initialized: now 1783933670432900 us; error 0 us; skew 500 ppm
I20260713 09:07:50.433612 21523 server_base.cc:861] Flag tcmalloc_max_total_thread_cache_bytes is not working since tcmalloc is not enabled.
I20260713 09:07:50.435643 21523 webserver.cc:533] Webserver started at http://127.21.4.254:37941/ using document root <none> and password file <none>
I20260713 09:07:50.436045 21523 fs_manager.cc:362] Metadata directory not provided
I20260713 09:07:50.436192 21523 fs_manager.cc:368] Using write-ahead log directory (fs_wal_dir) as metadata directory
I20260713 09:07:50.436385 21523 server_base.cc:909] This appears to be a new deployment of Kudu; creating new FS layout
I20260713 09:07:50.437381 21523 fs_manager.cc:1068] Generated new instance metadata in path /tmp/dist-test-taskZpgQQV/test-tmp/auto_leader_rebalancer-test.0.LeaderRebalancerTest.FunctionalTestForNotDivided.1783933657977224-21523-0/minicluster-data/master-0-root/instance:
uuid: "635419376e0a499ba67e7430e7506aaf"
format_stamp: "Formatted at 2026-07-13 09:07:50 on dist-test-slave-lzdr"
I20260713 09:07:50.441155 21523 fs_manager.cc:696] Time spent creating directory manager: real 0.003s	user 0.003s	sys 0.001s
I20260713 09:07:50.443936 22032 log_block_manager.cc:4127] Time spent loading block containers with low live blocks: real 0.000s	user 0.000s	sys 0.000s
I20260713 09:07:50.444538 21523 fs_manager.cc:730] Time spent opening block manager: real 0.002s	user 0.003s	sys 0.000s
I20260713 09:07:50.444772 21523 fs_manager.cc:647] Opened local filesystem: /tmp/dist-test-taskZpgQQV/test-tmp/auto_leader_rebalancer-test.0.LeaderRebalancerTest.FunctionalTestForNotDivided.1783933657977224-21523-0/minicluster-data/master-0-root
uuid: "635419376e0a499ba67e7430e7506aaf"
format_stamp: "Formatted at 2026-07-13 09:07:50 on dist-test-slave-lzdr"
I20260713 09:07:50.445046 21523 fs_report.cc:389] FS layout report
--------------------
wal directory: /tmp/dist-test-taskZpgQQV/test-tmp/auto_leader_rebalancer-test.0.LeaderRebalancerTest.FunctionalTestForNotDivided.1783933657977224-21523-0/minicluster-data/master-0-root
metadata directory: /tmp/dist-test-taskZpgQQV/test-tmp/auto_leader_rebalancer-test.0.LeaderRebalancerTest.FunctionalTestForNotDivided.1783933657977224-21523-0/minicluster-data/master-0-root
1 data directories: /tmp/dist-test-taskZpgQQV/test-tmp/auto_leader_rebalancer-test.0.LeaderRebalancerTest.FunctionalTestForNotDivided.1783933657977224-21523-0/minicluster-data/master-0-root/data
Total live blocks: 0
Total live bytes: 0
Total live bytes (after alignment): 0
Total number of LBM containers: 0 (0 full)
Did not check for missing blocks
Did not check for orphaned blocks
Total full LBM containers with extra space: 0 (0 repaired)
Total full LBM container extra space in bytes: 0 (0 repaired)
Total incomplete LBM containers: 0 (0 repaired)
Total LBM partial records: 0 (0 repaired)
Total corrupted LBM metadata records in RocksDB: 0 (0 repaired)
I20260713 09:07:50.485399 21523 rpc_server.cc:225] running with OpenSSL 1.1.1  11 Sep 2018
I20260713 09:07:50.486544 21523 kserver.cc:163] Server-wide thread pool size limit: 3276
I20260713 09:07:50.521072 21523 rpc_server.cc:307] RPC server started. Bound to: 127.21.4.254:42423
I20260713 09:07:50.521173 22083 acceptor_pool.cc:272] collecting diagnostics on the listening RPC socket 127.21.4.254:42423 every 8 connection(s)
I20260713 09:07:50.524556 22084 data_dirs.cc:400] Could only allocate 1 dirs of requested 3 for tablet 00000000000000000000000000000000. 1 dirs total, 0 dirs full, 0 dirs failed
I20260713 09:07:50.533114 22084 tablet_bootstrap.cc:492] T 00000000000000000000000000000000 P 635419376e0a499ba67e7430e7506aaf: Bootstrap starting.
I20260713 09:07:50.537371 22084 tablet_bootstrap.cc:654] T 00000000000000000000000000000000 P 635419376e0a499ba67e7430e7506aaf: Neither blocks nor log segments found. Creating new log.
I20260713 09:07:50.540920 22084 tablet_bootstrap.cc:492] T 00000000000000000000000000000000 P 635419376e0a499ba67e7430e7506aaf: No bootstrap required, opened a new log
I20260713 09:07:50.542775 22084 raft_consensus.cc:359] T 00000000000000000000000000000000 P 635419376e0a499ba67e7430e7506aaf [term 0 FOLLOWER]: Replica starting. Triggering 0 pending ops. Active config: opid_index: -1 OBSOLETE_local: true peers { permanent_uuid: "635419376e0a499ba67e7430e7506aaf" member_type: VOTER }
I20260713 09:07:50.543108 22084 raft_consensus.cc:385] T 00000000000000000000000000000000 P 635419376e0a499ba67e7430e7506aaf [term 0 FOLLOWER]: Consensus starting up: Expiring failure detector timer to make a prompt election more likely
I20260713 09:07:50.543284 22084 raft_consensus.cc:740] T 00000000000000000000000000000000 P 635419376e0a499ba67e7430e7506aaf [term 0 FOLLOWER]: Becoming Follower/Learner. State: Replica: 635419376e0a499ba67e7430e7506aaf, State: Initialized, Role: FOLLOWER
I20260713 09:07:50.543781 22084 consensus_queue.cc:260] T 00000000000000000000000000000000 P 635419376e0a499ba67e7430e7506aaf [NON_LEADER]: Queue going to NON_LEADER mode. State: All replicated index: 0, Majority replicated index: 0, Committed index: 0, Last appended: 0.0, Last appended by leader: 0, Current term: 0, Majority size: -1, State: 0, Mode: NON_LEADER, active raft config: opid_index: -1 OBSOLETE_local: true peers { permanent_uuid: "635419376e0a499ba67e7430e7506aaf" member_type: VOTER }
I20260713 09:07:50.544186 22084 raft_consensus.cc:399] T 00000000000000000000000000000000 P 635419376e0a499ba67e7430e7506aaf [term 0 FOLLOWER]: Only one voter in the Raft config. Triggering election immediately
I20260713 09:07:50.544375 22084 raft_consensus.cc:493] T 00000000000000000000000000000000 P 635419376e0a499ba67e7430e7506aaf [term 0 FOLLOWER]: Starting leader election (initial election of a single-replica configuration)
I20260713 09:07:50.544572 22084 raft_consensus.cc:3060] T 00000000000000000000000000000000 P 635419376e0a499ba67e7430e7506aaf [term 0 FOLLOWER]: Advancing to term 1
I20260713 09:07:50.548215 22084 raft_consensus.cc:515] T 00000000000000000000000000000000 P 635419376e0a499ba67e7430e7506aaf [term 1 FOLLOWER]: Starting leader election with config: opid_index: -1 OBSOLETE_local: true peers { permanent_uuid: "635419376e0a499ba67e7430e7506aaf" member_type: VOTER }
I20260713 09:07:50.548629 22084 leader_election.cc:304] T 00000000000000000000000000000000 P 635419376e0a499ba67e7430e7506aaf [CANDIDATE]: Term 1 election: Election decided. Result: candidate won. Election summary: received 1 responses out of 1 voters: 1 yes votes; 0 no votes. yes voters: 635419376e0a499ba67e7430e7506aaf; no voters: 
I20260713 09:07:50.549569 22084 leader_election.cc:290] T 00000000000000000000000000000000 P 635419376e0a499ba67e7430e7506aaf [CANDIDATE]: Term 1 election: Requested vote from peers 
I20260713 09:07:50.549816 22087 raft_consensus.cc:2804] T 00000000000000000000000000000000 P 635419376e0a499ba67e7430e7506aaf [term 1 FOLLOWER]: Leader election won for term 1
I20260713 09:07:50.550940 22087 raft_consensus.cc:697] T 00000000000000000000000000000000 P 635419376e0a499ba67e7430e7506aaf [term 1 LEADER]: Becoming Leader. State: Replica: 635419376e0a499ba67e7430e7506aaf, State: Running, Role: LEADER
I20260713 09:07:50.551486 22087 consensus_queue.cc:237] T 00000000000000000000000000000000 P 635419376e0a499ba67e7430e7506aaf [LEADER]: Queue going to LEADER mode. State: All replicated index: 0, Majority replicated index: 0, Committed index: 0, Last appended: 0.0, Last appended by leader: 0, Current term: 1, Majority size: 1, State: 0, Mode: LEADER, active raft config: opid_index: -1 OBSOLETE_local: true peers { permanent_uuid: "635419376e0a499ba67e7430e7506aaf" member_type: VOTER }
I20260713 09:07:50.552145 22084 sys_catalog.cc:565] T 00000000000000000000000000000000 P 635419376e0a499ba67e7430e7506aaf [sys.catalog]: configured and running, proceeding with master startup.
I20260713 09:07:50.555789 22088 sys_catalog.cc:455] T 00000000000000000000000000000000 P 635419376e0a499ba67e7430e7506aaf [sys.catalog]: SysCatalogTable state changed. Reason: RaftConsensus started. Latest consensus state: current_term: 1 leader_uuid: "635419376e0a499ba67e7430e7506aaf" committed_config { opid_index: -1 OBSOLETE_local: true peers { permanent_uuid: "635419376e0a499ba67e7430e7506aaf" member_type: VOTER } }
I20260713 09:07:50.556370 22088 sys_catalog.cc:458] T 00000000000000000000000000000000 P 635419376e0a499ba67e7430e7506aaf [sys.catalog]: This master's current role is: LEADER
I20260713 09:07:50.557422 22089 sys_catalog.cc:455] T 00000000000000000000000000000000 P 635419376e0a499ba67e7430e7506aaf [sys.catalog]: SysCatalogTable state changed. Reason: New leader 635419376e0a499ba67e7430e7506aaf. Latest consensus state: current_term: 1 leader_uuid: "635419376e0a499ba67e7430e7506aaf" committed_config { opid_index: -1 OBSOLETE_local: true peers { permanent_uuid: "635419376e0a499ba67e7430e7506aaf" member_type: VOTER } }
I20260713 09:07:50.557943 22089 sys_catalog.cc:458] T 00000000000000000000000000000000 P 635419376e0a499ba67e7430e7506aaf [sys.catalog]: This master's current role is: LEADER
I20260713 09:07:50.558971 22095 catalog_manager.cc:1511] Loading table and tablet metadata into memory...
I20260713 09:07:50.564121 22095 catalog_manager.cc:1520] Initializing Kudu cluster ID...
I20260713 09:07:50.565649 21523 internal_mini_cluster.cc:184] Waiting to initialize catalog manager on master 0
I20260713 09:07:50.571725 22095 catalog_manager.cc:1383] Generated new cluster ID: 750f73d0ca1b472abb0f1fa344a43e22
I20260713 09:07:50.571969 22095 catalog_manager.cc:1531] Initializing Kudu internal certificate authority...
I20260713 09:07:50.604292 22095 catalog_manager.cc:1406] Generated new certificate authority record
I20260713 09:07:50.605423 22095 catalog_manager.cc:1540] Loading token signing keys...
I20260713 09:07:50.623535 22095 catalog_manager.cc:6070] T 00000000000000000000000000000000 P 635419376e0a499ba67e7430e7506aaf: Generated new TSK 0
I20260713 09:07:50.624023 22095 catalog_manager.cc:1550] Initializing in-progress tserver states...
I20260713 09:07:50.630965 21523 file_cache.cc:504] Constructed file cache file cache with capacity 419430
W20260713 09:07:50.635929 22105 instance_detector.cc:116] could not retrieve AWS instance metadata: Network error: curl error: HTTP response code said error: The requested URL returned error: 404
W20260713 09:07:50.636962 22106 instance_detector.cc:116] could not retrieve Azure instance metadata: Network error: curl error: HTTP response code said error: The requested URL returned error: 404
W20260713 09:07:50.638348 22108 instance_detector.cc:116] could not retrieve OpenStack instance metadata: Network error: curl error: HTTP response code said error: The requested URL returned error: 404
I20260713 09:07:50.638628 21523 server_base.cc:1061] running on GCE node
I20260713 09:07:50.639411 21523 hybrid_clock.cc:584] initializing the hybrid clock with 'system_unsync' time source
W20260713 09:07:50.639583 21523 system_unsync_time.cc:38] NTP support is disabled. Clock error bounds will not be accurate. This configuration is not suitable for distributed clusters.
I20260713 09:07:50.639741 21523 hybrid_clock.cc:648] HybridClock initialized: now 1783933670639724 us; error 0 us; skew 500 ppm
I20260713 09:07:50.640231 21523 server_base.cc:861] Flag tcmalloc_max_total_thread_cache_bytes is not working since tcmalloc is not enabled.
I20260713 09:07:50.642179 21523 webserver.cc:533] Webserver started at http://127.21.4.193:41963/ using document root <none> and password file <none>
I20260713 09:07:50.642622 21523 fs_manager.cc:362] Metadata directory not provided
I20260713 09:07:50.642787 21523 fs_manager.cc:368] Using write-ahead log directory (fs_wal_dir) as metadata directory
I20260713 09:07:50.643009 21523 server_base.cc:909] This appears to be a new deployment of Kudu; creating new FS layout
I20260713 09:07:50.643930 21523 fs_manager.cc:1068] Generated new instance metadata in path /tmp/dist-test-taskZpgQQV/test-tmp/auto_leader_rebalancer-test.0.LeaderRebalancerTest.FunctionalTestForNotDivided.1783933657977224-21523-0/minicluster-data/ts-0-root/instance:
uuid: "192a434c38134a45b6498ae662462e59"
format_stamp: "Formatted at 2026-07-13 09:07:50 on dist-test-slave-lzdr"
I20260713 09:07:50.647823 21523 fs_manager.cc:696] Time spent creating directory manager: real 0.003s	user 0.005s	sys 0.000s
I20260713 09:07:50.650578 22113 log_block_manager.cc:4127] Time spent loading block containers with low live blocks: real 0.000s	user 0.000s	sys 0.000s
I20260713 09:07:50.651180 21523 fs_manager.cc:730] Time spent opening block manager: real 0.002s	user 0.001s	sys 0.000s
I20260713 09:07:50.651427 21523 fs_manager.cc:647] Opened local filesystem: /tmp/dist-test-taskZpgQQV/test-tmp/auto_leader_rebalancer-test.0.LeaderRebalancerTest.FunctionalTestForNotDivided.1783933657977224-21523-0/minicluster-data/ts-0-root
uuid: "192a434c38134a45b6498ae662462e59"
format_stamp: "Formatted at 2026-07-13 09:07:50 on dist-test-slave-lzdr"
I20260713 09:07:50.651664 21523 fs_report.cc:389] FS layout report
--------------------
wal directory: /tmp/dist-test-taskZpgQQV/test-tmp/auto_leader_rebalancer-test.0.LeaderRebalancerTest.FunctionalTestForNotDivided.1783933657977224-21523-0/minicluster-data/ts-0-root
metadata directory: /tmp/dist-test-taskZpgQQV/test-tmp/auto_leader_rebalancer-test.0.LeaderRebalancerTest.FunctionalTestForNotDivided.1783933657977224-21523-0/minicluster-data/ts-0-root
1 data directories: /tmp/dist-test-taskZpgQQV/test-tmp/auto_leader_rebalancer-test.0.LeaderRebalancerTest.FunctionalTestForNotDivided.1783933657977224-21523-0/minicluster-data/ts-0-root/data
Total live blocks: 0
Total live bytes: 0
Total live bytes (after alignment): 0
Total number of LBM containers: 0 (0 full)
Did not check for missing blocks
Did not check for orphaned blocks
Total full LBM containers with extra space: 0 (0 repaired)
Total full LBM container extra space in bytes: 0 (0 repaired)
Total incomplete LBM containers: 0 (0 repaired)
Total LBM partial records: 0 (0 repaired)
Total corrupted LBM metadata records in RocksDB: 0 (0 repaired)
I20260713 09:07:50.666817 21523 rpc_server.cc:225] running with OpenSSL 1.1.1  11 Sep 2018
I20260713 09:07:50.667855 21523 kserver.cc:163] Server-wide thread pool size limit: 3276
I20260713 09:07:50.669174 21523 txn_system_client.cc:432] TxnSystemClient initialization is disabled...
I20260713 09:07:50.671162 21523 ts_tablet_manager.cc:585] Loaded tablet metadata (0 total tablets, 0 live tablets)
I20260713 09:07:50.671360 21523 ts_tablet_manager.cc:531] Time spent load tablet metadata: real 0.000s	user 0.000s	sys 0.000s
I20260713 09:07:50.671563 21523 ts_tablet_manager.cc:616] Registered 0 tablets
I20260713 09:07:50.671720 21523 ts_tablet_manager.cc:595] Time spent register tablets: real 0.000s	user 0.000s	sys 0.000s
I20260713 09:07:50.707391 21523 rpc_server.cc:307] RPC server started. Bound to: 127.21.4.193:37149
I20260713 09:07:50.707479 22175 acceptor_pool.cc:272] collecting diagnostics on the listening RPC socket 127.21.4.193:37149 every 8 connection(s)
I20260713 09:07:50.711735 21523 file_cache.cc:504] Constructed file cache file cache with capacity 419430
W20260713 09:07:50.718199 22180 instance_detector.cc:116] could not retrieve AWS instance metadata: Network error: curl error: HTTP response code said error: The requested URL returned error: 404
W20260713 09:07:50.719515 22181 instance_detector.cc:116] could not retrieve Azure instance metadata: Network error: curl error: HTTP response code said error: The requested URL returned error: 404
I20260713 09:07:50.721374 21523 server_base.cc:1061] running on GCE node
W20260713 09:07:50.721824 22183 instance_detector.cc:116] could not retrieve OpenStack instance metadata: Network error: curl error: HTTP response code said error: The requested URL returned error: 404
I20260713 09:07:50.722608 21523 hybrid_clock.cc:584] initializing the hybrid clock with 'system_unsync' time source
W20260713 09:07:50.722792 21523 system_unsync_time.cc:38] NTP support is disabled. Clock error bounds will not be accurate. This configuration is not suitable for distributed clusters.
I20260713 09:07:50.722960 21523 hybrid_clock.cc:648] HybridClock initialized: now 1783933670722943 us; error 0 us; skew 500 ppm
I20260713 09:07:50.723579 21523 server_base.cc:861] Flag tcmalloc_max_total_thread_cache_bytes is not working since tcmalloc is not enabled.
I20260713 09:07:50.726051 21523 webserver.cc:533] Webserver started at http://127.21.4.194:34529/ using document root <none> and password file <none>
I20260713 09:07:50.726423 22176 heartbeater.cc:344] Connected to a master server at 127.21.4.254:42423
I20260713 09:07:50.726567 21523 fs_manager.cc:362] Metadata directory not provided
I20260713 09:07:50.726737 22176 heartbeater.cc:461] Registering TS with master...
I20260713 09:07:50.726810 21523 fs_manager.cc:368] Using write-ahead log directory (fs_wal_dir) as metadata directory
I20260713 09:07:50.727144 21523 server_base.cc:909] This appears to be a new deployment of Kudu; creating new FS layout
I20260713 09:07:50.727466 22176 heartbeater.cc:507] Master 127.21.4.254:42423 requested a full tablet report, sending...
I20260713 09:07:50.728183 21523 fs_manager.cc:1068] Generated new instance metadata in path /tmp/dist-test-taskZpgQQV/test-tmp/auto_leader_rebalancer-test.0.LeaderRebalancerTest.FunctionalTestForNotDivided.1783933657977224-21523-0/minicluster-data/ts-1-root/instance:
uuid: "39276816dec344d2ba85602230052451"
format_stamp: "Formatted at 2026-07-13 09:07:50 on dist-test-slave-lzdr"
I20260713 09:07:50.729346 22049 ts_manager.cc:194] Registered new tserver with Master: 192a434c38134a45b6498ae662462e59 (127.21.4.193:37149)
I20260713 09:07:50.730872 22049 master_service.cc:502] Signed X509 certificate for tserver {username='slave'} at 127.0.0.1:45960
I20260713 09:07:50.732535 21523 fs_manager.cc:696] Time spent creating directory manager: real 0.004s	user 0.002s	sys 0.004s
I20260713 09:07:50.735548 22188 log_block_manager.cc:4127] Time spent loading block containers with low live blocks: real 0.000s	user 0.000s	sys 0.000s
I20260713 09:07:50.736174 21523 fs_manager.cc:730] Time spent opening block manager: real 0.002s	user 0.000s	sys 0.002s
I20260713 09:07:50.736441 21523 fs_manager.cc:647] Opened local filesystem: /tmp/dist-test-taskZpgQQV/test-tmp/auto_leader_rebalancer-test.0.LeaderRebalancerTest.FunctionalTestForNotDivided.1783933657977224-21523-0/minicluster-data/ts-1-root
uuid: "39276816dec344d2ba85602230052451"
format_stamp: "Formatted at 2026-07-13 09:07:50 on dist-test-slave-lzdr"
I20260713 09:07:50.736682 21523 fs_report.cc:389] FS layout report
--------------------
wal directory: /tmp/dist-test-taskZpgQQV/test-tmp/auto_leader_rebalancer-test.0.LeaderRebalancerTest.FunctionalTestForNotDivided.1783933657977224-21523-0/minicluster-data/ts-1-root
metadata directory: /tmp/dist-test-taskZpgQQV/test-tmp/auto_leader_rebalancer-test.0.LeaderRebalancerTest.FunctionalTestForNotDivided.1783933657977224-21523-0/minicluster-data/ts-1-root
1 data directories: /tmp/dist-test-taskZpgQQV/test-tmp/auto_leader_rebalancer-test.0.LeaderRebalancerTest.FunctionalTestForNotDivided.1783933657977224-21523-0/minicluster-data/ts-1-root/data
Total live blocks: 0
Total live bytes: 0
Total live bytes (after alignment): 0
Total number of LBM containers: 0 (0 full)
Did not check for missing blocks
Did not check for orphaned blocks
Total full LBM containers with extra space: 0 (0 repaired)
Total full LBM container extra space in bytes: 0 (0 repaired)
Total incomplete LBM containers: 0 (0 repaired)
Total LBM partial records: 0 (0 repaired)
Total corrupted LBM metadata records in RocksDB: 0 (0 repaired)
I20260713 09:07:50.754703 21523 rpc_server.cc:225] running with OpenSSL 1.1.1  11 Sep 2018
I20260713 09:07:50.755749 21523 kserver.cc:163] Server-wide thread pool size limit: 3276
I20260713 09:07:50.757035 21523 txn_system_client.cc:432] TxnSystemClient initialization is disabled...
I20260713 09:07:50.758934 21523 ts_tablet_manager.cc:585] Loaded tablet metadata (0 total tablets, 0 live tablets)
I20260713 09:07:50.759124 21523 ts_tablet_manager.cc:531] Time spent load tablet metadata: real 0.000s	user 0.000s	sys 0.000s
I20260713 09:07:50.759341 21523 ts_tablet_manager.cc:616] Registered 0 tablets
I20260713 09:07:50.759482 21523 ts_tablet_manager.cc:595] Time spent register tablets: real 0.000s	user 0.000s	sys 0.000s
I20260713 09:07:50.795902 21523 rpc_server.cc:307] RPC server started. Bound to: 127.21.4.194:43059
I20260713 09:07:50.795975 22250 acceptor_pool.cc:272] collecting diagnostics on the listening RPC socket 127.21.4.194:43059 every 8 connection(s)
I20260713 09:07:50.800217 21523 file_cache.cc:504] Constructed file cache file cache with capacity 419430
W20260713 09:07:50.807050 22254 instance_detector.cc:116] could not retrieve AWS instance metadata: Network error: curl error: HTTP response code said error: The requested URL returned error: 404
W20260713 09:07:50.807608 22255 instance_detector.cc:116] could not retrieve Azure instance metadata: Network error: curl error: HTTP response code said error: The requested URL returned error: 404
W20260713 09:07:50.810448 22258 instance_detector.cc:116] could not retrieve OpenStack instance metadata: Network error: curl error: HTTP response code said error: The requested URL returned error: 404
I20260713 09:07:50.810825 21523 server_base.cc:1061] running on GCE node
I20260713 09:07:50.811497 22251 heartbeater.cc:344] Connected to a master server at 127.21.4.254:42423
I20260713 09:07:50.811743 21523 hybrid_clock.cc:584] initializing the hybrid clock with 'system_unsync' time source
I20260713 09:07:50.811817 22251 heartbeater.cc:461] Registering TS with master...
W20260713 09:07:50.812081 21523 system_unsync_time.cc:38] NTP support is disabled. Clock error bounds will not be accurate. This configuration is not suitable for distributed clusters.
I20260713 09:07:50.812256 21523 hybrid_clock.cc:648] HybridClock initialized: now 1783933670812243 us; error 0 us; skew 500 ppm
I20260713 09:07:50.812703 21523 server_base.cc:861] Flag tcmalloc_max_total_thread_cache_bytes is not working since tcmalloc is not enabled.
I20260713 09:07:50.812704 22251 heartbeater.cc:507] Master 127.21.4.254:42423 requested a full tablet report, sending...
I20260713 09:07:50.814815 22049 ts_manager.cc:194] Registered new tserver with Master: 39276816dec344d2ba85602230052451 (127.21.4.194:43059)
I20260713 09:07:50.815025 21523 webserver.cc:533] Webserver started at http://127.21.4.195:39551/ using document root <none> and password file <none>
I20260713 09:07:50.815472 21523 fs_manager.cc:362] Metadata directory not provided
I20260713 09:07:50.815615 21523 fs_manager.cc:368] Using write-ahead log directory (fs_wal_dir) as metadata directory
I20260713 09:07:50.815805 21523 server_base.cc:909] This appears to be a new deployment of Kudu; creating new FS layout
I20260713 09:07:50.816267 22049 master_service.cc:502] Signed X509 certificate for tserver {username='slave'} at 127.0.0.1:45964
I20260713 09:07:50.816745 21523 fs_manager.cc:1068] Generated new instance metadata in path /tmp/dist-test-taskZpgQQV/test-tmp/auto_leader_rebalancer-test.0.LeaderRebalancerTest.FunctionalTestForNotDivided.1783933657977224-21523-0/minicluster-data/ts-2-root/instance:
uuid: "25d6157e6fdc4a35a6de1bda24011ff8"
format_stamp: "Formatted at 2026-07-13 09:07:50 on dist-test-slave-lzdr"
I20260713 09:07:50.820845 21523 fs_manager.cc:696] Time spent creating directory manager: real 0.004s	user 0.001s	sys 0.002s
I20260713 09:07:50.823701 22262 log_block_manager.cc:4127] Time spent loading block containers with low live blocks: real 0.000s	user 0.000s	sys 0.000s
I20260713 09:07:50.824376 21523 fs_manager.cc:730] Time spent opening block manager: real 0.002s	user 0.002s	sys 0.000s
I20260713 09:07:50.824613 21523 fs_manager.cc:647] Opened local filesystem: /tmp/dist-test-taskZpgQQV/test-tmp/auto_leader_rebalancer-test.0.LeaderRebalancerTest.FunctionalTestForNotDivided.1783933657977224-21523-0/minicluster-data/ts-2-root
uuid: "25d6157e6fdc4a35a6de1bda24011ff8"
format_stamp: "Formatted at 2026-07-13 09:07:50 on dist-test-slave-lzdr"
I20260713 09:07:50.824852 21523 fs_report.cc:389] FS layout report
--------------------
wal directory: /tmp/dist-test-taskZpgQQV/test-tmp/auto_leader_rebalancer-test.0.LeaderRebalancerTest.FunctionalTestForNotDivided.1783933657977224-21523-0/minicluster-data/ts-2-root
metadata directory: /tmp/dist-test-taskZpgQQV/test-tmp/auto_leader_rebalancer-test.0.LeaderRebalancerTest.FunctionalTestForNotDivided.1783933657977224-21523-0/minicluster-data/ts-2-root
1 data directories: /tmp/dist-test-taskZpgQQV/test-tmp/auto_leader_rebalancer-test.0.LeaderRebalancerTest.FunctionalTestForNotDivided.1783933657977224-21523-0/minicluster-data/ts-2-root/data
Total live blocks: 0
Total live bytes: 0
Total live bytes (after alignment): 0
Total number of LBM containers: 0 (0 full)
Did not check for missing blocks
Did not check for orphaned blocks
Total full LBM containers with extra space: 0 (0 repaired)
Total full LBM container extra space in bytes: 0 (0 repaired)
Total incomplete LBM containers: 0 (0 repaired)
Total LBM partial records: 0 (0 repaired)
Total corrupted LBM metadata records in RocksDB: 0 (0 repaired)
I20260713 09:07:50.841444 21523 rpc_server.cc:225] running with OpenSSL 1.1.1  11 Sep 2018
I20260713 09:07:50.842458 21523 kserver.cc:163] Server-wide thread pool size limit: 3276
I20260713 09:07:50.843683 21523 txn_system_client.cc:432] TxnSystemClient initialization is disabled...
I20260713 09:07:50.845551 21523 ts_tablet_manager.cc:585] Loaded tablet metadata (0 total tablets, 0 live tablets)
I20260713 09:07:50.845734 21523 ts_tablet_manager.cc:531] Time spent load tablet metadata: real 0.000s	user 0.000s	sys 0.000s
I20260713 09:07:50.845968 21523 ts_tablet_manager.cc:616] Registered 0 tablets
I20260713 09:07:50.846205 21523 ts_tablet_manager.cc:595] Time spent register tablets: real 0.000s	user 0.000s	sys 0.000s
I20260713 09:07:50.882146 21523 rpc_server.cc:307] RPC server started. Bound to: 127.21.4.195:39407
I20260713 09:07:50.882246 22324 acceptor_pool.cc:272] collecting diagnostics on the listening RPC socket 127.21.4.195:39407 every 8 connection(s)
I20260713 09:07:50.893998 22325 heartbeater.cc:344] Connected to a master server at 127.21.4.254:42423
I20260713 09:07:50.894284 22325 heartbeater.cc:461] Registering TS with master...
I20260713 09:07:50.894912 22325 heartbeater.cc:507] Master 127.21.4.254:42423 requested a full tablet report, sending...
I20260713 09:07:50.896528 22049 ts_manager.cc:194] Registered new tserver with Master: 25d6157e6fdc4a35a6de1bda24011ff8 (127.21.4.195:39407)
I20260713 09:07:50.896952 21523 internal_mini_cluster.cc:371] 3 TS(s) registered with all masters after 0.011944013s
I20260713 09:07:50.897713 22049 master_service.cc:502] Signed X509 certificate for tserver {username='slave'} at 127.0.0.1:53378
I20260713 09:07:50.917906 22049 catalog_manager.cc:2283] Servicing CreateTable request from {username='slave'} at 127.0.0.1:53380:
name: "test-workload"
schema {
  columns {
    name: "key"
    type: INT32
    is_key: true
    is_nullable: false
    encoding: AUTO_ENCODING
    compression: DEFAULT_COMPRESSION
    cfile_block_size: 0
    immutable: false
  }
  columns {
    name: "int_val"
    type: INT32
    is_key: false
    is_nullable: false
    encoding: AUTO_ENCODING
    compression: DEFAULT_COMPRESSION
    cfile_block_size: 0
    immutable: false
  }
  columns {
    name: "string_val"
    type: STRING
    is_key: false
    is_nullable: true
    encoding: AUTO_ENCODING
    compression: DEFAULT_COMPRESSION
    cfile_block_size: 0
    immutable: false
  }
}
num_replicas: 3
split_rows_range_bounds {
  rows: "\004\001\000\314\314\314\014\004\001\000\230\231\231\031\004\001\000dff&\004\001\0000333\004\001\000\374\377\377?\004\001\000\310\314\314L\004\001\000\224\231\231Y\004\001\000`fff\004\001\000,33s""\004\001\000\314\314\314\014\004\001\000\230\231\231\031\004\001\000dff&\004\001\0000333\004\001\000\374\377\377?\004\001\000\310\314\314L\004\001\000\224\231\231Y\004\001\000`fff\004\001\000,33s"
  indirect_data: """"
}
partition_schema {
  range_schema {
    columns {
      name: "key"
    }
  }
}
W20260713 09:07:50.920490 22049 catalog_manager.cc:7077] The number of live tablet servers is not enough to re-replicate a tablet replica of the newly created table test-workload in case of a server failure: 4 tablet servers would be needed, 3 are available. Consider bringing up more tablet servers.
I20260713 09:07:50.995182 22215 tablet_service.cc:1511] Processing CreateTablet for tablet 456902f9a1b84671969554473f343c99 (DEFAULT_TABLE table=test-workload [id=317ade5824cb42b7a759e9b9aee53ad7]), partition=RANGE (key) PARTITION 214748364 <= VALUES < 429496728
I20260713 09:07:50.996605 22215 data_dirs.cc:400] Could only allocate 1 dirs of requested 3 for tablet 456902f9a1b84671969554473f343c99. 1 dirs total, 0 dirs full, 0 dirs failed
I20260713 09:07:50.996819 22216 tablet_service.cc:1511] Processing CreateTablet for tablet 8613fd2b085c4cc4b7b36c0674369836 (DEFAULT_TABLE table=test-workload [id=317ade5824cb42b7a759e9b9aee53ad7]), partition=RANGE (key) PARTITION VALUES < 214748364
I20260713 09:07:50.998162 22216 data_dirs.cc:400] Could only allocate 1 dirs of requested 3 for tablet 8613fd2b085c4cc4b7b36c0674369836. 1 dirs total, 0 dirs full, 0 dirs failed
I20260713 09:07:51.001992 22214 tablet_service.cc:1511] Processing CreateTablet for tablet fa16b9a4ddf9492ea1e6d902c443b9ab (DEFAULT_TABLE table=test-workload [id=317ade5824cb42b7a759e9b9aee53ad7]), partition=RANGE (key) PARTITION 429496728 <= VALUES < 644245092
I20260713 09:07:51.003201 22214 data_dirs.cc:400] Could only allocate 1 dirs of requested 3 for tablet fa16b9a4ddf9492ea1e6d902c443b9ab. 1 dirs total, 0 dirs full, 0 dirs failed
I20260713 09:07:51.005959 22211 tablet_service.cc:1511] Processing CreateTablet for tablet b4e3581c481642cdbc4466b2fac78647 (DEFAULT_TABLE table=test-workload [id=317ade5824cb42b7a759e9b9aee53ad7]), partition=RANGE (key) PARTITION 1073741820 <= VALUES < 1288490184
I20260713 09:07:51.007174 22211 data_dirs.cc:400] Could only allocate 1 dirs of requested 3 for tablet b4e3581c481642cdbc4466b2fac78647. 1 dirs total, 0 dirs full, 0 dirs failed
I20260713 09:07:51.006968 22141 tablet_service.cc:1511] Processing CreateTablet for tablet 8613fd2b085c4cc4b7b36c0674369836 (DEFAULT_TABLE table=test-workload [id=317ade5824cb42b7a759e9b9aee53ad7]), partition=RANGE (key) PARTITION VALUES < 214748364
I20260713 09:07:51.008183 22141 data_dirs.cc:400] Could only allocate 1 dirs of requested 3 for tablet 8613fd2b085c4cc4b7b36c0674369836. 1 dirs total, 0 dirs full, 0 dirs failed
I20260713 09:07:51.010005 22212 tablet_service.cc:1511] Processing CreateTablet for tablet 3e324714405043ceb92bcfd9271509fe (DEFAULT_TABLE table=test-workload [id=317ade5824cb42b7a759e9b9aee53ad7]), partition=RANGE (key) PARTITION 858993456 <= VALUES < 1073741820
I20260713 09:07:51.011216 22212 data_dirs.cc:400] Could only allocate 1 dirs of requested 3 for tablet 3e324714405043ceb92bcfd9271509fe. 1 dirs total, 0 dirs full, 0 dirs failed
I20260713 09:07:51.012252 22140 tablet_service.cc:1511] Processing CreateTablet for tablet 456902f9a1b84671969554473f343c99 (DEFAULT_TABLE table=test-workload [id=317ade5824cb42b7a759e9b9aee53ad7]), partition=RANGE (key) PARTITION 214748364 <= VALUES < 429496728
I20260713 09:07:51.013450 22140 data_dirs.cc:400] Could only allocate 1 dirs of requested 3 for tablet 456902f9a1b84671969554473f343c99. 1 dirs total, 0 dirs full, 0 dirs failed
I20260713 09:07:51.014055 22213 tablet_service.cc:1511] Processing CreateTablet for tablet a5dfa0bfac7d438c957e60ec0ffa7c8a (DEFAULT_TABLE table=test-workload [id=317ade5824cb42b7a759e9b9aee53ad7]), partition=RANGE (key) PARTITION 644245092 <= VALUES < 858993456
I20260713 09:07:51.017436 22210 tablet_service.cc:1511] Processing CreateTablet for tablet 2aeac49ca7ee44c28fee7184d214a6e1 (DEFAULT_TABLE table=test-workload [id=317ade5824cb42b7a759e9b9aee53ad7]), partition=RANGE (key) PARTITION 1288490184 <= VALUES < 1503238548
I20260713 09:07:51.021190 22213 data_dirs.cc:400] Could only allocate 1 dirs of requested 3 for tablet a5dfa0bfac7d438c957e60ec0ffa7c8a. 1 dirs total, 0 dirs full, 0 dirs failed
I20260713 09:07:51.022953 22210 data_dirs.cc:400] Could only allocate 1 dirs of requested 3 for tablet 2aeac49ca7ee44c28fee7184d214a6e1. 1 dirs total, 0 dirs full, 0 dirs failed
I20260713 09:07:51.028124 22209 tablet_service.cc:1511] Processing CreateTablet for tablet c0008a1c8db14f139ed956b1230a7562 (DEFAULT_TABLE table=test-workload [id=317ade5824cb42b7a759e9b9aee53ad7]), partition=RANGE (key) PARTITION 1503238548 <= VALUES < 1717986912
I20260713 09:07:51.029392 22209 data_dirs.cc:400] Could only allocate 1 dirs of requested 3 for tablet c0008a1c8db14f139ed956b1230a7562. 1 dirs total, 0 dirs full, 0 dirs failed
I20260713 09:07:51.034302 22208 tablet_service.cc:1511] Processing CreateTablet for tablet b0e4729afb2b4d49b2bcdccfb89f1e8e (DEFAULT_TABLE table=test-workload [id=317ade5824cb42b7a759e9b9aee53ad7]), partition=RANGE (key) PARTITION 1717986912 <= VALUES < 1932735276
I20260713 09:07:51.035497 22208 data_dirs.cc:400] Could only allocate 1 dirs of requested 3 for tablet b0e4729afb2b4d49b2bcdccfb89f1e8e. 1 dirs total, 0 dirs full, 0 dirs failed
I20260713 09:07:51.038007 22207 tablet_service.cc:1511] Processing CreateTablet for tablet c9b43314e4ae4ff5997feb22efe1a757 (DEFAULT_TABLE table=test-workload [id=317ade5824cb42b7a759e9b9aee53ad7]), partition=RANGE (key) PARTITION 1932735276 <= VALUES
I20260713 09:07:51.039166 22207 data_dirs.cc:400] Could only allocate 1 dirs of requested 3 for tablet c9b43314e4ae4ff5997feb22efe1a757. 1 dirs total, 0 dirs full, 0 dirs failed
I20260713 09:07:51.042223 22134 tablet_service.cc:1511] Processing CreateTablet for tablet b0e4729afb2b4d49b2bcdccfb89f1e8e (DEFAULT_TABLE table=test-workload [id=317ade5824cb42b7a759e9b9aee53ad7]), partition=RANGE (key) PARTITION 1717986912 <= VALUES < 1932735276
I20260713 09:07:51.043386 22134 data_dirs.cc:400] Could only allocate 1 dirs of requested 3 for tablet b0e4729afb2b4d49b2bcdccfb89f1e8e. 1 dirs total, 0 dirs full, 0 dirs failed
I20260713 09:07:51.043154 22136 tablet_service.cc:1511] Processing CreateTablet for tablet b4e3581c481642cdbc4466b2fac78647 (DEFAULT_TABLE table=test-workload [id=317ade5824cb42b7a759e9b9aee53ad7]), partition=RANGE (key) PARTITION 1073741820 <= VALUES < 1288490184
I20260713 09:07:51.047204 22133 tablet_service.cc:1511] Processing CreateTablet for tablet c9b43314e4ae4ff5997feb22efe1a757 (DEFAULT_TABLE table=test-workload [id=317ade5824cb42b7a759e9b9aee53ad7]), partition=RANGE (key) PARTITION 1932735276 <= VALUES
I20260713 09:07:51.049904 22138 tablet_service.cc:1511] Processing CreateTablet for tablet a5dfa0bfac7d438c957e60ec0ffa7c8a (DEFAULT_TABLE table=test-workload [id=317ade5824cb42b7a759e9b9aee53ad7]), partition=RANGE (key) PARTITION 644245092 <= VALUES < 858993456
I20260713 09:07:51.051986 22139 tablet_service.cc:1511] Processing CreateTablet for tablet fa16b9a4ddf9492ea1e6d902c443b9ab (DEFAULT_TABLE table=test-workload [id=317ade5824cb42b7a759e9b9aee53ad7]), partition=RANGE (key) PARTITION 429496728 <= VALUES < 644245092
I20260713 09:07:51.054191 22137 tablet_service.cc:1511] Processing CreateTablet for tablet 3e324714405043ceb92bcfd9271509fe (DEFAULT_TABLE table=test-workload [id=317ade5824cb42b7a759e9b9aee53ad7]), partition=RANGE (key) PARTITION 858993456 <= VALUES < 1073741820
I20260713 09:07:51.055768 22135 tablet_service.cc:1511] Processing CreateTablet for tablet 2aeac49ca7ee44c28fee7184d214a6e1 (DEFAULT_TABLE table=test-workload [id=317ade5824cb42b7a759e9b9aee53ad7]), partition=RANGE (key) PARTITION 1288490184 <= VALUES < 1503238548
I20260713 09:07:51.055971 22290 tablet_service.cc:1511] Processing CreateTablet for tablet 8613fd2b085c4cc4b7b36c0674369836 (DEFAULT_TABLE table=test-workload [id=317ade5824cb42b7a759e9b9aee53ad7]), partition=RANGE (key) PARTITION VALUES < 214748364
I20260713 09:07:51.057272 22290 data_dirs.cc:400] Could only allocate 1 dirs of requested 3 for tablet 8613fd2b085c4cc4b7b36c0674369836. 1 dirs total, 0 dirs full, 0 dirs failed
I20260713 09:07:51.044381 22136 data_dirs.cc:400] Could only allocate 1 dirs of requested 3 for tablet b4e3581c481642cdbc4466b2fac78647. 1 dirs total, 0 dirs full, 0 dirs failed
I20260713 09:07:51.063005 22287 tablet_service.cc:1511] Processing CreateTablet for tablet a5dfa0bfac7d438c957e60ec0ffa7c8a (DEFAULT_TABLE table=test-workload [id=317ade5824cb42b7a759e9b9aee53ad7]), partition=RANGE (key) PARTITION 644245092 <= VALUES < 858993456
I20260713 09:07:51.065047 22285 tablet_service.cc:1511] Processing CreateTablet for tablet b4e3581c481642cdbc4466b2fac78647 (DEFAULT_TABLE table=test-workload [id=317ade5824cb42b7a759e9b9aee53ad7]), partition=RANGE (key) PARTITION 1073741820 <= VALUES < 1288490184
I20260713 09:07:51.073047 22287 data_dirs.cc:400] Could only allocate 1 dirs of requested 3 for tablet a5dfa0bfac7d438c957e60ec0ffa7c8a. 1 dirs total, 0 dirs full, 0 dirs failed
I20260713 09:07:51.073149 22138 data_dirs.cc:400] Could only allocate 1 dirs of requested 3 for tablet a5dfa0bfac7d438c957e60ec0ffa7c8a. 1 dirs total, 0 dirs full, 0 dirs failed
I20260713 09:07:51.078750 22282 tablet_service.cc:1511] Processing CreateTablet for tablet b0e4729afb2b4d49b2bcdccfb89f1e8e (DEFAULT_TABLE table=test-workload [id=317ade5824cb42b7a759e9b9aee53ad7]), partition=RANGE (key) PARTITION 1717986912 <= VALUES < 1932735276
I20260713 09:07:51.080017 22282 data_dirs.cc:400] Could only allocate 1 dirs of requested 3 for tablet b0e4729afb2b4d49b2bcdccfb89f1e8e. 1 dirs total, 0 dirs full, 0 dirs failed
