I20260713 09:08:09.851460 22539 catalog_manager.cc:5697] T caa13448e4344eb6b2fb18cf79ccad62 P bb78d157686543ac8116bf031c473f54 reported cstate change: config changed from index 3 to 4, VOTER 97439d329bc44f2b94b88812b599d7d2 (127.21.4.193) evicted. New cstate: current_term: 1 leader_uuid: "bb78d157686543ac8116bf031c473f54" committed_config { opid_index: 4 OBSOLETE_local: false peers { permanent_uuid: "bb78d157686543ac8116bf031c473f54" member_type: VOTER last_known_addr { host: "127.21.4.194" port: 45917 } health_report { overall_health: HEALTHY } } peers { permanent_uuid: "ab9cf76476c14e0093d9c2bb5d102e6c" member_type: VOTER last_known_addr { host: "127.21.4.195" port: 41775 } health_report { overall_health: HEALTHY } } peers { permanent_uuid: "70946bc40573483992f66cd64db00630" member_type: VOTER last_known_addr { host: "127.21.4.196" port: 46129 } attrs { promote: false } health_report { overall_health: HEALTHY } } }
I20260713 09:08:09.857177 23229 ts_tablet_manager.cc:1929] T c17d9b6b7a8e449dab7b77f5d0bd6e67 P ab9cf76476c14e0093d9c2bb5d102e6c: tablet deleted with delete type TABLET_DATA_TOMBSTONED: last-logged OpId 1.3
I20260713 09:08:09.857581 23229 log.cc:1199] T c17d9b6b7a8e449dab7b77f5d0bd6e67 P ab9cf76476c14e0093d9c2bb5d102e6c: Deleting WAL directory at /tmp/dist-test-taskZpgQQV/test-tmp/auto_leader_rebalancer-test.0.LeaderRebalancerTest.AddTserver.1783933657977224-21523-0/minicluster-data/ts-2-root/wals/c17d9b6b7a8e449dab7b77f5d0bd6e67
I20260713 09:08:09.858901 22527 catalog_manager.cc:5028] TS ab9cf76476c14e0093d9c2bb5d102e6c (127.21.4.195:41775): tablet c17d9b6b7a8e449dab7b77f5d0bd6e67 (table test-workload [id=8e55d818a9424ced91802ff968307295]) successfully deleted
I20260713 09:08:09.868040 22626 tablet_service.cc:1558] Processing DeleteTablet for tablet caa13448e4344eb6b2fb18cf79ccad62 with delete_type TABLET_DATA_TOMBSTONED (TS 97439d329bc44f2b94b88812b599d7d2 not found in new config with opid_index 4) from {username='slave'} at 127.0.0.1:60674
I20260713 09:08:09.868762 23216 tablet_replica.cc:333] T caa13448e4344eb6b2fb18cf79ccad62 P 97439d329bc44f2b94b88812b599d7d2: stopping tablet replica
I20260713 09:08:09.869622 23216 raft_consensus.cc:2243] T caa13448e4344eb6b2fb18cf79ccad62 P 97439d329bc44f2b94b88812b599d7d2 [term 1 FOLLOWER]: Raft consensus shutting down.
I20260713 09:08:09.870150 23216 raft_consensus.cc:2272] T caa13448e4344eb6b2fb18cf79ccad62 P 97439d329bc44f2b94b88812b599d7d2 [term 1 FOLLOWER]: Raft consensus is shut down!
I20260713 09:08:09.873801 23216 ts_tablet_manager.cc:1916] T caa13448e4344eb6b2fb18cf79ccad62 P 97439d329bc44f2b94b88812b599d7d2: Deleting tablet data with delete state TABLET_DATA_TOMBSTONED
I20260713 09:08:09.883092 23216 ts_tablet_manager.cc:1929] T caa13448e4344eb6b2fb18cf79ccad62 P 97439d329bc44f2b94b88812b599d7d2: tablet deleted with delete type TABLET_DATA_TOMBSTONED: last-logged OpId 1.3
I20260713 09:08:09.883471 23216 log.cc:1199] T caa13448e4344eb6b2fb18cf79ccad62 P 97439d329bc44f2b94b88812b599d7d2: Deleting WAL directory at /tmp/dist-test-taskZpgQQV/test-tmp/auto_leader_rebalancer-test.0.LeaderRebalancerTest.AddTserver.1783933657977224-21523-0/minicluster-data/ts-0-root/wals/caa13448e4344eb6b2fb18cf79ccad62
I20260713 09:08:09.884634 22527 catalog_manager.cc:5028] TS 97439d329bc44f2b94b88812b599d7d2 (127.21.4.193:45169): tablet caa13448e4344eb6b2fb18cf79ccad62 (table test-workload [id=8e55d818a9424ced91802ff968307295]) successfully deleted
I20260713 09:08:10.893929 22641 consensus_queue.cc:237] T 18ddf17f2d994596b4aab4d51a0e9902 P 97439d329bc44f2b94b88812b599d7d2 [LEADER]: Queue going to LEADER mode. State: All replicated index: 0, Majority replicated index: 1, Committed index: 1, Last appended: 1.1, Last appended by leader: 0, Current term: 1, Majority size: 2, State: 0, Mode: LEADER, active raft config: opid_index: 2 OBSOLETE_local: false peers { permanent_uuid: "97439d329bc44f2b94b88812b599d7d2" member_type: VOTER last_known_addr { host: "127.21.4.193" port: 45169 } } peers { permanent_uuid: "bb78d157686543ac8116bf031c473f54" member_type: VOTER last_known_addr { host: "127.21.4.194" port: 45917 } attrs { replace: true } } peers { permanent_uuid: "ab9cf76476c14e0093d9c2bb5d102e6c" member_type: VOTER last_known_addr { host: "127.21.4.195" port: 41775 } } peers { permanent_uuid: "70946bc40573483992f66cd64db00630" member_type: NON_VOTER last_known_addr { host: "127.21.4.196" port: 46129 } attrs { promote: true } }
I20260713 09:08:10.901069 22789 raft_consensus.cc:1275] T 18ddf17f2d994596b4aab4d51a0e9902 P ab9cf76476c14e0093d9c2bb5d102e6c [term 1 FOLLOWER]: Refusing update from remote peer 97439d329bc44f2b94b88812b599d7d2: Log matching property violated. Preceding OpId in replica: term: 1 index: 1. Preceding OpId from leader: term: 1 index: 2. (index mismatch)
W20260713 09:08:10.901901 22608 consensus_peers.cc:597] T 18ddf17f2d994596b4aab4d51a0e9902 P 97439d329bc44f2b94b88812b599d7d2 -> Peer 70946bc40573483992f66cd64db00630 (127.21.4.196:46129): Couldn't send request to peer 70946bc40573483992f66cd64db00630. Error code: TABLET_NOT_FOUND (6). Status: Not found: Tablet not found: 18ddf17f2d994596b4aab4d51a0e9902. This is attempt 1: this message will repeat every 5th retry.
I20260713 09:08:10.902602 23232 consensus_queue.cc:1048] T 18ddf17f2d994596b4aab4d51a0e9902 P 97439d329bc44f2b94b88812b599d7d2 [LEADER]: Connected to new peer: Peer: permanent_uuid: "ab9cf76476c14e0093d9c2bb5d102e6c" member_type: VOTER last_known_addr { host: "127.21.4.195" port: 41775 }, Status: LMP_MISMATCH, Last received: 0.0, Next index: 2, Last known committed idx: 1, Time since last communication: 0.000s
I20260713 09:08:10.904523 22717 raft_consensus.cc:1275] T 18ddf17f2d994596b4aab4d51a0e9902 P bb78d157686543ac8116bf031c473f54 [term 1 FOLLOWER]: Refusing update from remote peer 97439d329bc44f2b94b88812b599d7d2: Log matching property violated. Preceding OpId in replica: term: 1 index: 1. Preceding OpId from leader: term: 1 index: 2. (index mismatch)
I20260713 09:08:10.905622 23232 consensus_queue.cc:1048] T 18ddf17f2d994596b4aab4d51a0e9902 P 97439d329bc44f2b94b88812b599d7d2 [LEADER]: Connected to new peer: Peer: permanent_uuid: "bb78d157686543ac8116bf031c473f54" member_type: VOTER last_known_addr { host: "127.21.4.194" port: 45917 } attrs { replace: true }, Status: LMP_MISMATCH, Last received: 0.0, Next index: 2, Last known committed idx: 1, Time since last communication: 0.000s
I20260713 09:08:10.908748 23185 raft_consensus.cc:2955] T 18ddf17f2d994596b4aab4d51a0e9902 P 97439d329bc44f2b94b88812b599d7d2 [term 1 LEADER]: Committing config change with OpId 1.2: config changed from index -1 to 2, NON_VOTER 70946bc40573483992f66cd64db00630 (127.21.4.196) added. New config: { opid_index: 2 OBSOLETE_local: false peers { permanent_uuid: "97439d329bc44f2b94b88812b599d7d2" member_type: VOTER last_known_addr { host: "127.21.4.193" port: 45169 } } peers { permanent_uuid: "bb78d157686543ac8116bf031c473f54" member_type: VOTER last_known_addr { host: "127.21.4.194" port: 45917 } attrs { replace: true } } peers { permanent_uuid: "ab9cf76476c14e0093d9c2bb5d102e6c" member_type: VOTER last_known_addr { host: "127.21.4.195" port: 41775 } } peers { permanent_uuid: "70946bc40573483992f66cd64db00630" member_type: NON_VOTER last_known_addr { host: "127.21.4.196" port: 46129 } attrs { promote: true } } }
I20260713 09:08:10.910297 22789 raft_consensus.cc:2955] T 18ddf17f2d994596b4aab4d51a0e9902 P ab9cf76476c14e0093d9c2bb5d102e6c [term 1 FOLLOWER]: Committing config change with OpId 1.2: config changed from index -1 to 2, NON_VOTER 70946bc40573483992f66cd64db00630 (127.21.4.196) added. New config: { opid_index: 2 OBSOLETE_local: false peers { permanent_uuid: "97439d329bc44f2b94b88812b599d7d2" member_type: VOTER last_known_addr { host: "127.21.4.193" port: 45169 } } peers { permanent_uuid: "bb78d157686543ac8116bf031c473f54" member_type: VOTER last_known_addr { host: "127.21.4.194" port: 45917 } attrs { replace: true } } peers { permanent_uuid: "ab9cf76476c14e0093d9c2bb5d102e6c" member_type: VOTER last_known_addr { host: "127.21.4.195" port: 41775 } } peers { permanent_uuid: "70946bc40573483992f66cd64db00630" member_type: NON_VOTER last_known_addr { host: "127.21.4.196" port: 46129 } attrs { promote: true } } }
I20260713 09:08:10.913270 22717 raft_consensus.cc:2955] T 18ddf17f2d994596b4aab4d51a0e9902 P bb78d157686543ac8116bf031c473f54 [term 1 FOLLOWER]: Committing config change with OpId 1.2: config changed from index -1 to 2, NON_VOTER 70946bc40573483992f66cd64db00630 (127.21.4.196) added. New config: { opid_index: 2 OBSOLETE_local: false peers { permanent_uuid: "97439d329bc44f2b94b88812b599d7d2" member_type: VOTER last_known_addr { host: "127.21.4.193" port: 45169 } } peers { permanent_uuid: "bb78d157686543ac8116bf031c473f54" member_type: VOTER last_known_addr { host: "127.21.4.194" port: 45917 } attrs { replace: true } } peers { permanent_uuid: "ab9cf76476c14e0093d9c2bb5d102e6c" member_type: VOTER last_known_addr { host: "127.21.4.195" port: 41775 } } peers { permanent_uuid: "70946bc40573483992f66cd64db00630" member_type: NON_VOTER last_known_addr { host: "127.21.4.196" port: 46129 } attrs { promote: true } } }
I20260713 09:08:10.923964 22540 catalog_manager.cc:5697] T 18ddf17f2d994596b4aab4d51a0e9902 P ab9cf76476c14e0093d9c2bb5d102e6c reported cstate change: config changed from index -1 to 2, NON_VOTER 70946bc40573483992f66cd64db00630 (127.21.4.196) added. New cstate: current_term: 1 leader_uuid: "97439d329bc44f2b94b88812b599d7d2" committed_config { opid_index: 2 OBSOLETE_local: false peers { permanent_uuid: "97439d329bc44f2b94b88812b599d7d2" member_type: VOTER last_known_addr { host: "127.21.4.193" port: 45169 } } peers { permanent_uuid: "bb78d157686543ac8116bf031c473f54" member_type: VOTER last_known_addr { host: "127.21.4.194" port: 45917 } attrs { replace: true } } peers { permanent_uuid: "ab9cf76476c14e0093d9c2bb5d102e6c" member_type: VOTER last_known_addr { host: "127.21.4.195" port: 41775 } } peers { permanent_uuid: "70946bc40573483992f66cd64db00630" member_type: NON_VOTER last_known_addr { host: "127.21.4.196" port: 46129 } attrs { promote: true } } }
I20260713 09:08:10.931761 22789 consensus_queue.cc:237] T b1803824f60249c0a76e5fde3d02c148 P ab9cf76476c14e0093d9c2bb5d102e6c [LEADER]: Queue going to LEADER mode. State: All replicated index: 0, Majority replicated index: 1, Committed index: 1, Last appended: 1.1, Last appended by leader: 0, Current term: 1, Majority size: 2, State: 0, Mode: LEADER, active raft config: opid_index: 2 OBSOLETE_local: false peers { permanent_uuid: "97439d329bc44f2b94b88812b599d7d2" member_type: VOTER last_known_addr { host: "127.21.4.193" port: 45169 } } peers { permanent_uuid: "bb78d157686543ac8116bf031c473f54" member_type: VOTER last_known_addr { host: "127.21.4.194" port: 45917 } attrs { replace: true } } peers { permanent_uuid: "ab9cf76476c14e0093d9c2bb5d102e6c" member_type: VOTER last_known_addr { host: "127.21.4.195" port: 41775 } } peers { permanent_uuid: "70946bc40573483992f66cd64db00630" member_type: NON_VOTER last_known_addr { host: "127.21.4.196" port: 46129 } attrs { promote: true } }
I20260713 09:08:10.938288 22717 raft_consensus.cc:1275] T b1803824f60249c0a76e5fde3d02c148 P bb78d157686543ac8116bf031c473f54 [term 1 FOLLOWER]: Refusing update from remote peer ab9cf76476c14e0093d9c2bb5d102e6c: Log matching property violated. Preceding OpId in replica: term: 1 index: 1. Preceding OpId from leader: term: 1 index: 2. (index mismatch)
I20260713 09:08:10.939481 23215 consensus_queue.cc:1048] T b1803824f60249c0a76e5fde3d02c148 P ab9cf76476c14e0093d9c2bb5d102e6c [LEADER]: Connected to new peer: Peer: permanent_uuid: "bb78d157686543ac8116bf031c473f54" member_type: VOTER last_known_addr { host: "127.21.4.194" port: 45917 } attrs { replace: true }, Status: LMP_MISMATCH, Last received: 0.0, Next index: 2, Last known committed idx: 1, Time since last communication: 0.000s
I20260713 09:08:10.939436 22641 raft_consensus.cc:1275] T b1803824f60249c0a76e5fde3d02c148 P 97439d329bc44f2b94b88812b599d7d2 [term 1 FOLLOWER]: Refusing update from remote peer ab9cf76476c14e0093d9c2bb5d102e6c: Log matching property violated. Preceding OpId in replica: term: 1 index: 1. Preceding OpId from leader: term: 1 index: 2. (index mismatch)
W20260713 09:08:10.943179 22757 consensus_peers.cc:597] T b1803824f60249c0a76e5fde3d02c148 P ab9cf76476c14e0093d9c2bb5d102e6c -> Peer 70946bc40573483992f66cd64db00630 (127.21.4.196:46129): Couldn't send request to peer 70946bc40573483992f66cd64db00630. Error code: TABLET_NOT_FOUND (6). Status: Not found: Tablet not found: b1803824f60249c0a76e5fde3d02c148. This is attempt 1: this message will repeat every 5th retry.
I20260713 09:08:10.945050 23215 consensus_queue.cc:1048] T b1803824f60249c0a76e5fde3d02c148 P ab9cf76476c14e0093d9c2bb5d102e6c [LEADER]: Connected to new peer: Peer: permanent_uuid: "97439d329bc44f2b94b88812b599d7d2" member_type: VOTER last_known_addr { host: "127.21.4.193" port: 45169 }, Status: LMP_MISMATCH, Last received: 0.0, Next index: 2, Last known committed idx: 1, Time since last communication: 0.000s
I20260713 09:08:10.951586 23244 raft_consensus.cc:2955] T b1803824f60249c0a76e5fde3d02c148 P ab9cf76476c14e0093d9c2bb5d102e6c [term 1 LEADER]: Committing config change with OpId 1.2: config changed from index -1 to 2, NON_VOTER 70946bc40573483992f66cd64db00630 (127.21.4.196) added. New config: { opid_index: 2 OBSOLETE_local: false peers { permanent_uuid: "97439d329bc44f2b94b88812b599d7d2" member_type: VOTER last_known_addr { host: "127.21.4.193" port: 45169 } } peers { permanent_uuid: "bb78d157686543ac8116bf031c473f54" member_type: VOTER last_known_addr { host: "127.21.4.194" port: 45917 } attrs { replace: true } } peers { permanent_uuid: "ab9cf76476c14e0093d9c2bb5d102e6c" member_type: VOTER last_known_addr { host: "127.21.4.195" port: 41775 } } peers { permanent_uuid: "70946bc40573483992f66cd64db00630" member_type: NON_VOTER last_known_addr { host: "127.21.4.196" port: 46129 } attrs { promote: true } } }
I20260713 09:08:10.953073 22717 raft_consensus.cc:2955] T b1803824f60249c0a76e5fde3d02c148 P bb78d157686543ac8116bf031c473f54 [term 1 FOLLOWER]: Committing config change with OpId 1.2: config changed from index -1 to 2, NON_VOTER 70946bc40573483992f66cd64db00630 (127.21.4.196) added. New config: { opid_index: 2 OBSOLETE_local: false peers { permanent_uuid: "97439d329bc44f2b94b88812b599d7d2" member_type: VOTER last_known_addr { host: "127.21.4.193" port: 45169 } } peers { permanent_uuid: "bb78d157686543ac8116bf031c473f54" member_type: VOTER last_known_addr { host: "127.21.4.194" port: 45917 } attrs { replace: true } } peers { permanent_uuid: "ab9cf76476c14e0093d9c2bb5d102e6c" member_type: VOTER last_known_addr { host: "127.21.4.195" port: 41775 } } peers { permanent_uuid: "70946bc40573483992f66cd64db00630" member_type: NON_VOTER last_known_addr { host: "127.21.4.196" port: 46129 } attrs { promote: true } } }
I20260713 09:08:10.958310 22641 raft_consensus.cc:2955] T b1803824f60249c0a76e5fde3d02c148 P 97439d329bc44f2b94b88812b599d7d2 [term 1 FOLLOWER]: Committing config change with OpId 1.2: config changed from index -1 to 2, NON_VOTER 70946bc40573483992f66cd64db00630 (127.21.4.196) added. New config: { opid_index: 2 OBSOLETE_local: false peers { permanent_uuid: "97439d329bc44f2b94b88812b599d7d2" member_type: VOTER last_known_addr { host: "127.21.4.193" port: 45169 } } peers { permanent_uuid: "bb78d157686543ac8116bf031c473f54" member_type: VOTER last_known_addr { host: "127.21.4.194" port: 45917 } attrs { replace: true } } peers { permanent_uuid: "ab9cf76476c14e0093d9c2bb5d102e6c" member_type: VOTER last_known_addr { host: "127.21.4.195" port: 41775 } } peers { permanent_uuid: "70946bc40573483992f66cd64db00630" member_type: NON_VOTER last_known_addr { host: "127.21.4.196" port: 46129 } attrs { promote: true } } }
I20260713 09:08:10.962493 22789 consensus_queue.cc:237] T 47d82e2ec7f14c78a7fc4de9914fa076 P ab9cf76476c14e0093d9c2bb5d102e6c [LEADER]: Queue going to LEADER mode. State: All replicated index: 0, Majority replicated index: 1, Committed index: 1, Last appended: 1.1, Last appended by leader: 0, Current term: 1, Majority size: 2, State: 0, Mode: LEADER, active raft config: opid_index: 2 OBSOLETE_local: false peers { permanent_uuid: "97439d329bc44f2b94b88812b599d7d2" member_type: VOTER last_known_addr { host: "127.21.4.193" port: 45169 } attrs { replace: true } } peers { permanent_uuid: "bb78d157686543ac8116bf031c473f54" member_type: VOTER last_known_addr { host: "127.21.4.194" port: 45917 } } peers { permanent_uuid: "ab9cf76476c14e0093d9c2bb5d102e6c" member_type: VOTER last_known_addr { host: "127.21.4.195" port: 41775 } } peers { permanent_uuid: "70946bc40573483992f66cd64db00630" member_type: NON_VOTER last_known_addr { host: "127.21.4.196" port: 46129 } attrs { promote: true } }
I20260713 09:08:10.966259 22539 catalog_manager.cc:5697] T b1803824f60249c0a76e5fde3d02c148 P bb78d157686543ac8116bf031c473f54 reported cstate change: config changed from index -1 to 2, NON_VOTER 70946bc40573483992f66cd64db00630 (127.21.4.196) added. New cstate: current_term: 1 leader_uuid: "ab9cf76476c14e0093d9c2bb5d102e6c" committed_config { opid_index: 2 OBSOLETE_local: false peers { permanent_uuid: "97439d329bc44f2b94b88812b599d7d2" member_type: VOTER last_known_addr { host: "127.21.4.193" port: 45169 } } peers { permanent_uuid: "bb78d157686543ac8116bf031c473f54" member_type: VOTER last_known_addr { host: "127.21.4.194" port: 45917 } attrs { replace: true } } peers { permanent_uuid: "ab9cf76476c14e0093d9c2bb5d102e6c" member_type: VOTER last_known_addr { host: "127.21.4.195" port: 41775 } } peers { permanent_uuid: "70946bc40573483992f66cd64db00630" member_type: NON_VOTER last_known_addr { host: "127.21.4.196" port: 46129 } attrs { promote: true } } }
I20260713 09:08:10.976387 22717 raft_consensus.cc:1275] T 47d82e2ec7f14c78a7fc4de9914fa076 P bb78d157686543ac8116bf031c473f54 [term 1 FOLLOWER]: Refusing update from remote peer ab9cf76476c14e0093d9c2bb5d102e6c: Log matching property violated. Preceding OpId in replica: term: 1 index: 1. Preceding OpId from leader: term: 1 index: 2. (index mismatch)
I20260713 09:08:10.977455 22643 raft_consensus.cc:1275] T 47d82e2ec7f14c78a7fc4de9914fa076 P 97439d329bc44f2b94b88812b599d7d2 [term 1 FOLLOWER]: Refusing update from remote peer ab9cf76476c14e0093d9c2bb5d102e6c: Log matching property violated. Preceding OpId in replica: term: 1 index: 1. Preceding OpId from leader: term: 1 index: 2. (index mismatch)
W20260713 09:08:10.979066 22757 consensus_peers.cc:597] T 47d82e2ec7f14c78a7fc4de9914fa076 P ab9cf76476c14e0093d9c2bb5d102e6c -> Peer 70946bc40573483992f66cd64db00630 (127.21.4.196:46129): Couldn't send request to peer 70946bc40573483992f66cd64db00630. Error code: TABLET_NOT_FOUND (6). Status: Not found: Tablet not found: 47d82e2ec7f14c78a7fc4de9914fa076. This is attempt 1: this message will repeat every 5th retry.
I20260713 09:08:10.979595 23244 consensus_queue.cc:1048] T 47d82e2ec7f14c78a7fc4de9914fa076 P ab9cf76476c14e0093d9c2bb5d102e6c [LEADER]: Connected to new peer: Peer: permanent_uuid: "bb78d157686543ac8116bf031c473f54" member_type: VOTER last_known_addr { host: "127.21.4.194" port: 45917 }, Status: LMP_MISMATCH, Last received: 0.0, Next index: 2, Last known committed idx: 1, Time since last communication: 0.000s
I20260713 09:08:10.982488 23245 consensus_queue.cc:1048] T 47d82e2ec7f14c78a7fc4de9914fa076 P ab9cf76476c14e0093d9c2bb5d102e6c [LEADER]: Connected to new peer: Peer: permanent_uuid: "97439d329bc44f2b94b88812b599d7d2" member_type: VOTER last_known_addr { host: "127.21.4.193" port: 45169 } attrs { replace: true }, Status: LMP_MISMATCH, Last received: 0.0, Next index: 2, Last known committed idx: 1, Time since last communication: 0.000s
I20260713 09:08:10.989880 23244 raft_consensus.cc:2955] T 47d82e2ec7f14c78a7fc4de9914fa076 P ab9cf76476c14e0093d9c2bb5d102e6c [term 1 LEADER]: Committing config change with OpId 1.2: config changed from index -1 to 2, NON_VOTER 70946bc40573483992f66cd64db00630 (127.21.4.196) added. New config: { opid_index: 2 OBSOLETE_local: false peers { permanent_uuid: "97439d329bc44f2b94b88812b599d7d2" member_type: VOTER last_known_addr { host: "127.21.4.193" port: 45169 } attrs { replace: true } } peers { permanent_uuid: "bb78d157686543ac8116bf031c473f54" member_type: VOTER last_known_addr { host: "127.21.4.194" port: 45917 } } peers { permanent_uuid: "ab9cf76476c14e0093d9c2bb5d102e6c" member_type: VOTER last_known_addr { host: "127.21.4.195" port: 41775 } } peers { permanent_uuid: "70946bc40573483992f66cd64db00630" member_type: NON_VOTER last_known_addr { host: "127.21.4.196" port: 46129 } attrs { promote: true } } }
I20260713 09:08:10.991309 22717 raft_consensus.cc:2955] T 47d82e2ec7f14c78a7fc4de9914fa076 P bb78d157686543ac8116bf031c473f54 [term 1 FOLLOWER]: Committing config change with OpId 1.2: config changed from index -1 to 2, NON_VOTER 70946bc40573483992f66cd64db00630 (127.21.4.196) added. New config: { opid_index: 2 OBSOLETE_local: false peers { permanent_uuid: "97439d329bc44f2b94b88812b599d7d2" member_type: VOTER last_known_addr { host: "127.21.4.193" port: 45169 } attrs { replace: true } } peers { permanent_uuid: "bb78d157686543ac8116bf031c473f54" member_type: VOTER last_known_addr { host: "127.21.4.194" port: 45917 } } peers { permanent_uuid: "ab9cf76476c14e0093d9c2bb5d102e6c" member_type: VOTER last_known_addr { host: "127.21.4.195" port: 41775 } } peers { permanent_uuid: "70946bc40573483992f66cd64db00630" member_type: NON_VOTER last_known_addr { host: "127.21.4.196" port: 46129 } attrs { promote: true } } }
I20260713 09:08:10.995316 22641 raft_consensus.cc:2955] T 47d82e2ec7f14c78a7fc4de9914fa076 P 97439d329bc44f2b94b88812b599d7d2 [term 1 FOLLOWER]: Committing config change with OpId 1.2: config changed from index -1 to 2, NON_VOTER 70946bc40573483992f66cd64db00630 (127.21.4.196) added. New config: { opid_index: 2 OBSOLETE_local: false peers { permanent_uuid: "97439d329bc44f2b94b88812b599d7d2" member_type: VOTER last_known_addr { host: "127.21.4.193" port: 45169 } attrs { replace: true } } peers { permanent_uuid: "bb78d157686543ac8116bf031c473f54" member_type: VOTER last_known_addr { host: "127.21.4.194" port: 45917 } } peers { permanent_uuid: "ab9cf76476c14e0093d9c2bb5d102e6c" member_type: VOTER last_known_addr { host: "127.21.4.195" port: 41775 } } peers { permanent_uuid: "70946bc40573483992f66cd64db00630" member_type: NON_VOTER last_known_addr { host: "127.21.4.196" port: 46129 } attrs { promote: true } } }
I20260713 09:08:11.000660 22717 consensus_queue.cc:237] T 4a5fba49e8e74b3b977074a9ba35481b P bb78d157686543ac8116bf031c473f54 [LEADER]: Queue going to LEADER mode. State: All replicated index: 0, Majority replicated index: 1, Committed index: 1, Last appended: 1.1, Last appended by leader: 0, Current term: 1, Majority size: 2, State: 0, Mode: LEADER, active raft config: opid_index: 2 OBSOLETE_local: false peers { permanent_uuid: "97439d329bc44f2b94b88812b599d7d2" member_type: VOTER last_known_addr { host: "127.21.4.193" port: 45169 } } peers { permanent_uuid: "bb78d157686543ac8116bf031c473f54" member_type: VOTER last_known_addr { host: "127.21.4.194" port: 45917 } } peers { permanent_uuid: "ab9cf76476c14e0093d9c2bb5d102e6c" member_type: VOTER last_known_addr { host: "127.21.4.195" port: 41775 } attrs { replace: true } } peers { permanent_uuid: "70946bc40573483992f66cd64db00630" member_type: NON_VOTER last_known_addr { host: "127.21.4.196" port: 46129 } attrs { promote: true } }
I20260713 09:08:11.003141 22539 catalog_manager.cc:5697] T 47d82e2ec7f14c78a7fc4de9914fa076 P ab9cf76476c14e0093d9c2bb5d102e6c reported cstate change: config changed from index -1 to 2, NON_VOTER 70946bc40573483992f66cd64db00630 (127.21.4.196) added. New cstate: current_term: 1 leader_uuid: "ab9cf76476c14e0093d9c2bb5d102e6c" committed_config { opid_index: 2 OBSOLETE_local: false peers { permanent_uuid: "97439d329bc44f2b94b88812b599d7d2" member_type: VOTER last_known_addr { host: "127.21.4.193" port: 45169 } attrs { replace: true } health_report { overall_health: HEALTHY } } peers { permanent_uuid: "bb78d157686543ac8116bf031c473f54" member_type: VOTER last_known_addr { host: "127.21.4.194" port: 45917 } health_report { overall_health: HEALTHY } } peers { permanent_uuid: "ab9cf76476c14e0093d9c2bb5d102e6c" member_type: VOTER last_known_addr { host: "127.21.4.195" port: 41775 } health_report { overall_health: HEALTHY } } peers { permanent_uuid: "70946bc40573483992f66cd64db00630" member_type: NON_VOTER last_known_addr { host: "127.21.4.196" port: 46129 } attrs { promote: true } health_report { overall_health: UNKNOWN } } }
W20260713 09:08:11.008751 22683 consensus_peers.cc:597] T 4a5fba49e8e74b3b977074a9ba35481b P bb78d157686543ac8116bf031c473f54 -> Peer 70946bc40573483992f66cd64db00630 (127.21.4.196:46129): Couldn't send request to peer 70946bc40573483992f66cd64db00630. Error code: TABLET_NOT_FOUND (6). Status: Not found: Tablet not found: 4a5fba49e8e74b3b977074a9ba35481b. This is attempt 1: this message will repeat every 5th retry.
I20260713 09:08:11.009142 22789 raft_consensus.cc:1275] T 4a5fba49e8e74b3b977074a9ba35481b P ab9cf76476c14e0093d9c2bb5d102e6c [term 1 FOLLOWER]: Refusing update from remote peer bb78d157686543ac8116bf031c473f54: Log matching property violated. Preceding OpId in replica: term: 1 index: 1. Preceding OpId from leader: term: 1 index: 2. (index mismatch)
I20260713 09:08:11.009485 22641 raft_consensus.cc:1275] T 4a5fba49e8e74b3b977074a9ba35481b P 97439d329bc44f2b94b88812b599d7d2 [term 1 FOLLOWER]: Refusing update from remote peer bb78d157686543ac8116bf031c473f54: Log matching property violated. Preceding OpId in replica: term: 1 index: 1. Preceding OpId from leader: term: 1 index: 2. (index mismatch)
I20260713 09:08:11.010733 23168 consensus_queue.cc:1048] T 4a5fba49e8e74b3b977074a9ba35481b P bb78d157686543ac8116bf031c473f54 [LEADER]: Connected to new peer: Peer: permanent_uuid: "ab9cf76476c14e0093d9c2bb5d102e6c" member_type: VOTER last_known_addr { host: "127.21.4.195" port: 41775 } attrs { replace: true }, Status: LMP_MISMATCH, Last received: 0.0, Next index: 2, Last known committed idx: 1, Time since last communication: 0.000s
I20260713 09:08:11.011598 23235 consensus_queue.cc:1048] T 4a5fba49e8e74b3b977074a9ba35481b P bb78d157686543ac8116bf031c473f54 [LEADER]: Connected to new peer: Peer: permanent_uuid: "97439d329bc44f2b94b88812b599d7d2" member_type: VOTER last_known_addr { host: "127.21.4.193" port: 45169 }, Status: LMP_MISMATCH, Last received: 0.0, Next index: 2, Last known committed idx: 1, Time since last communication: 0.000s
I20260713 09:08:11.022008 23235 raft_consensus.cc:2955] T 4a5fba49e8e74b3b977074a9ba35481b P bb78d157686543ac8116bf031c473f54 [term 1 LEADER]: Committing config change with OpId 1.2: config changed from index -1 to 2, NON_VOTER 70946bc40573483992f66cd64db00630 (127.21.4.196) added. New config: { opid_index: 2 OBSOLETE_local: false peers { permanent_uuid: "97439d329bc44f2b94b88812b599d7d2" member_type: VOTER last_known_addr { host: "127.21.4.193" port: 45169 } } peers { permanent_uuid: "bb78d157686543ac8116bf031c473f54" member_type: VOTER last_known_addr { host: "127.21.4.194" port: 45917 } } peers { permanent_uuid: "ab9cf76476c14e0093d9c2bb5d102e6c" member_type: VOTER last_known_addr { host: "127.21.4.195" port: 41775 } attrs { replace: true } } peers { permanent_uuid: "70946bc40573483992f66cd64db00630" member_type: NON_VOTER last_known_addr { host: "127.21.4.196" port: 46129 } attrs { promote: true } } }
I20260713 09:08:11.023694 22641 raft_consensus.cc:2955] T 4a5fba49e8e74b3b977074a9ba35481b P 97439d329bc44f2b94b88812b599d7d2 [term 1 FOLLOWER]: Committing config change with OpId 1.2: config changed from index -1 to 2, NON_VOTER 70946bc40573483992f66cd64db00630 (127.21.4.196) added. New config: { opid_index: 2 OBSOLETE_local: false peers { permanent_uuid: "97439d329bc44f2b94b88812b599d7d2" member_type: VOTER last_known_addr { host: "127.21.4.193" port: 45169 } } peers { permanent_uuid: "bb78d157686543ac8116bf031c473f54" member_type: VOTER last_known_addr { host: "127.21.4.194" port: 45917 } } peers { permanent_uuid: "ab9cf76476c14e0093d9c2bb5d102e6c" member_type: VOTER last_known_addr { host: "127.21.4.195" port: 41775 } attrs { replace: true } } peers { permanent_uuid: "70946bc40573483992f66cd64db00630" member_type: NON_VOTER last_known_addr { host: "127.21.4.196" port: 46129 } attrs { promote: true } } }
I20260713 09:08:11.025943 22789 raft_consensus.cc:2955] T 4a5fba49e8e74b3b977074a9ba35481b P ab9cf76476c14e0093d9c2bb5d102e6c [term 1 FOLLOWER]: Committing config change with OpId 1.2: config changed from index -1 to 2, NON_VOTER 70946bc40573483992f66cd64db00630 (127.21.4.196) added. New config: { opid_index: 2 OBSOLETE_local: false peers { permanent_uuid: "97439d329bc44f2b94b88812b599d7d2" member_type: VOTER last_known_addr { host: "127.21.4.193" port: 45169 } } peers { permanent_uuid: "bb78d157686543ac8116bf031c473f54" member_type: VOTER last_known_addr { host: "127.21.4.194" port: 45917 } } peers { permanent_uuid: "ab9cf76476c14e0093d9c2bb5d102e6c" member_type: VOTER last_known_addr { host: "127.21.4.195" port: 41775 } attrs { replace: true } } peers { permanent_uuid: "70946bc40573483992f66cd64db00630" member_type: NON_VOTER last_known_addr { host: "127.21.4.196" port: 46129 } attrs { promote: true } } }
I20260713 09:08:11.035200 22541 catalog_manager.cc:5697] T 4a5fba49e8e74b3b977074a9ba35481b P bb78d157686543ac8116bf031c473f54 reported cstate change: config changed from index -1 to 2, NON_VOTER 70946bc40573483992f66cd64db00630 (127.21.4.196) added. New cstate: current_term: 1 leader_uuid: "bb78d157686543ac8116bf031c473f54" committed_config { opid_index: 2 OBSOLETE_local: false peers { permanent_uuid: "97439d329bc44f2b94b88812b599d7d2" member_type: VOTER last_known_addr { host: "127.21.4.193" port: 45169 } health_report { overall_health: HEALTHY } } peers { permanent_uuid: "bb78d157686543ac8116bf031c473f54" member_type: VOTER last_known_addr { host: "127.21.4.194" port: 45917 } health_report { overall_health: HEALTHY } } peers { permanent_uuid: "ab9cf76476c14e0093d9c2bb5d102e6c" member_type: VOTER last_known_addr { host: "127.21.4.195" port: 41775 } attrs { replace: true } health_report { overall_health: HEALTHY } } peers { permanent_uuid: "70946bc40573483992f66cd64db00630" member_type: NON_VOTER last_known_addr { host: "127.21.4.196" port: 46129 } attrs { promote: true } health_report { overall_health: UNKNOWN } } }
I20260713 09:08:11.411799 23252 ts_tablet_manager.cc:933] T 18ddf17f2d994596b4aab4d51a0e9902 P 70946bc40573483992f66cd64db00630: Initiating tablet copy from peer 97439d329bc44f2b94b88812b599d7d2 (127.21.4.193:45169)
I20260713 09:08:11.413489 23252 tablet_copy_client.cc:323] T 18ddf17f2d994596b4aab4d51a0e9902 P 70946bc40573483992f66cd64db00630: tablet copy: Beginning tablet copy session from remote peer at address 127.21.4.193:45169
I20260713 09:08:11.414798 22653 tablet_copy_service.cc:140] P 97439d329bc44f2b94b88812b599d7d2: Received BeginTabletCopySession request for tablet 18ddf17f2d994596b4aab4d51a0e9902 from peer 70946bc40573483992f66cd64db00630 ({username='slave'} at 127.0.0.1:60710)
I20260713 09:08:11.415185 22653 tablet_copy_service.cc:161] P 97439d329bc44f2b94b88812b599d7d2: Beginning new tablet copy session on tablet 18ddf17f2d994596b4aab4d51a0e9902 from peer 70946bc40573483992f66cd64db00630 at {username='slave'} at 127.0.0.1:60710: session id = 70946bc40573483992f66cd64db00630-18ddf17f2d994596b4aab4d51a0e9902
I20260713 09:08:11.419759 22653 tablet_copy_source_session.cc:215] T 18ddf17f2d994596b4aab4d51a0e9902 P 97439d329bc44f2b94b88812b599d7d2: Tablet Copy: opened 0 blocks and 1 log segments
I20260713 09:08:11.422748 23252 data_dirs.cc:400] Could only allocate 1 dirs of requested 3 for tablet 18ddf17f2d994596b4aab4d51a0e9902. 1 dirs total, 0 dirs full, 0 dirs failed
I20260713 09:08:11.432904 23252 tablet_copy_client.cc:806] T 18ddf17f2d994596b4aab4d51a0e9902 P 70946bc40573483992f66cd64db00630: tablet copy: Starting download of 0 data blocks...
I20260713 09:08:11.433393 23252 tablet_copy_client.cc:670] T 18ddf17f2d994596b4aab4d51a0e9902 P 70946bc40573483992f66cd64db00630: tablet copy: Starting download of 1 WAL segments...
I20260713 09:08:11.436712 23252 tablet_copy_client.cc:538] T 18ddf17f2d994596b4aab4d51a0e9902 P 70946bc40573483992f66cd64db00630: tablet copy: Tablet Copy complete. Replacing tablet superblock.
I20260713 09:08:11.442414 23252 tablet_bootstrap.cc:492] T 18ddf17f2d994596b4aab4d51a0e9902 P 70946bc40573483992f66cd64db00630: Bootstrap starting.
I20260713 09:08:11.455572 23252 tablet_bootstrap.cc:492] T 18ddf17f2d994596b4aab4d51a0e9902 P 70946bc40573483992f66cd64db00630: Bootstrap replayed 1/1 log segments. Stats: ops{read=2 overwritten=0 applied=2 ignored=0} inserts{seen=0 ignored=0} mutations{seen=0 ignored=0} orphaned_commits=0. Pending: 0 replicates
I20260713 09:08:11.456136 23252 tablet_bootstrap.cc:492] T 18ddf17f2d994596b4aab4d51a0e9902 P 70946bc40573483992f66cd64db00630: Bootstrap complete.
I20260713 09:08:11.456573 23252 ts_tablet_manager.cc:1403] T 18ddf17f2d994596b4aab4d51a0e9902 P 70946bc40573483992f66cd64db00630: Time spent bootstrapping tablet: real 0.014s	user 0.005s	sys 0.006s
I20260713 09:08:11.458865 23252 raft_consensus.cc:359] T 18ddf17f2d994596b4aab4d51a0e9902 P 70946bc40573483992f66cd64db00630 [term 1 LEARNER]: Replica starting. Triggering 0 pending ops. Active config: opid_index: 2 OBSOLETE_local: false peers { permanent_uuid: "97439d329bc44f2b94b88812b599d7d2" member_type: VOTER last_known_addr { host: "127.21.4.193" port: 45169 } } peers { permanent_uuid: "bb78d157686543ac8116bf031c473f54" member_type: VOTER last_known_addr { host: "127.21.4.194" port: 45917 } attrs { replace: true } } peers { permanent_uuid: "ab9cf76476c14e0093d9c2bb5d102e6c" member_type: VOTER last_known_addr { host: "127.21.4.195" port: 41775 } } peers { permanent_uuid: "70946bc40573483992f66cd64db00630" member_type: NON_VOTER last_known_addr { host: "127.21.4.196" port: 46129 } attrs { promote: true } }
I20260713 09:08:11.459623 23252 raft_consensus.cc:740] T 18ddf17f2d994596b4aab4d51a0e9902 P 70946bc40573483992f66cd64db00630 [term 1 LEARNER]: Becoming Follower/Learner. State: Replica: 70946bc40573483992f66cd64db00630, State: Initialized, Role: LEARNER
I20260713 09:08:11.460219 23252 consensus_queue.cc:260] T 18ddf17f2d994596b4aab4d51a0e9902 P 70946bc40573483992f66cd64db00630 [NON_LEADER]: Queue going to NON_LEADER mode. State: All replicated index: 0, Majority replicated index: 0, Committed index: 2, Last appended: 1.2, Last appended by leader: 2, Current term: 0, Majority size: -1, State: 0, Mode: NON_LEADER, active raft config: opid_index: 2 OBSOLETE_local: false peers { permanent_uuid: "97439d329bc44f2b94b88812b599d7d2" member_type: VOTER last_known_addr { host: "127.21.4.193" port: 45169 } } peers { permanent_uuid: "bb78d157686543ac8116bf031c473f54" member_type: VOTER last_known_addr { host: "127.21.4.194" port: 45917 } attrs { replace: true } } peers { permanent_uuid: "ab9cf76476c14e0093d9c2bb5d102e6c" member_type: VOTER last_known_addr { host: "127.21.4.195" port: 41775 } } peers { permanent_uuid: "70946bc40573483992f66cd64db00630" member_type: NON_VOTER last_known_addr { host: "127.21.4.196" port: 46129 } attrs { promote: true } }
I20260713 09:08:11.463596 23252 ts_tablet_manager.cc:1434] T 18ddf17f2d994596b4aab4d51a0e9902 P 70946bc40573483992f66cd64db00630: Time spent starting tablet: real 0.007s	user 0.003s	sys 0.006s
I20260713 09:08:11.465225 22653 tablet_copy_service.cc:342] P 97439d329bc44f2b94b88812b599d7d2: Request end of tablet copy session 70946bc40573483992f66cd64db00630-18ddf17f2d994596b4aab4d51a0e9902 received from {username='slave'} at 127.0.0.1:60710
I20260713 09:08:11.465612 22653 tablet_copy_service.cc:434] P 97439d329bc44f2b94b88812b599d7d2: ending tablet copy session 70946bc40573483992f66cd64db00630-18ddf17f2d994596b4aab4d51a0e9902 on tablet 18ddf17f2d994596b4aab4d51a0e9902 with peer 70946bc40573483992f66cd64db00630
I20260713 09:08:11.482121 23252 ts_tablet_manager.cc:933] T 47d82e2ec7f14c78a7fc4de9914fa076 P 70946bc40573483992f66cd64db00630: Initiating tablet copy from peer ab9cf76476c14e0093d9c2bb5d102e6c (127.21.4.195:41775)
I20260713 09:08:11.483305 23252 tablet_copy_client.cc:323] T 47d82e2ec7f14c78a7fc4de9914fa076 P 70946bc40573483992f66cd64db00630: tablet copy: Beginning tablet copy session from remote peer at address 127.21.4.195:41775
I20260713 09:08:11.484547 22802 tablet_copy_service.cc:140] P ab9cf76476c14e0093d9c2bb5d102e6c: Received BeginTabletCopySession request for tablet 47d82e2ec7f14c78a7fc4de9914fa076 from peer 70946bc40573483992f66cd64db00630 ({username='slave'} at 127.0.0.1:49494)
I20260713 09:08:11.485080 22802 tablet_copy_service.cc:161] P ab9cf76476c14e0093d9c2bb5d102e6c: Beginning new tablet copy session on tablet 47d82e2ec7f14c78a7fc4de9914fa076 from peer 70946bc40573483992f66cd64db00630 at {username='slave'} at 127.0.0.1:49494: session id = 70946bc40573483992f66cd64db00630-47d82e2ec7f14c78a7fc4de9914fa076
I20260713 09:08:11.491902 22802 tablet_copy_source_session.cc:215] T 47d82e2ec7f14c78a7fc4de9914fa076 P ab9cf76476c14e0093d9c2bb5d102e6c: Tablet Copy: opened 0 blocks and 1 log segments
I20260713 09:08:11.494403 23252 data_dirs.cc:400] Could only allocate 1 dirs of requested 3 for tablet 47d82e2ec7f14c78a7fc4de9914fa076. 1 dirs total, 0 dirs full, 0 dirs failed
I20260713 09:08:11.504143 23252 tablet_copy_client.cc:806] T 47d82e2ec7f14c78a7fc4de9914fa076 P 70946bc40573483992f66cd64db00630: tablet copy: Starting download of 0 data blocks...
I20260713 09:08:11.504545 23252 tablet_copy_client.cc:670] T 47d82e2ec7f14c78a7fc4de9914fa076 P 70946bc40573483992f66cd64db00630: tablet copy: Starting download of 1 WAL segments...
I20260713 09:08:11.507573 23252 tablet_copy_client.cc:538] T 47d82e2ec7f14c78a7fc4de9914fa076 P 70946bc40573483992f66cd64db00630: tablet copy: Tablet Copy complete. Replacing tablet superblock.
I20260713 09:08:11.509255 23257 ts_tablet_manager.cc:933] T b1803824f60249c0a76e5fde3d02c148 P 70946bc40573483992f66cd64db00630: Initiating tablet copy from peer ab9cf76476c14e0093d9c2bb5d102e6c (127.21.4.195:41775)
I20260713 09:08:11.510851 23257 tablet_copy_client.cc:323] T b1803824f60249c0a76e5fde3d02c148 P 70946bc40573483992f66cd64db00630: tablet copy: Beginning tablet copy session from remote peer at address 127.21.4.195:41775
I20260713 09:08:11.512336 22802 tablet_copy_service.cc:140] P ab9cf76476c14e0093d9c2bb5d102e6c: Received BeginTabletCopySession request for tablet b1803824f60249c0a76e5fde3d02c148 from peer 70946bc40573483992f66cd64db00630 ({username='slave'} at 127.0.0.1:49494)
I20260713 09:08:11.512810 22802 tablet_copy_service.cc:161] P ab9cf76476c14e0093d9c2bb5d102e6c: Beginning new tablet copy session on tablet b1803824f60249c0a76e5fde3d02c148 from peer 70946bc40573483992f66cd64db00630 at {username='slave'} at 127.0.0.1:49494: session id = 70946bc40573483992f66cd64db00630-b1803824f60249c0a76e5fde3d02c148
I20260713 09:08:11.514150 23252 tablet_bootstrap.cc:492] T 47d82e2ec7f14c78a7fc4de9914fa076 P 70946bc40573483992f66cd64db00630: Bootstrap starting.
I20260713 09:08:11.519398 22802 tablet_copy_source_session.cc:215] T b1803824f60249c0a76e5fde3d02c148 P ab9cf76476c14e0093d9c2bb5d102e6c: Tablet Copy: opened 0 blocks and 1 log segments
I20260713 09:08:11.523799 23257 data_dirs.cc:400] Could only allocate 1 dirs of requested 3 for tablet b1803824f60249c0a76e5fde3d02c148. 1 dirs total, 0 dirs full, 0 dirs failed
I20260713 09:08:11.531952 23252 tablet_bootstrap.cc:492] T 47d82e2ec7f14c78a7fc4de9914fa076 P 70946bc40573483992f66cd64db00630: Bootstrap replayed 1/1 log segments. Stats: ops{read=2 overwritten=0 applied=2 ignored=0} inserts{seen=0 ignored=0} mutations{seen=0 ignored=0} orphaned_commits=0. Pending: 0 replicates
I20260713 09:08:11.532796 23252 tablet_bootstrap.cc:492] T 47d82e2ec7f14c78a7fc4de9914fa076 P 70946bc40573483992f66cd64db00630: Bootstrap complete.
I20260713 09:08:11.533427 23252 ts_tablet_manager.cc:1403] T 47d82e2ec7f14c78a7fc4de9914fa076 P 70946bc40573483992f66cd64db00630: Time spent bootstrapping tablet: real 0.019s	user 0.014s	sys 0.005s
I20260713 09:08:11.536374 23252 raft_consensus.cc:359] T 47d82e2ec7f14c78a7fc4de9914fa076 P 70946bc40573483992f66cd64db00630 [term 1 LEARNER]: Replica starting. Triggering 0 pending ops. Active config: opid_index: 2 OBSOLETE_local: false peers { permanent_uuid: "97439d329bc44f2b94b88812b599d7d2" member_type: VOTER last_known_addr { host: "127.21.4.193" port: 45169 } attrs { replace: true } } peers { permanent_uuid: "bb78d157686543ac8116bf031c473f54" member_type: VOTER last_known_addr { host: "127.21.4.194" port: 45917 } } peers { permanent_uuid: "ab9cf76476c14e0093d9c2bb5d102e6c" member_type: VOTER last_known_addr { host: "127.21.4.195" port: 41775 } } peers { permanent_uuid: "70946bc40573483992f66cd64db00630" member_type: NON_VOTER last_known_addr { host: "127.21.4.196" port: 46129 } attrs { promote: true } }
I20260713 09:08:11.537150 23252 raft_consensus.cc:740] T 47d82e2ec7f14c78a7fc4de9914fa076 P 70946bc40573483992f66cd64db00630 [term 1 LEARNER]: Becoming Follower/Learner. State: Replica: 70946bc40573483992f66cd64db00630, State: Initialized, Role: LEARNER
I20260713 09:08:11.537727 23257 tablet_copy_client.cc:806] T b1803824f60249c0a76e5fde3d02c148 P 70946bc40573483992f66cd64db00630: tablet copy: Starting download of 0 data blocks...
I20260713 09:08:11.538393 23257 tablet_copy_client.cc:670] T b1803824f60249c0a76e5fde3d02c148 P 70946bc40573483992f66cd64db00630: tablet copy: Starting download of 1 WAL segments...
I20260713 09:08:11.538184 23252 consensus_queue.cc:260] T 47d82e2ec7f14c78a7fc4de9914fa076 P 70946bc40573483992f66cd64db00630 [NON_LEADER]: Queue going to NON_LEADER mode. State: All replicated index: 0, Majority replicated index: 0, Committed index: 2, Last appended: 1.2, Last appended by leader: 2, Current term: 0, Majority size: -1, State: 0, Mode: NON_LEADER, active raft config: opid_index: 2 OBSOLETE_local: false peers { permanent_uuid: "97439d329bc44f2b94b88812b599d7d2" member_type: VOTER last_known_addr { host: "127.21.4.193" port: 45169 } attrs { replace: true } } peers { permanent_uuid: "bb78d157686543ac8116bf031c473f54" member_type: VOTER last_known_addr { host: "127.21.4.194" port: 45917 } } peers { permanent_uuid: "ab9cf76476c14e0093d9c2bb5d102e6c" member_type: VOTER last_known_addr { host: "127.21.4.195" port: 41775 } } peers { permanent_uuid: "70946bc40573483992f66cd64db00630" member_type: NON_VOTER last_known_addr { host: "127.21.4.196" port: 46129 } attrs { promote: true } }
I20260713 09:08:11.540493 23252 ts_tablet_manager.cc:1434] T 47d82e2ec7f14c78a7fc4de9914fa076 P 70946bc40573483992f66cd64db00630: Time spent starting tablet: real 0.007s	user 0.004s	sys 0.000s
I20260713 09:08:11.543437 22802 tablet_copy_service.cc:342] P ab9cf76476c14e0093d9c2bb5d102e6c: Request end of tablet copy session 70946bc40573483992f66cd64db00630-47d82e2ec7f14c78a7fc4de9914fa076 received from {username='slave'} at 127.0.0.1:49494
I20260713 09:08:11.543817 22802 tablet_copy_service.cc:434] P ab9cf76476c14e0093d9c2bb5d102e6c: ending tablet copy session 70946bc40573483992f66cd64db00630-47d82e2ec7f14c78a7fc4de9914fa076 on tablet 47d82e2ec7f14c78a7fc4de9914fa076 with peer 70946bc40573483992f66cd64db00630
I20260713 09:08:11.546115 23257 tablet_copy_client.cc:538] T b1803824f60249c0a76e5fde3d02c148 P 70946bc40573483992f66cd64db00630: tablet copy: Tablet Copy complete. Replacing tablet superblock.
I20260713 09:08:11.552979 23257 tablet_bootstrap.cc:492] T b1803824f60249c0a76e5fde3d02c148 P 70946bc40573483992f66cd64db00630: Bootstrap starting.
I20260713 09:08:11.566321 23252 ts_tablet_manager.cc:933] T 4a5fba49e8e74b3b977074a9ba35481b P 70946bc40573483992f66cd64db00630: Initiating tablet copy from peer bb78d157686543ac8116bf031c473f54 (127.21.4.194:45917)
I20260713 09:08:11.567211 23257 tablet_bootstrap.cc:492] T b1803824f60249c0a76e5fde3d02c148 P 70946bc40573483992f66cd64db00630: Bootstrap replayed 1/1 log segments. Stats: ops{read=2 overwritten=0 applied=2 ignored=0} inserts{seen=0 ignored=0} mutations{seen=0 ignored=0} orphaned_commits=0. Pending: 0 replicates
I20260713 09:08:11.568004 23257 tablet_bootstrap.cc:492] T b1803824f60249c0a76e5fde3d02c148 P 70946bc40573483992f66cd64db00630: Bootstrap complete.
I20260713 09:08:11.567904 23252 tablet_copy_client.cc:323] T 4a5fba49e8e74b3b977074a9ba35481b P 70946bc40573483992f66cd64db00630: tablet copy: Beginning tablet copy session from remote peer at address 127.21.4.194:45917
I20260713 09:08:11.568542 23257 ts_tablet_manager.cc:1403] T b1803824f60249c0a76e5fde3d02c148 P 70946bc40573483992f66cd64db00630: Time spent bootstrapping tablet: real 0.016s	user 0.011s	sys 0.004s
I20260713 09:08:11.569499 22728 tablet_copy_service.cc:140] P bb78d157686543ac8116bf031c473f54: Received BeginTabletCopySession request for tablet 4a5fba49e8e74b3b977074a9ba35481b from peer 70946bc40573483992f66cd64db00630 ({username='slave'} at 127.0.0.1:55138)
I20260713 09:08:11.570010 22728 tablet_copy_service.cc:161] P bb78d157686543ac8116bf031c473f54: Beginning new tablet copy session on tablet 4a5fba49e8e74b3b977074a9ba35481b from peer 70946bc40573483992f66cd64db00630 at {username='slave'} at 127.0.0.1:55138: session id = 70946bc40573483992f66cd64db00630-4a5fba49e8e74b3b977074a9ba35481b
I20260713 09:08:11.571204 23257 raft_consensus.cc:359] T b1803824f60249c0a76e5fde3d02c148 P 70946bc40573483992f66cd64db00630 [term 1 LEARNER]: Replica starting. Triggering 0 pending ops. Active config: opid_index: 2 OBSOLETE_local: false peers { permanent_uuid: "97439d329bc44f2b94b88812b599d7d2" member_type: VOTER last_known_addr { host: "127.21.4.193" port: 45169 } } peers { permanent_uuid: "bb78d157686543ac8116bf031c473f54" member_type: VOTER last_known_addr { host: "127.21.4.194" port: 45917 } attrs { replace: true } } peers { permanent_uuid: "ab9cf76476c14e0093d9c2bb5d102e6c" member_type: VOTER last_known_addr { host: "127.21.4.195" port: 41775 } } peers { permanent_uuid: "70946bc40573483992f66cd64db00630" member_type: NON_VOTER last_known_addr { host: "127.21.4.196" port: 46129 } attrs { promote: true } }
I20260713 09:08:11.571983 23257 raft_consensus.cc:740] T b1803824f60249c0a76e5fde3d02c148 P 70946bc40573483992f66cd64db00630 [term 1 LEARNER]: Becoming Follower/Learner. State: Replica: 70946bc40573483992f66cd64db00630, State: Initialized, Role: LEARNER
I20260713 09:08:11.572602 23257 consensus_queue.cc:260] T b1803824f60249c0a76e5fde3d02c148 P 70946bc40573483992f66cd64db00630 [NON_LEADER]: Queue going to NON_LEADER mode. State: All replicated index: 0, Majority replicated index: 0, Committed index: 2, Last appended: 1.2, Last appended by leader: 2, Current term: 0, Majority size: -1, State: 0, Mode: NON_LEADER, active raft config: opid_index: 2 OBSOLETE_local: false peers { permanent_uuid: "97439d329bc44f2b94b88812b599d7d2" member_type: VOTER last_known_addr { host: "127.21.4.193" port: 45169 } } peers { permanent_uuid: "bb78d157686543ac8116bf031c473f54" member_type: VOTER last_known_addr { host: "127.21.4.194" port: 45917 } attrs { replace: true } } peers { permanent_uuid: "ab9cf76476c14e0093d9c2bb5d102e6c" member_type: VOTER last_known_addr { host: "127.21.4.195" port: 41775 } } peers { permanent_uuid: "70946bc40573483992f66cd64db00630" member_type: NON_VOTER last_known_addr { host: "127.21.4.196" port: 46129 } attrs { promote: true } }
I20260713 09:08:11.575130 23257 ts_tablet_manager.cc:1434] T b1803824f60249c0a76e5fde3d02c148 P 70946bc40573483992f66cd64db00630: Time spent starting tablet: real 0.006s	user 0.001s	sys 0.004s
I20260713 09:08:11.576906 22802 tablet_copy_service.cc:342] P ab9cf76476c14e0093d9c2bb5d102e6c: Request end of tablet copy session 70946bc40573483992f66cd64db00630-b1803824f60249c0a76e5fde3d02c148 received from {username='slave'} at 127.0.0.1:49494
I20260713 09:08:11.577302 22802 tablet_copy_service.cc:434] P ab9cf76476c14e0093d9c2bb5d102e6c: ending tablet copy session 70946bc40573483992f66cd64db00630-b1803824f60249c0a76e5fde3d02c148 on tablet b1803824f60249c0a76e5fde3d02c148 with peer 70946bc40573483992f66cd64db00630
I20260713 09:08:11.580058 22728 tablet_copy_source_session.cc:215] T 4a5fba49e8e74b3b977074a9ba35481b P bb78d157686543ac8116bf031c473f54: Tablet Copy: opened 0 blocks and 1 log segments
I20260713 09:08:11.583060 23252 data_dirs.cc:400] Could only allocate 1 dirs of requested 3 for tablet 4a5fba49e8e74b3b977074a9ba35481b. 1 dirs total, 0 dirs full, 0 dirs failed
I20260713 09:08:11.596987 23252 tablet_copy_client.cc:806] T 4a5fba49e8e74b3b977074a9ba35481b P 70946bc40573483992f66cd64db00630: tablet copy: Starting download of 0 data blocks...
I20260713 09:08:11.597779 23252 tablet_copy_client.cc:670] T 4a5fba49e8e74b3b977074a9ba35481b P 70946bc40573483992f66cd64db00630: tablet copy: Starting download of 1 WAL segments...
I20260713 09:08:11.601002 23252 tablet_copy_client.cc:538] T 4a5fba49e8e74b3b977074a9ba35481b P 70946bc40573483992f66cd64db00630: tablet copy: Tablet Copy complete. Replacing tablet superblock.
I20260713 09:08:11.605454 23252 tablet_bootstrap.cc:492] T 4a5fba49e8e74b3b977074a9ba35481b P 70946bc40573483992f66cd64db00630: Bootstrap starting.
I20260713 09:08:11.616724 23252 tablet_bootstrap.cc:492] T 4a5fba49e8e74b3b977074a9ba35481b P 70946bc40573483992f66cd64db00630: Bootstrap replayed 1/1 log segments. Stats: ops{read=2 overwritten=0 applied=2 ignored=0} inserts{seen=0 ignored=0} mutations{seen=0 ignored=0} orphaned_commits=0. Pending: 0 replicates
I20260713 09:08:11.617265 23252 tablet_bootstrap.cc:492] T 4a5fba49e8e74b3b977074a9ba35481b P 70946bc40573483992f66cd64db00630: Bootstrap complete.
