I20260713 09:08:03.067906 23216 raft_consensus.cc:2468] T 1a778f21c81c483ba2a7ffb2f19bec2c P a8bc23d3613346108cf78a1dbbb42c2a [term 1 FOLLOWER]: Leader election vote request: Granting yes vote for candidate d039cd0db9414aa9af194241e6e8a76b in term 1.
I20260713 09:08:03.069628 23215 tablet_service.cc:1917] Received RequestConsensusVote() RPC: tablet_id: "4b1130a7dae04b689b472f33089ef16d" candidate_uuid: "d8c7343437c44c688a9d3dc0c0985fba" candidate_term: 1 candidate_status { last_received { term: 0 index: 0 } } ignore_live_leader: false dest_uuid: "a8bc23d3613346108cf78a1dbbb42c2a" is_pre_election: true
I20260713 09:08:03.071451 23413 raft_consensus.cc:697] T fed37e8c7a95433f9748124d5de1015d P a8bc23d3613346108cf78a1dbbb42c2a [term 1 LEADER]: Becoming Leader. State: Replica: a8bc23d3613346108cf78a1dbbb42c2a, State: Running, Role: LEADER
I20260713 09:08:03.069128 23338 raft_consensus.cc:515] T 4b1130a7dae04b689b472f33089ef16d P d8c7343437c44c688a9d3dc0c0985fba [term 1 FOLLOWER]: Starting leader election with config: opid_index: -1 OBSOLETE_local: false peers { permanent_uuid: "d039cd0db9414aa9af194241e6e8a76b" member_type: VOTER last_known_addr { host: "127.21.126.65" port: 32839 } } peers { permanent_uuid: "a8bc23d3613346108cf78a1dbbb42c2a" member_type: VOTER last_known_addr { host: "127.21.126.66" port: 39947 } } peers { permanent_uuid: "d8c7343437c44c688a9d3dc0c0985fba" member_type: VOTER last_known_addr { host: "127.21.126.67" port: 38331 } }
I20260713 09:08:03.082110 23104 leader_election.cc:304] T 1a778f21c81c483ba2a7ffb2f19bec2c P d039cd0db9414aa9af194241e6e8a76b [CANDIDATE]: Term 1 election: Election decided. Result: candidate won. Election summary: received 2 responses out of 3 voters: 2 yes votes; 0 no votes. yes voters: a8bc23d3613346108cf78a1dbbb42c2a, d039cd0db9414aa9af194241e6e8a76b; no voters: 
I20260713 09:08:03.083096 23400 raft_consensus.cc:2804] T 1a778f21c81c483ba2a7ffb2f19bec2c P d039cd0db9414aa9af194241e6e8a76b [term 1 FOLLOWER]: Leader election won for term 1
I20260713 09:08:03.085147 23400 raft_consensus.cc:697] T 1a778f21c81c483ba2a7ffb2f19bec2c P d039cd0db9414aa9af194241e6e8a76b [term 1 LEADER]: Becoming Leader. State: Replica: d039cd0db9414aa9af194241e6e8a76b, State: Running, Role: LEADER
I20260713 09:08:03.086222 23139 tablet_service.cc:1917] Received RequestConsensusVote() RPC: tablet_id: "4b1130a7dae04b689b472f33089ef16d" candidate_uuid: "d8c7343437c44c688a9d3dc0c0985fba" candidate_term: 1 candidate_status { last_received { term: 0 index: 0 } } ignore_live_leader: false dest_uuid: "d039cd0db9414aa9af194241e6e8a76b"
I20260713 09:08:03.085952 23400 consensus_queue.cc:237] T 1a778f21c81c483ba2a7ffb2f19bec2c P d039cd0db9414aa9af194241e6e8a76b [LEADER]: Queue going to LEADER mode. State: All replicated index: 0, Majority replicated index: 0, Committed index: 0, Last appended: 0.0, Last appended by leader: 0, Current term: 1, Majority size: 2, State: 0, Mode: LEADER, active raft config: opid_index: -1 OBSOLETE_local: false peers { permanent_uuid: "d039cd0db9414aa9af194241e6e8a76b" member_type: VOTER last_known_addr { host: "127.21.126.65" port: 32839 } } peers { permanent_uuid: "a8bc23d3613346108cf78a1dbbb42c2a" member_type: VOTER last_known_addr { host: "127.21.126.66" port: 39947 } } peers { permanent_uuid: "d8c7343437c44c688a9d3dc0c0985fba" member_type: VOTER last_known_addr { host: "127.21.126.67" port: 38331 } }
I20260713 09:08:03.086815 23139 raft_consensus.cc:3060] T 4b1130a7dae04b689b472f33089ef16d P d039cd0db9414aa9af194241e6e8a76b [term 0 FOLLOWER]: Advancing to term 1
I20260713 09:08:03.088093 23413 consensus_queue.cc:237] T fed37e8c7a95433f9748124d5de1015d P a8bc23d3613346108cf78a1dbbb42c2a [LEADER]: Queue going to LEADER mode. State: All replicated index: 0, Majority replicated index: 0, Committed index: 0, Last appended: 0.0, Last appended by leader: 0, Current term: 1, Majority size: 2, State: 0, Mode: LEADER, active raft config: opid_index: -1 OBSOLETE_local: false peers { permanent_uuid: "d039cd0db9414aa9af194241e6e8a76b" member_type: VOTER last_known_addr { host: "127.21.126.65" port: 32839 } } peers { permanent_uuid: "a8bc23d3613346108cf78a1dbbb42c2a" member_type: VOTER last_known_addr { host: "127.21.126.66" port: 39947 } } peers { permanent_uuid: "d8c7343437c44c688a9d3dc0c0985fba" member_type: VOTER last_known_addr { host: "127.21.126.67" port: 38331 } }
I20260713 09:08:03.086812 23330 raft_consensus.cc:359] T 6c5753dcf2124932aafbef686725712a P a8bc23d3613346108cf78a1dbbb42c2a [term 0 FOLLOWER]: Replica starting. Triggering 0 pending ops. Active config: opid_index: -1 OBSOLETE_local: false peers { permanent_uuid: "d039cd0db9414aa9af194241e6e8a76b" member_type: VOTER last_known_addr { host: "127.21.126.65" port: 32839 } } peers { permanent_uuid: "a8bc23d3613346108cf78a1dbbb42c2a" member_type: VOTER last_known_addr { host: "127.21.126.66" port: 39947 } } peers { permanent_uuid: "d8c7343437c44c688a9d3dc0c0985fba" member_type: VOTER last_known_addr { host: "127.21.126.67" port: 38331 } }
I20260713 09:08:03.090883 23330 raft_consensus.cc:385] T 6c5753dcf2124932aafbef686725712a P a8bc23d3613346108cf78a1dbbb42c2a [term 0 FOLLOWER]: Consensus starting up: Expiring failure detector timer to make a prompt election more likely
I20260713 09:08:03.091217 23330 raft_consensus.cc:740] T 6c5753dcf2124932aafbef686725712a P a8bc23d3613346108cf78a1dbbb42c2a [term 0 FOLLOWER]: Becoming Follower/Learner. State: Replica: a8bc23d3613346108cf78a1dbbb42c2a, State: Initialized, Role: FOLLOWER
W20260713 09:08:03.093106 23253 leader_election.cc:343] T 4b1130a7dae04b689b472f33089ef16d P d8c7343437c44c688a9d3dc0c0985fba [CANDIDATE]: Term 1 pre-election: Tablet error from VoteRequest() call to peer a8bc23d3613346108cf78a1dbbb42c2a (127.21.126.66:39947): Illegal state: must be running to vote when last-logged opid is not known
I20260713 09:08:03.094772 23330 consensus_queue.cc:260] T 6c5753dcf2124932aafbef686725712a P a8bc23d3613346108cf78a1dbbb42c2a [NON_LEADER]: Queue going to NON_LEADER mode. State: All replicated index: 0, Majority replicated index: 0, Committed index: 0, Last appended: 0.0, Last appended by leader: 0, Current term: 0, Majority size: -1, State: 0, Mode: NON_LEADER, active raft config: opid_index: -1 OBSOLETE_local: false peers { permanent_uuid: "d039cd0db9414aa9af194241e6e8a76b" member_type: VOTER last_known_addr { host: "127.21.126.65" port: 32839 } } peers { permanent_uuid: "a8bc23d3613346108cf78a1dbbb42c2a" member_type: VOTER last_known_addr { host: "127.21.126.66" port: 39947 } } peers { permanent_uuid: "d8c7343437c44c688a9d3dc0c0985fba" member_type: VOTER last_known_addr { host: "127.21.126.67" port: 38331 } }
I20260713 09:08:03.083076 23358 raft_consensus.cc:493] T 6c5753dcf2124932aafbef686725712a P d039cd0db9414aa9af194241e6e8a76b [term 0 FOLLOWER]: Starting pre-election (no leader contacted us within the election timeout)
I20260713 09:08:03.102871 23330 ts_tablet_manager.cc:1434] T 6c5753dcf2124932aafbef686725712a P a8bc23d3613346108cf78a1dbbb42c2a: Time spent starting tablet: real 0.032s	user 0.005s	sys 0.003s
I20260713 09:08:03.103941 23330 tablet_bootstrap.cc:492] T 8d96c6c8be2d4e03a5135cd6ec8a840c P a8bc23d3613346108cf78a1dbbb42c2a: Bootstrap starting.
I20260713 09:08:03.105294 23338 leader_election.cc:290] T 4b1130a7dae04b689b472f33089ef16d P d8c7343437c44c688a9d3dc0c0985fba [CANDIDATE]: Term 1 election: Requested vote from peers d039cd0db9414aa9af194241e6e8a76b (127.21.126.65:32839), a8bc23d3613346108cf78a1dbbb42c2a (127.21.126.66:39947)
I20260713 09:08:03.106419 23215 tablet_service.cc:1917] Received RequestConsensusVote() RPC: tablet_id: "4b1130a7dae04b689b472f33089ef16d" candidate_uuid: "d8c7343437c44c688a9d3dc0c0985fba" candidate_term: 1 candidate_status { last_received { term: 0 index: 0 } } ignore_live_leader: false dest_uuid: "a8bc23d3613346108cf78a1dbbb42c2a"
W20260713 09:08:03.107829 23253 leader_election.cc:343] T 4b1130a7dae04b689b472f33089ef16d P d8c7343437c44c688a9d3dc0c0985fba [CANDIDATE]: Term 1 election: Tablet error from VoteRequest() call to peer a8bc23d3613346108cf78a1dbbb42c2a (127.21.126.66:39947): Illegal state: must be running to vote when last-logged opid is not known
I20260713 09:08:03.116135 23332 tablet_bootstrap.cc:654] T 6002ded42cd04e9fb549dc60a6e126d3 P d039cd0db9414aa9af194241e6e8a76b: Neither blocks nor log segments found. Creating new log.
I20260713 09:08:03.101434 23358 raft_consensus.cc:515] T 6c5753dcf2124932aafbef686725712a P d039cd0db9414aa9af194241e6e8a76b [term 0 FOLLOWER]: Starting pre-election with config: opid_index: -1 OBSOLETE_local: false peers { permanent_uuid: "d039cd0db9414aa9af194241e6e8a76b" member_type: VOTER last_known_addr { host: "127.21.126.65" port: 32839 } } peers { permanent_uuid: "a8bc23d3613346108cf78a1dbbb42c2a" member_type: VOTER last_known_addr { host: "127.21.126.66" port: 39947 } } peers { permanent_uuid: "d8c7343437c44c688a9d3dc0c0985fba" member_type: VOTER last_known_addr { host: "127.21.126.67" port: 38331 } }
I20260713 09:08:03.122622 23358 leader_election.cc:290] T 6c5753dcf2124932aafbef686725712a P d039cd0db9414aa9af194241e6e8a76b [CANDIDATE]: Term 1 pre-election: Requested pre-vote from peers a8bc23d3613346108cf78a1dbbb42c2a (127.21.126.66:39947), d8c7343437c44c688a9d3dc0c0985fba (127.21.126.67:38331)
I20260713 09:08:03.124627 23288 tablet_service.cc:1917] Received RequestConsensusVote() RPC: tablet_id: "6c5753dcf2124932aafbef686725712a" candidate_uuid: "d039cd0db9414aa9af194241e6e8a76b" candidate_term: 1 candidate_status { last_received { term: 0 index: 0 } } ignore_live_leader: false dest_uuid: "d8c7343437c44c688a9d3dc0c0985fba" is_pre_election: true
I20260713 09:08:03.125311 23288 raft_consensus.cc:2468] T 6c5753dcf2124932aafbef686725712a P d8c7343437c44c688a9d3dc0c0985fba [term 0 FOLLOWER]: Leader pre-election vote request: Granting yes vote for candidate d039cd0db9414aa9af194241e6e8a76b in term 0.
I20260713 09:08:03.125948 23215 tablet_service.cc:1917] Received RequestConsensusVote() RPC: tablet_id: "6c5753dcf2124932aafbef686725712a" candidate_uuid: "d039cd0db9414aa9af194241e6e8a76b" candidate_term: 1 candidate_status { last_received { term: 0 index: 0 } } ignore_live_leader: false dest_uuid: "a8bc23d3613346108cf78a1dbbb42c2a" is_pre_election: true
I20260713 09:08:03.126550 23215 raft_consensus.cc:2468] T 6c5753dcf2124932aafbef686725712a P a8bc23d3613346108cf78a1dbbb42c2a [term 0 FOLLOWER]: Leader pre-election vote request: Granting yes vote for candidate d039cd0db9414aa9af194241e6e8a76b in term 0.
I20260713 09:08:03.129524 23104 leader_election.cc:304] T 6c5753dcf2124932aafbef686725712a P d039cd0db9414aa9af194241e6e8a76b [CANDIDATE]: Term 1 pre-election: Election decided. Result: candidate won. Election summary: received 2 responses out of 3 voters: 2 yes votes; 0 no votes. yes voters: a8bc23d3613346108cf78a1dbbb42c2a, d039cd0db9414aa9af194241e6e8a76b; no voters: 
I20260713 09:08:03.130875 23358 raft_consensus.cc:2804] T 6c5753dcf2124932aafbef686725712a P d039cd0db9414aa9af194241e6e8a76b [term 0 FOLLOWER]: Leader pre-election won for term 1
I20260713 09:08:03.131223 23358 raft_consensus.cc:493] T 6c5753dcf2124932aafbef686725712a P d039cd0db9414aa9af194241e6e8a76b [term 0 FOLLOWER]: Starting leader election (no leader contacted us within the election timeout)
I20260713 09:08:03.131567 23358 raft_consensus.cc:3060] T 6c5753dcf2124932aafbef686725712a P d039cd0db9414aa9af194241e6e8a76b [term 0 FOLLOWER]: Advancing to term 1
I20260713 09:08:03.141605 23287 raft_consensus.cc:2468] T 1a778f21c81c483ba2a7ffb2f19bec2c P d8c7343437c44c688a9d3dc0c0985fba [term 1 FOLLOWER]: Leader election vote request: Granting yes vote for candidate d039cd0db9414aa9af194241e6e8a76b in term 1.
I20260713 09:08:03.143832 23139 raft_consensus.cc:2468] T 4b1130a7dae04b689b472f33089ef16d P d039cd0db9414aa9af194241e6e8a76b [term 1 FOLLOWER]: Leader election vote request: Granting yes vote for candidate d8c7343437c44c688a9d3dc0c0985fba in term 1.
I20260713 09:08:03.145383 23256 leader_election.cc:304] T 4b1130a7dae04b689b472f33089ef16d P d8c7343437c44c688a9d3dc0c0985fba [CANDIDATE]: Term 1 election: Election decided. Result: candidate won. Election summary: received 3 responses out of 3 voters: 2 yes votes; 1 no votes. yes voters: d039cd0db9414aa9af194241e6e8a76b, d8c7343437c44c688a9d3dc0c0985fba; no voters: a8bc23d3613346108cf78a1dbbb42c2a
I20260713 09:08:03.146317 23385 raft_consensus.cc:2804] T 4b1130a7dae04b689b472f33089ef16d P d8c7343437c44c688a9d3dc0c0985fba [term 1 FOLLOWER]: Leader election won for term 1
I20260713 09:08:03.146775 23385 raft_consensus.cc:697] T 4b1130a7dae04b689b472f33089ef16d P d8c7343437c44c688a9d3dc0c0985fba [term 1 LEADER]: Becoming Leader. State: Replica: d8c7343437c44c688a9d3dc0c0985fba, State: Running, Role: LEADER
I20260713 09:08:03.147713 23385 consensus_queue.cc:237] T 4b1130a7dae04b689b472f33089ef16d P d8c7343437c44c688a9d3dc0c0985fba [LEADER]: Queue going to LEADER mode. State: All replicated index: 0, Majority replicated index: 0, Committed index: 0, Last appended: 0.0, Last appended by leader: 0, Current term: 1, Majority size: 2, State: 0, Mode: LEADER, active raft config: opid_index: -1 OBSOLETE_local: false peers { permanent_uuid: "d039cd0db9414aa9af194241e6e8a76b" member_type: VOTER last_known_addr { host: "127.21.126.65" port: 32839 } } peers { permanent_uuid: "a8bc23d3613346108cf78a1dbbb42c2a" member_type: VOTER last_known_addr { host: "127.21.126.66" port: 39947 } } peers { permanent_uuid: "d8c7343437c44c688a9d3dc0c0985fba" member_type: VOTER last_known_addr { host: "127.21.126.67" port: 38331 } }
I20260713 09:08:03.160439 23358 raft_consensus.cc:515] T 6c5753dcf2124932aafbef686725712a P d039cd0db9414aa9af194241e6e8a76b [term 1 FOLLOWER]: Starting leader election with config: opid_index: -1 OBSOLETE_local: false peers { permanent_uuid: "d039cd0db9414aa9af194241e6e8a76b" member_type: VOTER last_known_addr { host: "127.21.126.65" port: 32839 } } peers { permanent_uuid: "a8bc23d3613346108cf78a1dbbb42c2a" member_type: VOTER last_known_addr { host: "127.21.126.66" port: 39947 } } peers { permanent_uuid: "d8c7343437c44c688a9d3dc0c0985fba" member_type: VOTER last_known_addr { host: "127.21.126.67" port: 38331 } }
I20260713 09:08:03.162254 23331 tablet_bootstrap.cc:492] T 1c4b6839432448bead27f3f825d66fd4 P d8c7343437c44c688a9d3dc0c0985fba: No bootstrap required, opened a new log
I20260713 09:08:03.162724 23331 ts_tablet_manager.cc:1403] T 1c4b6839432448bead27f3f825d66fd4 P d8c7343437c44c688a9d3dc0c0985fba: Time spent bootstrapping tablet: real 0.235s	user 0.083s	sys 0.106s
I20260713 09:08:03.162833 23358 leader_election.cc:290] T 6c5753dcf2124932aafbef686725712a P d039cd0db9414aa9af194241e6e8a76b [CANDIDATE]: Term 1 election: Requested vote from peers a8bc23d3613346108cf78a1dbbb42c2a (127.21.126.66:39947), d8c7343437c44c688a9d3dc0c0985fba (127.21.126.67:38331)
I20260713 09:08:03.164397 23289 tablet_service.cc:1917] Received RequestConsensusVote() RPC: tablet_id: "6c5753dcf2124932aafbef686725712a" candidate_uuid: "d039cd0db9414aa9af194241e6e8a76b" candidate_term: 1 candidate_status { last_received { term: 0 index: 0 } } ignore_live_leader: false dest_uuid: "d8c7343437c44c688a9d3dc0c0985fba"
I20260713 09:08:03.165057 23330 tablet_bootstrap.cc:654] T 8d96c6c8be2d4e03a5135cd6ec8a840c P a8bc23d3613346108cf78a1dbbb42c2a: Neither blocks nor log segments found. Creating new log.
I20260713 09:08:03.165352 23331 raft_consensus.cc:359] T 1c4b6839432448bead27f3f825d66fd4 P d8c7343437c44c688a9d3dc0c0985fba [term 0 FOLLOWER]: Replica starting. Triggering 0 pending ops. Active config: opid_index: -1 OBSOLETE_local: false peers { permanent_uuid: "d039cd0db9414aa9af194241e6e8a76b" member_type: VOTER last_known_addr { host: "127.21.126.65" port: 32839 } } peers { permanent_uuid: "a8bc23d3613346108cf78a1dbbb42c2a" member_type: VOTER last_known_addr { host: "127.21.126.66" port: 39947 } } peers { permanent_uuid: "d8c7343437c44c688a9d3dc0c0985fba" member_type: VOTER last_known_addr { host: "127.21.126.67" port: 38331 } }
I20260713 09:08:03.165419 23215 tablet_service.cc:1917] Received RequestConsensusVote() RPC: tablet_id: "6c5753dcf2124932aafbef686725712a" candidate_uuid: "d039cd0db9414aa9af194241e6e8a76b" candidate_term: 1 candidate_status { last_received { term: 0 index: 0 } } ignore_live_leader: false dest_uuid: "a8bc23d3613346108cf78a1dbbb42c2a"
I20260713 09:08:03.165089 23289 raft_consensus.cc:3060] T 6c5753dcf2124932aafbef686725712a P d8c7343437c44c688a9d3dc0c0985fba [term 0 FOLLOWER]: Advancing to term 1
I20260713 09:08:03.172314 23215 raft_consensus.cc:3060] T 6c5753dcf2124932aafbef686725712a P a8bc23d3613346108cf78a1dbbb42c2a [term 0 FOLLOWER]: Advancing to term 1
I20260713 09:08:03.173770 23331 raft_consensus.cc:385] T 1c4b6839432448bead27f3f825d66fd4 P d8c7343437c44c688a9d3dc0c0985fba [term 0 FOLLOWER]: Consensus starting up: Expiring failure detector timer to make a prompt election more likely
I20260713 09:08:03.174063 23331 raft_consensus.cc:740] T 1c4b6839432448bead27f3f825d66fd4 P d8c7343437c44c688a9d3dc0c0985fba [term 0 FOLLOWER]: Becoming Follower/Learner. State: Replica: d8c7343437c44c688a9d3dc0c0985fba, State: Initialized, Role: FOLLOWER
I20260713 09:08:03.174880 23331 consensus_queue.cc:260] T 1c4b6839432448bead27f3f825d66fd4 P d8c7343437c44c688a9d3dc0c0985fba [NON_LEADER]: Queue going to NON_LEADER mode. State: All replicated index: 0, Majority replicated index: 0, Committed index: 0, Last appended: 0.0, Last appended by leader: 0, Current term: 0, Majority size: -1, State: 0, Mode: NON_LEADER, active raft config: opid_index: -1 OBSOLETE_local: false peers { permanent_uuid: "d039cd0db9414aa9af194241e6e8a76b" member_type: VOTER last_known_addr { host: "127.21.126.65" port: 32839 } } peers { permanent_uuid: "a8bc23d3613346108cf78a1dbbb42c2a" member_type: VOTER last_known_addr { host: "127.21.126.66" port: 39947 } } peers { permanent_uuid: "d8c7343437c44c688a9d3dc0c0985fba" member_type: VOTER last_known_addr { host: "127.21.126.67" port: 38331 } }
I20260713 09:08:03.176577 23331 ts_tablet_manager.cc:1434] T 1c4b6839432448bead27f3f825d66fd4 P d8c7343437c44c688a9d3dc0c0985fba: Time spent starting tablet: real 0.014s	user 0.005s	sys 0.001s
I20260713 09:08:03.176374 23038 catalog_manager.cc:5697] T 4b1130a7dae04b689b472f33089ef16d P d8c7343437c44c688a9d3dc0c0985fba reported cstate change: term changed from 0 to 1, leader changed from <none> to d8c7343437c44c688a9d3dc0c0985fba (127.21.126.67). New cstate: current_term: 1 leader_uuid: "d8c7343437c44c688a9d3dc0c0985fba" committed_config { opid_index: -1 OBSOLETE_local: false peers { permanent_uuid: "d039cd0db9414aa9af194241e6e8a76b" member_type: VOTER last_known_addr { host: "127.21.126.65" port: 32839 } health_report { overall_health: UNKNOWN } } peers { permanent_uuid: "a8bc23d3613346108cf78a1dbbb42c2a" member_type: VOTER last_known_addr { host: "127.21.126.66" port: 39947 } health_report { overall_health: UNKNOWN } } peers { permanent_uuid: "d8c7343437c44c688a9d3dc0c0985fba" member_type: VOTER last_known_addr { host: "127.21.126.67" port: 38331 } health_report { overall_health: HEALTHY } } }
I20260713 09:08:03.177371 23331 tablet_bootstrap.cc:492] T e23cb6316879444db692d85fd22ca9ac P d8c7343437c44c688a9d3dc0c0985fba: Bootstrap starting.
I20260713 09:08:03.182371 23039 catalog_manager.cc:5697] T ec8bfa38a7d440cbacff7438ac1a78c2 P d039cd0db9414aa9af194241e6e8a76b reported cstate change: term changed from 0 to 1, leader changed from <none> to d039cd0db9414aa9af194241e6e8a76b (127.21.126.65). New cstate: current_term: 1 leader_uuid: "d039cd0db9414aa9af194241e6e8a76b" committed_config { opid_index: -1 OBSOLETE_local: false peers { permanent_uuid: "d039cd0db9414aa9af194241e6e8a76b" member_type: VOTER last_known_addr { host: "127.21.126.65" port: 32839 } health_report { overall_health: HEALTHY } } peers { permanent_uuid: "a8bc23d3613346108cf78a1dbbb42c2a" member_type: VOTER last_known_addr { host: "127.21.126.66" port: 39947 } health_report { overall_health: UNKNOWN } } peers { permanent_uuid: "d8c7343437c44c688a9d3dc0c0985fba" member_type: VOTER last_known_addr { host: "127.21.126.67" port: 38331 } health_report { overall_health: UNKNOWN } } }
I20260713 09:08:03.183938 23039 catalog_manager.cc:5697] T 1a778f21c81c483ba2a7ffb2f19bec2c P d039cd0db9414aa9af194241e6e8a76b reported cstate change: term changed from 0 to 1, leader changed from <none> to d039cd0db9414aa9af194241e6e8a76b (127.21.126.65). New cstate: current_term: 1 leader_uuid: "d039cd0db9414aa9af194241e6e8a76b" committed_config { opid_index: -1 OBSOLETE_local: false peers { permanent_uuid: "d039cd0db9414aa9af194241e6e8a76b" member_type: VOTER last_known_addr { host: "127.21.126.65" port: 32839 } health_report { overall_health: HEALTHY } } peers { permanent_uuid: "a8bc23d3613346108cf78a1dbbb42c2a" member_type: VOTER last_known_addr { host: "127.21.126.66" port: 39947 } health_report { overall_health: UNKNOWN } } peers { permanent_uuid: "d8c7343437c44c688a9d3dc0c0985fba" member_type: VOTER last_known_addr { host: "127.21.126.67" port: 38331 } health_report { overall_health: UNKNOWN } } }
I20260713 09:08:03.185827 23036 catalog_manager.cc:5697] T fed37e8c7a95433f9748124d5de1015d P a8bc23d3613346108cf78a1dbbb42c2a reported cstate change: term changed from 0 to 1, leader changed from <none> to a8bc23d3613346108cf78a1dbbb42c2a (127.21.126.66). New cstate: current_term: 1 leader_uuid: "a8bc23d3613346108cf78a1dbbb42c2a" committed_config { opid_index: -1 OBSOLETE_local: false peers { permanent_uuid: "d039cd0db9414aa9af194241e6e8a76b" member_type: VOTER last_known_addr { host: "127.21.126.65" port: 32839 } health_report { overall_health: UNKNOWN } } peers { permanent_uuid: "a8bc23d3613346108cf78a1dbbb42c2a" member_type: VOTER last_known_addr { host: "127.21.126.66" port: 39947 } health_report { overall_health: HEALTHY } } peers { permanent_uuid: "d8c7343437c44c688a9d3dc0c0985fba" member_type: VOTER last_known_addr { host: "127.21.126.67" port: 38331 } health_report { overall_health: UNKNOWN } } }
I20260713 09:08:03.188437 23036 catalog_manager.cc:5697] T 9a34bed3e98c4e63beb3417aa6c5ff54 P a8bc23d3613346108cf78a1dbbb42c2a reported cstate change: term changed from 0 to 1, leader changed from <none> to a8bc23d3613346108cf78a1dbbb42c2a (127.21.126.66). New cstate: current_term: 1 leader_uuid: "a8bc23d3613346108cf78a1dbbb42c2a" committed_config { opid_index: -1 OBSOLETE_local: false peers { permanent_uuid: "d039cd0db9414aa9af194241e6e8a76b" member_type: VOTER last_known_addr { host: "127.21.126.65" port: 32839 } health_report { overall_health: UNKNOWN } } peers { permanent_uuid: "a8bc23d3613346108cf78a1dbbb42c2a" member_type: VOTER last_known_addr { host: "127.21.126.66" port: 39947 } health_report { overall_health: HEALTHY } } peers { permanent_uuid: "d8c7343437c44c688a9d3dc0c0985fba" member_type: VOTER last_known_addr { host: "127.21.126.67" port: 38331 } health_report { overall_health: UNKNOWN } } }
I20260713 09:08:03.193706 23332 tablet_bootstrap.cc:492] T 6002ded42cd04e9fb549dc60a6e126d3 P d039cd0db9414aa9af194241e6e8a76b: No bootstrap required, opened a new log
I20260713 09:08:03.194082 23332 ts_tablet_manager.cc:1403] T 6002ded42cd04e9fb549dc60a6e126d3 P d039cd0db9414aa9af194241e6e8a76b: Time spent bootstrapping tablet: real 0.162s	user 0.016s	sys 0.000s
I20260713 09:08:03.196831 23331 tablet_bootstrap.cc:654] T e23cb6316879444db692d85fd22ca9ac P d8c7343437c44c688a9d3dc0c0985fba: Neither blocks nor log segments found. Creating new log.
I20260713 09:08:03.198498 23289 raft_consensus.cc:2468] T 6c5753dcf2124932aafbef686725712a P d8c7343437c44c688a9d3dc0c0985fba [term 1 FOLLOWER]: Leader election vote request: Granting yes vote for candidate d039cd0db9414aa9af194241e6e8a76b in term 1.
I20260713 09:08:03.196216 23332 raft_consensus.cc:359] T 6002ded42cd04e9fb549dc60a6e126d3 P d039cd0db9414aa9af194241e6e8a76b [term 0 FOLLOWER]: Replica starting. Triggering 0 pending ops. Active config: opid_index: -1 OBSOLETE_local: false peers { permanent_uuid: "d039cd0db9414aa9af194241e6e8a76b" member_type: VOTER last_known_addr { host: "127.21.126.65" port: 32839 } } peers { permanent_uuid: "a8bc23d3613346108cf78a1dbbb42c2a" member_type: VOTER last_known_addr { host: "127.21.126.66" port: 39947 } } peers { permanent_uuid: "d8c7343437c44c688a9d3dc0c0985fba" member_type: VOTER last_known_addr { host: "127.21.126.67" port: 38331 } }
I20260713 09:08:03.199944 23332 raft_consensus.cc:385] T 6002ded42cd04e9fb549dc60a6e126d3 P d039cd0db9414aa9af194241e6e8a76b [term 0 FOLLOWER]: Consensus starting up: Expiring failure detector timer to make a prompt election more likely
I20260713 09:08:03.200039 23104 leader_election.cc:304] T 6c5753dcf2124932aafbef686725712a P d039cd0db9414aa9af194241e6e8a76b [CANDIDATE]: Term 1 election: Election decided. Result: candidate won. Election summary: received 2 responses out of 3 voters: 2 yes votes; 0 no votes. yes voters: d039cd0db9414aa9af194241e6e8a76b, d8c7343437c44c688a9d3dc0c0985fba; no voters: 
I20260713 09:08:03.202040 23215 raft_consensus.cc:2468] T 6c5753dcf2124932aafbef686725712a P a8bc23d3613346108cf78a1dbbb42c2a [term 1 FOLLOWER]: Leader election vote request: Granting yes vote for candidate d039cd0db9414aa9af194241e6e8a76b in term 1.
I20260713 09:08:03.206147 23400 raft_consensus.cc:2804] T 6c5753dcf2124932aafbef686725712a P d039cd0db9414aa9af194241e6e8a76b [term 1 FOLLOWER]: Leader election won for term 1
I20260713 09:08:03.207005 23330 tablet_bootstrap.cc:492] T 8d96c6c8be2d4e03a5135cd6ec8a840c P a8bc23d3613346108cf78a1dbbb42c2a: No bootstrap required, opened a new log
I20260713 09:08:03.207454 23330 ts_tablet_manager.cc:1403] T 8d96c6c8be2d4e03a5135cd6ec8a840c P a8bc23d3613346108cf78a1dbbb42c2a: Time spent bootstrapping tablet: real 0.104s	user 0.006s	sys 0.007s
I20260713 09:08:03.200238 23332 raft_consensus.cc:740] T 6002ded42cd04e9fb549dc60a6e126d3 P d039cd0db9414aa9af194241e6e8a76b [term 0 FOLLOWER]: Becoming Follower/Learner. State: Replica: d039cd0db9414aa9af194241e6e8a76b, State: Initialized, Role: FOLLOWER
I20260713 09:08:03.207286 23400 raft_consensus.cc:697] T 6c5753dcf2124932aafbef686725712a P d039cd0db9414aa9af194241e6e8a76b [term 1 LEADER]: Becoming Leader. State: Replica: d039cd0db9414aa9af194241e6e8a76b, State: Running, Role: LEADER
I20260713 09:08:03.208413 23332 consensus_queue.cc:260] T 6002ded42cd04e9fb549dc60a6e126d3 P d039cd0db9414aa9af194241e6e8a76b [NON_LEADER]: Queue going to NON_LEADER mode. State: All replicated index: 0, Majority replicated index: 0, Committed index: 0, Last appended: 0.0, Last appended by leader: 0, Current term: 0, Majority size: -1, State: 0, Mode: NON_LEADER, active raft config: opid_index: -1 OBSOLETE_local: false peers { permanent_uuid: "d039cd0db9414aa9af194241e6e8a76b" member_type: VOTER last_known_addr { host: "127.21.126.65" port: 32839 } } peers { permanent_uuid: "a8bc23d3613346108cf78a1dbbb42c2a" member_type: VOTER last_known_addr { host: "127.21.126.66" port: 39947 } } peers { permanent_uuid: "d8c7343437c44c688a9d3dc0c0985fba" member_type: VOTER last_known_addr { host: "127.21.126.67" port: 38331 } }
I20260713 09:08:03.209426 23400 consensus_queue.cc:237] T 6c5753dcf2124932aafbef686725712a P d039cd0db9414aa9af194241e6e8a76b [LEADER]: Queue going to LEADER mode. State: All replicated index: 0, Majority replicated index: 0, Committed index: 0, Last appended: 0.0, Last appended by leader: 0, Current term: 1, Majority size: 2, State: 0, Mode: LEADER, active raft config: opid_index: -1 OBSOLETE_local: false peers { permanent_uuid: "d039cd0db9414aa9af194241e6e8a76b" member_type: VOTER last_known_addr { host: "127.21.126.65" port: 32839 } } peers { permanent_uuid: "a8bc23d3613346108cf78a1dbbb42c2a" member_type: VOTER last_known_addr { host: "127.21.126.66" port: 39947 } } peers { permanent_uuid: "d8c7343437c44c688a9d3dc0c0985fba" member_type: VOTER last_known_addr { host: "127.21.126.67" port: 38331 } }
I20260713 09:08:03.210005 23330 raft_consensus.cc:359] T 8d96c6c8be2d4e03a5135cd6ec8a840c P a8bc23d3613346108cf78a1dbbb42c2a [term 0 FOLLOWER]: Replica starting. Triggering 0 pending ops. Active config: opid_index: -1 OBSOLETE_local: false peers { permanent_uuid: "d039cd0db9414aa9af194241e6e8a76b" member_type: VOTER last_known_addr { host: "127.21.126.65" port: 32839 } } peers { permanent_uuid: "a8bc23d3613346108cf78a1dbbb42c2a" member_type: VOTER last_known_addr { host: "127.21.126.66" port: 39947 } } peers { permanent_uuid: "d8c7343437c44c688a9d3dc0c0985fba" member_type: VOTER last_known_addr { host: "127.21.126.67" port: 38331 } }
I20260713 09:08:03.210641 23330 raft_consensus.cc:385] T 8d96c6c8be2d4e03a5135cd6ec8a840c P a8bc23d3613346108cf78a1dbbb42c2a [term 0 FOLLOWER]: Consensus starting up: Expiring failure detector timer to make a prompt election more likely
I20260713 09:08:03.210907 23330 raft_consensus.cc:740] T 8d96c6c8be2d4e03a5135cd6ec8a840c P a8bc23d3613346108cf78a1dbbb42c2a [term 0 FOLLOWER]: Becoming Follower/Learner. State: Replica: a8bc23d3613346108cf78a1dbbb42c2a, State: Initialized, Role: FOLLOWER
I20260713 09:08:03.211536 23330 consensus_queue.cc:260] T 8d96c6c8be2d4e03a5135cd6ec8a840c P a8bc23d3613346108cf78a1dbbb42c2a [NON_LEADER]: Queue going to NON_LEADER mode. State: All replicated index: 0, Majority replicated index: 0, Committed index: 0, Last appended: 0.0, Last appended by leader: 0, Current term: 0, Majority size: -1, State: 0, Mode: NON_LEADER, active raft config: opid_index: -1 OBSOLETE_local: false peers { permanent_uuid: "d039cd0db9414aa9af194241e6e8a76b" member_type: VOTER last_known_addr { host: "127.21.126.65" port: 32839 } } peers { permanent_uuid: "a8bc23d3613346108cf78a1dbbb42c2a" member_type: VOTER last_known_addr { host: "127.21.126.66" port: 39947 } } peers { permanent_uuid: "d8c7343437c44c688a9d3dc0c0985fba" member_type: VOTER last_known_addr { host: "127.21.126.67" port: 38331 } }
I20260713 09:08:03.213827 23330 ts_tablet_manager.cc:1434] T 8d96c6c8be2d4e03a5135cd6ec8a840c P a8bc23d3613346108cf78a1dbbb42c2a: Time spent starting tablet: real 0.006s	user 0.005s	sys 0.000s
I20260713 09:08:03.214684 23330 tablet_bootstrap.cc:492] T 4b1130a7dae04b689b472f33089ef16d P a8bc23d3613346108cf78a1dbbb42c2a: Bootstrap starting.
I20260713 09:08:03.216364 23385 raft_consensus.cc:493] T 8d96c6c8be2d4e03a5135cd6ec8a840c P d8c7343437c44c688a9d3dc0c0985fba [term 0 FOLLOWER]: Starting pre-election (no leader contacted us within the election timeout)
I20260713 09:08:03.216894 23385 raft_consensus.cc:515] T 8d96c6c8be2d4e03a5135cd6ec8a840c P d8c7343437c44c688a9d3dc0c0985fba [term 0 FOLLOWER]: Starting pre-election with config: opid_index: -1 OBSOLETE_local: false peers { permanent_uuid: "d039cd0db9414aa9af194241e6e8a76b" member_type: VOTER last_known_addr { host: "127.21.126.65" port: 32839 } } peers { permanent_uuid: "a8bc23d3613346108cf78a1dbbb42c2a" member_type: VOTER last_known_addr { host: "127.21.126.66" port: 39947 } } peers { permanent_uuid: "d8c7343437c44c688a9d3dc0c0985fba" member_type: VOTER last_known_addr { host: "127.21.126.67" port: 38331 } }
I20260713 09:08:03.219005 23385 leader_election.cc:290] T 8d96c6c8be2d4e03a5135cd6ec8a840c P d8c7343437c44c688a9d3dc0c0985fba [CANDIDATE]: Term 1 pre-election: Requested pre-vote from peers d039cd0db9414aa9af194241e6e8a76b (127.21.126.65:32839), a8bc23d3613346108cf78a1dbbb42c2a (127.21.126.66:39947)
I20260713 09:08:03.216853 23332 ts_tablet_manager.cc:1434] T 6002ded42cd04e9fb549dc60a6e126d3 P d039cd0db9414aa9af194241e6e8a76b: Time spent starting tablet: real 0.023s	user 0.007s	sys 0.000s
I20260713 09:08:03.220134 23330 tablet_bootstrap.cc:654] T 4b1130a7dae04b689b472f33089ef16d P a8bc23d3613346108cf78a1dbbb42c2a: Neither blocks nor log segments found. Creating new log.
I20260713 09:08:03.220860 23332 tablet_bootstrap.cc:492] T cbf22915ef8a4502bb2cd3c6e0196ce4 P d039cd0db9414aa9af194241e6e8a76b: Bootstrap starting.
I20260713 09:08:03.221164 23140 tablet_service.cc:1917] Received RequestConsensusVote() RPC: tablet_id: "8d96c6c8be2d4e03a5135cd6ec8a840c" candidate_uuid: "d8c7343437c44c688a9d3dc0c0985fba" candidate_term: 1 candidate_status { last_received { term: 0 index: 0 } } ignore_live_leader: false dest_uuid: "d039cd0db9414aa9af194241e6e8a76b" is_pre_election: true
I20260713 09:08:03.221815 23140 raft_consensus.cc:2468] T 8d96c6c8be2d4e03a5135cd6ec8a840c P d039cd0db9414aa9af194241e6e8a76b [term 0 FOLLOWER]: Leader pre-election vote request: Granting yes vote for candidate d8c7343437c44c688a9d3dc0c0985fba in term 0.
I20260713 09:08:03.223896 23256 leader_election.cc:304] T 8d96c6c8be2d4e03a5135cd6ec8a840c P d8c7343437c44c688a9d3dc0c0985fba [CANDIDATE]: Term 1 pre-election: Election decided. Result: candidate won. Election summary: received 2 responses out of 3 voters: 2 yes votes; 0 no votes. yes voters: d039cd0db9414aa9af194241e6e8a76b, d8c7343437c44c688a9d3dc0c0985fba; no voters: 
I20260713 09:08:03.224910 23385 raft_consensus.cc:2804] T 8d96c6c8be2d4e03a5135cd6ec8a840c P d8c7343437c44c688a9d3dc0c0985fba [term 0 FOLLOWER]: Leader pre-election won for term 1
I20260713 09:08:03.225333 23385 raft_consensus.cc:493] T 8d96c6c8be2d4e03a5135cd6ec8a840c P d8c7343437c44c688a9d3dc0c0985fba [term 0 FOLLOWER]: Starting leader election (no leader contacted us within the election timeout)
I20260713 09:08:03.225740 23385 raft_consensus.cc:3060] T 8d96c6c8be2d4e03a5135cd6ec8a840c P d8c7343437c44c688a9d3dc0c0985fba [term 0 FOLLOWER]: Advancing to term 1
I20260713 09:08:03.227131 23332 tablet_bootstrap.cc:654] T cbf22915ef8a4502bb2cd3c6e0196ce4 P d039cd0db9414aa9af194241e6e8a76b: Neither blocks nor log segments found. Creating new log.
I20260713 09:08:03.229001 23215 tablet_service.cc:1917] Received RequestConsensusVote() RPC: tablet_id: "8d96c6c8be2d4e03a5135cd6ec8a840c" candidate_uuid: "d8c7343437c44c688a9d3dc0c0985fba" candidate_term: 1 candidate_status { last_received { term: 0 index: 0 } } ignore_live_leader: false dest_uuid: "a8bc23d3613346108cf78a1dbbb42c2a" is_pre_election: true
I20260713 09:08:03.229724 23215 raft_consensus.cc:2468] T 8d96c6c8be2d4e03a5135cd6ec8a840c P a8bc23d3613346108cf78a1dbbb42c2a [term 0 FOLLOWER]: Leader pre-election vote request: Granting yes vote for candidate d8c7343437c44c688a9d3dc0c0985fba in term 0.
I20260713 09:08:03.232735 23385 raft_consensus.cc:515] T 8d96c6c8be2d4e03a5135cd6ec8a840c P d8c7343437c44c688a9d3dc0c0985fba [term 1 FOLLOWER]: Starting leader election with config: opid_index: -1 OBSOLETE_local: false peers { permanent_uuid: "d039cd0db9414aa9af194241e6e8a76b" member_type: VOTER last_known_addr { host: "127.21.126.65" port: 32839 } } peers { permanent_uuid: "a8bc23d3613346108cf78a1dbbb42c2a" member_type: VOTER last_known_addr { host: "127.21.126.66" port: 39947 } } peers { permanent_uuid: "d8c7343437c44c688a9d3dc0c0985fba" member_type: VOTER last_known_addr { host: "127.21.126.67" port: 38331 } }
I20260713 09:08:03.232494 23036 catalog_manager.cc:5697] T 6c5753dcf2124932aafbef686725712a P d039cd0db9414aa9af194241e6e8a76b reported cstate change: term changed from 0 to 1, leader changed from <none> to d039cd0db9414aa9af194241e6e8a76b (127.21.126.65). New cstate: current_term: 1 leader_uuid: "d039cd0db9414aa9af194241e6e8a76b" committed_config { opid_index: -1 OBSOLETE_local: false peers { permanent_uuid: "d039cd0db9414aa9af194241e6e8a76b" member_type: VOTER last_known_addr { host: "127.21.126.65" port: 32839 } health_report { overall_health: HEALTHY } } peers { permanent_uuid: "a8bc23d3613346108cf78a1dbbb42c2a" member_type: VOTER last_known_addr { host: "127.21.126.66" port: 39947 } health_report { overall_health: UNKNOWN } } peers { permanent_uuid: "d8c7343437c44c688a9d3dc0c0985fba" member_type: VOTER last_known_addr { host: "127.21.126.67" port: 38331 } health_report { overall_health: UNKNOWN } } }
I20260713 09:08:03.235461 23331 tablet_bootstrap.cc:492] T e23cb6316879444db692d85fd22ca9ac P d8c7343437c44c688a9d3dc0c0985fba: No bootstrap required, opened a new log
I20260713 09:08:03.235905 23331 ts_tablet_manager.cc:1403] T e23cb6316879444db692d85fd22ca9ac P d8c7343437c44c688a9d3dc0c0985fba: Time spent bootstrapping tablet: real 0.059s	user 0.006s	sys 0.012s
I20260713 09:08:03.236018 23330 tablet_bootstrap.cc:492] T 4b1130a7dae04b689b472f33089ef16d P a8bc23d3613346108cf78a1dbbb42c2a: No bootstrap required, opened a new log
I20260713 09:08:03.235919 23140 tablet_service.cc:1917] Received RequestConsensusVote() RPC: tablet_id: "8d96c6c8be2d4e03a5135cd6ec8a840c" candidate_uuid: "d8c7343437c44c688a9d3dc0c0985fba" candidate_term: 1 candidate_status { last_received { term: 0 index: 0 } } ignore_live_leader: false dest_uuid: "d039cd0db9414aa9af194241e6e8a76b"
I20260713 09:08:03.236714 23330 ts_tablet_manager.cc:1403] T 4b1130a7dae04b689b472f33089ef16d P a8bc23d3613346108cf78a1dbbb42c2a: Time spent bootstrapping tablet: real 0.022s	user 0.006s	sys 0.009s
I20260713 09:08:03.236771 23140 raft_consensus.cc:3060] T 8d96c6c8be2d4e03a5135cd6ec8a840c P d039cd0db9414aa9af194241e6e8a76b [term 0 FOLLOWER]: Advancing to term 1
I20260713 09:08:03.238525 23331 raft_consensus.cc:359] T e23cb6316879444db692d85fd22ca9ac P d8c7343437c44c688a9d3dc0c0985fba [term 0 FOLLOWER]: Replica starting. Triggering 0 pending ops. Active config: opid_index: -1 OBSOLETE_local: false peers { permanent_uuid: "d039cd0db9414aa9af194241e6e8a76b" member_type: VOTER last_known_addr { host: "127.21.126.65" port: 32839 } } peers { permanent_uuid: "a8bc23d3613346108cf78a1dbbb42c2a" member_type: VOTER last_known_addr { host: "127.21.126.66" port: 39947 } } peers { permanent_uuid: "d8c7343437c44c688a9d3dc0c0985fba" member_type: VOTER last_known_addr { host: "127.21.126.67" port: 38331 } }
I20260713 09:08:03.239153 23331 raft_consensus.cc:385] T e23cb6316879444db692d85fd22ca9ac P d8c7343437c44c688a9d3dc0c0985fba [term 0 FOLLOWER]: Consensus starting up: Expiring failure detector timer to make a prompt election more likely
I20260713 09:08:03.239394 23331 raft_consensus.cc:740] T e23cb6316879444db692d85fd22ca9ac P d8c7343437c44c688a9d3dc0c0985fba [term 0 FOLLOWER]: Becoming Follower/Learner. State: Replica: d8c7343437c44c688a9d3dc0c0985fba, State: Initialized, Role: FOLLOWER
I20260713 09:08:03.239845 23330 raft_consensus.cc:359] T 4b1130a7dae04b689b472f33089ef16d P a8bc23d3613346108cf78a1dbbb42c2a [term 0 FOLLOWER]: Replica starting. Triggering 0 pending ops. Active config: opid_index: -1 OBSOLETE_local: false peers { permanent_uuid: "d039cd0db9414aa9af194241e6e8a76b" member_type: VOTER last_known_addr { host: "127.21.126.65" port: 32839 } } peers { permanent_uuid: "a8bc23d3613346108cf78a1dbbb42c2a" member_type: VOTER last_known_addr { host: "127.21.126.66" port: 39947 } } peers { permanent_uuid: "d8c7343437c44c688a9d3dc0c0985fba" member_type: VOTER last_known_addr { host: "127.21.126.67" port: 38331 } }
I20260713 09:08:03.240465 23330 raft_consensus.cc:385] T 4b1130a7dae04b689b472f33089ef16d P a8bc23d3613346108cf78a1dbbb42c2a [term 0 FOLLOWER]: Consensus starting up: Expiring failure detector timer to make a prompt election more likely
I20260713 09:08:03.240113 23331 consensus_queue.cc:260] T e23cb6316879444db692d85fd22ca9ac P d8c7343437c44c688a9d3dc0c0985fba [NON_LEADER]: Queue going to NON_LEADER mode. State: All replicated index: 0, Majority replicated index: 0, Committed index: 0, Last appended: 0.0, Last appended by leader: 0, Current term: 0, Majority size: -1, State: 0, Mode: NON_LEADER, active raft config: opid_index: -1 OBSOLETE_local: false peers { permanent_uuid: "d039cd0db9414aa9af194241e6e8a76b" member_type: VOTER last_known_addr { host: "127.21.126.65" port: 32839 } } peers { permanent_uuid: "a8bc23d3613346108cf78a1dbbb42c2a" member_type: VOTER last_known_addr { host: "127.21.126.66" port: 39947 } } peers { permanent_uuid: "d8c7343437c44c688a9d3dc0c0985fba" member_type: VOTER last_known_addr { host: "127.21.126.67" port: 38331 } }
I20260713 09:08:03.240734 23330 raft_consensus.cc:740] T 4b1130a7dae04b689b472f33089ef16d P a8bc23d3613346108cf78a1dbbb42c2a [term 0 FOLLOWER]: Becoming Follower/Learner. State: Replica: a8bc23d3613346108cf78a1dbbb42c2a, State: Initialized, Role: FOLLOWER
I20260713 09:08:03.241360 23330 consensus_queue.cc:260] T 4b1130a7dae04b689b472f33089ef16d P a8bc23d3613346108cf78a1dbbb42c2a [NON_LEADER]: Queue going to NON_LEADER mode. State: All replicated index: 0, Majority replicated index: 0, Committed index: 0, Last appended: 0.0, Last appended by leader: 0, Current term: 0, Majority size: -1, State: 0, Mode: NON_LEADER, active raft config: opid_index: -1 OBSOLETE_local: false peers { permanent_uuid: "d039cd0db9414aa9af194241e6e8a76b" member_type: VOTER last_known_addr { host: "127.21.126.65" port: 32839 } } peers { permanent_uuid: "a8bc23d3613346108cf78a1dbbb42c2a" member_type: VOTER last_known_addr { host: "127.21.126.66" port: 39947 } } peers { permanent_uuid: "d8c7343437c44c688a9d3dc0c0985fba" member_type: VOTER last_known_addr { host: "127.21.126.67" port: 38331 } }
I20260713 09:08:03.243209 23330 ts_tablet_manager.cc:1434] T 4b1130a7dae04b689b472f33089ef16d P a8bc23d3613346108cf78a1dbbb42c2a: Time spent starting tablet: real 0.006s	user 0.004s	sys 0.000s
I20260713 09:08:03.244022 23330 tablet_bootstrap.cc:492] T 1c4b6839432448bead27f3f825d66fd4 P a8bc23d3613346108cf78a1dbbb42c2a: Bootstrap starting.
I20260713 09:08:03.245163 23140 raft_consensus.cc:2468] T 8d96c6c8be2d4e03a5135cd6ec8a840c P d039cd0db9414aa9af194241e6e8a76b [term 1 FOLLOWER]: Leader election vote request: Granting yes vote for candidate d8c7343437c44c688a9d3dc0c0985fba in term 1.
I20260713 09:08:03.246315 23331 ts_tablet_manager.cc:1434] T e23cb6316879444db692d85fd22ca9ac P d8c7343437c44c688a9d3dc0c0985fba: Time spent starting tablet: real 0.010s	user 0.005s	sys 0.000s
I20260713 09:08:03.247730 23337 consensus_queue.cc:1048] T 765734e01aea4b7a8109e0321b503ce9 P a8bc23d3613346108cf78a1dbbb42c2a [LEADER]: Connected to new peer: Peer: permanent_uuid: "d039cd0db9414aa9af194241e6e8a76b" member_type: VOTER last_known_addr { host: "127.21.126.65" port: 32839 }, Status: LMP_MISMATCH, Last received: 0.0, Next index: 1, Last known committed idx: 0, Time since last communication: 0.000s
I20260713 09:08:03.249599 23330 tablet_bootstrap.cc:654] T 1c4b6839432448bead27f3f825d66fd4 P a8bc23d3613346108cf78a1dbbb42c2a: Neither blocks nor log segments found. Creating new log.
I20260713 09:08:03.249397 23215 tablet_service.cc:1917] Received RequestConsensusVote() RPC: tablet_id: "8d96c6c8be2d4e03a5135cd6ec8a840c" candidate_uuid: "d8c7343437c44c688a9d3dc0c0985fba" candidate_term: 1 candidate_status { last_received { term: 0 index: 0 } } ignore_live_leader: false dest_uuid: "a8bc23d3613346108cf78a1dbbb42c2a"
I20260713 09:08:03.249970 23215 raft_consensus.cc:3060] T 8d96c6c8be2d4e03a5135cd6ec8a840c P a8bc23d3613346108cf78a1dbbb42c2a [term 0 FOLLOWER]: Advancing to term 1
I20260713 09:08:03.248358 23385 leader_election.cc:290] T 8d96c6c8be2d4e03a5135cd6ec8a840c P d8c7343437c44c688a9d3dc0c0985fba [CANDIDATE]: Term 1 election: Requested vote from peers d039cd0db9414aa9af194241e6e8a76b (127.21.126.65:32839), a8bc23d3613346108cf78a1dbbb42c2a (127.21.126.66:39947)
I20260713 09:08:03.253422 23256 leader_election.cc:304] T 8d96c6c8be2d4e03a5135cd6ec8a840c P d8c7343437c44c688a9d3dc0c0985fba [CANDIDATE]: Term 1 election: Election decided. Result: candidate won. Election summary: received 2 responses out of 3 voters: 2 yes votes; 0 no votes. yes voters: d039cd0db9414aa9af194241e6e8a76b, d8c7343437c44c688a9d3dc0c0985fba; no voters: 
I20260713 09:08:03.258040 23215 raft_consensus.cc:2468] T 8d96c6c8be2d4e03a5135cd6ec8a840c P a8bc23d3613346108cf78a1dbbb42c2a [term 1 FOLLOWER]: Leader election vote request: Granting yes vote for candidate d8c7343437c44c688a9d3dc0c0985fba in term 1.
I20260713 09:08:03.257970 23385 raft_consensus.cc:2804] T 8d96c6c8be2d4e03a5135cd6ec8a840c P d8c7343437c44c688a9d3dc0c0985fba [term 1 FOLLOWER]: Leader election won for term 1
I20260713 09:08:03.262030 23385 raft_consensus.cc:697] T 8d96c6c8be2d4e03a5135cd6ec8a840c P d8c7343437c44c688a9d3dc0c0985fba [term 1 LEADER]: Becoming Leader. State: Replica: d8c7343437c44c688a9d3dc0c0985fba, State: Running, Role: LEADER
I20260713 09:08:03.263311 23385 consensus_queue.cc:237] T 8d96c6c8be2d4e03a5135cd6ec8a840c P d8c7343437c44c688a9d3dc0c0985fba [LEADER]: Queue going to LEADER mode. State: All replicated index: 0, Majority replicated index: 0, Committed index: 0, Last appended: 0.0, Last appended by leader: 0, Current term: 1, Majority size: 2, State: 0, Mode: LEADER, active raft config: opid_index: -1 OBSOLETE_local: false peers { permanent_uuid: "d039cd0db9414aa9af194241e6e8a76b" member_type: VOTER last_known_addr { host: "127.21.126.65" port: 32839 } } peers { permanent_uuid: "a8bc23d3613346108cf78a1dbbb42c2a" member_type: VOTER last_known_addr { host: "127.21.126.66" port: 39947 } } peers { permanent_uuid: "d8c7343437c44c688a9d3dc0c0985fba" member_type: VOTER last_known_addr { host: "127.21.126.67" port: 38331 } }
I20260713 09:08:03.275583 23340 consensus_queue.cc:1048] T 765734e01aea4b7a8109e0321b503ce9 P a8bc23d3613346108cf78a1dbbb42c2a [LEADER]: Connected to new peer: Peer: permanent_uuid: "d8c7343437c44c688a9d3dc0c0985fba" member_type: VOTER last_known_addr { host: "127.21.126.67" port: 38331 }, Status: LMP_MISMATCH, Last received: 0.0, Next index: 1, Last known committed idx: 0, Time since last communication: 0.000s
I20260713 09:08:03.284106 23332 tablet_bootstrap.cc:492] T cbf22915ef8a4502bb2cd3c6e0196ce4 P d039cd0db9414aa9af194241e6e8a76b: No bootstrap required, opened a new log
I20260713 09:08:03.285833 23332 ts_tablet_manager.cc:1403] T cbf22915ef8a4502bb2cd3c6e0196ce4 P d039cd0db9414aa9af194241e6e8a76b: Time spent bootstrapping tablet: real 0.065s	user 0.012s	sys 0.000s
I20260713 09:08:03.288623 23332 raft_consensus.cc:359] T cbf22915ef8a4502bb2cd3c6e0196ce4 P d039cd0db9414aa9af194241e6e8a76b [term 0 FOLLOWER]: Replica starting. Triggering 0 pending ops. Active config: opid_index: -1 OBSOLETE_local: false peers { permanent_uuid: "d039cd0db9414aa9af194241e6e8a76b" member_type: VOTER last_known_addr { host: "127.21.126.65" port: 32839 } } peers { permanent_uuid: "a8bc23d3613346108cf78a1dbbb42c2a" member_type: VOTER last_known_addr { host: "127.21.126.66" port: 39947 } } peers { permanent_uuid: "d8c7343437c44c688a9d3dc0c0985fba" member_type: VOTER last_known_addr { host: "127.21.126.67" port: 38331 } }
I20260713 09:08:03.294567 23332 raft_consensus.cc:385] T cbf22915ef8a4502bb2cd3c6e0196ce4 P d039cd0db9414aa9af194241e6e8a76b [term 0 FOLLOWER]: Consensus starting up: Expiring failure detector timer to make a prompt election more likely
I20260713 09:08:03.294834 23332 raft_consensus.cc:740] T cbf22915ef8a4502bb2cd3c6e0196ce4 P d039cd0db9414aa9af194241e6e8a76b [term 0 FOLLOWER]: Becoming Follower/Learner. State: Replica: d039cd0db9414aa9af194241e6e8a76b, State: Initialized, Role: FOLLOWER
I20260713 09:08:03.295367 23332 consensus_queue.cc:260] T cbf22915ef8a4502bb2cd3c6e0196ce4 P d039cd0db9414aa9af194241e6e8a76b [NON_LEADER]: Queue going to NON_LEADER mode. State: All replicated index: 0, Majority replicated index: 0, Committed index: 0, Last appended: 0.0, Last appended by leader: 0, Current term: 0, Majority size: -1, State: 0, Mode: NON_LEADER, active raft config: opid_index: -1 OBSOLETE_local: false peers { permanent_uuid: "d039cd0db9414aa9af194241e6e8a76b" member_type: VOTER last_known_addr { host: "127.21.126.65" port: 32839 } } peers { permanent_uuid: "a8bc23d3613346108cf78a1dbbb42c2a" member_type: VOTER last_known_addr { host: "127.21.126.66" port: 39947 } } peers { permanent_uuid: "d8c7343437c44c688a9d3dc0c0985fba" member_type: VOTER last_known_addr { host: "127.21.126.67" port: 38331 } }
I20260713 09:08:03.293659 23330 tablet_bootstrap.cc:492] T 1c4b6839432448bead27f3f825d66fd4 P a8bc23d3613346108cf78a1dbbb42c2a: No bootstrap required, opened a new log
I20260713 09:08:03.297259 23330 ts_tablet_manager.cc:1403] T 1c4b6839432448bead27f3f825d66fd4 P a8bc23d3613346108cf78a1dbbb42c2a: Time spent bootstrapping tablet: real 0.053s	user 0.026s	sys 0.023s
I20260713 09:08:03.299301 23330 raft_consensus.cc:359] T 1c4b6839432448bead27f3f825d66fd4 P a8bc23d3613346108cf78a1dbbb42c2a [term 0 FOLLOWER]: Replica starting. Triggering 0 pending ops. Active config: opid_index: -1 OBSOLETE_local: false peers { permanent_uuid: "d039cd0db9414aa9af194241e6e8a76b" member_type: VOTER last_known_addr { host: "127.21.126.65" port: 32839 } } peers { permanent_uuid: "a8bc23d3613346108cf78a1dbbb42c2a" member_type: VOTER last_known_addr { host: "127.21.126.66" port: 39947 } } peers { permanent_uuid: "d8c7343437c44c688a9d3dc0c0985fba" member_type: VOTER last_known_addr { host: "127.21.126.67" port: 38331 } }
I20260713 09:08:03.299861 23330 raft_consensus.cc:385] T 1c4b6839432448bead27f3f825d66fd4 P a8bc23d3613346108cf78a1dbbb42c2a [term 0 FOLLOWER]: Consensus starting up: Expiring failure detector timer to make a prompt election more likely
I20260713 09:08:03.300135 23330 raft_consensus.cc:740] T 1c4b6839432448bead27f3f825d66fd4 P a8bc23d3613346108cf78a1dbbb42c2a [term 0 FOLLOWER]: Becoming Follower/Learner. State: Replica: a8bc23d3613346108cf78a1dbbb42c2a, State: Initialized, Role: FOLLOWER
I20260713 09:08:03.304525 23332 ts_tablet_manager.cc:1434] T cbf22915ef8a4502bb2cd3c6e0196ce4 P d039cd0db9414aa9af194241e6e8a76b: Time spent starting tablet: real 0.018s	user 0.006s	sys 0.000s
I20260713 09:08:03.306864 23332 tablet_bootstrap.cc:492] T 1c4b6839432448bead27f3f825d66fd4 P d039cd0db9414aa9af194241e6e8a76b: Bootstrap starting.
