I20260713 09:08:03.710806 17709 consensus_queue.cc:237] T afd33386a56c418e8999e8e53d89ccc9 P 401140f91cef421688463b2e9ecde986 [LEADER]: Queue going to LEADER mode. State: All replicated index: 0, Majority replicated index: 1, Committed index: 1, Last appended: 1.1, Last appended by leader: 0, Current term: 1, Majority size: 2, State: 0, Mode: LEADER, active raft config: opid_index: 2 OBSOLETE_local: false peers { permanent_uuid: "55b459403d7c4462aeff68838003e708" member_type: VOTER last_known_addr { host: "127.16.18.1" port: 44315 } } peers { permanent_uuid: "86c1b161b9af486594523f0c1ef1e2ea" member_type: VOTER last_known_addr { host: "127.16.18.2" port: 41785 } attrs { replace: true } } peers { permanent_uuid: "401140f91cef421688463b2e9ecde986" member_type: VOTER last_known_addr { host: "127.16.18.3" port: 38081 } } peers { permanent_uuid: "da541e583bf348d8875f3fd570c4ea78" member_type: NON_VOTER last_known_addr { host: "127.16.18.4" port: 42965 } attrs { promote: true } }
I20260713 09:08:03.716320 17460 catalog_manager.cc:5697] T ba0f2517cec2463694487fd8c1fee914 P 55b459403d7c4462aeff68838003e708 reported cstate change: config changed from index -1 to 2, NON_VOTER da541e583bf348d8875f3fd570c4ea78 (127.16.18.4) added. New cstate: current_term: 1 leader_uuid: "55b459403d7c4462aeff68838003e708" committed_config { opid_index: 2 OBSOLETE_local: false peers { permanent_uuid: "55b459403d7c4462aeff68838003e708" member_type: VOTER last_known_addr { host: "127.16.18.1" port: 44315 } health_report { overall_health: HEALTHY } } peers { permanent_uuid: "86c1b161b9af486594523f0c1ef1e2ea" member_type: VOTER last_known_addr { host: "127.16.18.2" port: 41785 } health_report { overall_health: HEALTHY } } peers { permanent_uuid: "401140f91cef421688463b2e9ecde986" member_type: VOTER last_known_addr { host: "127.16.18.3" port: 38081 } attrs { replace: true } health_report { overall_health: HEALTHY } } peers { permanent_uuid: "da541e583bf348d8875f3fd570c4ea78" member_type: NON_VOTER last_known_addr { host: "127.16.18.4" port: 42965 } attrs { promote: true } health_report { overall_health: UNKNOWN } } }
W20260713 09:08:03.723577 17674 consensus_peers.cc:597] T afd33386a56c418e8999e8e53d89ccc9 P 401140f91cef421688463b2e9ecde986 -> Peer da541e583bf348d8875f3fd570c4ea78 (127.16.18.4:42965): Couldn't send request to peer da541e583bf348d8875f3fd570c4ea78. Error code: TABLET_NOT_FOUND (6). Status: Not found: Tablet not found: afd33386a56c418e8999e8e53d89ccc9. This is attempt 1: this message will repeat every 5th retry.
I20260713 09:08:03.724212 17636 raft_consensus.cc:1275] T afd33386a56c418e8999e8e53d89ccc9 P 86c1b161b9af486594523f0c1ef1e2ea [term 1 FOLLOWER]: Refusing update from remote peer 401140f91cef421688463b2e9ecde986: Log matching property violated. Preceding OpId in replica: term: 1 index: 1. Preceding OpId from leader: term: 1 index: 2. (index mismatch)
I20260713 09:08:03.725545 17850 consensus_queue.cc:1048] T afd33386a56c418e8999e8e53d89ccc9 P 401140f91cef421688463b2e9ecde986 [LEADER]: Connected to new peer: Peer: permanent_uuid: "86c1b161b9af486594523f0c1ef1e2ea" member_type: VOTER last_known_addr { host: "127.16.18.2" port: 41785 } attrs { replace: true }, Status: LMP_MISMATCH, Last received: 0.0, Next index: 2, Last known committed idx: 1, Time since last communication: 0.000s
I20260713 09:08:03.725955 17560 raft_consensus.cc:1275] T afd33386a56c418e8999e8e53d89ccc9 P 55b459403d7c4462aeff68838003e708 [term 1 FOLLOWER]: Refusing update from remote peer 401140f91cef421688463b2e9ecde986: Log matching property violated. Preceding OpId in replica: term: 1 index: 1. Preceding OpId from leader: term: 1 index: 2. (index mismatch)
I20260713 09:08:03.727581 17850 consensus_queue.cc:1048] T afd33386a56c418e8999e8e53d89ccc9 P 401140f91cef421688463b2e9ecde986 [LEADER]: Connected to new peer: Peer: permanent_uuid: "55b459403d7c4462aeff68838003e708" member_type: VOTER last_known_addr { host: "127.16.18.1" port: 44315 }, Status: LMP_MISMATCH, Last received: 0.0, Next index: 2, Last known committed idx: 1, Time since last communication: 0.001s
I20260713 09:08:03.740129 17852 raft_consensus.cc:2955] T afd33386a56c418e8999e8e53d89ccc9 P 401140f91cef421688463b2e9ecde986 [term 1 LEADER]: Committing config change with OpId 1.2: config changed from index -1 to 2, NON_VOTER da541e583bf348d8875f3fd570c4ea78 (127.16.18.4) added. New config: { opid_index: 2 OBSOLETE_local: false peers { permanent_uuid: "55b459403d7c4462aeff68838003e708" member_type: VOTER last_known_addr { host: "127.16.18.1" port: 44315 } } peers { permanent_uuid: "86c1b161b9af486594523f0c1ef1e2ea" member_type: VOTER last_known_addr { host: "127.16.18.2" port: 41785 } attrs { replace: true } } peers { permanent_uuid: "401140f91cef421688463b2e9ecde986" member_type: VOTER last_known_addr { host: "127.16.18.3" port: 38081 } } peers { permanent_uuid: "da541e583bf348d8875f3fd570c4ea78" member_type: NON_VOTER last_known_addr { host: "127.16.18.4" port: 42965 } attrs { promote: true } } }
I20260713 09:08:03.748121 17636 raft_consensus.cc:2955] T afd33386a56c418e8999e8e53d89ccc9 P 86c1b161b9af486594523f0c1ef1e2ea [term 1 FOLLOWER]: Committing config change with OpId 1.2: config changed from index -1 to 2, NON_VOTER da541e583bf348d8875f3fd570c4ea78 (127.16.18.4) added. New config: { opid_index: 2 OBSOLETE_local: false peers { permanent_uuid: "55b459403d7c4462aeff68838003e708" member_type: VOTER last_known_addr { host: "127.16.18.1" port: 44315 } } peers { permanent_uuid: "86c1b161b9af486594523f0c1ef1e2ea" member_type: VOTER last_known_addr { host: "127.16.18.2" port: 41785 } attrs { replace: true } } peers { permanent_uuid: "401140f91cef421688463b2e9ecde986" member_type: VOTER last_known_addr { host: "127.16.18.3" port: 38081 } } peers { permanent_uuid: "da541e583bf348d8875f3fd570c4ea78" member_type: NON_VOTER last_known_addr { host: "127.16.18.4" port: 42965 } attrs { promote: true } } }
I20260713 09:08:03.764213 17457 catalog_manager.cc:5697] T afd33386a56c418e8999e8e53d89ccc9 P 401140f91cef421688463b2e9ecde986 reported cstate change: config changed from index -1 to 2, NON_VOTER da541e583bf348d8875f3fd570c4ea78 (127.16.18.4) added. New cstate: current_term: 1 leader_uuid: "401140f91cef421688463b2e9ecde986" committed_config { opid_index: 2 OBSOLETE_local: false peers { permanent_uuid: "55b459403d7c4462aeff68838003e708" member_type: VOTER last_known_addr { host: "127.16.18.1" port: 44315 } health_report { overall_health: UNKNOWN } } peers { permanent_uuid: "86c1b161b9af486594523f0c1ef1e2ea" member_type: VOTER last_known_addr { host: "127.16.18.2" port: 41785 } attrs { replace: true } health_report { overall_health: HEALTHY } } peers { permanent_uuid: "401140f91cef421688463b2e9ecde986" member_type: VOTER last_known_addr { host: "127.16.18.3" port: 38081 } health_report { overall_health: HEALTHY } } peers { permanent_uuid: "da541e583bf348d8875f3fd570c4ea78" member_type: NON_VOTER last_known_addr { host: "127.16.18.4" port: 42965 } attrs { promote: true } health_report { overall_health: UNKNOWN } } }
I20260713 09:08:03.764487 17560 raft_consensus.cc:2955] T afd33386a56c418e8999e8e53d89ccc9 P 55b459403d7c4462aeff68838003e708 [term 1 FOLLOWER]: Committing config change with OpId 1.2: config changed from index -1 to 2, NON_VOTER da541e583bf348d8875f3fd570c4ea78 (127.16.18.4) added. New config: { opid_index: 2 OBSOLETE_local: false peers { permanent_uuid: "55b459403d7c4462aeff68838003e708" member_type: VOTER last_known_addr { host: "127.16.18.1" port: 44315 } } peers { permanent_uuid: "86c1b161b9af486594523f0c1ef1e2ea" member_type: VOTER last_known_addr { host: "127.16.18.2" port: 41785 } attrs { replace: true } } peers { permanent_uuid: "401140f91cef421688463b2e9ecde986" member_type: VOTER last_known_addr { host: "127.16.18.3" port: 38081 } } peers { permanent_uuid: "da541e583bf348d8875f3fd570c4ea78" member_type: NON_VOTER last_known_addr { host: "127.16.18.4" port: 42965 } attrs { promote: true } } }
I20260713 09:08:04.123306 18046 ts_tablet_manager.cc:933] T bb462001cbec4d7d8bb651a0cf37cbed P da541e583bf348d8875f3fd570c4ea78: Initiating tablet copy from peer 401140f91cef421688463b2e9ecde986 (127.16.18.3:38081)
I20260713 09:08:04.125191 18046 tablet_copy_client.cc:323] T bb462001cbec4d7d8bb651a0cf37cbed P da541e583bf348d8875f3fd570c4ea78: tablet copy: Beginning tablet copy session from remote peer at address 127.16.18.3:38081
I20260713 09:08:04.155236 17721 tablet_copy_service.cc:140] P 401140f91cef421688463b2e9ecde986: Received BeginTabletCopySession request for tablet bb462001cbec4d7d8bb651a0cf37cbed from peer da541e583bf348d8875f3fd570c4ea78 ({username='slave'} at 127.0.0.1:48860)
I20260713 09:08:04.155931 17721 tablet_copy_service.cc:161] P 401140f91cef421688463b2e9ecde986: Beginning new tablet copy session on tablet bb462001cbec4d7d8bb651a0cf37cbed from peer da541e583bf348d8875f3fd570c4ea78 at {username='slave'} at 127.0.0.1:48860: session id = da541e583bf348d8875f3fd570c4ea78-bb462001cbec4d7d8bb651a0cf37cbed
I20260713 09:08:04.163686 17721 tablet_copy_source_session.cc:215] T bb462001cbec4d7d8bb651a0cf37cbed P 401140f91cef421688463b2e9ecde986: Tablet Copy: opened 0 blocks and 1 log segments
I20260713 09:08:04.167701 18046 data_dirs.cc:400] Could only allocate 1 dirs of requested 3 for tablet bb462001cbec4d7d8bb651a0cf37cbed. 1 dirs total, 0 dirs full, 0 dirs failed
I20260713 09:08:04.174942 18050 ts_tablet_manager.cc:933] T afd33386a56c418e8999e8e53d89ccc9 P da541e583bf348d8875f3fd570c4ea78: Initiating tablet copy from peer 401140f91cef421688463b2e9ecde986 (127.16.18.3:38081)
I20260713 09:08:04.176937 18050 tablet_copy_client.cc:323] T afd33386a56c418e8999e8e53d89ccc9 P da541e583bf348d8875f3fd570c4ea78: tablet copy: Beginning tablet copy session from remote peer at address 127.16.18.3:38081
I20260713 09:08:04.178658 17721 tablet_copy_service.cc:140] P 401140f91cef421688463b2e9ecde986: Received BeginTabletCopySession request for tablet afd33386a56c418e8999e8e53d89ccc9 from peer da541e583bf348d8875f3fd570c4ea78 ({username='slave'} at 127.0.0.1:48860)
I20260713 09:08:04.179162 17721 tablet_copy_service.cc:161] P 401140f91cef421688463b2e9ecde986: Beginning new tablet copy session on tablet afd33386a56c418e8999e8e53d89ccc9 from peer da541e583bf348d8875f3fd570c4ea78 at {username='slave'} at 127.0.0.1:48860: session id = da541e583bf348d8875f3fd570c4ea78-afd33386a56c418e8999e8e53d89ccc9
I20260713 09:08:04.183620 18046 tablet_copy_client.cc:806] T bb462001cbec4d7d8bb651a0cf37cbed P da541e583bf348d8875f3fd570c4ea78: tablet copy: Starting download of 0 data blocks...
I20260713 09:08:04.184485 18046 tablet_copy_client.cc:670] T bb462001cbec4d7d8bb651a0cf37cbed P da541e583bf348d8875f3fd570c4ea78: tablet copy: Starting download of 1 WAL segments...
I20260713 09:08:04.186018 17721 tablet_copy_source_session.cc:215] T afd33386a56c418e8999e8e53d89ccc9 P 401140f91cef421688463b2e9ecde986: Tablet Copy: opened 0 blocks and 1 log segments
I20260713 09:08:04.188570 18046 tablet_copy_client.cc:538] T bb462001cbec4d7d8bb651a0cf37cbed P da541e583bf348d8875f3fd570c4ea78: tablet copy: Tablet Copy complete. Replacing tablet superblock.
I20260713 09:08:04.189158 18050 data_dirs.cc:400] Could only allocate 1 dirs of requested 3 for tablet afd33386a56c418e8999e8e53d89ccc9. 1 dirs total, 0 dirs full, 0 dirs failed
I20260713 09:08:04.199364 18046 tablet_bootstrap.cc:492] T bb462001cbec4d7d8bb651a0cf37cbed P da541e583bf348d8875f3fd570c4ea78: Bootstrap starting.
I20260713 09:08:04.211751 18052 ts_tablet_manager.cc:933] T ba0f2517cec2463694487fd8c1fee914 P da541e583bf348d8875f3fd570c4ea78: Initiating tablet copy from peer 55b459403d7c4462aeff68838003e708 (127.16.18.1:44315)
I20260713 09:08:04.208523 18050 tablet_copy_client.cc:806] T afd33386a56c418e8999e8e53d89ccc9 P da541e583bf348d8875f3fd570c4ea78: tablet copy: Starting download of 0 data blocks...
I20260713 09:08:04.213830 18050 tablet_copy_client.cc:670] T afd33386a56c418e8999e8e53d89ccc9 P da541e583bf348d8875f3fd570c4ea78: tablet copy: Starting download of 1 WAL segments...
I20260713 09:08:04.218765 18050 tablet_copy_client.cc:538] T afd33386a56c418e8999e8e53d89ccc9 P da541e583bf348d8875f3fd570c4ea78: tablet copy: Tablet Copy complete. Replacing tablet superblock.
I20260713 09:08:04.222985 18052 tablet_copy_client.cc:323] T ba0f2517cec2463694487fd8c1fee914 P da541e583bf348d8875f3fd570c4ea78: tablet copy: Beginning tablet copy session from remote peer at address 127.16.18.1:44315
I20260713 09:08:04.232975 18050 tablet_bootstrap.cc:492] T afd33386a56c418e8999e8e53d89ccc9 P da541e583bf348d8875f3fd570c4ea78: Bootstrap starting.
I20260713 09:08:04.236462 18046 tablet_bootstrap.cc:492] T bb462001cbec4d7d8bb651a0cf37cbed P da541e583bf348d8875f3fd570c4ea78: Bootstrap replayed 1/1 log segments. Stats: ops{read=2 overwritten=0 applied=2 ignored=0} inserts{seen=0 ignored=0} mutations{seen=0 ignored=0} orphaned_commits=0. Pending: 0 replicates
I20260713 09:08:04.240396 18056 ts_tablet_manager.cc:933] T 3656637bca404b7abfd1297d75048c1e P da541e583bf348d8875f3fd570c4ea78: Initiating tablet copy from peer 401140f91cef421688463b2e9ecde986 (127.16.18.3:38081)
I20260713 09:08:04.241830 18046 tablet_bootstrap.cc:492] T bb462001cbec4d7d8bb651a0cf37cbed P da541e583bf348d8875f3fd570c4ea78: Bootstrap complete.
I20260713 09:08:04.242555 18046 ts_tablet_manager.cc:1403] T bb462001cbec4d7d8bb651a0cf37cbed P da541e583bf348d8875f3fd570c4ea78: Time spent bootstrapping tablet: real 0.043s	user 0.025s	sys 0.000s
I20260713 09:08:04.242630 18020 heartbeater.cc:499] Master 127.16.18.62:41769 was elected leader, sending a full tablet report...
I20260713 09:08:04.252838 18056 tablet_copy_client.cc:323] T 3656637bca404b7abfd1297d75048c1e P da541e583bf348d8875f3fd570c4ea78: tablet copy: Beginning tablet copy session from remote peer at address 127.16.18.3:38081
I20260713 09:08:04.256206 17720 tablet_copy_service.cc:140] P 401140f91cef421688463b2e9ecde986: Received BeginTabletCopySession request for tablet 3656637bca404b7abfd1297d75048c1e from peer da541e583bf348d8875f3fd570c4ea78 ({username='slave'} at 127.0.0.1:48860)
I20260713 09:08:04.256764 17720 tablet_copy_service.cc:161] P 401140f91cef421688463b2e9ecde986: Beginning new tablet copy session on tablet 3656637bca404b7abfd1297d75048c1e from peer da541e583bf348d8875f3fd570c4ea78 at {username='slave'} at 127.0.0.1:48860: session id = da541e583bf348d8875f3fd570c4ea78-3656637bca404b7abfd1297d75048c1e
I20260713 09:08:04.258978 17572 tablet_copy_service.cc:140] P 55b459403d7c4462aeff68838003e708: Received BeginTabletCopySession request for tablet ba0f2517cec2463694487fd8c1fee914 from peer da541e583bf348d8875f3fd570c4ea78 ({username='slave'} at 127.0.0.1:55386)
I20260713 09:08:04.259483 17572 tablet_copy_service.cc:161] P 55b459403d7c4462aeff68838003e708: Beginning new tablet copy session on tablet ba0f2517cec2463694487fd8c1fee914 from peer da541e583bf348d8875f3fd570c4ea78 at {username='slave'} at 127.0.0.1:55386: session id = da541e583bf348d8875f3fd570c4ea78-ba0f2517cec2463694487fd8c1fee914
I20260713 09:08:04.260295 18046 raft_consensus.cc:359] T bb462001cbec4d7d8bb651a0cf37cbed P da541e583bf348d8875f3fd570c4ea78 [term 1 LEARNER]: Replica starting. Triggering 0 pending ops. Active config: opid_index: 2 OBSOLETE_local: false peers { permanent_uuid: "55b459403d7c4462aeff68838003e708" member_type: VOTER last_known_addr { host: "127.16.18.1" port: 44315 } } peers { permanent_uuid: "86c1b161b9af486594523f0c1ef1e2ea" member_type: VOTER last_known_addr { host: "127.16.18.2" port: 41785 } attrs { replace: true } } peers { permanent_uuid: "401140f91cef421688463b2e9ecde986" member_type: VOTER last_known_addr { host: "127.16.18.3" port: 38081 } } peers { permanent_uuid: "da541e583bf348d8875f3fd570c4ea78" member_type: NON_VOTER last_known_addr { host: "127.16.18.4" port: 42965 } attrs { promote: true } }
I20260713 09:08:04.261168 18046 raft_consensus.cc:740] T bb462001cbec4d7d8bb651a0cf37cbed P da541e583bf348d8875f3fd570c4ea78 [term 1 LEARNER]: Becoming Follower/Learner. State: Replica: da541e583bf348d8875f3fd570c4ea78, State: Initialized, Role: LEARNER
I20260713 09:08:04.261803 18046 consensus_queue.cc:260] T bb462001cbec4d7d8bb651a0cf37cbed P da541e583bf348d8875f3fd570c4ea78 [NON_LEADER]: Queue going to NON_LEADER mode. State: All replicated index: 0, Majority replicated index: 0, Committed index: 2, Last appended: 1.2, Last appended by leader: 2, Current term: 0, Majority size: -1, State: 0, Mode: NON_LEADER, active raft config: opid_index: 2 OBSOLETE_local: false peers { permanent_uuid: "55b459403d7c4462aeff68838003e708" member_type: VOTER last_known_addr { host: "127.16.18.1" port: 44315 } } peers { permanent_uuid: "86c1b161b9af486594523f0c1ef1e2ea" member_type: VOTER last_known_addr { host: "127.16.18.2" port: 41785 } attrs { replace: true } } peers { permanent_uuid: "401140f91cef421688463b2e9ecde986" member_type: VOTER last_known_addr { host: "127.16.18.3" port: 38081 } } peers { permanent_uuid: "da541e583bf348d8875f3fd570c4ea78" member_type: NON_VOTER last_known_addr { host: "127.16.18.4" port: 42965 } attrs { promote: true } }
I20260713 09:08:04.266858 17720 tablet_copy_source_session.cc:215] T 3656637bca404b7abfd1297d75048c1e P 401140f91cef421688463b2e9ecde986: Tablet Copy: opened 0 blocks and 1 log segments
I20260713 09:08:04.270453 17572 tablet_copy_source_session.cc:215] T ba0f2517cec2463694487fd8c1fee914 P 55b459403d7c4462aeff68838003e708: Tablet Copy: opened 0 blocks and 1 log segments
I20260713 09:08:04.273874 18052 data_dirs.cc:400] Could only allocate 1 dirs of requested 3 for tablet ba0f2517cec2463694487fd8c1fee914. 1 dirs total, 0 dirs full, 0 dirs failed
I20260713 09:08:04.274890 18046 ts_tablet_manager.cc:1434] T bb462001cbec4d7d8bb651a0cf37cbed P da541e583bf348d8875f3fd570c4ea78: Time spent starting tablet: real 0.032s	user 0.001s	sys 0.010s
I20260713 09:08:04.280004 18050 tablet_bootstrap.cc:492] T afd33386a56c418e8999e8e53d89ccc9 P da541e583bf348d8875f3fd570c4ea78: Bootstrap replayed 1/1 log segments. Stats: ops{read=2 overwritten=0 applied=2 ignored=0} inserts{seen=0 ignored=0} mutations{seen=0 ignored=0} orphaned_commits=0. Pending: 0 replicates
I20260713 09:08:04.281302 18050 tablet_bootstrap.cc:492] T afd33386a56c418e8999e8e53d89ccc9 P da541e583bf348d8875f3fd570c4ea78: Bootstrap complete.
I20260713 09:08:04.281960 18050 ts_tablet_manager.cc:1403] T afd33386a56c418e8999e8e53d89ccc9 P da541e583bf348d8875f3fd570c4ea78: Time spent bootstrapping tablet: real 0.049s	user 0.019s	sys 0.007s
I20260713 09:08:04.284770 18050 raft_consensus.cc:359] T afd33386a56c418e8999e8e53d89ccc9 P da541e583bf348d8875f3fd570c4ea78 [term 1 LEARNER]: Replica starting. Triggering 0 pending ops. Active config: opid_index: 2 OBSOLETE_local: false peers { permanent_uuid: "55b459403d7c4462aeff68838003e708" member_type: VOTER last_known_addr { host: "127.16.18.1" port: 44315 } } peers { permanent_uuid: "86c1b161b9af486594523f0c1ef1e2ea" member_type: VOTER last_known_addr { host: "127.16.18.2" port: 41785 } attrs { replace: true } } peers { permanent_uuid: "401140f91cef421688463b2e9ecde986" member_type: VOTER last_known_addr { host: "127.16.18.3" port: 38081 } } peers { permanent_uuid: "da541e583bf348d8875f3fd570c4ea78" member_type: NON_VOTER last_known_addr { host: "127.16.18.4" port: 42965 } attrs { promote: true } }
I20260713 09:08:04.285634 18050 raft_consensus.cc:740] T afd33386a56c418e8999e8e53d89ccc9 P da541e583bf348d8875f3fd570c4ea78 [term 1 LEARNER]: Becoming Follower/Learner. State: Replica: da541e583bf348d8875f3fd570c4ea78, State: Initialized, Role: LEARNER
I20260713 09:08:04.285844 17720 tablet_copy_service.cc:342] P 401140f91cef421688463b2e9ecde986: Request end of tablet copy session da541e583bf348d8875f3fd570c4ea78-bb462001cbec4d7d8bb651a0cf37cbed received from {username='slave'} at 127.0.0.1:48860
I20260713 09:08:04.285373 18056 data_dirs.cc:400] Could only allocate 1 dirs of requested 3 for tablet 3656637bca404b7abfd1297d75048c1e. 1 dirs total, 0 dirs full, 0 dirs failed
I20260713 09:08:04.286263 18050 consensus_queue.cc:260] T afd33386a56c418e8999e8e53d89ccc9 P da541e583bf348d8875f3fd570c4ea78 [NON_LEADER]: Queue going to NON_LEADER mode. State: All replicated index: 0, Majority replicated index: 0, Committed index: 2, Last appended: 1.2, Last appended by leader: 2, Current term: 0, Majority size: -1, State: 0, Mode: NON_LEADER, active raft config: opid_index: 2 OBSOLETE_local: false peers { permanent_uuid: "55b459403d7c4462aeff68838003e708" member_type: VOTER last_known_addr { host: "127.16.18.1" port: 44315 } } peers { permanent_uuid: "86c1b161b9af486594523f0c1ef1e2ea" member_type: VOTER last_known_addr { host: "127.16.18.2" port: 41785 } attrs { replace: true } } peers { permanent_uuid: "401140f91cef421688463b2e9ecde986" member_type: VOTER last_known_addr { host: "127.16.18.3" port: 38081 } } peers { permanent_uuid: "da541e583bf348d8875f3fd570c4ea78" member_type: NON_VOTER last_known_addr { host: "127.16.18.4" port: 42965 } attrs { promote: true } }
I20260713 09:08:04.289390 18050 ts_tablet_manager.cc:1434] T afd33386a56c418e8999e8e53d89ccc9 P da541e583bf348d8875f3fd570c4ea78: Time spent starting tablet: real 0.007s	user 0.005s	sys 0.003s
I20260713 09:08:04.290460 18052 tablet_copy_client.cc:806] T ba0f2517cec2463694487fd8c1fee914 P da541e583bf348d8875f3fd570c4ea78: tablet copy: Starting download of 0 data blocks...
I20260713 09:08:04.289826 17720 tablet_copy_service.cc:434] P 401140f91cef421688463b2e9ecde986: ending tablet copy session da541e583bf348d8875f3fd570c4ea78-bb462001cbec4d7d8bb651a0cf37cbed on tablet bb462001cbec4d7d8bb651a0cf37cbed with peer da541e583bf348d8875f3fd570c4ea78
I20260713 09:08:04.291466 17721 tablet_copy_service.cc:342] P 401140f91cef421688463b2e9ecde986: Request end of tablet copy session da541e583bf348d8875f3fd570c4ea78-afd33386a56c418e8999e8e53d89ccc9 received from {username='slave'} at 127.0.0.1:48860
I20260713 09:08:04.291848 17721 tablet_copy_service.cc:434] P 401140f91cef421688463b2e9ecde986: ending tablet copy session da541e583bf348d8875f3fd570c4ea78-afd33386a56c418e8999e8e53d89ccc9 on tablet afd33386a56c418e8999e8e53d89ccc9 with peer da541e583bf348d8875f3fd570c4ea78
I20260713 09:08:04.291332 18052 tablet_copy_client.cc:670] T ba0f2517cec2463694487fd8c1fee914 P da541e583bf348d8875f3fd570c4ea78: tablet copy: Starting download of 1 WAL segments...
I20260713 09:08:04.296752 18052 tablet_copy_client.cc:538] T ba0f2517cec2463694487fd8c1fee914 P da541e583bf348d8875f3fd570c4ea78: tablet copy: Tablet Copy complete. Replacing tablet superblock.
I20260713 09:08:04.304550 18052 tablet_bootstrap.cc:492] T ba0f2517cec2463694487fd8c1fee914 P da541e583bf348d8875f3fd570c4ea78: Bootstrap starting.
I20260713 09:08:04.305390 18056 tablet_copy_client.cc:806] T 3656637bca404b7abfd1297d75048c1e P da541e583bf348d8875f3fd570c4ea78: tablet copy: Starting download of 0 data blocks...
I20260713 09:08:04.305923 18056 tablet_copy_client.cc:670] T 3656637bca404b7abfd1297d75048c1e P da541e583bf348d8875f3fd570c4ea78: tablet copy: Starting download of 1 WAL segments...
I20260713 09:08:04.311000 18056 tablet_copy_client.cc:538] T 3656637bca404b7abfd1297d75048c1e P da541e583bf348d8875f3fd570c4ea78: tablet copy: Tablet Copy complete. Replacing tablet superblock.
I20260713 09:08:04.319496 18056 tablet_bootstrap.cc:492] T 3656637bca404b7abfd1297d75048c1e P da541e583bf348d8875f3fd570c4ea78: Bootstrap starting.
I20260713 09:08:04.341574 18056 tablet_bootstrap.cc:492] T 3656637bca404b7abfd1297d75048c1e P da541e583bf348d8875f3fd570c4ea78: Bootstrap replayed 1/1 log segments. Stats: ops{read=2 overwritten=0 applied=2 ignored=0} inserts{seen=0 ignored=0} mutations{seen=0 ignored=0} orphaned_commits=0. Pending: 0 replicates
I20260713 09:08:04.342437 18056 tablet_bootstrap.cc:492] T 3656637bca404b7abfd1297d75048c1e P da541e583bf348d8875f3fd570c4ea78: Bootstrap complete.
I20260713 09:08:04.343050 18056 ts_tablet_manager.cc:1403] T 3656637bca404b7abfd1297d75048c1e P da541e583bf348d8875f3fd570c4ea78: Time spent bootstrapping tablet: real 0.024s	user 0.016s	sys 0.006s
I20260713 09:08:04.345091 18052 tablet_bootstrap.cc:492] T ba0f2517cec2463694487fd8c1fee914 P da541e583bf348d8875f3fd570c4ea78: Bootstrap replayed 1/1 log segments. Stats: ops{read=2 overwritten=0 applied=2 ignored=0} inserts{seen=0 ignored=0} mutations{seen=0 ignored=0} orphaned_commits=0. Pending: 0 replicates
I20260713 09:08:04.345907 18052 tablet_bootstrap.cc:492] T ba0f2517cec2463694487fd8c1fee914 P da541e583bf348d8875f3fd570c4ea78: Bootstrap complete.
I20260713 09:08:04.345834 18056 raft_consensus.cc:359] T 3656637bca404b7abfd1297d75048c1e P da541e583bf348d8875f3fd570c4ea78 [term 1 LEARNER]: Replica starting. Triggering 0 pending ops. Active config: opid_index: 2 OBSOLETE_local: false peers { permanent_uuid: "55b459403d7c4462aeff68838003e708" member_type: VOTER last_known_addr { host: "127.16.18.1" port: 44315 } attrs { replace: true } } peers { permanent_uuid: "86c1b161b9af486594523f0c1ef1e2ea" member_type: VOTER last_known_addr { host: "127.16.18.2" port: 41785 } } peers { permanent_uuid: "401140f91cef421688463b2e9ecde986" member_type: VOTER last_known_addr { host: "127.16.18.3" port: 38081 } } peers { permanent_uuid: "da541e583bf348d8875f3fd570c4ea78" member_type: NON_VOTER last_known_addr { host: "127.16.18.4" port: 42965 } attrs { promote: true } }
I20260713 09:08:04.346597 18052 ts_tablet_manager.cc:1403] T ba0f2517cec2463694487fd8c1fee914 P da541e583bf348d8875f3fd570c4ea78: Time spent bootstrapping tablet: real 0.042s	user 0.009s	sys 0.010s
I20260713 09:08:04.346719 18056 raft_consensus.cc:740] T 3656637bca404b7abfd1297d75048c1e P da541e583bf348d8875f3fd570c4ea78 [term 1 LEARNER]: Becoming Follower/Learner. State: Replica: da541e583bf348d8875f3fd570c4ea78, State: Initialized, Role: LEARNER
I20260713 09:08:04.347407 18056 consensus_queue.cc:260] T 3656637bca404b7abfd1297d75048c1e P da541e583bf348d8875f3fd570c4ea78 [NON_LEADER]: Queue going to NON_LEADER mode. State: All replicated index: 0, Majority replicated index: 0, Committed index: 2, Last appended: 1.2, Last appended by leader: 2, Current term: 0, Majority size: -1, State: 0, Mode: NON_LEADER, active raft config: opid_index: 2 OBSOLETE_local: false peers { permanent_uuid: "55b459403d7c4462aeff68838003e708" member_type: VOTER last_known_addr { host: "127.16.18.1" port: 44315 } attrs { replace: true } } peers { permanent_uuid: "86c1b161b9af486594523f0c1ef1e2ea" member_type: VOTER last_known_addr { host: "127.16.18.2" port: 41785 } } peers { permanent_uuid: "401140f91cef421688463b2e9ecde986" member_type: VOTER last_known_addr { host: "127.16.18.3" port: 38081 } } peers { permanent_uuid: "da541e583bf348d8875f3fd570c4ea78" member_type: NON_VOTER last_known_addr { host: "127.16.18.4" port: 42965 } attrs { promote: true } }
I20260713 09:08:04.349675 18056 ts_tablet_manager.cc:1434] T 3656637bca404b7abfd1297d75048c1e P da541e583bf348d8875f3fd570c4ea78: Time spent starting tablet: real 0.006s	user 0.008s	sys 0.000s
I20260713 09:08:04.349567 18052 raft_consensus.cc:359] T ba0f2517cec2463694487fd8c1fee914 P da541e583bf348d8875f3fd570c4ea78 [term 1 LEARNER]: Replica starting. Triggering 0 pending ops. Active config: opid_index: 2 OBSOLETE_local: false peers { permanent_uuid: "55b459403d7c4462aeff68838003e708" member_type: VOTER last_known_addr { host: "127.16.18.1" port: 44315 } } peers { permanent_uuid: "86c1b161b9af486594523f0c1ef1e2ea" member_type: VOTER last_known_addr { host: "127.16.18.2" port: 41785 } } peers { permanent_uuid: "401140f91cef421688463b2e9ecde986" member_type: VOTER last_known_addr { host: "127.16.18.3" port: 38081 } attrs { replace: true } } peers { permanent_uuid: "da541e583bf348d8875f3fd570c4ea78" member_type: NON_VOTER last_known_addr { host: "127.16.18.4" port: 42965 } attrs { promote: true } }
I20260713 09:08:04.350488 18052 raft_consensus.cc:740] T ba0f2517cec2463694487fd8c1fee914 P da541e583bf348d8875f3fd570c4ea78 [term 1 LEARNER]: Becoming Follower/Learner. State: Replica: da541e583bf348d8875f3fd570c4ea78, State: Initialized, Role: LEARNER
I20260713 09:08:04.351094 18052 consensus_queue.cc:260] T ba0f2517cec2463694487fd8c1fee914 P da541e583bf348d8875f3fd570c4ea78 [NON_LEADER]: Queue going to NON_LEADER mode. State: All replicated index: 0, Majority replicated index: 0, Committed index: 2, Last appended: 1.2, Last appended by leader: 2, Current term: 0, Majority size: -1, State: 0, Mode: NON_LEADER, active raft config: opid_index: 2 OBSOLETE_local: false peers { permanent_uuid: "55b459403d7c4462aeff68838003e708" member_type: VOTER last_known_addr { host: "127.16.18.1" port: 44315 } } peers { permanent_uuid: "86c1b161b9af486594523f0c1ef1e2ea" member_type: VOTER last_known_addr { host: "127.16.18.2" port: 41785 } } peers { permanent_uuid: "401140f91cef421688463b2e9ecde986" member_type: VOTER last_known_addr { host: "127.16.18.3" port: 38081 } attrs { replace: true } } peers { permanent_uuid: "da541e583bf348d8875f3fd570c4ea78" member_type: NON_VOTER last_known_addr { host: "127.16.18.4" port: 42965 } attrs { promote: true } }
I20260713 09:08:04.352104 17721 tablet_copy_service.cc:342] P 401140f91cef421688463b2e9ecde986: Request end of tablet copy session da541e583bf348d8875f3fd570c4ea78-3656637bca404b7abfd1297d75048c1e received from {username='slave'} at 127.0.0.1:48860
I20260713 09:08:04.352494 17721 tablet_copy_service.cc:434] P 401140f91cef421688463b2e9ecde986: ending tablet copy session da541e583bf348d8875f3fd570c4ea78-3656637bca404b7abfd1297d75048c1e on tablet 3656637bca404b7abfd1297d75048c1e with peer da541e583bf348d8875f3fd570c4ea78
I20260713 09:08:04.354537 18052 ts_tablet_manager.cc:1434] T ba0f2517cec2463694487fd8c1fee914 P da541e583bf348d8875f3fd570c4ea78: Time spent starting tablet: real 0.008s	user 0.009s	sys 0.000s
I20260713 09:08:04.356159 17572 tablet_copy_service.cc:342] P 55b459403d7c4462aeff68838003e708: Request end of tablet copy session da541e583bf348d8875f3fd570c4ea78-ba0f2517cec2463694487fd8c1fee914 received from {username='slave'} at 127.0.0.1:55386
I20260713 09:08:04.356554 17572 tablet_copy_service.cc:434] P 55b459403d7c4462aeff68838003e708: ending tablet copy session da541e583bf348d8875f3fd570c4ea78-ba0f2517cec2463694487fd8c1fee914 on tablet ba0f2517cec2463694487fd8c1fee914 with peer da541e583bf348d8875f3fd570c4ea78
I20260713 09:08:04.552775 17995 raft_consensus.cc:1217] T bb462001cbec4d7d8bb651a0cf37cbed P da541e583bf348d8875f3fd570c4ea78 [term 1 LEARNER]: Deduplicated request from leader. Original: 1.1->[1.2-1.2]   Dedup: 1.2->[]
I20260713 09:08:04.653050 17995 raft_consensus.cc:1217] T ba0f2517cec2463694487fd8c1fee914 P da541e583bf348d8875f3fd570c4ea78 [term 1 LEARNER]: Deduplicated request from leader. Original: 1.1->[1.2-1.2]   Dedup: 1.2->[]
I20260713 09:08:04.686957 17995 raft_consensus.cc:1217] T afd33386a56c418e8999e8e53d89ccc9 P da541e583bf348d8875f3fd570c4ea78 [term 1 LEARNER]: Deduplicated request from leader. Original: 1.1->[1.2-1.2]   Dedup: 1.2->[]
I20260713 09:08:04.798493 17995 raft_consensus.cc:1217] T 3656637bca404b7abfd1297d75048c1e P da541e583bf348d8875f3fd570c4ea78 [term 1 LEARNER]: Deduplicated request from leader. Original: 1.1->[1.2-1.2]   Dedup: 1.2->[]
I20260713 09:08:05.116863 17945 raft_consensus.cc:1064] T afd33386a56c418e8999e8e53d89ccc9 P 401140f91cef421688463b2e9ecde986: attempting to promote NON_VOTER da541e583bf348d8875f3fd570c4ea78 to VOTER
I20260713 09:08:05.120028 17945 consensus_queue.cc:237] T afd33386a56c418e8999e8e53d89ccc9 P 401140f91cef421688463b2e9ecde986 [LEADER]: Queue going to LEADER mode. State: All replicated index: 0, Majority replicated index: 2, Committed index: 2, Last appended: 1.2, Last appended by leader: 0, Current term: 1, Majority size: 3, State: 0, Mode: LEADER, active raft config: opid_index: 3 OBSOLETE_local: false peers { permanent_uuid: "55b459403d7c4462aeff68838003e708" member_type: VOTER last_known_addr { host: "127.16.18.1" port: 44315 } } peers { permanent_uuid: "86c1b161b9af486594523f0c1ef1e2ea" member_type: VOTER last_known_addr { host: "127.16.18.2" port: 41785 } attrs { replace: true } } peers { permanent_uuid: "401140f91cef421688463b2e9ecde986" member_type: VOTER last_known_addr { host: "127.16.18.3" port: 38081 } } peers { permanent_uuid: "da541e583bf348d8875f3fd570c4ea78" member_type: VOTER last_known_addr { host: "127.16.18.4" port: 42965 } attrs { promote: false } }
I20260713 09:08:05.127414 17995 raft_consensus.cc:1275] T afd33386a56c418e8999e8e53d89ccc9 P da541e583bf348d8875f3fd570c4ea78 [term 1 LEARNER]: Refusing update from remote peer 401140f91cef421688463b2e9ecde986: Log matching property violated. Preceding OpId in replica: term: 1 index: 2. Preceding OpId from leader: term: 1 index: 3. (index mismatch)
I20260713 09:08:05.128129 17635 raft_consensus.cc:1275] T afd33386a56c418e8999e8e53d89ccc9 P 86c1b161b9af486594523f0c1ef1e2ea [term 1 FOLLOWER]: Refusing update from remote peer 401140f91cef421688463b2e9ecde986: Log matching property violated. Preceding OpId in replica: term: 1 index: 2. Preceding OpId from leader: term: 1 index: 3. (index mismatch)
I20260713 09:08:05.131412 18063 consensus_queue.cc:1048] T afd33386a56c418e8999e8e53d89ccc9 P 401140f91cef421688463b2e9ecde986 [LEADER]: Connected to new peer: Peer: permanent_uuid: "86c1b161b9af486594523f0c1ef1e2ea" member_type: VOTER last_known_addr { host: "127.16.18.2" port: 41785 } attrs { replace: true }, Status: LMP_MISMATCH, Last received: 0.0, Next index: 3, Last known committed idx: 2, Time since last communication: 0.000s
I20260713 09:08:05.131656 17560 raft_consensus.cc:1275] T afd33386a56c418e8999e8e53d89ccc9 P 55b459403d7c4462aeff68838003e708 [term 1 FOLLOWER]: Refusing update from remote peer 401140f91cef421688463b2e9ecde986: Log matching property violated. Preceding OpId in replica: term: 1 index: 2. Preceding OpId from leader: term: 1 index: 3. (index mismatch)
I20260713 09:08:05.132772 17945 consensus_queue.cc:1048] T afd33386a56c418e8999e8e53d89ccc9 P 401140f91cef421688463b2e9ecde986 [LEADER]: Connected to new peer: Peer: permanent_uuid: "da541e583bf348d8875f3fd570c4ea78" member_type: VOTER last_known_addr { host: "127.16.18.4" port: 42965 } attrs { promote: false }, Status: LMP_MISMATCH, Last received: 0.0, Next index: 3, Last known committed idx: 2, Time since last communication: 0.000s
I20260713 09:08:05.133713 18063 consensus_queue.cc:1048] T afd33386a56c418e8999e8e53d89ccc9 P 401140f91cef421688463b2e9ecde986 [LEADER]: Connected to new peer: Peer: permanent_uuid: "55b459403d7c4462aeff68838003e708" member_type: VOTER last_known_addr { host: "127.16.18.1" port: 44315 }, Status: LMP_MISMATCH, Last received: 0.0, Next index: 3, Last known committed idx: 2, Time since last communication: 0.000s
I20260713 09:08:05.148869 18063 raft_consensus.cc:2955] T afd33386a56c418e8999e8e53d89ccc9 P 401140f91cef421688463b2e9ecde986 [term 1 LEADER]: Committing config change with OpId 1.3: config changed from index 2 to 3, da541e583bf348d8875f3fd570c4ea78 (127.16.18.4) changed from NON_VOTER to VOTER. New config: { opid_index: 3 OBSOLETE_local: false peers { permanent_uuid: "55b459403d7c4462aeff68838003e708" member_type: VOTER last_known_addr { host: "127.16.18.1" port: 44315 } } peers { permanent_uuid: "86c1b161b9af486594523f0c1ef1e2ea" member_type: VOTER last_known_addr { host: "127.16.18.2" port: 41785 } attrs { replace: true } } peers { permanent_uuid: "401140f91cef421688463b2e9ecde986" member_type: VOTER last_known_addr { host: "127.16.18.3" port: 38081 } } peers { permanent_uuid: "da541e583bf348d8875f3fd570c4ea78" member_type: VOTER last_known_addr { host: "127.16.18.4" port: 42965 } attrs { promote: false } } }
I20260713 09:08:05.151638 17995 raft_consensus.cc:2955] T afd33386a56c418e8999e8e53d89ccc9 P da541e583bf348d8875f3fd570c4ea78 [term 1 FOLLOWER]: Committing config change with OpId 1.3: config changed from index 2 to 3, da541e583bf348d8875f3fd570c4ea78 (127.16.18.4) changed from NON_VOTER to VOTER. New config: { opid_index: 3 OBSOLETE_local: false peers { permanent_uuid: "55b459403d7c4462aeff68838003e708" member_type: VOTER last_known_addr { host: "127.16.18.1" port: 44315 } } peers { permanent_uuid: "86c1b161b9af486594523f0c1ef1e2ea" member_type: VOTER last_known_addr { host: "127.16.18.2" port: 41785 } attrs { replace: true } } peers { permanent_uuid: "401140f91cef421688463b2e9ecde986" member_type: VOTER last_known_addr { host: "127.16.18.3" port: 38081 } } peers { permanent_uuid: "da541e583bf348d8875f3fd570c4ea78" member_type: VOTER last_known_addr { host: "127.16.18.4" port: 42965 } attrs { promote: false } } }
I20260713 09:08:05.156961 17560 raft_consensus.cc:2955] T afd33386a56c418e8999e8e53d89ccc9 P 55b459403d7c4462aeff68838003e708 [term 1 FOLLOWER]: Committing config change with OpId 1.3: config changed from index 2 to 3, da541e583bf348d8875f3fd570c4ea78 (127.16.18.4) changed from NON_VOTER to VOTER. New config: { opid_index: 3 OBSOLETE_local: false peers { permanent_uuid: "55b459403d7c4462aeff68838003e708" member_type: VOTER last_known_addr { host: "127.16.18.1" port: 44315 } } peers { permanent_uuid: "86c1b161b9af486594523f0c1ef1e2ea" member_type: VOTER last_known_addr { host: "127.16.18.2" port: 41785 } attrs { replace: true } } peers { permanent_uuid: "401140f91cef421688463b2e9ecde986" member_type: VOTER last_known_addr { host: "127.16.18.3" port: 38081 } } peers { permanent_uuid: "da541e583bf348d8875f3fd570c4ea78" member_type: VOTER last_known_addr { host: "127.16.18.4" port: 42965 } attrs { promote: false } } }
I20260713 09:08:05.166630 17636 raft_consensus.cc:2955] T afd33386a56c418e8999e8e53d89ccc9 P 86c1b161b9af486594523f0c1ef1e2ea [term 1 FOLLOWER]: Committing config change with OpId 1.3: config changed from index 2 to 3, da541e583bf348d8875f3fd570c4ea78 (127.16.18.4) changed from NON_VOTER to VOTER. New config: { opid_index: 3 OBSOLETE_local: false peers { permanent_uuid: "55b459403d7c4462aeff68838003e708" member_type: VOTER last_known_addr { host: "127.16.18.1" port: 44315 } } peers { permanent_uuid: "86c1b161b9af486594523f0c1ef1e2ea" member_type: VOTER last_known_addr { host: "127.16.18.2" port: 41785 } attrs { replace: true } } peers { permanent_uuid: "401140f91cef421688463b2e9ecde986" member_type: VOTER last_known_addr { host: "127.16.18.3" port: 38081 } } peers { permanent_uuid: "da541e583bf348d8875f3fd570c4ea78" member_type: VOTER last_known_addr { host: "127.16.18.4" port: 42965 } attrs { promote: false } } }
I20260713 09:08:05.167992 17457 catalog_manager.cc:5697] T afd33386a56c418e8999e8e53d89ccc9 P da541e583bf348d8875f3fd570c4ea78 reported cstate change: config changed from index 2 to 3, da541e583bf348d8875f3fd570c4ea78 (127.16.18.4) changed from NON_VOTER to VOTER. New cstate: current_term: 1 leader_uuid: "401140f91cef421688463b2e9ecde986" committed_config { opid_index: 3 OBSOLETE_local: false peers { permanent_uuid: "55b459403d7c4462aeff68838003e708" member_type: VOTER last_known_addr { host: "127.16.18.1" port: 44315 } } peers { permanent_uuid: "86c1b161b9af486594523f0c1ef1e2ea" member_type: VOTER last_known_addr { host: "127.16.18.2" port: 41785 } attrs { replace: true } } peers { permanent_uuid: "401140f91cef421688463b2e9ecde986" member_type: VOTER last_known_addr { host: "127.16.18.3" port: 38081 } } peers { permanent_uuid: "da541e583bf348d8875f3fd570c4ea78" member_type: VOTER last_known_addr { host: "127.16.18.4" port: 42965 } attrs { promote: false } } }
I20260713 09:08:05.203084 17852 raft_consensus.cc:1064] T bb462001cbec4d7d8bb651a0cf37cbed P 401140f91cef421688463b2e9ecde986: attempting to promote NON_VOTER da541e583bf348d8875f3fd570c4ea78 to VOTER
I20260713 09:08:05.205850 17852 consensus_queue.cc:237] T bb462001cbec4d7d8bb651a0cf37cbed P 401140f91cef421688463b2e9ecde986 [LEADER]: Queue going to LEADER mode. State: All replicated index: 0, Majority replicated index: 2, Committed index: 2, Last appended: 1.2, Last appended by leader: 0, Current term: 1, Majority size: 3, State: 0, Mode: LEADER, active raft config: opid_index: 3 OBSOLETE_local: false peers { permanent_uuid: "55b459403d7c4462aeff68838003e708" member_type: VOTER last_known_addr { host: "127.16.18.1" port: 44315 } } peers { permanent_uuid: "86c1b161b9af486594523f0c1ef1e2ea" member_type: VOTER last_known_addr { host: "127.16.18.2" port: 41785 } attrs { replace: true } } peers { permanent_uuid: "401140f91cef421688463b2e9ecde986" member_type: VOTER last_known_addr { host: "127.16.18.3" port: 38081 } } peers { permanent_uuid: "da541e583bf348d8875f3fd570c4ea78" member_type: VOTER last_known_addr { host: "127.16.18.4" port: 42965 } attrs { promote: false } }
I20260713 09:08:05.221635 17636 raft_consensus.cc:1275] T bb462001cbec4d7d8bb651a0cf37cbed P 86c1b161b9af486594523f0c1ef1e2ea [term 1 FOLLOWER]: Refusing update from remote peer 401140f91cef421688463b2e9ecde986: Log matching property violated. Preceding OpId in replica: term: 1 index: 2. Preceding OpId from leader: term: 1 index: 3. (index mismatch)
I20260713 09:08:05.222083 17995 raft_consensus.cc:1275] T bb462001cbec4d7d8bb651a0cf37cbed P da541e583bf348d8875f3fd570c4ea78 [term 1 LEARNER]: Refusing update from remote peer 401140f91cef421688463b2e9ecde986: Log matching property violated. Preceding OpId in replica: term: 1 index: 2. Preceding OpId from leader: term: 1 index: 3. (index mismatch)
I20260713 09:08:05.222185 17562 raft_consensus.cc:1275] T bb462001cbec4d7d8bb651a0cf37cbed P 55b459403d7c4462aeff68838003e708 [term 1 FOLLOWER]: Refusing update from remote peer 401140f91cef421688463b2e9ecde986: Log matching property violated. Preceding OpId in replica: term: 1 index: 2. Preceding OpId from leader: term: 1 index: 3. (index mismatch)
I20260713 09:08:05.223603 17945 consensus_queue.cc:1048] T bb462001cbec4d7d8bb651a0cf37cbed P 401140f91cef421688463b2e9ecde986 [LEADER]: Connected to new peer: Peer: permanent_uuid: "da541e583bf348d8875f3fd570c4ea78" member_type: VOTER last_known_addr { host: "127.16.18.4" port: 42965 } attrs { promote: false }, Status: LMP_MISMATCH, Last received: 0.0, Next index: 3, Last known committed idx: 2, Time since last communication: 0.000s
I20260713 09:08:05.225646 18073 consensus_queue.cc:1048] T bb462001cbec4d7d8bb651a0cf37cbed P 401140f91cef421688463b2e9ecde986 [LEADER]: Connected to new peer: Peer: permanent_uuid: "86c1b161b9af486594523f0c1ef1e2ea" member_type: VOTER last_known_addr { host: "127.16.18.2" port: 41785 } attrs { replace: true }, Status: LMP_MISMATCH, Last received: 0.0, Next index: 3, Last known committed idx: 2, Time since last communication: 0.000s
I20260713 09:08:05.227306 17852 consensus_queue.cc:1048] T bb462001cbec4d7d8bb651a0cf37cbed P 401140f91cef421688463b2e9ecde986 [LEADER]: Connected to new peer: Peer: permanent_uuid: "55b459403d7c4462aeff68838003e708" member_type: VOTER last_known_addr { host: "127.16.18.1" port: 44315 }, Status: LMP_MISMATCH, Last received: 0.0, Next index: 3, Last known committed idx: 2, Time since last communication: 0.000s
I20260713 09:08:05.230428 17708 consensus_queue.cc:237] T afd33386a56c418e8999e8e53d89ccc9 P 401140f91cef421688463b2e9ecde986 [LEADER]: Queue going to LEADER mode. State: All replicated index: 0, Majority replicated index: 3, Committed index: 3, Last appended: 1.3, Last appended by leader: 0, Current term: 1, Majority size: 2, State: 0, Mode: LEADER, active raft config: opid_index: 4 OBSOLETE_local: false peers { permanent_uuid: "55b459403d7c4462aeff68838003e708" member_type: VOTER last_known_addr { host: "127.16.18.1" port: 44315 } } peers { permanent_uuid: "401140f91cef421688463b2e9ecde986" member_type: VOTER last_known_addr { host: "127.16.18.3" port: 38081 } } peers { permanent_uuid: "da541e583bf348d8875f3fd570c4ea78" member_type: VOTER last_known_addr { host: "127.16.18.4" port: 42965 } attrs { promote: false } }
I20260713 09:08:05.237793 17994 raft_consensus.cc:1275] T afd33386a56c418e8999e8e53d89ccc9 P da541e583bf348d8875f3fd570c4ea78 [term 1 FOLLOWER]: Refusing update from remote peer 401140f91cef421688463b2e9ecde986: Log matching property violated. Preceding OpId in replica: term: 1 index: 3. Preceding OpId from leader: term: 1 index: 4. (index mismatch)
I20260713 09:08:05.240250 17852 consensus_queue.cc:1048] T afd33386a56c418e8999e8e53d89ccc9 P 401140f91cef421688463b2e9ecde986 [LEADER]: Connected to new peer: Peer: permanent_uuid: "da541e583bf348d8875f3fd570c4ea78" member_type: VOTER last_known_addr { host: "127.16.18.4" port: 42965 } attrs { promote: false }, Status: LMP_MISMATCH, Last received: 0.0, Next index: 4, Last known committed idx: 3, Time since last communication: 0.000s
I20260713 09:08:05.241452 17560 raft_consensus.cc:1275] T afd33386a56c418e8999e8e53d89ccc9 P 55b459403d7c4462aeff68838003e708 [term 1 FOLLOWER]: Refusing update from remote peer 401140f91cef421688463b2e9ecde986: Log matching property violated. Preceding OpId in replica: term: 1 index: 3. Preceding OpId from leader: term: 1 index: 4. (index mismatch)
I20260713 09:08:05.243088 17945 consensus_queue.cc:1048] T afd33386a56c418e8999e8e53d89ccc9 P 401140f91cef421688463b2e9ecde986 [LEADER]: Connected to new peer: Peer: permanent_uuid: "55b459403d7c4462aeff68838003e708" member_type: VOTER last_known_addr { host: "127.16.18.1" port: 44315 }, Status: LMP_MISMATCH, Last received: 0.0, Next index: 4, Last known committed idx: 3, Time since last communication: 0.000s
I20260713 09:08:05.247815 18063 raft_consensus.cc:2955] T afd33386a56c418e8999e8e53d89ccc9 P 401140f91cef421688463b2e9ecde986 [term 1 LEADER]: Committing config change with OpId 1.4: config changed from index 3 to 4, VOTER 86c1b161b9af486594523f0c1ef1e2ea (127.16.18.2) evicted. New config: { opid_index: 4 OBSOLETE_local: false peers { permanent_uuid: "55b459403d7c4462aeff68838003e708" member_type: VOTER last_known_addr { host: "127.16.18.1" port: 44315 } } peers { permanent_uuid: "401140f91cef421688463b2e9ecde986" member_type: VOTER last_known_addr { host: "127.16.18.3" port: 38081 } } peers { permanent_uuid: "da541e583bf348d8875f3fd570c4ea78" member_type: VOTER last_known_addr { host: "127.16.18.4" port: 42965 } attrs { promote: false } } }
I20260713 09:08:05.252841 17994 raft_consensus.cc:2955] T afd33386a56c418e8999e8e53d89ccc9 P da541e583bf348d8875f3fd570c4ea78 [term 1 FOLLOWER]: Committing config change with OpId 1.4: config changed from index 3 to 4, VOTER 86c1b161b9af486594523f0c1ef1e2ea (127.16.18.2) evicted. New config: { opid_index: 4 OBSOLETE_local: false peers { permanent_uuid: "55b459403d7c4462aeff68838003e708" member_type: VOTER last_known_addr { host: "127.16.18.1" port: 44315 } } peers { permanent_uuid: "401140f91cef421688463b2e9ecde986" member_type: VOTER last_known_addr { host: "127.16.18.3" port: 38081 } } peers { permanent_uuid: "da541e583bf348d8875f3fd570c4ea78" member_type: VOTER last_known_addr { host: "127.16.18.4" port: 42965 } attrs { promote: false } } }
I20260713 09:08:05.253953 17560 raft_consensus.cc:2955] T afd33386a56c418e8999e8e53d89ccc9 P 55b459403d7c4462aeff68838003e708 [term 1 FOLLOWER]: Committing config change with OpId 1.4: config changed from index 3 to 4, VOTER 86c1b161b9af486594523f0c1ef1e2ea (127.16.18.2) evicted. New config: { opid_index: 4 OBSOLETE_local: false peers { permanent_uuid: "55b459403d7c4462aeff68838003e708" member_type: VOTER last_known_addr { host: "127.16.18.1" port: 44315 } } peers { permanent_uuid: "401140f91cef421688463b2e9ecde986" member_type: VOTER last_known_addr { host: "127.16.18.3" port: 38081 } } peers { permanent_uuid: "da541e583bf348d8875f3fd570c4ea78" member_type: VOTER last_known_addr { host: "127.16.18.4" port: 42965 } attrs { promote: false } } }
I20260713 09:08:05.268466 18075 raft_consensus.cc:1064] T ba0f2517cec2463694487fd8c1fee914 P 55b459403d7c4462aeff68838003e708: attempting to promote NON_VOTER da541e583bf348d8875f3fd570c4ea78 to VOTER
I20260713 09:08:05.270705 17447 catalog_manager.cc:5210] ChangeConfig:REMOVE_PEER RPC for tablet afd33386a56c418e8999e8e53d89ccc9 with cas_config_opid_index 3: ChangeConfig:REMOVE_PEER succeeded (attempt 1)
I20260713 09:08:05.272070 17945 raft_consensus.cc:1064] T 3656637bca404b7abfd1297d75048c1e P 401140f91cef421688463b2e9ecde986: attempting to promote NON_VOTER da541e583bf348d8875f3fd570c4ea78 to VOTER
I20260713 09:08:05.278676 17459 catalog_manager.cc:5697] T afd33386a56c418e8999e8e53d89ccc9 P 401140f91cef421688463b2e9ecde986 reported cstate change: config changed from index 3 to 4, VOTER 86c1b161b9af486594523f0c1ef1e2ea (127.16.18.2) evicted. New cstate: current_term: 1 leader_uuid: "401140f91cef421688463b2e9ecde986" committed_config { opid_index: 4 OBSOLETE_local: false peers { permanent_uuid: "55b459403d7c4462aeff68838003e708" member_type: VOTER last_known_addr { host: "127.16.18.1" port: 44315 } health_report { overall_health: HEALTHY } } peers { permanent_uuid: "401140f91cef421688463b2e9ecde986" member_type: VOTER last_known_addr { host: "127.16.18.3" port: 38081 } health_report { overall_health: HEALTHY } } peers { permanent_uuid: "da541e583bf348d8875f3fd570c4ea78" member_type: VOTER last_known_addr { host: "127.16.18.4" port: 42965 } attrs { promote: false } health_report { overall_health: HEALTHY } } }
