I20260713 09:00:11.836225  1757 ts_tablet_manager.cc:1403] T 976ad97efcfb4120868dd7fc0ac14c35 P 88bd7cf42cae49929b68578c00430946: Time spent bootstrapping tablet: real 0.176s	user 0.032s	sys 0.052s
I20260713 09:00:11.819042  1810 consensus_queue.cc:237] T dcd2a499251140fea313e502fff76d37 P 88bd7cf42cae49929b68578c00430946 [LEADER]: Queue going to LEADER mode. State: All replicated index: 0, Majority replicated index: 0, Committed index: 0, Last appended: 0.0, Last appended by leader: 0, Current term: 1, Majority size: 2, State: 0, Mode: LEADER, active raft config: opid_index: -1 OBSOLETE_local: false peers { permanent_uuid: "9d569b27ddc04da1ba906898199833c4" member_type: VOTER last_known_addr { host: "127.0.107.193" port: 41611 } } peers { permanent_uuid: "dfb09d896e9542db96f87c99005d1c7c" member_type: VOTER last_known_addr { host: "127.0.107.194" port: 33233 } } peers { permanent_uuid: "88bd7cf42cae49929b68578c00430946" member_type: VOTER last_known_addr { host: "127.0.107.195" port: 43461 } }
I20260713 09:00:11.840034  1757 raft_consensus.cc:359] T 976ad97efcfb4120868dd7fc0ac14c35 P 88bd7cf42cae49929b68578c00430946 [term 0 FOLLOWER]: Replica starting. Triggering 0 pending ops. Active config: opid_index: -1 OBSOLETE_local: false peers { permanent_uuid: "9d569b27ddc04da1ba906898199833c4" member_type: VOTER last_known_addr { host: "127.0.107.193" port: 41611 } } peers { permanent_uuid: "dfb09d896e9542db96f87c99005d1c7c" member_type: VOTER last_known_addr { host: "127.0.107.194" port: 33233 } } peers { permanent_uuid: "88bd7cf42cae49929b68578c00430946" member_type: VOTER last_known_addr { host: "127.0.107.195" port: 43461 } }
I20260713 09:00:11.842253  1757 raft_consensus.cc:385] T 976ad97efcfb4120868dd7fc0ac14c35 P 88bd7cf42cae49929b68578c00430946 [term 0 FOLLOWER]: Consensus starting up: Expiring failure detector timer to make a prompt election more likely
I20260713 09:00:11.842694  1757 raft_consensus.cc:740] T 976ad97efcfb4120868dd7fc0ac14c35 P 88bd7cf42cae49929b68578c00430946 [term 0 FOLLOWER]: Becoming Follower/Learner. State: Replica: 88bd7cf42cae49929b68578c00430946, State: Initialized, Role: FOLLOWER
I20260713 09:00:11.842862  1638 tablet_service.cc:1917] Received RequestConsensusVote() RPC: tablet_id: "1894e61bba434c538385ce2ca45c0375" candidate_uuid: "88bd7cf42cae49929b68578c00430946" candidate_term: 1 candidate_status { last_received { term: 0 index: 0 } } ignore_live_leader: false dest_uuid: "dfb09d896e9542db96f87c99005d1c7c" is_pre_election: true
I20260713 09:00:11.844013  1641 tablet_service.cc:1917] Received RequestConsensusVote() RPC: tablet_id: "35de778cb0834d51bb652beefbeeea00" candidate_uuid: "88bd7cf42cae49929b68578c00430946" candidate_term: 1 candidate_status { last_received { term: 0 index: 0 } } ignore_live_leader: false dest_uuid: "dfb09d896e9542db96f87c99005d1c7c"
I20260713 09:00:11.843750  1757 consensus_queue.cc:260] T 976ad97efcfb4120868dd7fc0ac14c35 P 88bd7cf42cae49929b68578c00430946 [NON_LEADER]: Queue going to NON_LEADER mode. State: All replicated index: 0, Majority replicated index: 0, Committed index: 0, Last appended: 0.0, Last appended by leader: 0, Current term: 0, Majority size: -1, State: 0, Mode: NON_LEADER, active raft config: opid_index: -1 OBSOLETE_local: false peers { permanent_uuid: "9d569b27ddc04da1ba906898199833c4" member_type: VOTER last_known_addr { host: "127.0.107.193" port: 41611 } } peers { permanent_uuid: "dfb09d896e9542db96f87c99005d1c7c" member_type: VOTER last_known_addr { host: "127.0.107.194" port: 33233 } } peers { permanent_uuid: "88bd7cf42cae49929b68578c00430946" member_type: VOTER last_known_addr { host: "127.0.107.195" port: 43461 } }
I20260713 09:00:11.844254  1784 consensus_queue.cc:1048] T 0c89e21406164542a33a77ed4f80dc83 P 9d569b27ddc04da1ba906898199833c4 [LEADER]: Connected to new peer: Peer: permanent_uuid: "dfb09d896e9542db96f87c99005d1c7c" member_type: VOTER last_known_addr { host: "127.0.107.194" port: 33233 }, Status: LMP_MISMATCH, Last received: 0.0, Next index: 1, Last known committed idx: 0, Time since last communication: 0.000s
I20260713 09:00:11.844625  1641 raft_consensus.cc:3060] T 35de778cb0834d51bb652beefbeeea00 P dfb09d896e9542db96f87c99005d1c7c [term 0 FOLLOWER]: Advancing to term 1
I20260713 09:00:11.850302  1757 ts_tablet_manager.cc:1434] T 976ad97efcfb4120868dd7fc0ac14c35 P 88bd7cf42cae49929b68578c00430946: Time spent starting tablet: real 0.013s	user 0.008s	sys 0.000s
I20260713 09:00:11.836428  1563 tablet_service.cc:1917] Received RequestConsensusVote() RPC: tablet_id: "35de778cb0834d51bb652beefbeeea00" candidate_uuid: "88bd7cf42cae49929b68578c00430946" candidate_term: 1 candidate_status { last_received { term: 0 index: 0 } } ignore_live_leader: false dest_uuid: "9d569b27ddc04da1ba906898199833c4"
I20260713 09:00:11.851368  1757 tablet_bootstrap.cc:492] T 09a66a0256ab44cdb2ca39b2f1a42f74 P 88bd7cf42cae49929b68578c00430946: Bootstrap starting.
I20260713 09:00:11.860831  1757 tablet_bootstrap.cc:654] T 09a66a0256ab44cdb2ca39b2f1a42f74 P 88bd7cf42cae49929b68578c00430946: Neither blocks nor log segments found. Creating new log.
I20260713 09:00:11.855041  1563 raft_consensus.cc:3060] T 35de778cb0834d51bb652beefbeeea00 P 9d569b27ddc04da1ba906898199833c4 [term 0 FOLLOWER]: Advancing to term 1
I20260713 09:00:11.863720  1807 consensus_queue.cc:1048] T 06b24b0119f64f75908c4f9b7edb79db P 88bd7cf42cae49929b68578c00430946 [LEADER]: Connected to new peer: Peer: permanent_uuid: "9d569b27ddc04da1ba906898199833c4" member_type: VOTER last_known_addr { host: "127.0.107.193" port: 41611 }, Status: LMP_MISMATCH, Last received: 0.0, Next index: 1, Last known committed idx: 0, Time since last communication: 0.000s
I20260713 09:00:11.849653  1858 consensus_queue.cc:1048] T 199a2ae1d3ed439fbf20884b9a2355c0 P 88bd7cf42cae49929b68578c00430946 [LEADER]: Connected to new peer: Peer: permanent_uuid: "9d569b27ddc04da1ba906898199833c4" member_type: VOTER last_known_addr { host: "127.0.107.193" port: 41611 }, Status: LMP_MISMATCH, Last received: 0.0, Next index: 1, Last known committed idx: 0, Time since last communication: 0.007s
W20260713 09:00:11.863722  1680 leader_election.cc:343] T 1894e61bba434c538385ce2ca45c0375 P 88bd7cf42cae49929b68578c00430946 [CANDIDATE]: Term 1 pre-election: Tablet error from VoteRequest() call to peer dfb09d896e9542db96f87c99005d1c7c (127.0.107.194:33233): Illegal state: must be running to vote when last-logged opid is not known
I20260713 09:00:11.866071  1680 leader_election.cc:304] T 1894e61bba434c538385ce2ca45c0375 P 88bd7cf42cae49929b68578c00430946 [CANDIDATE]: Term 1 pre-election: Election decided. Result: candidate lost. Election summary: received 3 responses out of 3 voters: 1 yes votes; 2 no votes. yes voters: 88bd7cf42cae49929b68578c00430946; no voters: 9d569b27ddc04da1ba906898199833c4, dfb09d896e9542db96f87c99005d1c7c
I20260713 09:00:11.866925  1807 raft_consensus.cc:2749] T 1894e61bba434c538385ce2ca45c0375 P 88bd7cf42cae49929b68578c00430946 [term 0 FOLLOWER]: Leader pre-election lost for term 1. Reason: could not achieve majority
I20260713 09:00:11.869659  1756 raft_consensus.cc:359] T b4f533d6892a432da7f96f4560b0faca P 9d569b27ddc04da1ba906898199833c4 [term 0 FOLLOWER]: Replica starting. Triggering 0 pending ops. Active config: opid_index: -1 OBSOLETE_local: false peers { permanent_uuid: "9d569b27ddc04da1ba906898199833c4" member_type: VOTER last_known_addr { host: "127.0.107.193" port: 41611 } } peers { permanent_uuid: "dfb09d896e9542db96f87c99005d1c7c" member_type: VOTER last_known_addr { host: "127.0.107.194" port: 33233 } } peers { permanent_uuid: "88bd7cf42cae49929b68578c00430946" member_type: VOTER last_known_addr { host: "127.0.107.195" port: 43461 } }
I20260713 09:00:11.870258  1756 raft_consensus.cc:385] T b4f533d6892a432da7f96f4560b0faca P 9d569b27ddc04da1ba906898199833c4 [term 0 FOLLOWER]: Consensus starting up: Expiring failure detector timer to make a prompt election more likely
I20260713 09:00:11.870478  1756 raft_consensus.cc:740] T b4f533d6892a432da7f96f4560b0faca P 9d569b27ddc04da1ba906898199833c4 [term 0 FOLLOWER]: Becoming Follower/Learner. State: Replica: 9d569b27ddc04da1ba906898199833c4, State: Initialized, Role: FOLLOWER
I20260713 09:00:11.867542  1807 consensus_queue.cc:1048] T 06b24b0119f64f75908c4f9b7edb79db P 88bd7cf42cae49929b68578c00430946 [LEADER]: Connected to new peer: Peer: permanent_uuid: "dfb09d896e9542db96f87c99005d1c7c" member_type: VOTER last_known_addr { host: "127.0.107.194" port: 33233 }, Status: LMP_MISMATCH, Last received: 0.0, Next index: 1, Last known committed idx: 0, Time since last communication: 0.006s
I20260713 09:00:11.887478  1756 consensus_queue.cc:260] T b4f533d6892a432da7f96f4560b0faca P 9d569b27ddc04da1ba906898199833c4 [NON_LEADER]: Queue going to NON_LEADER mode. State: All replicated index: 0, Majority replicated index: 0, Committed index: 0, Last appended: 0.0, Last appended by leader: 0, Current term: 0, Majority size: -1, State: 0, Mode: NON_LEADER, active raft config: opid_index: -1 OBSOLETE_local: false peers { permanent_uuid: "9d569b27ddc04da1ba906898199833c4" member_type: VOTER last_known_addr { host: "127.0.107.193" port: 41611 } } peers { permanent_uuid: "dfb09d896e9542db96f87c99005d1c7c" member_type: VOTER last_known_addr { host: "127.0.107.194" port: 33233 } } peers { permanent_uuid: "88bd7cf42cae49929b68578c00430946" member_type: VOTER last_known_addr { host: "127.0.107.195" port: 43461 } }
I20260713 09:00:11.889108  1759 raft_consensus.cc:493] T 976ad97efcfb4120868dd7fc0ac14c35 P dfb09d896e9542db96f87c99005d1c7c [term 0 FOLLOWER]: Starting pre-election (no leader contacted us within the election timeout)
I20260713 09:00:11.899120  1756 ts_tablet_manager.cc:1434] T b4f533d6892a432da7f96f4560b0faca P 9d569b27ddc04da1ba906898199833c4: Time spent starting tablet: real 0.069s	user 0.007s	sys 0.001s
I20260713 09:00:11.898941  1759 raft_consensus.cc:515] T 976ad97efcfb4120868dd7fc0ac14c35 P dfb09d896e9542db96f87c99005d1c7c [term 0 FOLLOWER]: Starting pre-election with config: opid_index: -1 OBSOLETE_local: false peers { permanent_uuid: "9d569b27ddc04da1ba906898199833c4" member_type: VOTER last_known_addr { host: "127.0.107.193" port: 41611 } } peers { permanent_uuid: "dfb09d896e9542db96f87c99005d1c7c" member_type: VOTER last_known_addr { host: "127.0.107.194" port: 33233 } } peers { permanent_uuid: "88bd7cf42cae49929b68578c00430946" member_type: VOTER last_known_addr { host: "127.0.107.195" port: 43461 } }
I20260713 09:00:11.924495  1798 raft_consensus.cc:515] T b43878840a934283b967e692840e6042 P 9d569b27ddc04da1ba906898199833c4 [term 1 FOLLOWER]: Starting leader election with config: opid_index: -1 OBSOLETE_local: false peers { permanent_uuid: "9d569b27ddc04da1ba906898199833c4" member_type: VOTER last_known_addr { host: "127.0.107.193" port: 41611 } } peers { permanent_uuid: "dfb09d896e9542db96f87c99005d1c7c" member_type: VOTER last_known_addr { host: "127.0.107.194" port: 33233 } } peers { permanent_uuid: "88bd7cf42cae49929b68578c00430946" member_type: VOTER last_known_addr { host: "127.0.107.195" port: 43461 } }
I20260713 09:00:11.925993  1764 raft_consensus.cc:493] T 202e45e1f7d74478b9ebf068efe7c0a4 P 88bd7cf42cae49929b68578c00430946 [term 1 FOLLOWER]: Starting pre-election (no leader contacted us within the election timeout)
I20260713 09:00:11.926528  1764 raft_consensus.cc:515] T 202e45e1f7d74478b9ebf068efe7c0a4 P 88bd7cf42cae49929b68578c00430946 [term 1 FOLLOWER]: Starting pre-election with config: opid_index: -1 OBSOLETE_local: false peers { permanent_uuid: "9d569b27ddc04da1ba906898199833c4" member_type: VOTER last_known_addr { host: "127.0.107.193" port: 41611 } } peers { permanent_uuid: "dfb09d896e9542db96f87c99005d1c7c" member_type: VOTER last_known_addr { host: "127.0.107.194" port: 33233 } } peers { permanent_uuid: "88bd7cf42cae49929b68578c00430946" member_type: VOTER last_known_addr { host: "127.0.107.195" port: 43461 } }
I20260713 09:00:11.927336  1641 raft_consensus.cc:2468] T 35de778cb0834d51bb652beefbeeea00 P dfb09d896e9542db96f87c99005d1c7c [term 1 FOLLOWER]: Leader election vote request: Granting yes vote for candidate 88bd7cf42cae49929b68578c00430946 in term 1.
I20260713 09:00:11.929760  1680 leader_election.cc:304] T 35de778cb0834d51bb652beefbeeea00 P 88bd7cf42cae49929b68578c00430946 [CANDIDATE]: Term 1 election: Election decided. Result: candidate won. Election summary: received 2 responses out of 3 voters: 2 yes votes; 0 no votes. yes voters: 88bd7cf42cae49929b68578c00430946, dfb09d896e9542db96f87c99005d1c7c; no voters: 
I20260713 09:00:11.931488  1798 leader_election.cc:290] T b43878840a934283b967e692840e6042 P 9d569b27ddc04da1ba906898199833c4 [CANDIDATE]: Term 1 election: Requested vote from peers dfb09d896e9542db96f87c99005d1c7c (127.0.107.194:33233), 88bd7cf42cae49929b68578c00430946 (127.0.107.195:43461)
I20260713 09:00:11.932219  1858 raft_consensus.cc:2804] T 35de778cb0834d51bb652beefbeeea00 P 88bd7cf42cae49929b68578c00430946 [term 1 FOLLOWER]: Leader election won for term 1
I20260713 09:00:11.931671  1641 tablet_service.cc:1917] Received RequestConsensusVote() RPC: tablet_id: "b43878840a934283b967e692840e6042" candidate_uuid: "9d569b27ddc04da1ba906898199833c4" candidate_term: 1 candidate_status { last_received { term: 0 index: 0 } } ignore_live_leader: false dest_uuid: "dfb09d896e9542db96f87c99005d1c7c"
I20260713 09:00:11.934542  1641 raft_consensus.cc:3060] T b43878840a934283b967e692840e6042 P dfb09d896e9542db96f87c99005d1c7c [term 0 FOLLOWER]: Advancing to term 1
I20260713 09:00:11.934876  1858 raft_consensus.cc:697] T 35de778cb0834d51bb652beefbeeea00 P 88bd7cf42cae49929b68578c00430946 [term 1 LEADER]: Becoming Leader. State: Replica: 88bd7cf42cae49929b68578c00430946, State: Running, Role: LEADER
I20260713 09:00:11.935999  1858 consensus_queue.cc:237] T 35de778cb0834d51bb652beefbeeea00 P 88bd7cf42cae49929b68578c00430946 [LEADER]: Queue going to LEADER mode. State: All replicated index: 0, Majority replicated index: 0, Committed index: 0, Last appended: 0.0, Last appended by leader: 0, Current term: 1, Majority size: 2, State: 0, Mode: LEADER, active raft config: opid_index: -1 OBSOLETE_local: false peers { permanent_uuid: "9d569b27ddc04da1ba906898199833c4" member_type: VOTER last_known_addr { host: "127.0.107.193" port: 41611 } } peers { permanent_uuid: "dfb09d896e9542db96f87c99005d1c7c" member_type: VOTER last_known_addr { host: "127.0.107.194" port: 33233 } } peers { permanent_uuid: "88bd7cf42cae49929b68578c00430946" member_type: VOTER last_known_addr { host: "127.0.107.195" port: 43461 } }
I20260713 09:00:11.937697  1759 leader_election.cc:290] T 976ad97efcfb4120868dd7fc0ac14c35 P dfb09d896e9542db96f87c99005d1c7c [CANDIDATE]: Term 1 pre-election: Requested pre-vote from peers 9d569b27ddc04da1ba906898199833c4 (127.0.107.193:41611), 88bd7cf42cae49929b68578c00430946 (127.0.107.195:43461)
I20260713 09:00:11.940534  1714 tablet_service.cc:1917] Received RequestConsensusVote() RPC: tablet_id: "976ad97efcfb4120868dd7fc0ac14c35" candidate_uuid: "dfb09d896e9542db96f87c99005d1c7c" candidate_term: 1 candidate_status { last_received { term: 0 index: 0 } } ignore_live_leader: false dest_uuid: "88bd7cf42cae49929b68578c00430946" is_pre_election: true
I20260713 09:00:11.941040  1564 tablet_service.cc:1917] Received RequestConsensusVote() RPC: tablet_id: "976ad97efcfb4120868dd7fc0ac14c35" candidate_uuid: "dfb09d896e9542db96f87c99005d1c7c" candidate_term: 1 candidate_status { last_received { term: 0 index: 0 } } ignore_live_leader: false dest_uuid: "9d569b27ddc04da1ba906898199833c4" is_pre_election: true
I20260713 09:00:11.941241  1714 raft_consensus.cc:2468] T 976ad97efcfb4120868dd7fc0ac14c35 P 88bd7cf42cae49929b68578c00430946 [term 0 FOLLOWER]: Leader pre-election vote request: Granting yes vote for candidate dfb09d896e9542db96f87c99005d1c7c in term 0.
I20260713 09:00:11.943980  1756 tablet_bootstrap.cc:492] T b4bcd40d330948b8bc0c5d4bd8e8b825 P 9d569b27ddc04da1ba906898199833c4: Bootstrap starting.
W20260713 09:00:11.942299  1607 leader_election.cc:343] T 976ad97efcfb4120868dd7fc0ac14c35 P dfb09d896e9542db96f87c99005d1c7c [CANDIDATE]: Term 1 pre-election: Tablet error from VoteRequest() call to peer 9d569b27ddc04da1ba906898199833c4 (127.0.107.193:41611): Illegal state: must be running to vote when last-logged opid is not known
I20260713 09:00:11.952637  1714 tablet_service.cc:1917] Received RequestConsensusVote() RPC: tablet_id: "b43878840a934283b967e692840e6042" candidate_uuid: "9d569b27ddc04da1ba906898199833c4" candidate_term: 1 candidate_status { last_received { term: 0 index: 0 } } ignore_live_leader: false dest_uuid: "88bd7cf42cae49929b68578c00430946"
I20260713 09:00:11.953244  1714 raft_consensus.cc:3060] T b43878840a934283b967e692840e6042 P 88bd7cf42cae49929b68578c00430946 [term 0 FOLLOWER]: Advancing to term 1
I20260713 09:00:11.958621  1864 consensus_queue.cc:1048] T 202e45e1f7d74478b9ebf068efe7c0a4 P 9d569b27ddc04da1ba906898199833c4 [LEADER]: Connected to new peer: Peer: permanent_uuid: "88bd7cf42cae49929b68578c00430946" member_type: VOTER last_known_addr { host: "127.0.107.195" port: 43461 }, Status: LMP_MISMATCH, Last received: 0.0, Next index: 1, Last known committed idx: 0, Time since last communication: 0.002s
I20260713 09:00:11.966667  1607 leader_election.cc:304] T 976ad97efcfb4120868dd7fc0ac14c35 P dfb09d896e9542db96f87c99005d1c7c [CANDIDATE]: Term 1 pre-election: Election decided. Result: candidate won. Election summary: received 3 responses out of 3 voters: 2 yes votes; 1 no votes. yes voters: 88bd7cf42cae49929b68578c00430946, dfb09d896e9542db96f87c99005d1c7c; no voters: 9d569b27ddc04da1ba906898199833c4
I20260713 09:00:11.987248  1759 raft_consensus.cc:2804] T 976ad97efcfb4120868dd7fc0ac14c35 P dfb09d896e9542db96f87c99005d1c7c [term 0 FOLLOWER]: Leader pre-election won for term 1
I20260713 09:00:11.987685  1759 raft_consensus.cc:493] T 976ad97efcfb4120868dd7fc0ac14c35 P dfb09d896e9542db96f87c99005d1c7c [term 0 FOLLOWER]: Starting leader election (no leader contacted us within the election timeout)
I20260713 09:00:11.988070  1759 raft_consensus.cc:3060] T 976ad97efcfb4120868dd7fc0ac14c35 P dfb09d896e9542db96f87c99005d1c7c [term 0 FOLLOWER]: Advancing to term 1
I20260713 09:00:11.997251  1764 leader_election.cc:290] T 202e45e1f7d74478b9ebf068efe7c0a4 P 88bd7cf42cae49929b68578c00430946 [CANDIDATE]: Term 2 pre-election: Requested pre-vote from peers 9d569b27ddc04da1ba906898199833c4 (127.0.107.193:41611), dfb09d896e9542db96f87c99005d1c7c (127.0.107.194:33233)
I20260713 09:00:11.998052  1565 tablet_service.cc:1917] Received RequestConsensusVote() RPC: tablet_id: "202e45e1f7d74478b9ebf068efe7c0a4" candidate_uuid: "88bd7cf42cae49929b68578c00430946" candidate_term: 2 candidate_status { last_received { term: 0 index: 0 } } ignore_live_leader: false dest_uuid: "9d569b27ddc04da1ba906898199833c4" is_pre_election: true
I20260713 09:00:12.000231  1638 tablet_service.cc:1917] Received RequestConsensusVote() RPC: tablet_id: "202e45e1f7d74478b9ebf068efe7c0a4" candidate_uuid: "88bd7cf42cae49929b68578c00430946" candidate_term: 2 candidate_status { last_received { term: 0 index: 0 } } ignore_live_leader: false dest_uuid: "dfb09d896e9542db96f87c99005d1c7c" is_pre_election: true
I20260713 09:00:12.001461  1464 catalog_manager.cc:5697] T dcd2a499251140fea313e502fff76d37 P 88bd7cf42cae49929b68578c00430946 reported cstate change: term changed from 0 to 1, leader changed from <none> to 88bd7cf42cae49929b68578c00430946 (127.0.107.195). New cstate: current_term: 1 leader_uuid: "88bd7cf42cae49929b68578c00430946" committed_config { opid_index: -1 OBSOLETE_local: false peers { permanent_uuid: "9d569b27ddc04da1ba906898199833c4" member_type: VOTER last_known_addr { host: "127.0.107.193" port: 41611 } health_report { overall_health: UNKNOWN } } peers { permanent_uuid: "dfb09d896e9542db96f87c99005d1c7c" member_type: VOTER last_known_addr { host: "127.0.107.194" port: 33233 } health_report { overall_health: UNKNOWN } } peers { permanent_uuid: "88bd7cf42cae49929b68578c00430946" member_type: VOTER last_known_addr { host: "127.0.107.195" port: 43461 } health_report { overall_health: HEALTHY } } }
W20260713 09:00:12.003290  1861 log.cc:927] Time spent T 06b24b0119f64f75908c4f9b7edb79db P dfb09d896e9542db96f87c99005d1c7c: Append to log took a long time: real 0.064s	user 0.001s	sys 0.000s
I20260713 09:00:12.005272  1680 leader_election.cc:304] T 202e45e1f7d74478b9ebf068efe7c0a4 P 88bd7cf42cae49929b68578c00430946 [CANDIDATE]: Term 2 pre-election: Election decided. Result: candidate lost. Election summary: received 3 responses out of 3 voters: 1 yes votes; 2 no votes. yes voters: 88bd7cf42cae49929b68578c00430946; no voters: 9d569b27ddc04da1ba906898199833c4, dfb09d896e9542db96f87c99005d1c7c
I20260713 09:00:12.006898  1764 raft_consensus.cc:2749] T 202e45e1f7d74478b9ebf068efe7c0a4 P 88bd7cf42cae49929b68578c00430946 [term 1 FOLLOWER]: Leader pre-election lost for term 2. Reason: could not achieve majority
I20260713 09:00:12.007761  1755 tablet_bootstrap.cc:654] T 63b75b3ec580426cb47de12e3e7b1508 P dfb09d896e9542db96f87c99005d1c7c: Neither blocks nor log segments found. Creating new log.
W20260713 09:00:12.018875  1863 log.cc:927] Time spent T 977ed5d08a534478baa63625ac8b27f2 P dfb09d896e9542db96f87c99005d1c7c: Append to log took a long time: real 0.055s	user 0.000s	sys 0.000s
I20260713 09:00:12.021890  1761 raft_consensus.cc:515] T 2c348381fcc645739ba53a46d05b7e70 P 9d569b27ddc04da1ba906898199833c4 [term 1 FOLLOWER]: Starting leader election with config: opid_index: -1 OBSOLETE_local: false peers { permanent_uuid: "9d569b27ddc04da1ba906898199833c4" member_type: VOTER last_known_addr { host: "127.0.107.193" port: 41611 } } peers { permanent_uuid: "dfb09d896e9542db96f87c99005d1c7c" member_type: VOTER last_known_addr { host: "127.0.107.194" port: 33233 } } peers { permanent_uuid: "88bd7cf42cae49929b68578c00430946" member_type: VOTER last_known_addr { host: "127.0.107.195" port: 43461 } }
I20260713 09:00:12.024410  1761 leader_election.cc:290] T 2c348381fcc645739ba53a46d05b7e70 P 9d569b27ddc04da1ba906898199833c4 [CANDIDATE]: Term 1 election: Requested vote from peers dfb09d896e9542db96f87c99005d1c7c (127.0.107.194:33233), 88bd7cf42cae49929b68578c00430946 (127.0.107.195:43461)
I20260713 09:00:12.028098  1715 tablet_service.cc:1917] Received RequestConsensusVote() RPC: tablet_id: "2c348381fcc645739ba53a46d05b7e70" candidate_uuid: "9d569b27ddc04da1ba906898199833c4" candidate_term: 1 candidate_status { last_received { term: 0 index: 0 } } ignore_live_leader: false dest_uuid: "88bd7cf42cae49929b68578c00430946"
I20260713 09:00:12.028837  1638 tablet_service.cc:1917] Received RequestConsensusVote() RPC: tablet_id: "2c348381fcc645739ba53a46d05b7e70" candidate_uuid: "9d569b27ddc04da1ba906898199833c4" candidate_term: 1 candidate_status { last_received { term: 0 index: 0 } } ignore_live_leader: false dest_uuid: "dfb09d896e9542db96f87c99005d1c7c"
W20260713 09:00:12.029505  1532 leader_election.cc:343] T 2c348381fcc645739ba53a46d05b7e70 P 9d569b27ddc04da1ba906898199833c4 [CANDIDATE]: Term 1 election: Tablet error from VoteRequest() call to peer 88bd7cf42cae49929b68578c00430946 (127.0.107.195:43461): Illegal state: must be running to vote when last-logged opid is not known
I20260713 09:00:12.029604  1638 raft_consensus.cc:3060] T 2c348381fcc645739ba53a46d05b7e70 P dfb09d896e9542db96f87c99005d1c7c [term 0 FOLLOWER]: Advancing to term 1
I20260713 09:00:12.035480  1867 consensus_queue.cc:1048] T 001c4adb0bf34a41b8d61c23917b330a P 88bd7cf42cae49929b68578c00430946 [LEADER]: Connected to new peer: Peer: permanent_uuid: "9d569b27ddc04da1ba906898199833c4" member_type: VOTER last_known_addr { host: "127.0.107.193" port: 41611 }, Status: LMP_MISMATCH, Last received: 0.0, Next index: 1, Last known committed idx: 0, Time since last communication: 0.001s
I20260713 09:00:12.018004  1463 catalog_manager.cc:5697] T 977ed5d08a534478baa63625ac8b27f2 P dfb09d896e9542db96f87c99005d1c7c reported cstate change: term changed from 0 to 1, leader changed from <none> to dfb09d896e9542db96f87c99005d1c7c (127.0.107.194). New cstate: current_term: 1 leader_uuid: "dfb09d896e9542db96f87c99005d1c7c" committed_config { opid_index: -1 OBSOLETE_local: false peers { permanent_uuid: "9d569b27ddc04da1ba906898199833c4" member_type: VOTER last_known_addr { host: "127.0.107.193" port: 41611 } health_report { overall_health: UNKNOWN } } peers { permanent_uuid: "dfb09d896e9542db96f87c99005d1c7c" member_type: VOTER last_known_addr { host: "127.0.107.194" port: 33233 } health_report { overall_health: HEALTHY } } peers { permanent_uuid: "88bd7cf42cae49929b68578c00430946" member_type: VOTER last_known_addr { host: "127.0.107.195" port: 43461 } health_report { overall_health: UNKNOWN } } }
I20260713 09:00:12.033627  1714 raft_consensus.cc:2468] T b43878840a934283b967e692840e6042 P 88bd7cf42cae49929b68578c00430946 [term 1 FOLLOWER]: Leader election vote request: Granting yes vote for candidate 9d569b27ddc04da1ba906898199833c4 in term 1.
I20260713 09:00:12.049372  1532 leader_election.cc:304] T b43878840a934283b967e692840e6042 P 9d569b27ddc04da1ba906898199833c4 [CANDIDATE]: Term 1 election: Election decided. Result: candidate won. Election summary: received 2 responses out of 3 voters: 2 yes votes; 0 no votes. yes voters: 88bd7cf42cae49929b68578c00430946, 9d569b27ddc04da1ba906898199833c4; no voters: 
I20260713 09:00:12.051434  1864 raft_consensus.cc:2804] T b43878840a934283b967e692840e6042 P 9d569b27ddc04da1ba906898199833c4 [term 1 FOLLOWER]: Leader election won for term 1
I20260713 09:00:12.053752  1864 raft_consensus.cc:697] T b43878840a934283b967e692840e6042 P 9d569b27ddc04da1ba906898199833c4 [term 1 LEADER]: Becoming Leader. State: Replica: 9d569b27ddc04da1ba906898199833c4, State: Running, Role: LEADER
I20260713 09:00:12.054632  1864 consensus_queue.cc:237] T b43878840a934283b967e692840e6042 P 9d569b27ddc04da1ba906898199833c4 [LEADER]: Queue going to LEADER mode. State: All replicated index: 0, Majority replicated index: 0, Committed index: 0, Last appended: 0.0, Last appended by leader: 0, Current term: 1, Majority size: 2, State: 0, Mode: LEADER, active raft config: opid_index: -1 OBSOLETE_local: false peers { permanent_uuid: "9d569b27ddc04da1ba906898199833c4" member_type: VOTER last_known_addr { host: "127.0.107.193" port: 41611 } } peers { permanent_uuid: "dfb09d896e9542db96f87c99005d1c7c" member_type: VOTER last_known_addr { host: "127.0.107.194" port: 33233 } } peers { permanent_uuid: "88bd7cf42cae49929b68578c00430946" member_type: VOTER last_known_addr { host: "127.0.107.195" port: 43461 } }
I20260713 09:00:12.062928  1757 tablet_bootstrap.cc:492] T 09a66a0256ab44cdb2ca39b2f1a42f74 P 88bd7cf42cae49929b68578c00430946: No bootstrap required, opened a new log
I20260713 09:00:12.063427  1757 ts_tablet_manager.cc:1403] T 09a66a0256ab44cdb2ca39b2f1a42f74 P 88bd7cf42cae49929b68578c00430946: Time spent bootstrapping tablet: real 0.212s	user 0.011s	sys 0.018s
I20260713 09:00:12.066673  1757 raft_consensus.cc:359] T 09a66a0256ab44cdb2ca39b2f1a42f74 P 88bd7cf42cae49929b68578c00430946 [term 0 FOLLOWER]: Replica starting. Triggering 0 pending ops. Active config: opid_index: -1 OBSOLETE_local: false peers { permanent_uuid: "9d569b27ddc04da1ba906898199833c4" member_type: VOTER last_known_addr { host: "127.0.107.193" port: 41611 } } peers { permanent_uuid: "dfb09d896e9542db96f87c99005d1c7c" member_type: VOTER last_known_addr { host: "127.0.107.194" port: 33233 } } peers { permanent_uuid: "88bd7cf42cae49929b68578c00430946" member_type: VOTER last_known_addr { host: "127.0.107.195" port: 43461 } }
I20260713 09:00:12.067193  1757 raft_consensus.cc:385] T 09a66a0256ab44cdb2ca39b2f1a42f74 P 88bd7cf42cae49929b68578c00430946 [term 0 FOLLOWER]: Consensus starting up: Expiring failure detector timer to make a prompt election more likely
I20260713 09:00:12.067417  1757 raft_consensus.cc:740] T 09a66a0256ab44cdb2ca39b2f1a42f74 P 88bd7cf42cae49929b68578c00430946 [term 0 FOLLOWER]: Becoming Follower/Learner. State: Replica: 88bd7cf42cae49929b68578c00430946, State: Initialized, Role: FOLLOWER
I20260713 09:00:12.067976  1757 consensus_queue.cc:260] T 09a66a0256ab44cdb2ca39b2f1a42f74 P 88bd7cf42cae49929b68578c00430946 [NON_LEADER]: Queue going to NON_LEADER mode. State: All replicated index: 0, Majority replicated index: 0, Committed index: 0, Last appended: 0.0, Last appended by leader: 0, Current term: 0, Majority size: -1, State: 0, Mode: NON_LEADER, active raft config: opid_index: -1 OBSOLETE_local: false peers { permanent_uuid: "9d569b27ddc04da1ba906898199833c4" member_type: VOTER last_known_addr { host: "127.0.107.193" port: 41611 } } peers { permanent_uuid: "dfb09d896e9542db96f87c99005d1c7c" member_type: VOTER last_known_addr { host: "127.0.107.194" port: 33233 } } peers { permanent_uuid: "88bd7cf42cae49929b68578c00430946" member_type: VOTER last_known_addr { host: "127.0.107.195" port: 43461 } }
I20260713 09:00:12.068630  1755 tablet_bootstrap.cc:492] T 63b75b3ec580426cb47de12e3e7b1508 P dfb09d896e9542db96f87c99005d1c7c: No bootstrap required, opened a new log
I20260713 09:00:12.069698  1755 ts_tablet_manager.cc:1403] T 63b75b3ec580426cb47de12e3e7b1508 P dfb09d896e9542db96f87c99005d1c7c: Time spent bootstrapping tablet: real 0.282s	user 0.011s	sys 0.006s
I20260713 09:00:12.070134  1757 ts_tablet_manager.cc:1434] T 09a66a0256ab44cdb2ca39b2f1a42f74 P 88bd7cf42cae49929b68578c00430946: Time spent starting tablet: real 0.006s	user 0.004s	sys 0.004s
I20260713 09:00:12.077811  1858 consensus_queue.cc:1048] T 001c4adb0bf34a41b8d61c23917b330a P 88bd7cf42cae49929b68578c00430946 [LEADER]: Connected to new peer: Peer: permanent_uuid: "dfb09d896e9542db96f87c99005d1c7c" member_type: VOTER last_known_addr { host: "127.0.107.194" port: 33233 }, Status: LMP_MISMATCH, Last received: 0.0, Next index: 1, Last known committed idx: 0, Time since last communication: 0.017s
I20260713 09:00:12.096773  1757 tablet_bootstrap.cc:492] T 4c9a5d0414bd466aae0445e2dc00262f P 88bd7cf42cae49929b68578c00430946: Bootstrap starting.
I20260713 09:00:12.096947  1464 catalog_manager.cc:5697] T 35de778cb0834d51bb652beefbeeea00 P 88bd7cf42cae49929b68578c00430946 reported cstate change: term changed from 0 to 1, leader changed from <none> to 88bd7cf42cae49929b68578c00430946 (127.0.107.195). New cstate: current_term: 1 leader_uuid: "88bd7cf42cae49929b68578c00430946" committed_config { opid_index: -1 OBSOLETE_local: false peers { permanent_uuid: "9d569b27ddc04da1ba906898199833c4" member_type: VOTER last_known_addr { host: "127.0.107.193" port: 41611 } health_report { overall_health: UNKNOWN } } peers { permanent_uuid: "dfb09d896e9542db96f87c99005d1c7c" member_type: VOTER last_known_addr { host: "127.0.107.194" port: 33233 } health_report { overall_health: UNKNOWN } } peers { permanent_uuid: "88bd7cf42cae49929b68578c00430946" member_type: VOTER last_known_addr { host: "127.0.107.195" port: 43461 } health_report { overall_health: HEALTHY } } }
I20260713 09:00:12.101822  1756 tablet_bootstrap.cc:654] T b4bcd40d330948b8bc0c5d4bd8e8b825 P 9d569b27ddc04da1ba906898199833c4: Neither blocks nor log segments found. Creating new log.
I20260713 09:00:12.102149  1755 raft_consensus.cc:359] T 63b75b3ec580426cb47de12e3e7b1508 P dfb09d896e9542db96f87c99005d1c7c [term 0 FOLLOWER]: Replica starting. Triggering 0 pending ops. Active config: opid_index: -1 OBSOLETE_local: false peers { permanent_uuid: "9d569b27ddc04da1ba906898199833c4" member_type: VOTER last_known_addr { host: "127.0.107.193" port: 41611 } } peers { permanent_uuid: "dfb09d896e9542db96f87c99005d1c7c" member_type: VOTER last_known_addr { host: "127.0.107.194" port: 33233 } } peers { permanent_uuid: "88bd7cf42cae49929b68578c00430946" member_type: VOTER last_known_addr { host: "127.0.107.195" port: 43461 } }
I20260713 09:00:12.102660  1755 raft_consensus.cc:385] T 63b75b3ec580426cb47de12e3e7b1508 P dfb09d896e9542db96f87c99005d1c7c [term 0 FOLLOWER]: Consensus starting up: Expiring failure detector timer to make a prompt election more likely
I20260713 09:00:12.102875  1755 raft_consensus.cc:740] T 63b75b3ec580426cb47de12e3e7b1508 P dfb09d896e9542db96f87c99005d1c7c [term 0 FOLLOWER]: Becoming Follower/Learner. State: Replica: dfb09d896e9542db96f87c99005d1c7c, State: Initialized, Role: FOLLOWER
I20260713 09:00:12.106117  1755 consensus_queue.cc:260] T 63b75b3ec580426cb47de12e3e7b1508 P dfb09d896e9542db96f87c99005d1c7c [NON_LEADER]: Queue going to NON_LEADER mode. State: All replicated index: 0, Majority replicated index: 0, Committed index: 0, Last appended: 0.0, Last appended by leader: 0, Current term: 0, Majority size: -1, State: 0, Mode: NON_LEADER, active raft config: opid_index: -1 OBSOLETE_local: false peers { permanent_uuid: "9d569b27ddc04da1ba906898199833c4" member_type: VOTER last_known_addr { host: "127.0.107.193" port: 41611 } } peers { permanent_uuid: "dfb09d896e9542db96f87c99005d1c7c" member_type: VOTER last_known_addr { host: "127.0.107.194" port: 33233 } } peers { permanent_uuid: "88bd7cf42cae49929b68578c00430946" member_type: VOTER last_known_addr { host: "127.0.107.195" port: 43461 } }
I20260713 09:00:12.108577  1755 ts_tablet_manager.cc:1434] T 63b75b3ec580426cb47de12e3e7b1508 P dfb09d896e9542db96f87c99005d1c7c: Time spent starting tablet: real 0.014s	user 0.007s	sys 0.000s
I20260713 09:00:12.108983  1757 tablet_bootstrap.cc:654] T 4c9a5d0414bd466aae0445e2dc00262f P 88bd7cf42cae49929b68578c00430946: Neither blocks nor log segments found. Creating new log.
I20260713 09:00:12.109458  1755 tablet_bootstrap.cc:492] T 1894e61bba434c538385ce2ca45c0375 P dfb09d896e9542db96f87c99005d1c7c: Bootstrap starting.
I20260713 09:00:12.116729  1864 raft_consensus.cc:493] T b4f533d6892a432da7f96f4560b0faca P 9d569b27ddc04da1ba906898199833c4 [term 0 FOLLOWER]: Starting pre-election (no leader contacted us within the election timeout)
I20260713 09:00:12.117312  1864 raft_consensus.cc:515] T b4f533d6892a432da7f96f4560b0faca P 9d569b27ddc04da1ba906898199833c4 [term 0 FOLLOWER]: Starting pre-election with config: opid_index: -1 OBSOLETE_local: false peers { permanent_uuid: "9d569b27ddc04da1ba906898199833c4" member_type: VOTER last_known_addr { host: "127.0.107.193" port: 41611 } } peers { permanent_uuid: "dfb09d896e9542db96f87c99005d1c7c" member_type: VOTER last_known_addr { host: "127.0.107.194" port: 33233 } } peers { permanent_uuid: "88bd7cf42cae49929b68578c00430946" member_type: VOTER last_known_addr { host: "127.0.107.195" port: 43461 } }
I20260713 09:00:12.119556  1864 leader_election.cc:290] T b4f533d6892a432da7f96f4560b0faca P 9d569b27ddc04da1ba906898199833c4 [CANDIDATE]: Term 1 pre-election: Requested pre-vote from peers dfb09d896e9542db96f87c99005d1c7c (127.0.107.194:33233), 88bd7cf42cae49929b68578c00430946 (127.0.107.195:43461)
I20260713 09:00:12.124743  1563 raft_consensus.cc:2468] T 35de778cb0834d51bb652beefbeeea00 P 9d569b27ddc04da1ba906898199833c4 [term 1 FOLLOWER]: Leader election vote request: Granting yes vote for candidate 88bd7cf42cae49929b68578c00430946 in term 1.
I20260713 09:00:12.125669  1756 tablet_bootstrap.cc:492] T b4bcd40d330948b8bc0c5d4bd8e8b825 P 9d569b27ddc04da1ba906898199833c4: No bootstrap required, opened a new log
I20260713 09:00:12.126185  1756 ts_tablet_manager.cc:1403] T b4bcd40d330948b8bc0c5d4bd8e8b825 P 9d569b27ddc04da1ba906898199833c4: Time spent bootstrapping tablet: real 0.183s	user 0.012s	sys 0.007s
I20260713 09:00:12.128890  1756 raft_consensus.cc:359] T b4bcd40d330948b8bc0c5d4bd8e8b825 P 9d569b27ddc04da1ba906898199833c4 [term 0 FOLLOWER]: Replica starting. Triggering 0 pending ops. Active config: opid_index: -1 OBSOLETE_local: false peers { permanent_uuid: "9d569b27ddc04da1ba906898199833c4" member_type: VOTER last_known_addr { host: "127.0.107.193" port: 41611 } } peers { permanent_uuid: "dfb09d896e9542db96f87c99005d1c7c" member_type: VOTER last_known_addr { host: "127.0.107.194" port: 33233 } } peers { permanent_uuid: "88bd7cf42cae49929b68578c00430946" member_type: VOTER last_known_addr { host: "127.0.107.195" port: 43461 } }
I20260713 09:00:12.130128  1756 raft_consensus.cc:385] T b4bcd40d330948b8bc0c5d4bd8e8b825 P 9d569b27ddc04da1ba906898199833c4 [term 0 FOLLOWER]: Consensus starting up: Expiring failure detector timer to make a prompt election more likely
I20260713 09:00:12.130441  1756 raft_consensus.cc:740] T b4bcd40d330948b8bc0c5d4bd8e8b825 P 9d569b27ddc04da1ba906898199833c4 [term 0 FOLLOWER]: Becoming Follower/Learner. State: Replica: 9d569b27ddc04da1ba906898199833c4, State: Initialized, Role: FOLLOWER
I20260713 09:00:12.131248  1756 consensus_queue.cc:260] T b4bcd40d330948b8bc0c5d4bd8e8b825 P 9d569b27ddc04da1ba906898199833c4 [NON_LEADER]: Queue going to NON_LEADER mode. State: All replicated index: 0, Majority replicated index: 0, Committed index: 0, Last appended: 0.0, Last appended by leader: 0, Current term: 0, Majority size: -1, State: 0, Mode: NON_LEADER, active raft config: opid_index: -1 OBSOLETE_local: false peers { permanent_uuid: "9d569b27ddc04da1ba906898199833c4" member_type: VOTER last_known_addr { host: "127.0.107.193" port: 41611 } } peers { permanent_uuid: "dfb09d896e9542db96f87c99005d1c7c" member_type: VOTER last_known_addr { host: "127.0.107.194" port: 33233 } } peers { permanent_uuid: "88bd7cf42cae49929b68578c00430946" member_type: VOTER last_known_addr { host: "127.0.107.195" port: 43461 } }
I20260713 09:00:12.132333  1755 tablet_bootstrap.cc:654] T 1894e61bba434c538385ce2ca45c0375 P dfb09d896e9542db96f87c99005d1c7c: Neither blocks nor log segments found. Creating new log.
I20260713 09:00:12.133018  1641 raft_consensus.cc:2468] T b43878840a934283b967e692840e6042 P dfb09d896e9542db96f87c99005d1c7c [term 1 FOLLOWER]: Leader election vote request: Granting yes vote for candidate 9d569b27ddc04da1ba906898199833c4 in term 1.
I20260713 09:00:12.133777  1756 ts_tablet_manager.cc:1434] T b4bcd40d330948b8bc0c5d4bd8e8b825 P 9d569b27ddc04da1ba906898199833c4: Time spent starting tablet: real 0.007s	user 0.006s	sys 0.000s
I20260713 09:00:12.134749  1756 tablet_bootstrap.cc:492] T 3f4c8b2377e945fabe7459e0ee68c1d8 P 9d569b27ddc04da1ba906898199833c4: Bootstrap starting.
I20260713 09:00:12.122337  1712 tablet_service.cc:1917] Received RequestConsensusVote() RPC: tablet_id: "b4f533d6892a432da7f96f4560b0faca" candidate_uuid: "9d569b27ddc04da1ba906898199833c4" candidate_term: 1 candidate_status { last_received { term: 0 index: 0 } } ignore_live_leader: false dest_uuid: "88bd7cf42cae49929b68578c00430946" is_pre_election: true
I20260713 09:00:12.136366  1712 raft_consensus.cc:2468] T b4f533d6892a432da7f96f4560b0faca P 88bd7cf42cae49929b68578c00430946 [term 0 FOLLOWER]: Leader pre-election vote request: Granting yes vote for candidate 9d569b27ddc04da1ba906898199833c4 in term 0.
I20260713 09:00:12.138000  1793 consensus_queue.cc:1048] T 4e3ccd83af40461ebf365386a27fff64 P dfb09d896e9542db96f87c99005d1c7c [LEADER]: Connected to new peer: Peer: permanent_uuid: "88bd7cf42cae49929b68578c00430946" member_type: VOTER last_known_addr { host: "127.0.107.195" port: 43461 }, Status: LMP_MISMATCH, Last received: 0.0, Next index: 1, Last known committed idx: 0, Time since last communication: 0.000s
I20260713 09:00:12.139176  1532 leader_election.cc:304] T b4f533d6892a432da7f96f4560b0faca P 9d569b27ddc04da1ba906898199833c4 [CANDIDATE]: Term 1 pre-election: Election decided. Result: candidate won. Election summary: received 2 responses out of 3 voters: 2 yes votes; 0 no votes. yes voters: 88bd7cf42cae49929b68578c00430946, 9d569b27ddc04da1ba906898199833c4; no voters: 
I20260713 09:00:12.139930  1757 tablet_bootstrap.cc:492] T 4c9a5d0414bd466aae0445e2dc00262f P 88bd7cf42cae49929b68578c00430946: No bootstrap required, opened a new log
I20260713 09:00:12.139699  1637 tablet_service.cc:1917] Received RequestConsensusVote() RPC: tablet_id: "b4f533d6892a432da7f96f4560b0faca" candidate_uuid: "9d569b27ddc04da1ba906898199833c4" candidate_term: 1 candidate_status { last_received { term: 0 index: 0 } } ignore_live_leader: false dest_uuid: "dfb09d896e9542db96f87c99005d1c7c" is_pre_election: true
I20260713 09:00:12.140048  1864 raft_consensus.cc:2804] T b4f533d6892a432da7f96f4560b0faca P 9d569b27ddc04da1ba906898199833c4 [term 0 FOLLOWER]: Leader pre-election won for term 1
I20260713 09:00:12.140553  1757 ts_tablet_manager.cc:1403] T 4c9a5d0414bd466aae0445e2dc00262f P 88bd7cf42cae49929b68578c00430946: Time spent bootstrapping tablet: real 0.045s	user 0.011s	sys 0.003s
I20260713 09:00:12.140518  1864 raft_consensus.cc:493] T b4f533d6892a432da7f96f4560b0faca P 9d569b27ddc04da1ba906898199833c4 [term 0 FOLLOWER]: Starting leader election (no leader contacted us within the election timeout)
I20260713 09:00:12.141050  1864 raft_consensus.cc:3060] T b4f533d6892a432da7f96f4560b0faca P 9d569b27ddc04da1ba906898199833c4 [term 0 FOLLOWER]: Advancing to term 1
I20260713 09:00:12.143720  1756 tablet_bootstrap.cc:654] T 3f4c8b2377e945fabe7459e0ee68c1d8 P 9d569b27ddc04da1ba906898199833c4: Neither blocks nor log segments found. Creating new log.
W20260713 09:00:12.144819  1531 leader_election.cc:343] T b4f533d6892a432da7f96f4560b0faca P 9d569b27ddc04da1ba906898199833c4 [CANDIDATE]: Term 1 pre-election: Tablet error from VoteRequest() call to peer dfb09d896e9542db96f87c99005d1c7c (127.0.107.194:33233): Illegal state: must be running to vote when last-logged opid is not known
I20260713 09:00:12.152644  1757 raft_consensus.cc:359] T 4c9a5d0414bd466aae0445e2dc00262f P 88bd7cf42cae49929b68578c00430946 [term 0 FOLLOWER]: Replica starting. Triggering 0 pending ops. Active config: opid_index: -1 OBSOLETE_local: false peers { permanent_uuid: "9d569b27ddc04da1ba906898199833c4" member_type: VOTER last_known_addr { host: "127.0.107.193" port: 41611 } } peers { permanent_uuid: "dfb09d896e9542db96f87c99005d1c7c" member_type: VOTER last_known_addr { host: "127.0.107.194" port: 33233 } } peers { permanent_uuid: "88bd7cf42cae49929b68578c00430946" member_type: VOTER last_known_addr { host: "127.0.107.195" port: 43461 } }
I20260713 09:00:12.153574  1757 raft_consensus.cc:385] T 4c9a5d0414bd466aae0445e2dc00262f P 88bd7cf42cae49929b68578c00430946 [term 0 FOLLOWER]: Consensus starting up: Expiring failure detector timer to make a prompt election more likely
I20260713 09:00:12.153885  1757 raft_consensus.cc:740] T 4c9a5d0414bd466aae0445e2dc00262f P 88bd7cf42cae49929b68578c00430946 [term 0 FOLLOWER]: Becoming Follower/Learner. State: Replica: 88bd7cf42cae49929b68578c00430946, State: Initialized, Role: FOLLOWER
I20260713 09:00:12.152740  1459 catalog_manager.cc:5697] T b43878840a934283b967e692840e6042 P 9d569b27ddc04da1ba906898199833c4 reported cstate change: term changed from 0 to 1, leader changed from <none> to 9d569b27ddc04da1ba906898199833c4 (127.0.107.193). New cstate: current_term: 1 leader_uuid: "9d569b27ddc04da1ba906898199833c4" committed_config { opid_index: -1 OBSOLETE_local: false peers { permanent_uuid: "9d569b27ddc04da1ba906898199833c4" member_type: VOTER last_known_addr { host: "127.0.107.193" port: 41611 } health_report { overall_health: HEALTHY } } peers { permanent_uuid: "dfb09d896e9542db96f87c99005d1c7c" member_type: VOTER last_known_addr { host: "127.0.107.194" port: 33233 } health_report { overall_health: UNKNOWN } } peers { permanent_uuid: "88bd7cf42cae49929b68578c00430946" member_type: VOTER last_known_addr { host: "127.0.107.195" port: 43461 } health_report { overall_health: UNKNOWN } } }
I20260713 09:00:12.154588  1757 consensus_queue.cc:260] T 4c9a5d0414bd466aae0445e2dc00262f P 88bd7cf42cae49929b68578c00430946 [NON_LEADER]: Queue going to NON_LEADER mode. State: All replicated index: 0, Majority replicated index: 0, Committed index: 0, Last appended: 0.0, Last appended by leader: 0, Current term: 0, Majority size: -1, State: 0, Mode: NON_LEADER, active raft config: opid_index: -1 OBSOLETE_local: false peers { permanent_uuid: "9d569b27ddc04da1ba906898199833c4" member_type: VOTER last_known_addr { host: "127.0.107.193" port: 41611 } } peers { permanent_uuid: "dfb09d896e9542db96f87c99005d1c7c" member_type: VOTER last_known_addr { host: "127.0.107.194" port: 33233 } } peers { permanent_uuid: "88bd7cf42cae49929b68578c00430946" member_type: VOTER last_known_addr { host: "127.0.107.195" port: 43461 } }
I20260713 09:00:12.155644  1756 tablet_bootstrap.cc:492] T 3f4c8b2377e945fabe7459e0ee68c1d8 P 9d569b27ddc04da1ba906898199833c4: No bootstrap required, opened a new log
I20260713 09:00:12.156090  1756 ts_tablet_manager.cc:1403] T 3f4c8b2377e945fabe7459e0ee68c1d8 P 9d569b27ddc04da1ba906898199833c4: Time spent bootstrapping tablet: real 0.022s	user 0.013s	sys 0.004s
I20260713 09:00:12.156675  1761 raft_consensus.cc:493] T dcd2a499251140fea313e502fff76d37 P 9d569b27ddc04da1ba906898199833c4 [term 0 FOLLOWER]: Starting pre-election (no leader contacted us within the election timeout)
I20260713 09:00:12.157125  1761 raft_consensus.cc:515] T dcd2a499251140fea313e502fff76d37 P 9d569b27ddc04da1ba906898199833c4 [term 0 FOLLOWER]: Starting pre-election with config: opid_index: -1 OBSOLETE_local: false peers { permanent_uuid: "9d569b27ddc04da1ba906898199833c4" member_type: VOTER last_known_addr { host: "127.0.107.193" port: 41611 } } peers { permanent_uuid: "dfb09d896e9542db96f87c99005d1c7c" member_type: VOTER last_known_addr { host: "127.0.107.194" port: 33233 } } peers { permanent_uuid: "88bd7cf42cae49929b68578c00430946" member_type: VOTER last_known_addr { host: "127.0.107.195" port: 43461 } }
I20260713 09:00:12.158054  1757 ts_tablet_manager.cc:1434] T 4c9a5d0414bd466aae0445e2dc00262f P 88bd7cf42cae49929b68578c00430946: Time spent starting tablet: real 0.009s	user 0.006s	sys 0.001s
I20260713 09:00:12.159411  1757 tablet_bootstrap.cc:492] T 2875826320ad46e0970fb81562b57391 P 88bd7cf42cae49929b68578c00430946: Bootstrap starting.
I20260713 09:00:12.159830  1761 leader_election.cc:290] T dcd2a499251140fea313e502fff76d37 P 9d569b27ddc04da1ba906898199833c4 [CANDIDATE]: Term 1 pre-election: Requested pre-vote from peers dfb09d896e9542db96f87c99005d1c7c (127.0.107.194:33233), 88bd7cf42cae49929b68578c00430946 (127.0.107.195:43461)
I20260713 09:00:12.161084  1714 tablet_service.cc:1917] Received RequestConsensusVote() RPC: tablet_id: "dcd2a499251140fea313e502fff76d37" candidate_uuid: "9d569b27ddc04da1ba906898199833c4" candidate_term: 1 candidate_status { last_received { term: 0 index: 0 } } ignore_live_leader: false dest_uuid: "88bd7cf42cae49929b68578c00430946" is_pre_election: true
I20260713 09:00:12.163136  1756 raft_consensus.cc:359] T 3f4c8b2377e945fabe7459e0ee68c1d8 P 9d569b27ddc04da1ba906898199833c4 [term 0 FOLLOWER]: Replica starting. Triggering 0 pending ops. Active config: opid_index: -1 OBSOLETE_local: false peers { permanent_uuid: "9d569b27ddc04da1ba906898199833c4" member_type: VOTER last_known_addr { host: "127.0.107.193" port: 41611 } } peers { permanent_uuid: "dfb09d896e9542db96f87c99005d1c7c" member_type: VOTER last_known_addr { host: "127.0.107.194" port: 33233 } } peers { permanent_uuid: "88bd7cf42cae49929b68578c00430946" member_type: VOTER last_known_addr { host: "127.0.107.195" port: 43461 } }
I20260713 09:00:12.164009  1756 raft_consensus.cc:385] T 3f4c8b2377e945fabe7459e0ee68c1d8 P 9d569b27ddc04da1ba906898199833c4 [term 0 FOLLOWER]: Consensus starting up: Expiring failure detector timer to make a prompt election more likely
I20260713 09:00:12.164352  1756 raft_consensus.cc:740] T 3f4c8b2377e945fabe7459e0ee68c1d8 P 9d569b27ddc04da1ba906898199833c4 [term 0 FOLLOWER]: Becoming Follower/Learner. State: Replica: 9d569b27ddc04da1ba906898199833c4, State: Initialized, Role: FOLLOWER
I20260713 09:00:12.165444  1756 consensus_queue.cc:260] T 3f4c8b2377e945fabe7459e0ee68c1d8 P 9d569b27ddc04da1ba906898199833c4 [NON_LEADER]: Queue going to NON_LEADER mode. State: All replicated index: 0, Majority replicated index: 0, Committed index: 0, Last appended: 0.0, Last appended by leader: 0, Current term: 0, Majority size: -1, State: 0, Mode: NON_LEADER, active raft config: opid_index: -1 OBSOLETE_local: false peers { permanent_uuid: "9d569b27ddc04da1ba906898199833c4" member_type: VOTER last_known_addr { host: "127.0.107.193" port: 41611 } } peers { permanent_uuid: "dfb09d896e9542db96f87c99005d1c7c" member_type: VOTER last_known_addr { host: "127.0.107.194" port: 33233 } } peers { permanent_uuid: "88bd7cf42cae49929b68578c00430946" member_type: VOTER last_known_addr { host: "127.0.107.195" port: 43461 } }
I20260713 09:00:12.168326  1637 tablet_service.cc:1917] Received RequestConsensusVote() RPC: tablet_id: "dcd2a499251140fea313e502fff76d37" candidate_uuid: "9d569b27ddc04da1ba906898199833c4" candidate_term: 1 candidate_status { last_received { term: 0 index: 0 } } ignore_live_leader: false dest_uuid: "dfb09d896e9542db96f87c99005d1c7c" is_pre_election: true
I20260713 09:00:12.168850  1756 ts_tablet_manager.cc:1434] T 3f4c8b2377e945fabe7459e0ee68c1d8 P 9d569b27ddc04da1ba906898199833c4: Time spent starting tablet: real 0.012s	user 0.009s	sys 0.000s
I20260713 09:00:12.169163  1637 raft_consensus.cc:2393] T dcd2a499251140fea313e502fff76d37 P dfb09d896e9542db96f87c99005d1c7c [term 1 FOLLOWER]: Leader pre-election vote request: Denying vote to candidate 9d569b27ddc04da1ba906898199833c4 in current term 1: Already voted for candidate 88bd7cf42cae49929b68578c00430946 in this term.
I20260713 09:00:12.170483  1531 leader_election.cc:304] T dcd2a499251140fea313e502fff76d37 P 9d569b27ddc04da1ba906898199833c4 [CANDIDATE]: Term 1 pre-election: Election decided. Result: candidate lost. Election summary: received 3 responses out of 3 voters: 1 yes votes; 2 no votes. yes voters: 9d569b27ddc04da1ba906898199833c4; no voters: 88bd7cf42cae49929b68578c00430946, dfb09d896e9542db96f87c99005d1c7c
I20260713 09:00:12.172338  1757 tablet_bootstrap.cc:654] T 2875826320ad46e0970fb81562b57391 P 88bd7cf42cae49929b68578c00430946: Neither blocks nor log segments found. Creating new log.
