I20260713 09:07:35.680068 16780 ts_tablet_manager.cc:1403] T b2f4a7b785bc4c5197f5ba876719f541 P 67a3990d4482497ab37901fc78012587: Time spent bootstrapping tablet: real 0.031s	user 0.020s	sys 0.008s
I20260713 09:07:35.682392 16781 tablet_bootstrap.cc:492] T 16d86bb183fd432dae714a1cb8066c0b P 795fb5689e1b48b4a356de9e9d5e76fe: No bootstrap required, opened a new log
I20260713 09:07:35.683769 16781 ts_tablet_manager.cc:1403] T 16d86bb183fd432dae714a1cb8066c0b P 795fb5689e1b48b4a356de9e9d5e76fe: Time spent bootstrapping tablet: real 0.051s	user 0.011s	sys 0.005s
I20260713 09:07:35.683548 16780 raft_consensus.cc:359] T b2f4a7b785bc4c5197f5ba876719f541 P 67a3990d4482497ab37901fc78012587 [term 0 FOLLOWER]: Replica starting. Triggering 0 pending ops. Active config: opid_index: -1 OBSOLETE_local: false peers { permanent_uuid: "dcca3f540d4040448eb64b001ebdcdc2" member_type: VOTER last_known_addr { host: "127.16.17.65" port: 46193 } } peers { permanent_uuid: "67a3990d4482497ab37901fc78012587" member_type: VOTER last_known_addr { host: "127.16.17.66" port: 38247 } } peers { permanent_uuid: "795fb5689e1b48b4a356de9e9d5e76fe" member_type: VOTER last_known_addr { host: "127.16.17.67" port: 33561 } }
I20260713 09:07:35.684262 16780 raft_consensus.cc:385] T b2f4a7b785bc4c5197f5ba876719f541 P 67a3990d4482497ab37901fc78012587 [term 0 FOLLOWER]: Consensus starting up: Expiring failure detector timer to make a prompt election more likely
I20260713 09:07:35.684551 16780 raft_consensus.cc:740] T b2f4a7b785bc4c5197f5ba876719f541 P 67a3990d4482497ab37901fc78012587 [term 0 FOLLOWER]: Becoming Follower/Learner. State: Replica: 67a3990d4482497ab37901fc78012587, State: Initialized, Role: FOLLOWER
I20260713 09:07:35.685076 16782 tablet_bootstrap.cc:492] T efec47bc1c324803b82d8c5fbcb8c7d7 P dcca3f540d4040448eb64b001ebdcdc2: No bootstrap required, opened a new log
I20260713 09:07:35.685671 16782 ts_tablet_manager.cc:1403] T efec47bc1c324803b82d8c5fbcb8c7d7 P dcca3f540d4040448eb64b001ebdcdc2: Time spent bootstrapping tablet: real 0.029s	user 0.012s	sys 0.016s
I20260713 09:07:35.685305 16780 consensus_queue.cc:260] T b2f4a7b785bc4c5197f5ba876719f541 P 67a3990d4482497ab37901fc78012587 [NON_LEADER]: Queue going to NON_LEADER mode. State: All replicated index: 0, Majority replicated index: 0, Committed index: 0, Last appended: 0.0, Last appended by leader: 0, Current term: 0, Majority size: -1, State: 0, Mode: NON_LEADER, active raft config: opid_index: -1 OBSOLETE_local: false peers { permanent_uuid: "dcca3f540d4040448eb64b001ebdcdc2" member_type: VOTER last_known_addr { host: "127.16.17.65" port: 46193 } } peers { permanent_uuid: "67a3990d4482497ab37901fc78012587" member_type: VOTER last_known_addr { host: "127.16.17.66" port: 38247 } } peers { permanent_uuid: "795fb5689e1b48b4a356de9e9d5e76fe" member_type: VOTER last_known_addr { host: "127.16.17.67" port: 33561 } }
I20260713 09:07:35.687659 16780 ts_tablet_manager.cc:1434] T b2f4a7b785bc4c5197f5ba876719f541 P 67a3990d4482497ab37901fc78012587: Time spent starting tablet: real 0.007s	user 0.008s	sys 0.000s
I20260713 09:07:35.688386 16782 raft_consensus.cc:359] T efec47bc1c324803b82d8c5fbcb8c7d7 P dcca3f540d4040448eb64b001ebdcdc2 [term 0 FOLLOWER]: Replica starting. Triggering 0 pending ops. Active config: opid_index: -1 OBSOLETE_local: false peers { permanent_uuid: "dcca3f540d4040448eb64b001ebdcdc2" member_type: VOTER last_known_addr { host: "127.16.17.65" port: 46193 } } peers { permanent_uuid: "67a3990d4482497ab37901fc78012587" member_type: VOTER last_known_addr { host: "127.16.17.66" port: 38247 } } peers { permanent_uuid: "795fb5689e1b48b4a356de9e9d5e76fe" member_type: VOTER last_known_addr { host: "127.16.17.67" port: 33561 } }
I20260713 09:07:35.689144 16782 raft_consensus.cc:385] T efec47bc1c324803b82d8c5fbcb8c7d7 P dcca3f540d4040448eb64b001ebdcdc2 [term 0 FOLLOWER]: Consensus starting up: Expiring failure detector timer to make a prompt election more likely
I20260713 09:07:35.689479 16782 raft_consensus.cc:740] T efec47bc1c324803b82d8c5fbcb8c7d7 P dcca3f540d4040448eb64b001ebdcdc2 [term 0 FOLLOWER]: Becoming Follower/Learner. State: Replica: dcca3f540d4040448eb64b001ebdcdc2, State: Initialized, Role: FOLLOWER
I20260713 09:07:35.690312 16782 consensus_queue.cc:260] T efec47bc1c324803b82d8c5fbcb8c7d7 P dcca3f540d4040448eb64b001ebdcdc2 [NON_LEADER]: Queue going to NON_LEADER mode. State: All replicated index: 0, Majority replicated index: 0, Committed index: 0, Last appended: 0.0, Last appended by leader: 0, Current term: 0, Majority size: -1, State: 0, Mode: NON_LEADER, active raft config: opid_index: -1 OBSOLETE_local: false peers { permanent_uuid: "dcca3f540d4040448eb64b001ebdcdc2" member_type: VOTER last_known_addr { host: "127.16.17.65" port: 46193 } } peers { permanent_uuid: "67a3990d4482497ab37901fc78012587" member_type: VOTER last_known_addr { host: "127.16.17.66" port: 38247 } } peers { permanent_uuid: "795fb5689e1b48b4a356de9e9d5e76fe" member_type: VOTER last_known_addr { host: "127.16.17.67" port: 33561 } }
I20260713 09:07:35.688516 16781 raft_consensus.cc:359] T 16d86bb183fd432dae714a1cb8066c0b P 795fb5689e1b48b4a356de9e9d5e76fe [term 0 FOLLOWER]: Replica starting. Triggering 0 pending ops. Active config: opid_index: -1 OBSOLETE_local: false peers { permanent_uuid: "dcca3f540d4040448eb64b001ebdcdc2" member_type: VOTER last_known_addr { host: "127.16.17.65" port: 46193 } } peers { permanent_uuid: "67a3990d4482497ab37901fc78012587" member_type: VOTER last_known_addr { host: "127.16.17.66" port: 38247 } } peers { permanent_uuid: "795fb5689e1b48b4a356de9e9d5e76fe" member_type: VOTER last_known_addr { host: "127.16.17.67" port: 33561 } }
I20260713 09:07:35.693612 16781 raft_consensus.cc:385] T 16d86bb183fd432dae714a1cb8066c0b P 795fb5689e1b48b4a356de9e9d5e76fe [term 0 FOLLOWER]: Consensus starting up: Expiring failure detector timer to make a prompt election more likely
I20260713 09:07:35.693943 16781 raft_consensus.cc:740] T 16d86bb183fd432dae714a1cb8066c0b P 795fb5689e1b48b4a356de9e9d5e76fe [term 0 FOLLOWER]: Becoming Follower/Learner. State: Replica: 795fb5689e1b48b4a356de9e9d5e76fe, State: Initialized, Role: FOLLOWER
I20260713 09:07:35.694635 16781 consensus_queue.cc:260] T 16d86bb183fd432dae714a1cb8066c0b P 795fb5689e1b48b4a356de9e9d5e76fe [NON_LEADER]: Queue going to NON_LEADER mode. State: All replicated index: 0, Majority replicated index: 0, Committed index: 0, Last appended: 0.0, Last appended by leader: 0, Current term: 0, Majority size: -1, State: 0, Mode: NON_LEADER, active raft config: opid_index: -1 OBSOLETE_local: false peers { permanent_uuid: "dcca3f540d4040448eb64b001ebdcdc2" member_type: VOTER last_known_addr { host: "127.16.17.65" port: 46193 } } peers { permanent_uuid: "67a3990d4482497ab37901fc78012587" member_type: VOTER last_known_addr { host: "127.16.17.66" port: 38247 } } peers { permanent_uuid: "795fb5689e1b48b4a356de9e9d5e76fe" member_type: VOTER last_known_addr { host: "127.16.17.67" port: 33561 } }
I20260713 09:07:35.692641 16782 ts_tablet_manager.cc:1434] T efec47bc1c324803b82d8c5fbcb8c7d7 P dcca3f540d4040448eb64b001ebdcdc2: Time spent starting tablet: real 0.007s	user 0.004s	sys 0.000s
I20260713 09:07:35.696446 16782 tablet_bootstrap.cc:492] T 16d86bb183fd432dae714a1cb8066c0b P dcca3f540d4040448eb64b001ebdcdc2: Bootstrap starting.
I20260713 09:07:35.700950 16781 ts_tablet_manager.cc:1434] T 16d86bb183fd432dae714a1cb8066c0b P 795fb5689e1b48b4a356de9e9d5e76fe: Time spent starting tablet: real 0.017s	user 0.006s	sys 0.000s
I20260713 09:07:35.701866 16781 tablet_bootstrap.cc:492] T b2f4a7b785bc4c5197f5ba876719f541 P 795fb5689e1b48b4a356de9e9d5e76fe: Bootstrap starting.
I20260713 09:07:35.707412 16781 tablet_bootstrap.cc:654] T b2f4a7b785bc4c5197f5ba876719f541 P 795fb5689e1b48b4a356de9e9d5e76fe: Neither blocks nor log segments found. Creating new log.
I20260713 09:07:35.711957 16782 tablet_bootstrap.cc:654] T 16d86bb183fd432dae714a1cb8066c0b P dcca3f540d4040448eb64b001ebdcdc2: Neither blocks nor log segments found. Creating new log.
I20260713 09:07:35.712203 16781 tablet_bootstrap.cc:492] T b2f4a7b785bc4c5197f5ba876719f541 P 795fb5689e1b48b4a356de9e9d5e76fe: No bootstrap required, opened a new log
I20260713 09:07:35.712631 16781 ts_tablet_manager.cc:1403] T b2f4a7b785bc4c5197f5ba876719f541 P 795fb5689e1b48b4a356de9e9d5e76fe: Time spent bootstrapping tablet: real 0.011s	user 0.003s	sys 0.006s
I20260713 09:07:35.715982 16782 tablet_bootstrap.cc:492] T 16d86bb183fd432dae714a1cb8066c0b P dcca3f540d4040448eb64b001ebdcdc2: No bootstrap required, opened a new log
I20260713 09:07:35.716770 16782 ts_tablet_manager.cc:1403] T 16d86bb183fd432dae714a1cb8066c0b P dcca3f540d4040448eb64b001ebdcdc2: Time spent bootstrapping tablet: real 0.021s	user 0.010s	sys 0.000s
I20260713 09:07:35.718122 16781 raft_consensus.cc:359] T b2f4a7b785bc4c5197f5ba876719f541 P 795fb5689e1b48b4a356de9e9d5e76fe [term 0 FOLLOWER]: Replica starting. Triggering 0 pending ops. Active config: opid_index: -1 OBSOLETE_local: false peers { permanent_uuid: "dcca3f540d4040448eb64b001ebdcdc2" member_type: VOTER last_known_addr { host: "127.16.17.65" port: 46193 } } peers { permanent_uuid: "67a3990d4482497ab37901fc78012587" member_type: VOTER last_known_addr { host: "127.16.17.66" port: 38247 } } peers { permanent_uuid: "795fb5689e1b48b4a356de9e9d5e76fe" member_type: VOTER last_known_addr { host: "127.16.17.67" port: 33561 } }
I20260713 09:07:35.718454 16782 raft_consensus.cc:359] T 16d86bb183fd432dae714a1cb8066c0b P dcca3f540d4040448eb64b001ebdcdc2 [term 0 FOLLOWER]: Replica starting. Triggering 0 pending ops. Active config: opid_index: -1 OBSOLETE_local: false peers { permanent_uuid: "dcca3f540d4040448eb64b001ebdcdc2" member_type: VOTER last_known_addr { host: "127.16.17.65" port: 46193 } } peers { permanent_uuid: "67a3990d4482497ab37901fc78012587" member_type: VOTER last_known_addr { host: "127.16.17.66" port: 38247 } } peers { permanent_uuid: "795fb5689e1b48b4a356de9e9d5e76fe" member_type: VOTER last_known_addr { host: "127.16.17.67" port: 33561 } }
I20260713 09:07:35.718797 16781 raft_consensus.cc:385] T b2f4a7b785bc4c5197f5ba876719f541 P 795fb5689e1b48b4a356de9e9d5e76fe [term 0 FOLLOWER]: Consensus starting up: Expiring failure detector timer to make a prompt election more likely
I20260713 09:07:35.719019 16782 raft_consensus.cc:385] T 16d86bb183fd432dae714a1cb8066c0b P dcca3f540d4040448eb64b001ebdcdc2 [term 0 FOLLOWER]: Consensus starting up: Expiring failure detector timer to make a prompt election more likely
I20260713 09:07:35.719084 16781 raft_consensus.cc:740] T b2f4a7b785bc4c5197f5ba876719f541 P 795fb5689e1b48b4a356de9e9d5e76fe [term 0 FOLLOWER]: Becoming Follower/Learner. State: Replica: 795fb5689e1b48b4a356de9e9d5e76fe, State: Initialized, Role: FOLLOWER
I20260713 09:07:35.719414 16782 raft_consensus.cc:740] T 16d86bb183fd432dae714a1cb8066c0b P dcca3f540d4040448eb64b001ebdcdc2 [term 0 FOLLOWER]: Becoming Follower/Learner. State: Replica: dcca3f540d4040448eb64b001ebdcdc2, State: Initialized, Role: FOLLOWER
I20260713 09:07:35.719842 16781 consensus_queue.cc:260] T b2f4a7b785bc4c5197f5ba876719f541 P 795fb5689e1b48b4a356de9e9d5e76fe [NON_LEADER]: Queue going to NON_LEADER mode. State: All replicated index: 0, Majority replicated index: 0, Committed index: 0, Last appended: 0.0, Last appended by leader: 0, Current term: 0, Majority size: -1, State: 0, Mode: NON_LEADER, active raft config: opid_index: -1 OBSOLETE_local: false peers { permanent_uuid: "dcca3f540d4040448eb64b001ebdcdc2" member_type: VOTER last_known_addr { host: "127.16.17.65" port: 46193 } } peers { permanent_uuid: "67a3990d4482497ab37901fc78012587" member_type: VOTER last_known_addr { host: "127.16.17.66" port: 38247 } } peers { permanent_uuid: "795fb5689e1b48b4a356de9e9d5e76fe" member_type: VOTER last_known_addr { host: "127.16.17.67" port: 33561 } }
I20260713 09:07:35.720095 16782 consensus_queue.cc:260] T 16d86bb183fd432dae714a1cb8066c0b P dcca3f540d4040448eb64b001ebdcdc2 [NON_LEADER]: Queue going to NON_LEADER mode. State: All replicated index: 0, Majority replicated index: 0, Committed index: 0, Last appended: 0.0, Last appended by leader: 0, Current term: 0, Majority size: -1, State: 0, Mode: NON_LEADER, active raft config: opid_index: -1 OBSOLETE_local: false peers { permanent_uuid: "dcca3f540d4040448eb64b001ebdcdc2" member_type: VOTER last_known_addr { host: "127.16.17.65" port: 46193 } } peers { permanent_uuid: "67a3990d4482497ab37901fc78012587" member_type: VOTER last_known_addr { host: "127.16.17.66" port: 38247 } } peers { permanent_uuid: "795fb5689e1b48b4a356de9e9d5e76fe" member_type: VOTER last_known_addr { host: "127.16.17.67" port: 33561 } }
I20260713 09:07:35.721874 16781 ts_tablet_manager.cc:1434] T b2f4a7b785bc4c5197f5ba876719f541 P 795fb5689e1b48b4a356de9e9d5e76fe: Time spent starting tablet: real 0.006s	user 0.006s	sys 0.000s
I20260713 09:07:35.723563 16782 ts_tablet_manager.cc:1434] T 16d86bb183fd432dae714a1cb8066c0b P dcca3f540d4040448eb64b001ebdcdc2: Time spent starting tablet: real 0.007s	user 0.004s	sys 0.000s
I20260713 09:07:35.724383 16782 tablet_bootstrap.cc:492] T b084f52ac31a458fb3d6c59a26f1cd2b P dcca3f540d4040448eb64b001ebdcdc2: Bootstrap starting.
I20260713 09:07:35.730015 16782 tablet_bootstrap.cc:654] T b084f52ac31a458fb3d6c59a26f1cd2b P dcca3f540d4040448eb64b001ebdcdc2: Neither blocks nor log segments found. Creating new log.
I20260713 09:07:35.737912 16782 tablet_bootstrap.cc:492] T b084f52ac31a458fb3d6c59a26f1cd2b P dcca3f540d4040448eb64b001ebdcdc2: No bootstrap required, opened a new log
I20260713 09:07:35.738258 16782 ts_tablet_manager.cc:1403] T b084f52ac31a458fb3d6c59a26f1cd2b P dcca3f540d4040448eb64b001ebdcdc2: Time spent bootstrapping tablet: real 0.014s	user 0.009s	sys 0.003s
I20260713 09:07:35.740077 16782 raft_consensus.cc:359] T b084f52ac31a458fb3d6c59a26f1cd2b P dcca3f540d4040448eb64b001ebdcdc2 [term 0 FOLLOWER]: Replica starting. Triggering 0 pending ops. Active config: opid_index: -1 OBSOLETE_local: false peers { permanent_uuid: "dcca3f540d4040448eb64b001ebdcdc2" member_type: VOTER last_known_addr { host: "127.16.17.65" port: 46193 } } peers { permanent_uuid: "67a3990d4482497ab37901fc78012587" member_type: VOTER last_known_addr { host: "127.16.17.66" port: 38247 } } peers { permanent_uuid: "795fb5689e1b48b4a356de9e9d5e76fe" member_type: VOTER last_known_addr { host: "127.16.17.67" port: 33561 } }
I20260713 09:07:35.740554 16782 raft_consensus.cc:385] T b084f52ac31a458fb3d6c59a26f1cd2b P dcca3f540d4040448eb64b001ebdcdc2 [term 0 FOLLOWER]: Consensus starting up: Expiring failure detector timer to make a prompt election more likely
I20260713 09:07:35.740830 16782 raft_consensus.cc:740] T b084f52ac31a458fb3d6c59a26f1cd2b P dcca3f540d4040448eb64b001ebdcdc2 [term 0 FOLLOWER]: Becoming Follower/Learner. State: Replica: dcca3f540d4040448eb64b001ebdcdc2, State: Initialized, Role: FOLLOWER
I20260713 09:07:35.741423 16782 consensus_queue.cc:260] T b084f52ac31a458fb3d6c59a26f1cd2b P dcca3f540d4040448eb64b001ebdcdc2 [NON_LEADER]: Queue going to NON_LEADER mode. State: All replicated index: 0, Majority replicated index: 0, Committed index: 0, Last appended: 0.0, Last appended by leader: 0, Current term: 0, Majority size: -1, State: 0, Mode: NON_LEADER, active raft config: opid_index: -1 OBSOLETE_local: false peers { permanent_uuid: "dcca3f540d4040448eb64b001ebdcdc2" member_type: VOTER last_known_addr { host: "127.16.17.65" port: 46193 } } peers { permanent_uuid: "67a3990d4482497ab37901fc78012587" member_type: VOTER last_known_addr { host: "127.16.17.66" port: 38247 } } peers { permanent_uuid: "795fb5689e1b48b4a356de9e9d5e76fe" member_type: VOTER last_known_addr { host: "127.16.17.67" port: 33561 } }
I20260713 09:07:35.743189 16782 ts_tablet_manager.cc:1434] T b084f52ac31a458fb3d6c59a26f1cd2b P dcca3f540d4040448eb64b001ebdcdc2: Time spent starting tablet: real 0.005s	user 0.004s	sys 0.000s
I20260713 09:07:35.764896 16788 raft_consensus.cc:493] T 71f2402f38e540a2bdde66fa5bdaadb3 P dcca3f540d4040448eb64b001ebdcdc2 [term 0 FOLLOWER]: Starting pre-election (no leader contacted us within the election timeout)
I20260713 09:07:35.765342 16788 raft_consensus.cc:515] T 71f2402f38e540a2bdde66fa5bdaadb3 P dcca3f540d4040448eb64b001ebdcdc2 [term 0 FOLLOWER]: Starting pre-election with config: opid_index: -1 OBSOLETE_local: false peers { permanent_uuid: "dcca3f540d4040448eb64b001ebdcdc2" member_type: VOTER last_known_addr { host: "127.16.17.65" port: 46193 } } peers { permanent_uuid: "67a3990d4482497ab37901fc78012587" member_type: VOTER last_known_addr { host: "127.16.17.66" port: 38247 } } peers { permanent_uuid: "795fb5689e1b48b4a356de9e9d5e76fe" member_type: VOTER last_known_addr { host: "127.16.17.67" port: 33561 } }
I20260713 09:07:35.766919 16788 leader_election.cc:290] T 71f2402f38e540a2bdde66fa5bdaadb3 P dcca3f540d4040448eb64b001ebdcdc2 [CANDIDATE]: Term 1 pre-election: Requested pre-vote from peers 67a3990d4482497ab37901fc78012587 (127.16.17.66:38247), 795fb5689e1b48b4a356de9e9d5e76fe (127.16.17.67:33561)
I20260713 09:07:35.767648 16662 tablet_service.cc:1917] Received RequestConsensusVote() RPC: tablet_id: "71f2402f38e540a2bdde66fa5bdaadb3" candidate_uuid: "dcca3f540d4040448eb64b001ebdcdc2" candidate_term: 1 candidate_status { last_received { term: 0 index: 0 } } ignore_live_leader: false dest_uuid: "67a3990d4482497ab37901fc78012587" is_pre_election: true
I20260713 09:07:35.767982 16736 tablet_service.cc:1917] Received RequestConsensusVote() RPC: tablet_id: "71f2402f38e540a2bdde66fa5bdaadb3" candidate_uuid: "dcca3f540d4040448eb64b001ebdcdc2" candidate_term: 1 candidate_status { last_received { term: 0 index: 0 } } ignore_live_leader: false dest_uuid: "795fb5689e1b48b4a356de9e9d5e76fe" is_pre_election: true
I20260713 09:07:35.768179 16662 raft_consensus.cc:2468] T 71f2402f38e540a2bdde66fa5bdaadb3 P 67a3990d4482497ab37901fc78012587 [term 0 FOLLOWER]: Leader pre-election vote request: Granting yes vote for candidate dcca3f540d4040448eb64b001ebdcdc2 in term 0.
I20260713 09:07:35.768577 16736 raft_consensus.cc:2468] T 71f2402f38e540a2bdde66fa5bdaadb3 P 795fb5689e1b48b4a356de9e9d5e76fe [term 0 FOLLOWER]: Leader pre-election vote request: Granting yes vote for candidate dcca3f540d4040448eb64b001ebdcdc2 in term 0.
I20260713 09:07:35.769261 16551 leader_election.cc:304] T 71f2402f38e540a2bdde66fa5bdaadb3 P dcca3f540d4040448eb64b001ebdcdc2 [CANDIDATE]: Term 1 pre-election: Election decided. Result: candidate won. Election summary: received 2 responses out of 3 voters: 2 yes votes; 0 no votes. yes voters: 67a3990d4482497ab37901fc78012587, dcca3f540d4040448eb64b001ebdcdc2; no voters: 
I20260713 09:07:35.769986 16788 raft_consensus.cc:2804] T 71f2402f38e540a2bdde66fa5bdaadb3 P dcca3f540d4040448eb64b001ebdcdc2 [term 0 FOLLOWER]: Leader pre-election won for term 1
I20260713 09:07:35.770340 16788 raft_consensus.cc:493] T 71f2402f38e540a2bdde66fa5bdaadb3 P dcca3f540d4040448eb64b001ebdcdc2 [term 0 FOLLOWER]: Starting leader election (no leader contacted us within the election timeout)
I20260713 09:07:35.770617 16788 raft_consensus.cc:3060] T 71f2402f38e540a2bdde66fa5bdaadb3 P dcca3f540d4040448eb64b001ebdcdc2 [term 0 FOLLOWER]: Advancing to term 1
I20260713 09:07:35.774333 16821 raft_consensus.cc:493] T b2f4a7b785bc4c5197f5ba876719f541 P dcca3f540d4040448eb64b001ebdcdc2 [term 0 FOLLOWER]: Starting pre-election (no leader contacted us within the election timeout)
I20260713 09:07:35.774766 16821 raft_consensus.cc:515] T b2f4a7b785bc4c5197f5ba876719f541 P dcca3f540d4040448eb64b001ebdcdc2 [term 0 FOLLOWER]: Starting pre-election with config: opid_index: -1 OBSOLETE_local: false peers { permanent_uuid: "dcca3f540d4040448eb64b001ebdcdc2" member_type: VOTER last_known_addr { host: "127.16.17.65" port: 46193 } } peers { permanent_uuid: "67a3990d4482497ab37901fc78012587" member_type: VOTER last_known_addr { host: "127.16.17.66" port: 38247 } } peers { permanent_uuid: "795fb5689e1b48b4a356de9e9d5e76fe" member_type: VOTER last_known_addr { host: "127.16.17.67" port: 33561 } }
I20260713 09:07:35.774920 16788 raft_consensus.cc:515] T 71f2402f38e540a2bdde66fa5bdaadb3 P dcca3f540d4040448eb64b001ebdcdc2 [term 1 FOLLOWER]: Starting leader election with config: opid_index: -1 OBSOLETE_local: false peers { permanent_uuid: "dcca3f540d4040448eb64b001ebdcdc2" member_type: VOTER last_known_addr { host: "127.16.17.65" port: 46193 } } peers { permanent_uuid: "67a3990d4482497ab37901fc78012587" member_type: VOTER last_known_addr { host: "127.16.17.66" port: 38247 } } peers { permanent_uuid: "795fb5689e1b48b4a356de9e9d5e76fe" member_type: VOTER last_known_addr { host: "127.16.17.67" port: 33561 } }
I20260713 09:07:35.776695 16788 leader_election.cc:290] T 71f2402f38e540a2bdde66fa5bdaadb3 P dcca3f540d4040448eb64b001ebdcdc2 [CANDIDATE]: Term 1 election: Requested vote from peers 67a3990d4482497ab37901fc78012587 (127.16.17.66:38247), 795fb5689e1b48b4a356de9e9d5e76fe (127.16.17.67:33561)
I20260713 09:07:35.777222 16662 tablet_service.cc:1917] Received RequestConsensusVote() RPC: tablet_id: "71f2402f38e540a2bdde66fa5bdaadb3" candidate_uuid: "dcca3f540d4040448eb64b001ebdcdc2" candidate_term: 1 candidate_status { last_received { term: 0 index: 0 } } ignore_live_leader: false dest_uuid: "67a3990d4482497ab37901fc78012587"
I20260713 09:07:35.777581 16662 raft_consensus.cc:3060] T 71f2402f38e540a2bdde66fa5bdaadb3 P 67a3990d4482497ab37901fc78012587 [term 0 FOLLOWER]: Advancing to term 1
I20260713 09:07:35.777974 16736 tablet_service.cc:1917] Received RequestConsensusVote() RPC: tablet_id: "71f2402f38e540a2bdde66fa5bdaadb3" candidate_uuid: "dcca3f540d4040448eb64b001ebdcdc2" candidate_term: 1 candidate_status { last_received { term: 0 index: 0 } } ignore_live_leader: false dest_uuid: "795fb5689e1b48b4a356de9e9d5e76fe"
I20260713 09:07:35.778245 16737 tablet_service.cc:1917] Received RequestConsensusVote() RPC: tablet_id: "b2f4a7b785bc4c5197f5ba876719f541" candidate_uuid: "dcca3f540d4040448eb64b001ebdcdc2" candidate_term: 1 candidate_status { last_received { term: 0 index: 0 } } ignore_live_leader: false dest_uuid: "795fb5689e1b48b4a356de9e9d5e76fe" is_pre_election: true
I20260713 09:07:35.778502 16736 raft_consensus.cc:3060] T 71f2402f38e540a2bdde66fa5bdaadb3 P 795fb5689e1b48b4a356de9e9d5e76fe [term 0 FOLLOWER]: Advancing to term 1
I20260713 09:07:35.778838 16737 raft_consensus.cc:2468] T b2f4a7b785bc4c5197f5ba876719f541 P 795fb5689e1b48b4a356de9e9d5e76fe [term 0 FOLLOWER]: Leader pre-election vote request: Granting yes vote for candidate dcca3f540d4040448eb64b001ebdcdc2 in term 0.
I20260713 09:07:35.779932 16554 leader_election.cc:304] T b2f4a7b785bc4c5197f5ba876719f541 P dcca3f540d4040448eb64b001ebdcdc2 [CANDIDATE]: Term 1 pre-election: Election decided. Result: candidate won. Election summary: received 2 responses out of 3 voters: 2 yes votes; 0 no votes. yes voters: 795fb5689e1b48b4a356de9e9d5e76fe, dcca3f540d4040448eb64b001ebdcdc2; no voters: 
I20260713 09:07:35.776710 16821 leader_election.cc:290] T b2f4a7b785bc4c5197f5ba876719f541 P dcca3f540d4040448eb64b001ebdcdc2 [CANDIDATE]: Term 1 pre-election: Requested pre-vote from peers 67a3990d4482497ab37901fc78012587 (127.16.17.66:38247), 795fb5689e1b48b4a356de9e9d5e76fe (127.16.17.67:33561)
I20260713 09:07:35.781023 16821 raft_consensus.cc:2804] T b2f4a7b785bc4c5197f5ba876719f541 P dcca3f540d4040448eb64b001ebdcdc2 [term 0 FOLLOWER]: Leader pre-election won for term 1
I20260713 09:07:35.781338 16821 raft_consensus.cc:493] T b2f4a7b785bc4c5197f5ba876719f541 P dcca3f540d4040448eb64b001ebdcdc2 [term 0 FOLLOWER]: Starting leader election (no leader contacted us within the election timeout)
I20260713 09:07:35.781625 16821 raft_consensus.cc:3060] T b2f4a7b785bc4c5197f5ba876719f541 P dcca3f540d4040448eb64b001ebdcdc2 [term 0 FOLLOWER]: Advancing to term 1
I20260713 09:07:35.783865 16662 raft_consensus.cc:2468] T 71f2402f38e540a2bdde66fa5bdaadb3 P 67a3990d4482497ab37901fc78012587 [term 1 FOLLOWER]: Leader election vote request: Granting yes vote for candidate dcca3f540d4040448eb64b001ebdcdc2 in term 1.
I20260713 09:07:35.784552 16736 raft_consensus.cc:2468] T 71f2402f38e540a2bdde66fa5bdaadb3 P 795fb5689e1b48b4a356de9e9d5e76fe [term 1 FOLLOWER]: Leader election vote request: Granting yes vote for candidate dcca3f540d4040448eb64b001ebdcdc2 in term 1.
I20260713 09:07:35.785698 16554 leader_election.cc:304] T 71f2402f38e540a2bdde66fa5bdaadb3 P dcca3f540d4040448eb64b001ebdcdc2 [CANDIDATE]: Term 1 election: Election decided. Result: candidate won. Election summary: received 2 responses out of 3 voters: 2 yes votes; 0 no votes. yes voters: 795fb5689e1b48b4a356de9e9d5e76fe, dcca3f540d4040448eb64b001ebdcdc2; no voters: 
I20260713 09:07:35.785820 16663 tablet_service.cc:1917] Received RequestConsensusVote() RPC: tablet_id: "b2f4a7b785bc4c5197f5ba876719f541" candidate_uuid: "dcca3f540d4040448eb64b001ebdcdc2" candidate_term: 1 candidate_status { last_received { term: 0 index: 0 } } ignore_live_leader: false dest_uuid: "67a3990d4482497ab37901fc78012587" is_pre_election: true
I20260713 09:07:35.786456 16663 raft_consensus.cc:2468] T b2f4a7b785bc4c5197f5ba876719f541 P 67a3990d4482497ab37901fc78012587 [term 0 FOLLOWER]: Leader pre-election vote request: Granting yes vote for candidate dcca3f540d4040448eb64b001ebdcdc2 in term 0.
I20260713 09:07:35.786825 16788 raft_consensus.cc:2804] T 71f2402f38e540a2bdde66fa5bdaadb3 P dcca3f540d4040448eb64b001ebdcdc2 [term 1 FOLLOWER]: Leader election won for term 1
I20260713 09:07:35.787284 16788 raft_consensus.cc:697] T 71f2402f38e540a2bdde66fa5bdaadb3 P dcca3f540d4040448eb64b001ebdcdc2 [term 1 LEADER]: Becoming Leader. State: Replica: dcca3f540d4040448eb64b001ebdcdc2, State: Running, Role: LEADER
I20260713 09:07:35.788019 16788 consensus_queue.cc:237] T 71f2402f38e540a2bdde66fa5bdaadb3 P dcca3f540d4040448eb64b001ebdcdc2 [LEADER]: Queue going to LEADER mode. State: All replicated index: 0, Majority replicated index: 0, Committed index: 0, Last appended: 0.0, Last appended by leader: 0, Current term: 1, Majority size: 2, State: 0, Mode: LEADER, active raft config: opid_index: -1 OBSOLETE_local: false peers { permanent_uuid: "dcca3f540d4040448eb64b001ebdcdc2" member_type: VOTER last_known_addr { host: "127.16.17.65" port: 46193 } } peers { permanent_uuid: "67a3990d4482497ab37901fc78012587" member_type: VOTER last_known_addr { host: "127.16.17.66" port: 38247 } } peers { permanent_uuid: "795fb5689e1b48b4a356de9e9d5e76fe" member_type: VOTER last_known_addr { host: "127.16.17.67" port: 33561 } }
I20260713 09:07:35.788985 16821 raft_consensus.cc:515] T b2f4a7b785bc4c5197f5ba876719f541 P dcca3f540d4040448eb64b001ebdcdc2 [term 1 FOLLOWER]: Starting leader election with config: opid_index: -1 OBSOLETE_local: false peers { permanent_uuid: "dcca3f540d4040448eb64b001ebdcdc2" member_type: VOTER last_known_addr { host: "127.16.17.65" port: 46193 } } peers { permanent_uuid: "67a3990d4482497ab37901fc78012587" member_type: VOTER last_known_addr { host: "127.16.17.66" port: 38247 } } peers { permanent_uuid: "795fb5689e1b48b4a356de9e9d5e76fe" member_type: VOTER last_known_addr { host: "127.16.17.67" port: 33561 } }
I20260713 09:07:35.790620 16821 leader_election.cc:290] T b2f4a7b785bc4c5197f5ba876719f541 P dcca3f540d4040448eb64b001ebdcdc2 [CANDIDATE]: Term 1 election: Requested vote from peers 67a3990d4482497ab37901fc78012587 (127.16.17.66:38247), 795fb5689e1b48b4a356de9e9d5e76fe (127.16.17.67:33561)
I20260713 09:07:35.791052 16663 tablet_service.cc:1917] Received RequestConsensusVote() RPC: tablet_id: "b2f4a7b785bc4c5197f5ba876719f541" candidate_uuid: "dcca3f540d4040448eb64b001ebdcdc2" candidate_term: 1 candidate_status { last_received { term: 0 index: 0 } } ignore_live_leader: false dest_uuid: "67a3990d4482497ab37901fc78012587"
I20260713 09:07:35.791571 16663 raft_consensus.cc:3060] T b2f4a7b785bc4c5197f5ba876719f541 P 67a3990d4482497ab37901fc78012587 [term 0 FOLLOWER]: Advancing to term 1
I20260713 09:07:35.791946 16736 tablet_service.cc:1917] Received RequestConsensusVote() RPC: tablet_id: "b2f4a7b785bc4c5197f5ba876719f541" candidate_uuid: "dcca3f540d4040448eb64b001ebdcdc2" candidate_term: 1 candidate_status { last_received { term: 0 index: 0 } } ignore_live_leader: false dest_uuid: "795fb5689e1b48b4a356de9e9d5e76fe"
I20260713 09:07:35.792469 16736 raft_consensus.cc:3060] T b2f4a7b785bc4c5197f5ba876719f541 P 795fb5689e1b48b4a356de9e9d5e76fe [term 0 FOLLOWER]: Advancing to term 1
I20260713 09:07:35.793936 16587 raft_consensus.cc:3060] T efec47bc1c324803b82d8c5fbcb8c7d7 P dcca3f540d4040448eb64b001ebdcdc2 [term 0 FOLLOWER]: Advancing to term 1
I20260713 09:07:35.797549 16821 raft_consensus.cc:493] T 376b8f68f6b841f2a9a3d54de582e0a8 P dcca3f540d4040448eb64b001ebdcdc2 [term 0 FOLLOWER]: Starting pre-election (no leader contacted us within the election timeout)
I20260713 09:07:35.798028 16821 raft_consensus.cc:515] T 376b8f68f6b841f2a9a3d54de582e0a8 P dcca3f540d4040448eb64b001ebdcdc2 [term 0 FOLLOWER]: Starting pre-election with config: opid_index: -1 OBSOLETE_local: false peers { permanent_uuid: "dcca3f540d4040448eb64b001ebdcdc2" member_type: VOTER last_known_addr { host: "127.16.17.65" port: 46193 } } peers { permanent_uuid: "67a3990d4482497ab37901fc78012587" member_type: VOTER last_known_addr { host: "127.16.17.66" port: 38247 } } peers { permanent_uuid: "795fb5689e1b48b4a356de9e9d5e76fe" member_type: VOTER last_known_addr { host: "127.16.17.67" port: 33561 } }
I20260713 09:07:35.799248 16736 raft_consensus.cc:2468] T b2f4a7b785bc4c5197f5ba876719f541 P 795fb5689e1b48b4a356de9e9d5e76fe [term 1 FOLLOWER]: Leader election vote request: Granting yes vote for candidate dcca3f540d4040448eb64b001ebdcdc2 in term 1.
I20260713 09:07:35.800328 16821 leader_election.cc:290] T 376b8f68f6b841f2a9a3d54de582e0a8 P dcca3f540d4040448eb64b001ebdcdc2 [CANDIDATE]: Term 1 pre-election: Requested pre-vote from peers 67a3990d4482497ab37901fc78012587 (127.16.17.66:38247), 795fb5689e1b48b4a356de9e9d5e76fe (127.16.17.67:33561)
I20260713 09:07:35.800326 16554 leader_election.cc:304] T b2f4a7b785bc4c5197f5ba876719f541 P dcca3f540d4040448eb64b001ebdcdc2 [CANDIDATE]: Term 1 election: Election decided. Result: candidate won. Election summary: received 2 responses out of 3 voters: 2 yes votes; 0 no votes. yes voters: 795fb5689e1b48b4a356de9e9d5e76fe, dcca3f540d4040448eb64b001ebdcdc2; no voters: 
I20260713 09:07:35.800558 16662 tablet_service.cc:1917] Received RequestConsensusVote() RPC: tablet_id: "376b8f68f6b841f2a9a3d54de582e0a8" candidate_uuid: "dcca3f540d4040448eb64b001ebdcdc2" candidate_term: 1 candidate_status { last_received { term: 0 index: 0 } } ignore_live_leader: false dest_uuid: "67a3990d4482497ab37901fc78012587" is_pre_election: true
I20260713 09:07:35.801214 16662 raft_consensus.cc:2468] T 376b8f68f6b841f2a9a3d54de582e0a8 P 67a3990d4482497ab37901fc78012587 [term 0 FOLLOWER]: Leader pre-election vote request: Granting yes vote for candidate dcca3f540d4040448eb64b001ebdcdc2 in term 0.
I20260713 09:07:35.802211 16736 tablet_service.cc:1917] Received RequestConsensusVote() RPC: tablet_id: "376b8f68f6b841f2a9a3d54de582e0a8" candidate_uuid: "dcca3f540d4040448eb64b001ebdcdc2" candidate_term: 1 candidate_status { last_received { term: 0 index: 0 } } ignore_live_leader: false dest_uuid: "795fb5689e1b48b4a356de9e9d5e76fe" is_pre_election: true
I20260713 09:07:35.802325 16551 leader_election.cc:304] T 376b8f68f6b841f2a9a3d54de582e0a8 P dcca3f540d4040448eb64b001ebdcdc2 [CANDIDATE]: Term 1 pre-election: Election decided. Result: candidate won. Election summary: received 2 responses out of 3 voters: 2 yes votes; 0 no votes. yes voters: 67a3990d4482497ab37901fc78012587, dcca3f540d4040448eb64b001ebdcdc2; no voters: 
I20260713 09:07:35.802691 16736 raft_consensus.cc:2468] T 376b8f68f6b841f2a9a3d54de582e0a8 P 795fb5689e1b48b4a356de9e9d5e76fe [term 0 FOLLOWER]: Leader pre-election vote request: Granting yes vote for candidate dcca3f540d4040448eb64b001ebdcdc2 in term 0.
I20260713 09:07:35.803112 16788 raft_consensus.cc:2804] T b2f4a7b785bc4c5197f5ba876719f541 P dcca3f540d4040448eb64b001ebdcdc2 [term 1 FOLLOWER]: Leader election won for term 1
I20260713 09:07:35.803579 16788 raft_consensus.cc:697] T b2f4a7b785bc4c5197f5ba876719f541 P dcca3f540d4040448eb64b001ebdcdc2 [term 1 LEADER]: Becoming Leader. State: Replica: dcca3f540d4040448eb64b001ebdcdc2, State: Running, Role: LEADER
I20260713 09:07:35.803671 16814 raft_consensus.cc:2804] T 376b8f68f6b841f2a9a3d54de582e0a8 P dcca3f540d4040448eb64b001ebdcdc2 [term 0 FOLLOWER]: Leader pre-election won for term 1
I20260713 09:07:35.804042 16814 raft_consensus.cc:493] T 376b8f68f6b841f2a9a3d54de582e0a8 P dcca3f540d4040448eb64b001ebdcdc2 [term 0 FOLLOWER]: Starting leader election (no leader contacted us within the election timeout)
I20260713 09:07:35.804386 16814 raft_consensus.cc:3060] T 376b8f68f6b841f2a9a3d54de582e0a8 P dcca3f540d4040448eb64b001ebdcdc2 [term 0 FOLLOWER]: Advancing to term 1
I20260713 09:07:35.804400 16788 consensus_queue.cc:237] T b2f4a7b785bc4c5197f5ba876719f541 P dcca3f540d4040448eb64b001ebdcdc2 [LEADER]: Queue going to LEADER mode. State: All replicated index: 0, Majority replicated index: 0, Committed index: 0, Last appended: 0.0, Last appended by leader: 0, Current term: 1, Majority size: 2, State: 0, Mode: LEADER, active raft config: opid_index: -1 OBSOLETE_local: false peers { permanent_uuid: "dcca3f540d4040448eb64b001ebdcdc2" member_type: VOTER last_known_addr { host: "127.16.17.65" port: 46193 } } peers { permanent_uuid: "67a3990d4482497ab37901fc78012587" member_type: VOTER last_known_addr { host: "127.16.17.66" port: 38247 } } peers { permanent_uuid: "795fb5689e1b48b4a356de9e9d5e76fe" member_type: VOTER last_known_addr { host: "127.16.17.67" port: 33561 } }
I20260713 09:07:35.810815 16483 catalog_manager.cc:5697] T 71f2402f38e540a2bdde66fa5bdaadb3 P dcca3f540d4040448eb64b001ebdcdc2 reported cstate change: term changed from 0 to 1, leader changed from <none> to dcca3f540d4040448eb64b001ebdcdc2 (127.16.17.65). New cstate: current_term: 1 leader_uuid: "dcca3f540d4040448eb64b001ebdcdc2" committed_config { opid_index: -1 OBSOLETE_local: false peers { permanent_uuid: "dcca3f540d4040448eb64b001ebdcdc2" member_type: VOTER last_known_addr { host: "127.16.17.65" port: 46193 } health_report { overall_health: HEALTHY } } peers { permanent_uuid: "67a3990d4482497ab37901fc78012587" member_type: VOTER last_known_addr { host: "127.16.17.66" port: 38247 } health_report { overall_health: UNKNOWN } } peers { permanent_uuid: "795fb5689e1b48b4a356de9e9d5e76fe" member_type: VOTER last_known_addr { host: "127.16.17.67" port: 33561 } health_report { overall_health: UNKNOWN } } }
I20260713 09:07:35.815480 16814 raft_consensus.cc:515] T 376b8f68f6b841f2a9a3d54de582e0a8 P dcca3f540d4040448eb64b001ebdcdc2 [term 1 FOLLOWER]: Starting leader election with config: opid_index: -1 OBSOLETE_local: false peers { permanent_uuid: "dcca3f540d4040448eb64b001ebdcdc2" member_type: VOTER last_known_addr { host: "127.16.17.65" port: 46193 } } peers { permanent_uuid: "67a3990d4482497ab37901fc78012587" member_type: VOTER last_known_addr { host: "127.16.17.66" port: 38247 } } peers { permanent_uuid: "795fb5689e1b48b4a356de9e9d5e76fe" member_type: VOTER last_known_addr { host: "127.16.17.67" port: 33561 } }
I20260713 09:07:35.816955 16821 raft_consensus.cc:493] T 16d86bb183fd432dae714a1cb8066c0b P dcca3f540d4040448eb64b001ebdcdc2 [term 0 FOLLOWER]: Starting pre-election (no leader contacted us within the election timeout)
I20260713 09:07:35.817617 16821 raft_consensus.cc:515] T 16d86bb183fd432dae714a1cb8066c0b P dcca3f540d4040448eb64b001ebdcdc2 [term 0 FOLLOWER]: Starting pre-election with config: opid_index: -1 OBSOLETE_local: false peers { permanent_uuid: "dcca3f540d4040448eb64b001ebdcdc2" member_type: VOTER last_known_addr { host: "127.16.17.65" port: 46193 } } peers { permanent_uuid: "67a3990d4482497ab37901fc78012587" member_type: VOTER last_known_addr { host: "127.16.17.66" port: 38247 } } peers { permanent_uuid: "795fb5689e1b48b4a356de9e9d5e76fe" member_type: VOTER last_known_addr { host: "127.16.17.67" port: 33561 } }
I20260713 09:07:35.818253 16662 tablet_service.cc:1917] Received RequestConsensusVote() RPC: tablet_id: "376b8f68f6b841f2a9a3d54de582e0a8" candidate_uuid: "dcca3f540d4040448eb64b001ebdcdc2" candidate_term: 1 candidate_status { last_received { term: 0 index: 0 } } ignore_live_leader: false dest_uuid: "67a3990d4482497ab37901fc78012587"
I20260713 09:07:35.818948 16662 raft_consensus.cc:3060] T 376b8f68f6b841f2a9a3d54de582e0a8 P 67a3990d4482497ab37901fc78012587 [term 0 FOLLOWER]: Advancing to term 1
I20260713 09:07:35.821035 16821 leader_election.cc:290] T 16d86bb183fd432dae714a1cb8066c0b P dcca3f540d4040448eb64b001ebdcdc2 [CANDIDATE]: Term 1 pre-election: Requested pre-vote from peers 67a3990d4482497ab37901fc78012587 (127.16.17.66:38247), 795fb5689e1b48b4a356de9e9d5e76fe (127.16.17.67:33561)
I20260713 09:07:35.821569 16663 raft_consensus.cc:2468] T b2f4a7b785bc4c5197f5ba876719f541 P 67a3990d4482497ab37901fc78012587 [term 1 FOLLOWER]: Leader election vote request: Granting yes vote for candidate dcca3f540d4040448eb64b001ebdcdc2 in term 1.
I20260713 09:07:35.822978 16661 tablet_service.cc:1917] Received RequestConsensusVote() RPC: tablet_id: "16d86bb183fd432dae714a1cb8066c0b" candidate_uuid: "dcca3f540d4040448eb64b001ebdcdc2" candidate_term: 1 candidate_status { last_received { term: 0 index: 0 } } ignore_live_leader: false dest_uuid: "67a3990d4482497ab37901fc78012587" is_pre_election: true
I20260713 09:07:35.823550 16661 raft_consensus.cc:2468] T 16d86bb183fd432dae714a1cb8066c0b P 67a3990d4482497ab37901fc78012587 [term 0 FOLLOWER]: Leader pre-election vote request: Granting yes vote for candidate dcca3f540d4040448eb64b001ebdcdc2 in term 0.
I20260713 09:07:35.823894 16814 leader_election.cc:290] T 376b8f68f6b841f2a9a3d54de582e0a8 P dcca3f540d4040448eb64b001ebdcdc2 [CANDIDATE]: Term 1 election: Requested vote from peers 67a3990d4482497ab37901fc78012587 (127.16.17.66:38247), 795fb5689e1b48b4a356de9e9d5e76fe (127.16.17.67:33561)
I20260713 09:07:35.825256 16737 tablet_service.cc:1917] Received RequestConsensusVote() RPC: tablet_id: "16d86bb183fd432dae714a1cb8066c0b" candidate_uuid: "dcca3f540d4040448eb64b001ebdcdc2" candidate_term: 1 candidate_status { last_received { term: 0 index: 0 } } ignore_live_leader: false dest_uuid: "795fb5689e1b48b4a356de9e9d5e76fe" is_pre_election: true
I20260713 09:07:35.825850 16737 raft_consensus.cc:2468] T 16d86bb183fd432dae714a1cb8066c0b P 795fb5689e1b48b4a356de9e9d5e76fe [term 0 FOLLOWER]: Leader pre-election vote request: Granting yes vote for candidate dcca3f540d4040448eb64b001ebdcdc2 in term 0.
I20260713 09:07:35.827024 16554 leader_election.cc:304] T 16d86bb183fd432dae714a1cb8066c0b P dcca3f540d4040448eb64b001ebdcdc2 [CANDIDATE]: Term 1 pre-election: Election decided. Result: candidate won. Election summary: received 2 responses out of 3 voters: 2 yes votes; 0 no votes. yes voters: 795fb5689e1b48b4a356de9e9d5e76fe, dcca3f540d4040448eb64b001ebdcdc2; no voters: 
I20260713 09:07:35.827534 16736 tablet_service.cc:1917] Received RequestConsensusVote() RPC: tablet_id: "376b8f68f6b841f2a9a3d54de582e0a8" candidate_uuid: "dcca3f540d4040448eb64b001ebdcdc2" candidate_term: 1 candidate_status { last_received { term: 0 index: 0 } } ignore_live_leader: false dest_uuid: "795fb5689e1b48b4a356de9e9d5e76fe"
I20260713 09:07:35.828045 16736 raft_consensus.cc:3060] T 376b8f68f6b841f2a9a3d54de582e0a8 P 795fb5689e1b48b4a356de9e9d5e76fe [term 0 FOLLOWER]: Advancing to term 1
I20260713 09:07:35.828006 16662 raft_consensus.cc:2468] T 376b8f68f6b841f2a9a3d54de582e0a8 P 67a3990d4482497ab37901fc78012587 [term 1 FOLLOWER]: Leader election vote request: Granting yes vote for candidate dcca3f540d4040448eb64b001ebdcdc2 in term 1.
I20260713 09:07:35.829519 16814 raft_consensus.cc:2804] T 16d86bb183fd432dae714a1cb8066c0b P dcca3f540d4040448eb64b001ebdcdc2 [term 0 FOLLOWER]: Leader pre-election won for term 1
I20260713 09:07:35.829870 16814 raft_consensus.cc:493] T 16d86bb183fd432dae714a1cb8066c0b P dcca3f540d4040448eb64b001ebdcdc2 [term 0 FOLLOWER]: Starting leader election (no leader contacted us within the election timeout)
I20260713 09:07:35.830168 16814 raft_consensus.cc:3060] T 16d86bb183fd432dae714a1cb8066c0b P dcca3f540d4040448eb64b001ebdcdc2 [term 0 FOLLOWER]: Advancing to term 1
I20260713 09:07:35.830253 16794 consensus_queue.cc:1048] T efec47bc1c324803b82d8c5fbcb8c7d7 P 795fb5689e1b48b4a356de9e9d5e76fe [LEADER]: Connected to new peer: Peer: permanent_uuid: "dcca3f540d4040448eb64b001ebdcdc2" member_type: VOTER last_known_addr { host: "127.16.17.65" port: 46193 }, Status: LMP_MISMATCH, Last received: 0.0, Next index: 1, Last known committed idx: 0, Time since last communication: 0.001s
I20260713 09:07:35.831683 16551 leader_election.cc:304] T 376b8f68f6b841f2a9a3d54de582e0a8 P dcca3f540d4040448eb64b001ebdcdc2 [CANDIDATE]: Term 1 election: Election decided. Result: candidate won. Election summary: received 2 responses out of 3 voters: 2 yes votes; 0 no votes. yes voters: 67a3990d4482497ab37901fc78012587, dcca3f540d4040448eb64b001ebdcdc2; no voters: 
I20260713 09:07:35.833128 16821 raft_consensus.cc:2804] T 376b8f68f6b841f2a9a3d54de582e0a8 P dcca3f540d4040448eb64b001ebdcdc2 [term 1 FOLLOWER]: Leader election won for term 1
I20260713 09:07:35.833762 16821 raft_consensus.cc:697] T 376b8f68f6b841f2a9a3d54de582e0a8 P dcca3f540d4040448eb64b001ebdcdc2 [term 1 LEADER]: Becoming Leader. State: Replica: dcca3f540d4040448eb64b001ebdcdc2, State: Running, Role: LEADER
I20260713 09:07:35.834756 16821 consensus_queue.cc:237] T 376b8f68f6b841f2a9a3d54de582e0a8 P dcca3f540d4040448eb64b001ebdcdc2 [LEADER]: Queue going to LEADER mode. State: All replicated index: 0, Majority replicated index: 0, Committed index: 0, Last appended: 0.0, Last appended by leader: 0, Current term: 1, Majority size: 2, State: 0, Mode: LEADER, active raft config: opid_index: -1 OBSOLETE_local: false peers { permanent_uuid: "dcca3f540d4040448eb64b001ebdcdc2" member_type: VOTER last_known_addr { host: "127.16.17.65" port: 46193 } } peers { permanent_uuid: "67a3990d4482497ab37901fc78012587" member_type: VOTER last_known_addr { host: "127.16.17.66" port: 38247 } } peers { permanent_uuid: "795fb5689e1b48b4a356de9e9d5e76fe" member_type: VOTER last_known_addr { host: "127.16.17.67" port: 33561 } }
I20260713 09:07:35.836347 16736 raft_consensus.cc:2468] T 376b8f68f6b841f2a9a3d54de582e0a8 P 795fb5689e1b48b4a356de9e9d5e76fe [term 1 FOLLOWER]: Leader election vote request: Granting yes vote for candidate dcca3f540d4040448eb64b001ebdcdc2 in term 1.
I20260713 09:07:35.837667 16814 raft_consensus.cc:515] T 16d86bb183fd432dae714a1cb8066c0b P dcca3f540d4040448eb64b001ebdcdc2 [term 1 FOLLOWER]: Starting leader election with config: opid_index: -1 OBSOLETE_local: false peers { permanent_uuid: "dcca3f540d4040448eb64b001ebdcdc2" member_type: VOTER last_known_addr { host: "127.16.17.65" port: 46193 } } peers { permanent_uuid: "67a3990d4482497ab37901fc78012587" member_type: VOTER last_known_addr { host: "127.16.17.66" port: 38247 } } peers { permanent_uuid: "795fb5689e1b48b4a356de9e9d5e76fe" member_type: VOTER last_known_addr { host: "127.16.17.67" port: 33561 } }
I20260713 09:07:35.841009 16662 tablet_service.cc:1917] Received RequestConsensusVote() RPC: tablet_id: "16d86bb183fd432dae714a1cb8066c0b" candidate_uuid: "dcca3f540d4040448eb64b001ebdcdc2" candidate_term: 1 candidate_status { last_received { term: 0 index: 0 } } ignore_live_leader: false dest_uuid: "67a3990d4482497ab37901fc78012587"
I20260713 09:07:35.841480 16814 leader_election.cc:290] T 16d86bb183fd432dae714a1cb8066c0b P dcca3f540d4040448eb64b001ebdcdc2 [CANDIDATE]: Term 1 election: Requested vote from peers 67a3990d4482497ab37901fc78012587 (127.16.17.66:38247), 795fb5689e1b48b4a356de9e9d5e76fe (127.16.17.67:33561)
I20260713 09:07:35.841603 16662 raft_consensus.cc:3060] T 16d86bb183fd432dae714a1cb8066c0b P 67a3990d4482497ab37901fc78012587 [term 0 FOLLOWER]: Advancing to term 1
I20260713 09:07:35.844872 16814 raft_consensus.cc:493] T f1cb4e9734b84bb1bfb059bd9c372e29 P dcca3f540d4040448eb64b001ebdcdc2 [term 0 FOLLOWER]: Starting pre-election (no leader contacted us within the election timeout)
I20260713 09:07:35.845397 16814 raft_consensus.cc:515] T f1cb4e9734b84bb1bfb059bd9c372e29 P dcca3f540d4040448eb64b001ebdcdc2 [term 0 FOLLOWER]: Starting pre-election with config: opid_index: -1 OBSOLETE_local: false peers { permanent_uuid: "795fb5689e1b48b4a356de9e9d5e76fe" member_type: VOTER last_known_addr { host: "127.16.17.67" port: 33561 } } peers { permanent_uuid: "dcca3f540d4040448eb64b001ebdcdc2" member_type: VOTER last_known_addr { host: "127.16.17.65" port: 46193 } } peers { permanent_uuid: "67a3990d4482497ab37901fc78012587" member_type: VOTER last_known_addr { host: "127.16.17.66" port: 38247 } }
I20260713 09:07:35.849378 16814 leader_election.cc:290] T f1cb4e9734b84bb1bfb059bd9c372e29 P dcca3f540d4040448eb64b001ebdcdc2 [CANDIDATE]: Term 1 pre-election: Requested pre-vote from peers 795fb5689e1b48b4a356de9e9d5e76fe (127.16.17.67:33561), 67a3990d4482497ab37901fc78012587 (127.16.17.66:38247)
I20260713 09:07:35.850066 16737 tablet_service.cc:1917] Received RequestConsensusVote() RPC: tablet_id: "f1cb4e9734b84bb1bfb059bd9c372e29" candidate_uuid: "dcca3f540d4040448eb64b001ebdcdc2" candidate_term: 1 candidate_status { last_received { term: 0 index: 0 } } ignore_live_leader: false dest_uuid: "795fb5689e1b48b4a356de9e9d5e76fe" is_pre_election: true
I20260713 09:07:35.850415 16663 tablet_service.cc:1917] Received RequestConsensusVote() RPC: tablet_id: "f1cb4e9734b84bb1bfb059bd9c372e29" candidate_uuid: "dcca3f540d4040448eb64b001ebdcdc2" candidate_term: 1 candidate_status { last_received { term: 0 index: 0 } } ignore_live_leader: false dest_uuid: "67a3990d4482497ab37901fc78012587" is_pre_election: true
I20260713 09:07:35.850823 16737 raft_consensus.cc:2468] T f1cb4e9734b84bb1bfb059bd9c372e29 P 795fb5689e1b48b4a356de9e9d5e76fe [term 0 FOLLOWER]: Leader pre-election vote request: Granting yes vote for candidate dcca3f540d4040448eb64b001ebdcdc2 in term 0.
I20260713 09:07:35.851009 16663 raft_consensus.cc:2468] T f1cb4e9734b84bb1bfb059bd9c372e29 P 67a3990d4482497ab37901fc78012587 [term 0 FOLLOWER]: Leader pre-election vote request: Granting yes vote for candidate dcca3f540d4040448eb64b001ebdcdc2 in term 0.
I20260713 09:07:35.852057 16551 leader_election.cc:304] T f1cb4e9734b84bb1bfb059bd9c372e29 P dcca3f540d4040448eb64b001ebdcdc2 [CANDIDATE]: Term 1 pre-election: Election decided. Result: candidate won. Election summary: received 2 responses out of 3 voters: 2 yes votes; 0 no votes. yes voters: 67a3990d4482497ab37901fc78012587, dcca3f540d4040448eb64b001ebdcdc2; no voters: 
I20260713 09:07:35.853582 16814 raft_consensus.cc:2804] T f1cb4e9734b84bb1bfb059bd9c372e29 P dcca3f540d4040448eb64b001ebdcdc2 [term 0 FOLLOWER]: Leader pre-election won for term 1
I20260713 09:07:35.853924 16814 raft_consensus.cc:493] T f1cb4e9734b84bb1bfb059bd9c372e29 P dcca3f540d4040448eb64b001ebdcdc2 [term 0 FOLLOWER]: Starting leader election (no leader contacted us within the election timeout)
I20260713 09:07:35.854259 16814 raft_consensus.cc:3060] T f1cb4e9734b84bb1bfb059bd9c372e29 P dcca3f540d4040448eb64b001ebdcdc2 [term 0 FOLLOWER]: Advancing to term 1
I20260713 09:07:35.856114 16794 consensus_queue.cc:1048] T efec47bc1c324803b82d8c5fbcb8c7d7 P 795fb5689e1b48b4a356de9e9d5e76fe [LEADER]: Connected to new peer: Peer: permanent_uuid: "67a3990d4482497ab37901fc78012587" member_type: VOTER last_known_addr { host: "127.16.17.66" port: 38247 }, Status: LMP_MISMATCH, Last received: 0.0, Next index: 1, Last known committed idx: 0, Time since last communication: 0.000s
I20260713 09:07:35.857766 16736 tablet_service.cc:1917] Received RequestConsensusVote() RPC: tablet_id: "16d86bb183fd432dae714a1cb8066c0b" candidate_uuid: "dcca3f540d4040448eb64b001ebdcdc2" candidate_term: 1 candidate_status { last_received { term: 0 index: 0 } } ignore_live_leader: false dest_uuid: "795fb5689e1b48b4a356de9e9d5e76fe"
I20260713 09:07:35.858309 16736 raft_consensus.cc:3060] T 16d86bb183fd432dae714a1cb8066c0b P 795fb5689e1b48b4a356de9e9d5e76fe [term 0 FOLLOWER]: Advancing to term 1
I20260713 09:07:35.865201 16662 raft_consensus.cc:2468] T 16d86bb183fd432dae714a1cb8066c0b P 67a3990d4482497ab37901fc78012587 [term 1 FOLLOWER]: Leader election vote request: Granting yes vote for candidate dcca3f540d4040448eb64b001ebdcdc2 in term 1.
I20260713 09:07:35.866297 16551 leader_election.cc:304] T 16d86bb183fd432dae714a1cb8066c0b P dcca3f540d4040448eb64b001ebdcdc2 [CANDIDATE]: Term 1 election: Election decided. Result: candidate won. Election summary: received 2 responses out of 3 voters: 2 yes votes; 0 no votes. yes voters: 67a3990d4482497ab37901fc78012587, dcca3f540d4040448eb64b001ebdcdc2; no voters: 
I20260713 09:07:35.867064 16788 raft_consensus.cc:2804] T 16d86bb183fd432dae714a1cb8066c0b P dcca3f540d4040448eb64b001ebdcdc2 [term 1 FOLLOWER]: Leader election won for term 1
I20260713 09:07:35.867882 16788 raft_consensus.cc:697] T 16d86bb183fd432dae714a1cb8066c0b P dcca3f540d4040448eb64b001ebdcdc2 [term 1 LEADER]: Becoming Leader. State: Replica: dcca3f540d4040448eb64b001ebdcdc2, State: Running, Role: LEADER
