I20260713 09:08:11.526248 18260 raft_consensus.cc:359] T 25fbcf46a5f34b0ea291864150fb3373 P d7a95cbbf05b4983898c2e754bcc469a [term 1 LEARNER]: Replica starting. Triggering 0 pending ops. Active config: opid_index: 2 OBSOLETE_local: false peers { permanent_uuid: "3d7827efcbb0431487391bd48c76981b" member_type: VOTER last_known_addr { host: "127.16.17.65" port: 45699 } } peers { permanent_uuid: "11eb35372108418daff9ec0414390d28" member_type: VOTER last_known_addr { host: "127.16.17.66" port: 45985 } attrs { replace: true } } peers { permanent_uuid: "0b47eeaeab794f35848543a106607952" member_type: VOTER last_known_addr { host: "127.16.17.67" port: 32781 } } peers { permanent_uuid: "d7a95cbbf05b4983898c2e754bcc469a" member_type: NON_VOTER last_known_addr { host: "127.16.17.68" port: 43491 } attrs { promote: true } }
I20260713 09:08:11.526815 18260 raft_consensus.cc:740] T 25fbcf46a5f34b0ea291864150fb3373 P d7a95cbbf05b4983898c2e754bcc469a [term 1 LEARNER]: Becoming Follower/Learner. State: Replica: d7a95cbbf05b4983898c2e754bcc469a, State: Initialized, Role: LEARNER
I20260713 09:08:11.527297 18260 consensus_queue.cc:260] T 25fbcf46a5f34b0ea291864150fb3373 P d7a95cbbf05b4983898c2e754bcc469a [NON_LEADER]: Queue going to NON_LEADER mode. State: All replicated index: 0, Majority replicated index: 0, Committed index: 2, Last appended: 1.2, Last appended by leader: 2, Current term: 0, Majority size: -1, State: 0, Mode: NON_LEADER, active raft config: opid_index: 2 OBSOLETE_local: false peers { permanent_uuid: "3d7827efcbb0431487391bd48c76981b" member_type: VOTER last_known_addr { host: "127.16.17.65" port: 45699 } } peers { permanent_uuid: "11eb35372108418daff9ec0414390d28" member_type: VOTER last_known_addr { host: "127.16.17.66" port: 45985 } attrs { replace: true } } peers { permanent_uuid: "0b47eeaeab794f35848543a106607952" member_type: VOTER last_known_addr { host: "127.16.17.67" port: 32781 } } peers { permanent_uuid: "d7a95cbbf05b4983898c2e754bcc469a" member_type: NON_VOTER last_known_addr { host: "127.16.17.68" port: 43491 } attrs { promote: true } }
I20260713 09:08:11.529994 18260 ts_tablet_manager.cc:1434] T 25fbcf46a5f34b0ea291864150fb3373 P d7a95cbbf05b4983898c2e754bcc469a: Time spent starting tablet: real 0.006s	user 0.006s	sys 0.002s
I20260713 09:08:11.531632 17570 tablet_copy_service.cc:342] P 3d7827efcbb0431487391bd48c76981b: Request end of tablet copy session d7a95cbbf05b4983898c2e754bcc469a-25fbcf46a5f34b0ea291864150fb3373 received from {username='slave'} at 127.0.0.1:33616
I20260713 09:08:11.532053 17570 tablet_copy_service.cc:434] P 3d7827efcbb0431487391bd48c76981b: ending tablet copy session d7a95cbbf05b4983898c2e754bcc469a-25fbcf46a5f34b0ea291864150fb3373 on tablet 25fbcf46a5f34b0ea291864150fb3373 with peer d7a95cbbf05b4983898c2e754bcc469a
I20260713 09:08:11.604176 18260 ts_tablet_manager.cc:933] T 6feff11ac04542d39f123c933eb7f154 P d7a95cbbf05b4983898c2e754bcc469a: Initiating tablet copy from peer 3d7827efcbb0431487391bd48c76981b (127.16.17.65:45699)
I20260713 09:08:11.605862 18260 tablet_copy_client.cc:323] T 6feff11ac04542d39f123c933eb7f154 P d7a95cbbf05b4983898c2e754bcc469a: tablet copy: Beginning tablet copy session from remote peer at address 127.16.17.65:45699
I20260713 09:08:11.607204 17570 tablet_copy_service.cc:140] P 3d7827efcbb0431487391bd48c76981b: Received BeginTabletCopySession request for tablet 6feff11ac04542d39f123c933eb7f154 from peer d7a95cbbf05b4983898c2e754bcc469a ({username='slave'} at 127.0.0.1:33616)
I20260713 09:08:11.607674 17570 tablet_copy_service.cc:161] P 3d7827efcbb0431487391bd48c76981b: Beginning new tablet copy session on tablet 6feff11ac04542d39f123c933eb7f154 from peer d7a95cbbf05b4983898c2e754bcc469a at {username='slave'} at 127.0.0.1:33616: session id = d7a95cbbf05b4983898c2e754bcc469a-6feff11ac04542d39f123c933eb7f154
I20260713 09:08:11.614558 17570 tablet_copy_source_session.cc:215] T 6feff11ac04542d39f123c933eb7f154 P 3d7827efcbb0431487391bd48c76981b: Tablet Copy: opened 0 blocks and 1 log segments
I20260713 09:08:11.616977 18260 data_dirs.cc:400] Could only allocate 1 dirs of requested 3 for tablet 6feff11ac04542d39f123c933eb7f154. 1 dirs total, 0 dirs full, 0 dirs failed
I20260713 09:08:11.627216 18260 tablet_copy_client.cc:806] T 6feff11ac04542d39f123c933eb7f154 P d7a95cbbf05b4983898c2e754bcc469a: tablet copy: Starting download of 0 data blocks...
I20260713 09:08:11.627794 18260 tablet_copy_client.cc:670] T 6feff11ac04542d39f123c933eb7f154 P d7a95cbbf05b4983898c2e754bcc469a: tablet copy: Starting download of 1 WAL segments...
I20260713 09:08:11.630870 18260 tablet_copy_client.cc:538] T 6feff11ac04542d39f123c933eb7f154 P d7a95cbbf05b4983898c2e754bcc469a: tablet copy: Tablet Copy complete. Replacing tablet superblock.
I20260713 09:08:11.635563 18265 ts_tablet_manager.cc:933] T 3c3632a527104060ad3cfdebf2f3f831 P d7a95cbbf05b4983898c2e754bcc469a: Initiating tablet copy from peer 0b47eeaeab794f35848543a106607952 (127.16.17.67:32781)
I20260713 09:08:11.638114 18260 tablet_bootstrap.cc:492] T 6feff11ac04542d39f123c933eb7f154 P d7a95cbbf05b4983898c2e754bcc469a: Bootstrap starting.
I20260713 09:08:11.640481 18265 tablet_copy_client.cc:323] T 3c3632a527104060ad3cfdebf2f3f831 P d7a95cbbf05b4983898c2e754bcc469a: tablet copy: Beginning tablet copy session from remote peer at address 127.16.17.67:32781
I20260713 09:08:11.642241 17719 tablet_copy_service.cc:140] P 0b47eeaeab794f35848543a106607952: Received BeginTabletCopySession request for tablet 3c3632a527104060ad3cfdebf2f3f831 from peer d7a95cbbf05b4983898c2e754bcc469a ({username='slave'} at 127.0.0.1:59110)
I20260713 09:08:11.642776 17719 tablet_copy_service.cc:161] P 0b47eeaeab794f35848543a106607952: Beginning new tablet copy session on tablet 3c3632a527104060ad3cfdebf2f3f831 from peer d7a95cbbf05b4983898c2e754bcc469a at {username='slave'} at 127.0.0.1:59110: session id = d7a95cbbf05b4983898c2e754bcc469a-3c3632a527104060ad3cfdebf2f3f831
I20260713 09:08:11.649832 17719 tablet_copy_source_session.cc:215] T 3c3632a527104060ad3cfdebf2f3f831 P 0b47eeaeab794f35848543a106607952: Tablet Copy: opened 0 blocks and 1 log segments
I20260713 09:08:11.652884 18265 data_dirs.cc:400] Could only allocate 1 dirs of requested 3 for tablet 3c3632a527104060ad3cfdebf2f3f831. 1 dirs total, 0 dirs full, 0 dirs failed
I20260713 09:08:11.657255 18260 tablet_bootstrap.cc:492] T 6feff11ac04542d39f123c933eb7f154 P d7a95cbbf05b4983898c2e754bcc469a: Bootstrap replayed 1/1 log segments. Stats: ops{read=2 overwritten=0 applied=2 ignored=0} inserts{seen=0 ignored=0} mutations{seen=0 ignored=0} orphaned_commits=0. Pending: 0 replicates
I20260713 09:08:11.658114 18260 tablet_bootstrap.cc:492] T 6feff11ac04542d39f123c933eb7f154 P d7a95cbbf05b4983898c2e754bcc469a: Bootstrap complete.
I20260713 09:08:11.658746 18260 ts_tablet_manager.cc:1403] T 6feff11ac04542d39f123c933eb7f154 P d7a95cbbf05b4983898c2e754bcc469a: Time spent bootstrapping tablet: real 0.021s	user 0.011s	sys 0.008s
I20260713 09:08:11.661715 18260 raft_consensus.cc:359] T 6feff11ac04542d39f123c933eb7f154 P d7a95cbbf05b4983898c2e754bcc469a [term 1 LEARNER]: Replica starting. Triggering 0 pending ops. Active config: opid_index: 2 OBSOLETE_local: false peers { permanent_uuid: "3d7827efcbb0431487391bd48c76981b" member_type: VOTER last_known_addr { host: "127.16.17.65" port: 45699 } } peers { permanent_uuid: "11eb35372108418daff9ec0414390d28" member_type: VOTER last_known_addr { host: "127.16.17.66" port: 45985 } } peers { permanent_uuid: "0b47eeaeab794f35848543a106607952" member_type: VOTER last_known_addr { host: "127.16.17.67" port: 32781 } attrs { replace: true } } peers { permanent_uuid: "d7a95cbbf05b4983898c2e754bcc469a" member_type: NON_VOTER last_known_addr { host: "127.16.17.68" port: 43491 } attrs { promote: true } }
I20260713 09:08:11.662496 18260 raft_consensus.cc:740] T 6feff11ac04542d39f123c933eb7f154 P d7a95cbbf05b4983898c2e754bcc469a [term 1 LEARNER]: Becoming Follower/Learner. State: Replica: d7a95cbbf05b4983898c2e754bcc469a, State: Initialized, Role: LEARNER
I20260713 09:08:11.663239 18260 consensus_queue.cc:260] T 6feff11ac04542d39f123c933eb7f154 P d7a95cbbf05b4983898c2e754bcc469a [NON_LEADER]: Queue going to NON_LEADER mode. State: All replicated index: 0, Majority replicated index: 0, Committed index: 2, Last appended: 1.2, Last appended by leader: 2, Current term: 0, Majority size: -1, State: 0, Mode: NON_LEADER, active raft config: opid_index: 2 OBSOLETE_local: false peers { permanent_uuid: "3d7827efcbb0431487391bd48c76981b" member_type: VOTER last_known_addr { host: "127.16.17.65" port: 45699 } } peers { permanent_uuid: "11eb35372108418daff9ec0414390d28" member_type: VOTER last_known_addr { host: "127.16.17.66" port: 45985 } } peers { permanent_uuid: "0b47eeaeab794f35848543a106607952" member_type: VOTER last_known_addr { host: "127.16.17.67" port: 32781 } attrs { replace: true } } peers { permanent_uuid: "d7a95cbbf05b4983898c2e754bcc469a" member_type: NON_VOTER last_known_addr { host: "127.16.17.68" port: 43491 } attrs { promote: true } }
I20260713 09:08:11.667742 18260 ts_tablet_manager.cc:1434] T 6feff11ac04542d39f123c933eb7f154 P d7a95cbbf05b4983898c2e754bcc469a: Time spent starting tablet: real 0.009s	user 0.008s	sys 0.000s
I20260713 09:08:11.668067 18265 tablet_copy_client.cc:806] T 3c3632a527104060ad3cfdebf2f3f831 P d7a95cbbf05b4983898c2e754bcc469a: tablet copy: Starting download of 0 data blocks...
I20260713 09:08:11.668709 18265 tablet_copy_client.cc:670] T 3c3632a527104060ad3cfdebf2f3f831 P d7a95cbbf05b4983898c2e754bcc469a: tablet copy: Starting download of 1 WAL segments...
I20260713 09:08:11.669868 17570 tablet_copy_service.cc:342] P 3d7827efcbb0431487391bd48c76981b: Request end of tablet copy session d7a95cbbf05b4983898c2e754bcc469a-6feff11ac04542d39f123c933eb7f154 received from {username='slave'} at 127.0.0.1:33616
I20260713 09:08:11.670255 17570 tablet_copy_service.cc:434] P 3d7827efcbb0431487391bd48c76981b: ending tablet copy session d7a95cbbf05b4983898c2e754bcc469a-6feff11ac04542d39f123c933eb7f154 on tablet 6feff11ac04542d39f123c933eb7f154 with peer d7a95cbbf05b4983898c2e754bcc469a
I20260713 09:08:11.673192 18265 tablet_copy_client.cc:538] T 3c3632a527104060ad3cfdebf2f3f831 P d7a95cbbf05b4983898c2e754bcc469a: tablet copy: Tablet Copy complete. Replacing tablet superblock.
I20260713 09:08:11.679636 18265 tablet_bootstrap.cc:492] T 3c3632a527104060ad3cfdebf2f3f831 P d7a95cbbf05b4983898c2e754bcc469a: Bootstrap starting.
I20260713 09:08:11.695919 18265 tablet_bootstrap.cc:492] T 3c3632a527104060ad3cfdebf2f3f831 P d7a95cbbf05b4983898c2e754bcc469a: Bootstrap replayed 1/1 log segments. Stats: ops{read=2 overwritten=0 applied=2 ignored=0} inserts{seen=0 ignored=0} mutations{seen=0 ignored=0} orphaned_commits=0. Pending: 0 replicates
I20260713 09:08:11.696590 18265 tablet_bootstrap.cc:492] T 3c3632a527104060ad3cfdebf2f3f831 P d7a95cbbf05b4983898c2e754bcc469a: Bootstrap complete.
I20260713 09:08:11.697166 18265 ts_tablet_manager.cc:1403] T 3c3632a527104060ad3cfdebf2f3f831 P d7a95cbbf05b4983898c2e754bcc469a: Time spent bootstrapping tablet: real 0.018s	user 0.013s	sys 0.006s
I20260713 09:08:11.699522 18265 raft_consensus.cc:359] T 3c3632a527104060ad3cfdebf2f3f831 P d7a95cbbf05b4983898c2e754bcc469a [term 1 LEARNER]: Replica starting. Triggering 0 pending ops. Active config: opid_index: 2 OBSOLETE_local: false peers { permanent_uuid: "3d7827efcbb0431487391bd48c76981b" member_type: VOTER last_known_addr { host: "127.16.17.65" port: 45699 } attrs { replace: true } } peers { permanent_uuid: "11eb35372108418daff9ec0414390d28" member_type: VOTER last_known_addr { host: "127.16.17.66" port: 45985 } } peers { permanent_uuid: "0b47eeaeab794f35848543a106607952" member_type: VOTER last_known_addr { host: "127.16.17.67" port: 32781 } } peers { permanent_uuid: "d7a95cbbf05b4983898c2e754bcc469a" member_type: NON_VOTER last_known_addr { host: "127.16.17.68" port: 43491 } attrs { promote: true } }
I20260713 09:08:11.700104 18265 raft_consensus.cc:740] T 3c3632a527104060ad3cfdebf2f3f831 P d7a95cbbf05b4983898c2e754bcc469a [term 1 LEARNER]: Becoming Follower/Learner. State: Replica: d7a95cbbf05b4983898c2e754bcc469a, State: Initialized, Role: LEARNER
I20260713 09:08:11.700774 18265 consensus_queue.cc:260] T 3c3632a527104060ad3cfdebf2f3f831 P d7a95cbbf05b4983898c2e754bcc469a [NON_LEADER]: Queue going to NON_LEADER mode. State: All replicated index: 0, Majority replicated index: 0, Committed index: 2, Last appended: 1.2, Last appended by leader: 2, Current term: 0, Majority size: -1, State: 0, Mode: NON_LEADER, active raft config: opid_index: 2 OBSOLETE_local: false peers { permanent_uuid: "3d7827efcbb0431487391bd48c76981b" member_type: VOTER last_known_addr { host: "127.16.17.65" port: 45699 } attrs { replace: true } } peers { permanent_uuid: "11eb35372108418daff9ec0414390d28" member_type: VOTER last_known_addr { host: "127.16.17.66" port: 45985 } } peers { permanent_uuid: "0b47eeaeab794f35848543a106607952" member_type: VOTER last_known_addr { host: "127.16.17.67" port: 32781 } } peers { permanent_uuid: "d7a95cbbf05b4983898c2e754bcc469a" member_type: NON_VOTER last_known_addr { host: "127.16.17.68" port: 43491 } attrs { promote: true } }
I20260713 09:08:11.702448 18265 ts_tablet_manager.cc:1434] T 3c3632a527104060ad3cfdebf2f3f831 P d7a95cbbf05b4983898c2e754bcc469a: Time spent starting tablet: real 0.005s	user 0.004s	sys 0.000s
I20260713 09:08:11.705067 17719 tablet_copy_service.cc:342] P 0b47eeaeab794f35848543a106607952: Request end of tablet copy session d7a95cbbf05b4983898c2e754bcc469a-3c3632a527104060ad3cfdebf2f3f831 received from {username='slave'} at 127.0.0.1:59110
I20260713 09:08:11.705474 17719 tablet_copy_service.cc:434] P 0b47eeaeab794f35848543a106607952: ending tablet copy session d7a95cbbf05b4983898c2e754bcc469a-3c3632a527104060ad3cfdebf2f3f831 on tablet 3c3632a527104060ad3cfdebf2f3f831 with peer d7a95cbbf05b4983898c2e754bcc469a
I20260713 09:08:11.764176 18265 ts_tablet_manager.cc:933] T 9301bae8fea24dcca06946ef4ec163f4 P d7a95cbbf05b4983898c2e754bcc469a: Initiating tablet copy from peer 3d7827efcbb0431487391bd48c76981b (127.16.17.65:45699)
I20260713 09:08:11.765882 18265 tablet_copy_client.cc:323] T 9301bae8fea24dcca06946ef4ec163f4 P d7a95cbbf05b4983898c2e754bcc469a: tablet copy: Beginning tablet copy session from remote peer at address 127.16.17.65:45699
I20260713 09:08:11.767413 17570 tablet_copy_service.cc:140] P 3d7827efcbb0431487391bd48c76981b: Received BeginTabletCopySession request for tablet 9301bae8fea24dcca06946ef4ec163f4 from peer d7a95cbbf05b4983898c2e754bcc469a ({username='slave'} at 127.0.0.1:33616)
I20260713 09:08:11.767881 17570 tablet_copy_service.cc:161] P 3d7827efcbb0431487391bd48c76981b: Beginning new tablet copy session on tablet 9301bae8fea24dcca06946ef4ec163f4 from peer d7a95cbbf05b4983898c2e754bcc469a at {username='slave'} at 127.0.0.1:33616: session id = d7a95cbbf05b4983898c2e754bcc469a-9301bae8fea24dcca06946ef4ec163f4
I20260713 09:08:11.773110 17570 tablet_copy_source_session.cc:215] T 9301bae8fea24dcca06946ef4ec163f4 P 3d7827efcbb0431487391bd48c76981b: Tablet Copy: opened 0 blocks and 1 log segments
I20260713 09:08:11.775328 18265 data_dirs.cc:400] Could only allocate 1 dirs of requested 3 for tablet 9301bae8fea24dcca06946ef4ec163f4. 1 dirs total, 0 dirs full, 0 dirs failed
I20260713 09:08:11.785099 18265 tablet_copy_client.cc:806] T 9301bae8fea24dcca06946ef4ec163f4 P d7a95cbbf05b4983898c2e754bcc469a: tablet copy: Starting download of 0 data blocks...
I20260713 09:08:11.785567 18265 tablet_copy_client.cc:670] T 9301bae8fea24dcca06946ef4ec163f4 P d7a95cbbf05b4983898c2e754bcc469a: tablet copy: Starting download of 1 WAL segments...
I20260713 09:08:11.788820 18265 tablet_copy_client.cc:538] T 9301bae8fea24dcca06946ef4ec163f4 P d7a95cbbf05b4983898c2e754bcc469a: tablet copy: Tablet Copy complete. Replacing tablet superblock.
I20260713 09:08:11.795063 18265 tablet_bootstrap.cc:492] T 9301bae8fea24dcca06946ef4ec163f4 P d7a95cbbf05b4983898c2e754bcc469a: Bootstrap starting.
I20260713 09:08:11.810640 18265 tablet_bootstrap.cc:492] T 9301bae8fea24dcca06946ef4ec163f4 P d7a95cbbf05b4983898c2e754bcc469a: Bootstrap replayed 1/1 log segments. Stats: ops{read=2 overwritten=0 applied=2 ignored=0} inserts{seen=0 ignored=0} mutations{seen=0 ignored=0} orphaned_commits=0. Pending: 0 replicates
I20260713 09:08:11.811270 18265 tablet_bootstrap.cc:492] T 9301bae8fea24dcca06946ef4ec163f4 P d7a95cbbf05b4983898c2e754bcc469a: Bootstrap complete.
I20260713 09:08:11.811905 18265 ts_tablet_manager.cc:1403] T 9301bae8fea24dcca06946ef4ec163f4 P d7a95cbbf05b4983898c2e754bcc469a: Time spent bootstrapping tablet: real 0.017s	user 0.008s	sys 0.008s
I20260713 09:08:11.814638 18265 raft_consensus.cc:359] T 9301bae8fea24dcca06946ef4ec163f4 P d7a95cbbf05b4983898c2e754bcc469a [term 1 LEARNER]: Replica starting. Triggering 0 pending ops. Active config: opid_index: 2 OBSOLETE_local: false peers { permanent_uuid: "3d7827efcbb0431487391bd48c76981b" member_type: VOTER last_known_addr { host: "127.16.17.65" port: 45699 } } peers { permanent_uuid: "11eb35372108418daff9ec0414390d28" member_type: VOTER last_known_addr { host: "127.16.17.66" port: 45985 } } peers { permanent_uuid: "0b47eeaeab794f35848543a106607952" member_type: VOTER last_known_addr { host: "127.16.17.67" port: 32781 } attrs { replace: true } } peers { permanent_uuid: "d7a95cbbf05b4983898c2e754bcc469a" member_type: NON_VOTER last_known_addr { host: "127.16.17.68" port: 43491 } attrs { promote: true } }
I20260713 09:08:11.815251 18265 raft_consensus.cc:740] T 9301bae8fea24dcca06946ef4ec163f4 P d7a95cbbf05b4983898c2e754bcc469a [term 1 LEARNER]: Becoming Follower/Learner. State: Replica: d7a95cbbf05b4983898c2e754bcc469a, State: Initialized, Role: LEARNER
I20260713 09:08:11.815733 18265 consensus_queue.cc:260] T 9301bae8fea24dcca06946ef4ec163f4 P d7a95cbbf05b4983898c2e754bcc469a [NON_LEADER]: Queue going to NON_LEADER mode. State: All replicated index: 0, Majority replicated index: 0, Committed index: 2, Last appended: 1.2, Last appended by leader: 2, Current term: 0, Majority size: -1, State: 0, Mode: NON_LEADER, active raft config: opid_index: 2 OBSOLETE_local: false peers { permanent_uuid: "3d7827efcbb0431487391bd48c76981b" member_type: VOTER last_known_addr { host: "127.16.17.65" port: 45699 } } peers { permanent_uuid: "11eb35372108418daff9ec0414390d28" member_type: VOTER last_known_addr { host: "127.16.17.66" port: 45985 } } peers { permanent_uuid: "0b47eeaeab794f35848543a106607952" member_type: VOTER last_known_addr { host: "127.16.17.67" port: 32781 } attrs { replace: true } } peers { permanent_uuid: "d7a95cbbf05b4983898c2e754bcc469a" member_type: NON_VOTER last_known_addr { host: "127.16.17.68" port: 43491 } attrs { promote: true } }
I20260713 09:08:11.817859 18265 ts_tablet_manager.cc:1434] T 9301bae8fea24dcca06946ef4ec163f4 P d7a95cbbf05b4983898c2e754bcc469a: Time spent starting tablet: real 0.006s	user 0.005s	sys 0.000s
I20260713 09:08:11.822515 17570 tablet_copy_service.cc:342] P 3d7827efcbb0431487391bd48c76981b: Request end of tablet copy session d7a95cbbf05b4983898c2e754bcc469a-9301bae8fea24dcca06946ef4ec163f4 received from {username='slave'} at 127.0.0.1:33616
I20260713 09:08:11.822914 17570 tablet_copy_service.cc:434] P 3d7827efcbb0431487391bd48c76981b: ending tablet copy session d7a95cbbf05b4983898c2e754bcc469a-9301bae8fea24dcca06946ef4ec163f4 on tablet 9301bae8fea24dcca06946ef4ec163f4 with peer d7a95cbbf05b4983898c2e754bcc469a
I20260713 09:08:11.901778 17984 raft_consensus.cc:1217] T 25fbcf46a5f34b0ea291864150fb3373 P d7a95cbbf05b4983898c2e754bcc469a [term 1 LEARNER]: Deduplicated request from leader. Original: 1.1->[1.2-1.2]   Dedup: 1.2->[]
I20260713 09:08:12.053097 17984 raft_consensus.cc:1217] T 6feff11ac04542d39f123c933eb7f154 P d7a95cbbf05b4983898c2e754bcc469a [term 1 LEARNER]: Deduplicated request from leader. Original: 1.1->[1.2-1.2]   Dedup: 1.2->[]
I20260713 09:08:12.188490 17984 raft_consensus.cc:1217] T 3c3632a527104060ad3cfdebf2f3f831 P d7a95cbbf05b4983898c2e754bcc469a [term 1 LEARNER]: Deduplicated request from leader. Original: 1.1->[1.2-1.2]   Dedup: 1.2->[]
I20260713 09:08:12.298830 18272 raft_consensus.cc:1064] T 25fbcf46a5f34b0ea291864150fb3373 P 3d7827efcbb0431487391bd48c76981b: attempting to promote NON_VOTER d7a95cbbf05b4983898c2e754bcc469a to VOTER
I20260713 09:08:12.300688 18272 consensus_queue.cc:237] T 25fbcf46a5f34b0ea291864150fb3373 P 3d7827efcbb0431487391bd48c76981b [LEADER]: Queue going to LEADER mode. State: All replicated index: 0, Majority replicated index: 2, Committed index: 2, Last appended: 1.2, Last appended by leader: 0, Current term: 1, Majority size: 3, State: 0, Mode: LEADER, active raft config: opid_index: 3 OBSOLETE_local: false peers { permanent_uuid: "3d7827efcbb0431487391bd48c76981b" member_type: VOTER last_known_addr { host: "127.16.17.65" port: 45699 } } peers { permanent_uuid: "11eb35372108418daff9ec0414390d28" member_type: VOTER last_known_addr { host: "127.16.17.66" port: 45985 } attrs { replace: true } } peers { permanent_uuid: "0b47eeaeab794f35848543a106607952" member_type: VOTER last_known_addr { host: "127.16.17.67" port: 32781 } } peers { permanent_uuid: "d7a95cbbf05b4983898c2e754bcc469a" member_type: VOTER last_known_addr { host: "127.16.17.68" port: 43491 } attrs { promote: false } }
I20260713 09:08:12.306399 17984 raft_consensus.cc:1275] T 25fbcf46a5f34b0ea291864150fb3373 P d7a95cbbf05b4983898c2e754bcc469a [term 1 LEARNER]: Refusing update from remote peer 3d7827efcbb0431487391bd48c76981b: Log matching property violated. Preceding OpId in replica: term: 1 index: 2. Preceding OpId from leader: term: 1 index: 3. (index mismatch)
I20260713 09:08:12.308449 18207 consensus_queue.cc:1048] T 25fbcf46a5f34b0ea291864150fb3373 P 3d7827efcbb0431487391bd48c76981b [LEADER]: Connected to new peer: Peer: permanent_uuid: "d7a95cbbf05b4983898c2e754bcc469a" member_type: VOTER last_known_addr { host: "127.16.17.68" port: 43491 } attrs { promote: false }, Status: LMP_MISMATCH, Last received: 0.0, Next index: 3, Last known committed idx: 2, Time since last communication: 0.000s
I20260713 09:08:12.308763 17708 raft_consensus.cc:1275] T 25fbcf46a5f34b0ea291864150fb3373 P 0b47eeaeab794f35848543a106607952 [term 1 FOLLOWER]: Refusing update from remote peer 3d7827efcbb0431487391bd48c76981b: Log matching property violated. Preceding OpId in replica: term: 1 index: 2. Preceding OpId from leader: term: 1 index: 3. (index mismatch)
I20260713 09:08:12.309700 17633 raft_consensus.cc:1275] T 25fbcf46a5f34b0ea291864150fb3373 P 11eb35372108418daff9ec0414390d28 [term 1 FOLLOWER]: Refusing update from remote peer 3d7827efcbb0431487391bd48c76981b: Log matching property violated. Preceding OpId in replica: term: 1 index: 2. Preceding OpId from leader: term: 1 index: 3. (index mismatch)
I20260713 09:08:12.310952 18207 consensus_queue.cc:1048] T 25fbcf46a5f34b0ea291864150fb3373 P 3d7827efcbb0431487391bd48c76981b [LEADER]: Connected to new peer: Peer: permanent_uuid: "0b47eeaeab794f35848543a106607952" member_type: VOTER last_known_addr { host: "127.16.17.67" port: 32781 }, Status: LMP_MISMATCH, Last received: 0.0, Next index: 3, Last known committed idx: 2, Time since last communication: 0.000s
I20260713 09:08:12.311703 18272 consensus_queue.cc:1048] T 25fbcf46a5f34b0ea291864150fb3373 P 3d7827efcbb0431487391bd48c76981b [LEADER]: Connected to new peer: Peer: permanent_uuid: "11eb35372108418daff9ec0414390d28" member_type: VOTER last_known_addr { host: "127.16.17.66" port: 45985 } attrs { replace: true }, Status: LMP_MISMATCH, Last received: 0.0, Next index: 3, Last known committed idx: 2, Time since last communication: 0.000s
I20260713 09:08:12.325742 18239 raft_consensus.cc:2955] T 25fbcf46a5f34b0ea291864150fb3373 P 3d7827efcbb0431487391bd48c76981b [term 1 LEADER]: Committing config change with OpId 1.3: config changed from index 2 to 3, d7a95cbbf05b4983898c2e754bcc469a (127.16.17.68) changed from NON_VOTER to VOTER. New config: { opid_index: 3 OBSOLETE_local: false peers { permanent_uuid: "3d7827efcbb0431487391bd48c76981b" member_type: VOTER last_known_addr { host: "127.16.17.65" port: 45699 } } peers { permanent_uuid: "11eb35372108418daff9ec0414390d28" member_type: VOTER last_known_addr { host: "127.16.17.66" port: 45985 } attrs { replace: true } } peers { permanent_uuid: "0b47eeaeab794f35848543a106607952" member_type: VOTER last_known_addr { host: "127.16.17.67" port: 32781 } } peers { permanent_uuid: "d7a95cbbf05b4983898c2e754bcc469a" member_type: VOTER last_known_addr { host: "127.16.17.68" port: 43491 } attrs { promote: false } } }
I20260713 09:08:12.327932 17633 raft_consensus.cc:2955] T 25fbcf46a5f34b0ea291864150fb3373 P 11eb35372108418daff9ec0414390d28 [term 1 FOLLOWER]: Committing config change with OpId 1.3: config changed from index 2 to 3, d7a95cbbf05b4983898c2e754bcc469a (127.16.17.68) changed from NON_VOTER to VOTER. New config: { opid_index: 3 OBSOLETE_local: false peers { permanent_uuid: "3d7827efcbb0431487391bd48c76981b" member_type: VOTER last_known_addr { host: "127.16.17.65" port: 45699 } } peers { permanent_uuid: "11eb35372108418daff9ec0414390d28" member_type: VOTER last_known_addr { host: "127.16.17.66" port: 45985 } attrs { replace: true } } peers { permanent_uuid: "0b47eeaeab794f35848543a106607952" member_type: VOTER last_known_addr { host: "127.16.17.67" port: 32781 } } peers { permanent_uuid: "d7a95cbbf05b4983898c2e754bcc469a" member_type: VOTER last_known_addr { host: "127.16.17.68" port: 43491 } attrs { promote: false } } }
I20260713 09:08:12.328270 17708 raft_consensus.cc:2955] T 25fbcf46a5f34b0ea291864150fb3373 P 0b47eeaeab794f35848543a106607952 [term 1 FOLLOWER]: Committing config change with OpId 1.3: config changed from index 2 to 3, d7a95cbbf05b4983898c2e754bcc469a (127.16.17.68) changed from NON_VOTER to VOTER. New config: { opid_index: 3 OBSOLETE_local: false peers { permanent_uuid: "3d7827efcbb0431487391bd48c76981b" member_type: VOTER last_known_addr { host: "127.16.17.65" port: 45699 } } peers { permanent_uuid: "11eb35372108418daff9ec0414390d28" member_type: VOTER last_known_addr { host: "127.16.17.66" port: 45985 } attrs { replace: true } } peers { permanent_uuid: "0b47eeaeab794f35848543a106607952" member_type: VOTER last_known_addr { host: "127.16.17.67" port: 32781 } } peers { permanent_uuid: "d7a95cbbf05b4983898c2e754bcc469a" member_type: VOTER last_known_addr { host: "127.16.17.68" port: 43491 } attrs { promote: false } } }
I20260713 09:08:12.337001 17985 raft_consensus.cc:2955] T 25fbcf46a5f34b0ea291864150fb3373 P d7a95cbbf05b4983898c2e754bcc469a [term 1 FOLLOWER]: Committing config change with OpId 1.3: config changed from index 2 to 3, d7a95cbbf05b4983898c2e754bcc469a (127.16.17.68) changed from NON_VOTER to VOTER. New config: { opid_index: 3 OBSOLETE_local: false peers { permanent_uuid: "3d7827efcbb0431487391bd48c76981b" member_type: VOTER last_known_addr { host: "127.16.17.65" port: 45699 } } peers { permanent_uuid: "11eb35372108418daff9ec0414390d28" member_type: VOTER last_known_addr { host: "127.16.17.66" port: 45985 } attrs { replace: true } } peers { permanent_uuid: "0b47eeaeab794f35848543a106607952" member_type: VOTER last_known_addr { host: "127.16.17.67" port: 32781 } } peers { permanent_uuid: "d7a95cbbf05b4983898c2e754bcc469a" member_type: VOTER last_known_addr { host: "127.16.17.68" port: 43491 } attrs { promote: false } } }
I20260713 09:08:12.340975 17456 catalog_manager.cc:5697] T 25fbcf46a5f34b0ea291864150fb3373 P 0b47eeaeab794f35848543a106607952 reported cstate change: config changed from index 2 to 3, d7a95cbbf05b4983898c2e754bcc469a (127.16.17.68) changed from NON_VOTER to VOTER. New cstate: current_term: 1 leader_uuid: "3d7827efcbb0431487391bd48c76981b" committed_config { opid_index: 3 OBSOLETE_local: false peers { permanent_uuid: "3d7827efcbb0431487391bd48c76981b" member_type: VOTER last_known_addr { host: "127.16.17.65" port: 45699 } } peers { permanent_uuid: "11eb35372108418daff9ec0414390d28" member_type: VOTER last_known_addr { host: "127.16.17.66" port: 45985 } attrs { replace: true } } peers { permanent_uuid: "0b47eeaeab794f35848543a106607952" member_type: VOTER last_known_addr { host: "127.16.17.67" port: 32781 } } peers { permanent_uuid: "d7a95cbbf05b4983898c2e754bcc469a" member_type: VOTER last_known_addr { host: "127.16.17.68" port: 43491 } attrs { promote: false } } }
I20260713 09:08:12.372159 17985 raft_consensus.cc:1217] T 9301bae8fea24dcca06946ef4ec163f4 P d7a95cbbf05b4983898c2e754bcc469a [term 1 LEARNER]: Deduplicated request from leader. Original: 1.1->[1.2-1.2]   Dedup: 1.2->[]
I20260713 09:08:12.385804 17559 consensus_queue.cc:237] T 25fbcf46a5f34b0ea291864150fb3373 P 3d7827efcbb0431487391bd48c76981b [LEADER]: Queue going to LEADER mode. State: All replicated index: 0, Majority replicated index: 3, Committed index: 3, Last appended: 1.3, Last appended by leader: 0, Current term: 1, Majority size: 2, State: 0, Mode: LEADER, active raft config: opid_index: 4 OBSOLETE_local: false peers { permanent_uuid: "3d7827efcbb0431487391bd48c76981b" member_type: VOTER last_known_addr { host: "127.16.17.65" port: 45699 } } peers { permanent_uuid: "0b47eeaeab794f35848543a106607952" member_type: VOTER last_known_addr { host: "127.16.17.67" port: 32781 } } peers { permanent_uuid: "d7a95cbbf05b4983898c2e754bcc469a" member_type: VOTER last_known_addr { host: "127.16.17.68" port: 43491 } attrs { promote: false } }
I20260713 09:08:12.391237 17708 raft_consensus.cc:1275] T 25fbcf46a5f34b0ea291864150fb3373 P 0b47eeaeab794f35848543a106607952 [term 1 FOLLOWER]: Refusing update from remote peer 3d7827efcbb0431487391bd48c76981b: Log matching property violated. Preceding OpId in replica: term: 1 index: 3. Preceding OpId from leader: term: 1 index: 4. (index mismatch)
I20260713 09:08:12.391558 17985 raft_consensus.cc:1275] T 25fbcf46a5f34b0ea291864150fb3373 P d7a95cbbf05b4983898c2e754bcc469a [term 1 FOLLOWER]: Refusing update from remote peer 3d7827efcbb0431487391bd48c76981b: Log matching property violated. Preceding OpId in replica: term: 1 index: 3. Preceding OpId from leader: term: 1 index: 4. (index mismatch)
I20260713 09:08:12.392735 18239 consensus_queue.cc:1048] T 25fbcf46a5f34b0ea291864150fb3373 P 3d7827efcbb0431487391bd48c76981b [LEADER]: Connected to new peer: Peer: permanent_uuid: "0b47eeaeab794f35848543a106607952" member_type: VOTER last_known_addr { host: "127.16.17.67" port: 32781 }, Status: LMP_MISMATCH, Last received: 0.0, Next index: 4, Last known committed idx: 3, Time since last communication: 0.000s
I20260713 09:08:12.393854 18207 consensus_queue.cc:1048] T 25fbcf46a5f34b0ea291864150fb3373 P 3d7827efcbb0431487391bd48c76981b [LEADER]: Connected to new peer: Peer: permanent_uuid: "d7a95cbbf05b4983898c2e754bcc469a" member_type: VOTER last_known_addr { host: "127.16.17.68" port: 43491 } attrs { promote: false }, Status: LMP_MISMATCH, Last received: 0.0, Next index: 4, Last known committed idx: 3, Time since last communication: 0.000s
I20260713 09:08:12.399641 18272 raft_consensus.cc:2955] T 25fbcf46a5f34b0ea291864150fb3373 P 3d7827efcbb0431487391bd48c76981b [term 1 LEADER]: Committing config change with OpId 1.4: config changed from index 3 to 4, VOTER 11eb35372108418daff9ec0414390d28 (127.16.17.66) evicted. New config: { opid_index: 4 OBSOLETE_local: false peers { permanent_uuid: "3d7827efcbb0431487391bd48c76981b" member_type: VOTER last_known_addr { host: "127.16.17.65" port: 45699 } } peers { permanent_uuid: "0b47eeaeab794f35848543a106607952" member_type: VOTER last_known_addr { host: "127.16.17.67" port: 32781 } } peers { permanent_uuid: "d7a95cbbf05b4983898c2e754bcc469a" member_type: VOTER last_known_addr { host: "127.16.17.68" port: 43491 } attrs { promote: false } } }
I20260713 09:08:12.402047 17984 raft_consensus.cc:2955] T 25fbcf46a5f34b0ea291864150fb3373 P d7a95cbbf05b4983898c2e754bcc469a [term 1 FOLLOWER]: Committing config change with OpId 1.4: config changed from index 3 to 4, VOTER 11eb35372108418daff9ec0414390d28 (127.16.17.66) evicted. New config: { opid_index: 4 OBSOLETE_local: false peers { permanent_uuid: "3d7827efcbb0431487391bd48c76981b" member_type: VOTER last_known_addr { host: "127.16.17.65" port: 45699 } } peers { permanent_uuid: "0b47eeaeab794f35848543a106607952" member_type: VOTER last_known_addr { host: "127.16.17.67" port: 32781 } } peers { permanent_uuid: "d7a95cbbf05b4983898c2e754bcc469a" member_type: VOTER last_known_addr { host: "127.16.17.68" port: 43491 } attrs { promote: false } } }
I20260713 09:08:12.406750 17708 raft_consensus.cc:2955] T 25fbcf46a5f34b0ea291864150fb3373 P 0b47eeaeab794f35848543a106607952 [term 1 FOLLOWER]: Committing config change with OpId 1.4: config changed from index 3 to 4, VOTER 11eb35372108418daff9ec0414390d28 (127.16.17.66) evicted. New config: { opid_index: 4 OBSOLETE_local: false peers { permanent_uuid: "3d7827efcbb0431487391bd48c76981b" member_type: VOTER last_known_addr { host: "127.16.17.65" port: 45699 } } peers { permanent_uuid: "0b47eeaeab794f35848543a106607952" member_type: VOTER last_known_addr { host: "127.16.17.67" port: 32781 } } peers { permanent_uuid: "d7a95cbbf05b4983898c2e754bcc469a" member_type: VOTER last_known_addr { host: "127.16.17.68" port: 43491 } attrs { promote: false } } }
I20260713 09:08:12.409965 17444 catalog_manager.cc:5210] ChangeConfig:REMOVE_PEER RPC for tablet 25fbcf46a5f34b0ea291864150fb3373 with cas_config_opid_index 3: ChangeConfig:REMOVE_PEER succeeded (attempt 1)
I20260713 09:08:12.414952 17458 catalog_manager.cc:5697] T 25fbcf46a5f34b0ea291864150fb3373 P d7a95cbbf05b4983898c2e754bcc469a reported cstate change: config changed from index 3 to 4, VOTER 11eb35372108418daff9ec0414390d28 (127.16.17.66) evicted. New cstate: current_term: 1 leader_uuid: "3d7827efcbb0431487391bd48c76981b" committed_config { opid_index: 4 OBSOLETE_local: false peers { permanent_uuid: "3d7827efcbb0431487391bd48c76981b" member_type: VOTER last_known_addr { host: "127.16.17.65" port: 45699 } } peers { permanent_uuid: "0b47eeaeab794f35848543a106607952" member_type: VOTER last_known_addr { host: "127.16.17.67" port: 32781 } } peers { permanent_uuid: "d7a95cbbf05b4983898c2e754bcc469a" member_type: VOTER last_known_addr { host: "127.16.17.68" port: 43491 } attrs { promote: false } } }
I20260713 09:08:12.426663 17620 tablet_service.cc:1558] Processing DeleteTablet for tablet 25fbcf46a5f34b0ea291864150fb3373 with delete_type TABLET_DATA_TOMBSTONED (TS 11eb35372108418daff9ec0414390d28 not found in new config with opid_index 4) from {username='slave'} at 127.0.0.1:41430
I20260713 09:08:12.440959 18285 tablet_replica.cc:333] T 25fbcf46a5f34b0ea291864150fb3373 P 11eb35372108418daff9ec0414390d28: stopping tablet replica
I20260713 09:08:12.442003 18285 raft_consensus.cc:2243] T 25fbcf46a5f34b0ea291864150fb3373 P 11eb35372108418daff9ec0414390d28 [term 1 FOLLOWER]: Raft consensus shutting down.
I20260713 09:08:12.442689 18285 raft_consensus.cc:2272] T 25fbcf46a5f34b0ea291864150fb3373 P 11eb35372108418daff9ec0414390d28 [term 1 FOLLOWER]: Raft consensus is shut down!
I20260713 09:08:12.445639 18285 ts_tablet_manager.cc:1916] T 25fbcf46a5f34b0ea291864150fb3373 P 11eb35372108418daff9ec0414390d28: Deleting tablet data with delete state TABLET_DATA_TOMBSTONED
I20260713 09:08:12.456255 18285 ts_tablet_manager.cc:1929] T 25fbcf46a5f34b0ea291864150fb3373 P 11eb35372108418daff9ec0414390d28: tablet deleted with delete type TABLET_DATA_TOMBSTONED: last-logged OpId 1.3
I20260713 09:08:12.456740 18285 log.cc:1199] T 25fbcf46a5f34b0ea291864150fb3373 P 11eb35372108418daff9ec0414390d28: Deleting WAL directory at /tmp/dist-test-tasksP73qS/test-tmp/auto_leader_rebalancer-test.0.LeaderRebalancerTest.AddTserver.1783933652316382-16453-0/minicluster-data/ts-1-root/wals/25fbcf46a5f34b0ea291864150fb3373
I20260713 09:08:12.458135 17445 catalog_manager.cc:5028] TS 11eb35372108418daff9ec0414390d28 (127.16.17.66:45985): tablet 25fbcf46a5f34b0ea291864150fb3373 (table test-workload [id=be01c99db2af4e4fb82ebd1189612fb0]) successfully deleted
I20260713 09:08:12.479744 18272 raft_consensus.cc:1064] T 6feff11ac04542d39f123c933eb7f154 P 3d7827efcbb0431487391bd48c76981b: attempting to promote NON_VOTER d7a95cbbf05b4983898c2e754bcc469a to VOTER
I20260713 09:08:12.482228 18272 consensus_queue.cc:237] T 6feff11ac04542d39f123c933eb7f154 P 3d7827efcbb0431487391bd48c76981b [LEADER]: Queue going to LEADER mode. State: All replicated index: 0, Majority replicated index: 2, Committed index: 2, Last appended: 1.2, Last appended by leader: 0, Current term: 1, Majority size: 3, State: 0, Mode: LEADER, active raft config: opid_index: 3 OBSOLETE_local: false peers { permanent_uuid: "3d7827efcbb0431487391bd48c76981b" member_type: VOTER last_known_addr { host: "127.16.17.65" port: 45699 } } peers { permanent_uuid: "11eb35372108418daff9ec0414390d28" member_type: VOTER last_known_addr { host: "127.16.17.66" port: 45985 } } peers { permanent_uuid: "0b47eeaeab794f35848543a106607952" member_type: VOTER last_known_addr { host: "127.16.17.67" port: 32781 } attrs { replace: true } } peers { permanent_uuid: "d7a95cbbf05b4983898c2e754bcc469a" member_type: VOTER last_known_addr { host: "127.16.17.68" port: 43491 } attrs { promote: false } }
I20260713 09:08:12.488696 17984 raft_consensus.cc:1275] T 6feff11ac04542d39f123c933eb7f154 P d7a95cbbf05b4983898c2e754bcc469a [term 1 LEARNER]: Refusing update from remote peer 3d7827efcbb0431487391bd48c76981b: Log matching property violated. Preceding OpId in replica: term: 1 index: 2. Preceding OpId from leader: term: 1 index: 3. (index mismatch)
I20260713 09:08:12.489524 17633 raft_consensus.cc:1275] T 6feff11ac04542d39f123c933eb7f154 P 11eb35372108418daff9ec0414390d28 [term 1 FOLLOWER]: Refusing update from remote peer 3d7827efcbb0431487391bd48c76981b: Log matching property violated. Preceding OpId in replica: term: 1 index: 2. Preceding OpId from leader: term: 1 index: 3. (index mismatch)
I20260713 09:08:12.489598 17708 raft_consensus.cc:1275] T 6feff11ac04542d39f123c933eb7f154 P 0b47eeaeab794f35848543a106607952 [term 1 FOLLOWER]: Refusing update from remote peer 3d7827efcbb0431487391bd48c76981b: Log matching property violated. Preceding OpId in replica: term: 1 index: 2. Preceding OpId from leader: term: 1 index: 3. (index mismatch)
I20260713 09:08:12.490191 18272 consensus_queue.cc:1048] T 6feff11ac04542d39f123c933eb7f154 P 3d7827efcbb0431487391bd48c76981b [LEADER]: Connected to new peer: Peer: permanent_uuid: "d7a95cbbf05b4983898c2e754bcc469a" member_type: VOTER last_known_addr { host: "127.16.17.68" port: 43491 } attrs { promote: false }, Status: LMP_MISMATCH, Last received: 0.0, Next index: 3, Last known committed idx: 2, Time since last communication: 0.000s
I20260713 09:08:12.491022 18239 consensus_queue.cc:1048] T 6feff11ac04542d39f123c933eb7f154 P 3d7827efcbb0431487391bd48c76981b [LEADER]: Connected to new peer: Peer: permanent_uuid: "11eb35372108418daff9ec0414390d28" member_type: VOTER last_known_addr { host: "127.16.17.66" port: 45985 }, Status: LMP_MISMATCH, Last received: 0.0, Next index: 3, Last known committed idx: 2, Time since last communication: 0.000s
I20260713 09:08:12.491899 18207 consensus_queue.cc:1048] T 6feff11ac04542d39f123c933eb7f154 P 3d7827efcbb0431487391bd48c76981b [LEADER]: Connected to new peer: Peer: permanent_uuid: "0b47eeaeab794f35848543a106607952" member_type: VOTER last_known_addr { host: "127.16.17.67" port: 32781 } attrs { replace: true }, Status: LMP_MISMATCH, Last received: 0.0, Next index: 3, Last known committed idx: 2, Time since last communication: 0.000s
I20260713 09:08:12.504122 18207 raft_consensus.cc:2955] T 6feff11ac04542d39f123c933eb7f154 P 3d7827efcbb0431487391bd48c76981b [term 1 LEADER]: Committing config change with OpId 1.3: config changed from index 2 to 3, d7a95cbbf05b4983898c2e754bcc469a (127.16.17.68) changed from NON_VOTER to VOTER. New config: { opid_index: 3 OBSOLETE_local: false peers { permanent_uuid: "3d7827efcbb0431487391bd48c76981b" member_type: VOTER last_known_addr { host: "127.16.17.65" port: 45699 } } peers { permanent_uuid: "11eb35372108418daff9ec0414390d28" member_type: VOTER last_known_addr { host: "127.16.17.66" port: 45985 } } peers { permanent_uuid: "0b47eeaeab794f35848543a106607952" member_type: VOTER last_known_addr { host: "127.16.17.67" port: 32781 } attrs { replace: true } } peers { permanent_uuid: "d7a95cbbf05b4983898c2e754bcc469a" member_type: VOTER last_known_addr { host: "127.16.17.68" port: 43491 } attrs { promote: false } } }
I20260713 09:08:12.505681 17633 raft_consensus.cc:2955] T 6feff11ac04542d39f123c933eb7f154 P 11eb35372108418daff9ec0414390d28 [term 1 FOLLOWER]: Committing config change with OpId 1.3: config changed from index 2 to 3, d7a95cbbf05b4983898c2e754bcc469a (127.16.17.68) changed from NON_VOTER to VOTER. New config: { opid_index: 3 OBSOLETE_local: false peers { permanent_uuid: "3d7827efcbb0431487391bd48c76981b" member_type: VOTER last_known_addr { host: "127.16.17.65" port: 45699 } } peers { permanent_uuid: "11eb35372108418daff9ec0414390d28" member_type: VOTER last_known_addr { host: "127.16.17.66" port: 45985 } } peers { permanent_uuid: "0b47eeaeab794f35848543a106607952" member_type: VOTER last_known_addr { host: "127.16.17.67" port: 32781 } attrs { replace: true } } peers { permanent_uuid: "d7a95cbbf05b4983898c2e754bcc469a" member_type: VOTER last_known_addr { host: "127.16.17.68" port: 43491 } attrs { promote: false } } }
I20260713 09:08:12.514230 17984 raft_consensus.cc:2955] T 6feff11ac04542d39f123c933eb7f154 P d7a95cbbf05b4983898c2e754bcc469a [term 1 FOLLOWER]: Committing config change with OpId 1.3: config changed from index 2 to 3, d7a95cbbf05b4983898c2e754bcc469a (127.16.17.68) changed from NON_VOTER to VOTER. New config: { opid_index: 3 OBSOLETE_local: false peers { permanent_uuid: "3d7827efcbb0431487391bd48c76981b" member_type: VOTER last_known_addr { host: "127.16.17.65" port: 45699 } } peers { permanent_uuid: "11eb35372108418daff9ec0414390d28" member_type: VOTER last_known_addr { host: "127.16.17.66" port: 45985 } } peers { permanent_uuid: "0b47eeaeab794f35848543a106607952" member_type: VOTER last_known_addr { host: "127.16.17.67" port: 32781 } attrs { replace: true } } peers { permanent_uuid: "d7a95cbbf05b4983898c2e754bcc469a" member_type: VOTER last_known_addr { host: "127.16.17.68" port: 43491 } attrs { promote: false } } }
I20260713 09:08:12.515347 17708 raft_consensus.cc:2955] T 6feff11ac04542d39f123c933eb7f154 P 0b47eeaeab794f35848543a106607952 [term 1 FOLLOWER]: Committing config change with OpId 1.3: config changed from index 2 to 3, d7a95cbbf05b4983898c2e754bcc469a (127.16.17.68) changed from NON_VOTER to VOTER. New config: { opid_index: 3 OBSOLETE_local: false peers { permanent_uuid: "3d7827efcbb0431487391bd48c76981b" member_type: VOTER last_known_addr { host: "127.16.17.65" port: 45699 } } peers { permanent_uuid: "11eb35372108418daff9ec0414390d28" member_type: VOTER last_known_addr { host: "127.16.17.66" port: 45985 } } peers { permanent_uuid: "0b47eeaeab794f35848543a106607952" member_type: VOTER last_known_addr { host: "127.16.17.67" port: 32781 } attrs { replace: true } } peers { permanent_uuid: "d7a95cbbf05b4983898c2e754bcc469a" member_type: VOTER last_known_addr { host: "127.16.17.68" port: 43491 } attrs { promote: false } } }
I20260713 09:08:12.518967 17454 catalog_manager.cc:5697] T 6feff11ac04542d39f123c933eb7f154 P 11eb35372108418daff9ec0414390d28 reported cstate change: config changed from index 2 to 3, d7a95cbbf05b4983898c2e754bcc469a (127.16.17.68) changed from NON_VOTER to VOTER. New cstate: current_term: 1 leader_uuid: "3d7827efcbb0431487391bd48c76981b" committed_config { opid_index: 3 OBSOLETE_local: false peers { permanent_uuid: "3d7827efcbb0431487391bd48c76981b" member_type: VOTER last_known_addr { host: "127.16.17.65" port: 45699 } } peers { permanent_uuid: "11eb35372108418daff9ec0414390d28" member_type: VOTER last_known_addr { host: "127.16.17.66" port: 45985 } } peers { permanent_uuid: "0b47eeaeab794f35848543a106607952" member_type: VOTER last_known_addr { host: "127.16.17.67" port: 32781 } attrs { replace: true } } peers { permanent_uuid: "d7a95cbbf05b4983898c2e754bcc469a" member_type: VOTER last_known_addr { host: "127.16.17.68" port: 43491 } attrs { promote: false } } }
I20260713 09:08:12.542922 17559 consensus_queue.cc:237] T 6feff11ac04542d39f123c933eb7f154 P 3d7827efcbb0431487391bd48c76981b [LEADER]: Queue going to LEADER mode. State: All replicated index: 0, Majority replicated index: 3, Committed index: 3, Last appended: 1.3, Last appended by leader: 0, Current term: 1, Majority size: 2, State: 0, Mode: LEADER, active raft config: opid_index: 4 OBSOLETE_local: false peers { permanent_uuid: "3d7827efcbb0431487391bd48c76981b" member_type: VOTER last_known_addr { host: "127.16.17.65" port: 45699 } } peers { permanent_uuid: "11eb35372108418daff9ec0414390d28" member_type: VOTER last_known_addr { host: "127.16.17.66" port: 45985 } } peers { permanent_uuid: "d7a95cbbf05b4983898c2e754bcc469a" member_type: VOTER last_known_addr { host: "127.16.17.68" port: 43491 } attrs { promote: false } }
I20260713 09:08:12.546939 17984 raft_consensus.cc:1275] T 6feff11ac04542d39f123c933eb7f154 P d7a95cbbf05b4983898c2e754bcc469a [term 1 FOLLOWER]: Refusing update from remote peer 3d7827efcbb0431487391bd48c76981b: Log matching property violated. Preceding OpId in replica: term: 1 index: 3. Preceding OpId from leader: term: 1 index: 4. (index mismatch)
I20260713 09:08:12.547466 17633 raft_consensus.cc:1275] T 6feff11ac04542d39f123c933eb7f154 P 11eb35372108418daff9ec0414390d28 [term 1 FOLLOWER]: Refusing update from remote peer 3d7827efcbb0431487391bd48c76981b: Log matching property violated. Preceding OpId in replica: term: 1 index: 3. Preceding OpId from leader: term: 1 index: 4. (index mismatch)
I20260713 09:08:12.548130 18239 consensus_queue.cc:1048] T 6feff11ac04542d39f123c933eb7f154 P 3d7827efcbb0431487391bd48c76981b [LEADER]: Connected to new peer: Peer: permanent_uuid: "d7a95cbbf05b4983898c2e754bcc469a" member_type: VOTER last_known_addr { host: "127.16.17.68" port: 43491 } attrs { promote: false }, Status: LMP_MISMATCH, Last received: 0.0, Next index: 4, Last known committed idx: 3, Time since last communication: 0.000s
I20260713 09:08:12.549069 18207 consensus_queue.cc:1048] T 6feff11ac04542d39f123c933eb7f154 P 3d7827efcbb0431487391bd48c76981b [LEADER]: Connected to new peer: Peer: permanent_uuid: "11eb35372108418daff9ec0414390d28" member_type: VOTER last_known_addr { host: "127.16.17.66" port: 45985 }, Status: LMP_MISMATCH, Last received: 0.0, Next index: 4, Last known committed idx: 3, Time since last communication: 0.000s
I20260713 09:08:12.557947 18290 raft_consensus.cc:2955] T 6feff11ac04542d39f123c933eb7f154 P 3d7827efcbb0431487391bd48c76981b [term 1 LEADER]: Committing config change with OpId 1.4: config changed from index 3 to 4, VOTER 0b47eeaeab794f35848543a106607952 (127.16.17.67) evicted. New config: { opid_index: 4 OBSOLETE_local: false peers { permanent_uuid: "3d7827efcbb0431487391bd48c76981b" member_type: VOTER last_known_addr { host: "127.16.17.65" port: 45699 } } peers { permanent_uuid: "11eb35372108418daff9ec0414390d28" member_type: VOTER last_known_addr { host: "127.16.17.66" port: 45985 } } peers { permanent_uuid: "d7a95cbbf05b4983898c2e754bcc469a" member_type: VOTER last_known_addr { host: "127.16.17.68" port: 43491 } attrs { promote: false } } }
I20260713 09:08:12.560636 17985 raft_consensus.cc:2955] T 6feff11ac04542d39f123c933eb7f154 P d7a95cbbf05b4983898c2e754bcc469a [term 1 FOLLOWER]: Committing config change with OpId 1.4: config changed from index 3 to 4, VOTER 0b47eeaeab794f35848543a106607952 (127.16.17.67) evicted. New config: { opid_index: 4 OBSOLETE_local: false peers { permanent_uuid: "3d7827efcbb0431487391bd48c76981b" member_type: VOTER last_known_addr { host: "127.16.17.65" port: 45699 } } peers { permanent_uuid: "11eb35372108418daff9ec0414390d28" member_type: VOTER last_known_addr { host: "127.16.17.66" port: 45985 } } peers { permanent_uuid: "d7a95cbbf05b4983898c2e754bcc469a" member_type: VOTER last_known_addr { host: "127.16.17.68" port: 43491 } attrs { promote: false } } }
I20260713 09:08:12.562245 17633 raft_consensus.cc:2955] T 6feff11ac04542d39f123c933eb7f154 P 11eb35372108418daff9ec0414390d28 [term 1 FOLLOWER]: Committing config change with OpId 1.4: config changed from index 3 to 4, VOTER 0b47eeaeab794f35848543a106607952 (127.16.17.67) evicted. New config: { opid_index: 4 OBSOLETE_local: false peers { permanent_uuid: "3d7827efcbb0431487391bd48c76981b" member_type: VOTER last_known_addr { host: "127.16.17.65" port: 45699 } } peers { permanent_uuid: "11eb35372108418daff9ec0414390d28" member_type: VOTER last_known_addr { host: "127.16.17.66" port: 45985 } } peers { permanent_uuid: "d7a95cbbf05b4983898c2e754bcc469a" member_type: VOTER last_known_addr { host: "127.16.17.68" port: 43491 } attrs { promote: false } } }
I20260713 09:08:12.569855 17444 catalog_manager.cc:5210] ChangeConfig:REMOVE_PEER RPC for tablet 6feff11ac04542d39f123c933eb7f154 with cas_config_opid_index 3: ChangeConfig:REMOVE_PEER succeeded (attempt 1)
I20260713 09:08:12.576390 17456 catalog_manager.cc:5697] T 6feff11ac04542d39f123c933eb7f154 P d7a95cbbf05b4983898c2e754bcc469a reported cstate change: config changed from index 3 to 4, VOTER 0b47eeaeab794f35848543a106607952 (127.16.17.67) evicted. New cstate: current_term: 1 leader_uuid: "3d7827efcbb0431487391bd48c76981b" committed_config { opid_index: 4 OBSOLETE_local: false peers { permanent_uuid: "3d7827efcbb0431487391bd48c76981b" member_type: VOTER last_known_addr { host: "127.16.17.65" port: 45699 } } peers { permanent_uuid: "11eb35372108418daff9ec0414390d28" member_type: VOTER last_known_addr { host: "127.16.17.66" port: 45985 } } peers { permanent_uuid: "d7a95cbbf05b4983898c2e754bcc469a" member_type: VOTER last_known_addr { host: "127.16.17.68" port: 43491 } attrs { promote: false } } }
