I20260713 09:07:34.284154 16394 catalog_manager.cc:5697] T ea31398af62045cf9b1a7cac93b59ea8 P 4e07f87e810840118cb891ed775ef6b4 reported cstate change: term changed from 0 to 1, leader changed from <none> to 4e07f87e810840118cb891ed775ef6b4 (127.15.250.193). New cstate: current_term: 1 leader_uuid: "4e07f87e810840118cb891ed775ef6b4" committed_config { opid_index: -1 OBSOLETE_local: false peers { permanent_uuid: "4e07f87e810840118cb891ed775ef6b4" member_type: VOTER last_known_addr { host: "127.15.250.193" port: 44579 } health_report { overall_health: HEALTHY } } peers { permanent_uuid: "63f657fceb1e4eb38380dc6b277fe144" member_type: VOTER last_known_addr { host: "127.15.250.194" port: 34945 } health_report { overall_health: UNKNOWN } } peers { permanent_uuid: "1806d84475d946868233199d9a16db26" member_type: VOTER last_known_addr { host: "127.15.250.195" port: 46863 } health_report { overall_health: UNKNOWN } } }
I20260713 09:07:34.288825 16695 consensus_queue.cc:1048] T c96004cab0ef450dba5bc7fbf8aae482 P 1806d84475d946868233199d9a16db26 [LEADER]: Connected to new peer: Peer: permanent_uuid: "63f657fceb1e4eb38380dc6b277fe144" member_type: VOTER last_known_addr { host: "127.15.250.194" port: 34945 }, Status: LMP_MISMATCH, Last received: 0.0, Next index: 1, Last known committed idx: 0, Time since last communication: 0.000s
I20260713 09:07:34.302026 16693 tablet_bootstrap.cc:492] T 599c1d09f29e4cc3abf88ed9574acc20 P 4e07f87e810840118cb891ed775ef6b4: No bootstrap required, opened a new log
I20260713 09:07:34.302496 16693 ts_tablet_manager.cc:1403] T 599c1d09f29e4cc3abf88ed9574acc20 P 4e07f87e810840118cb891ed775ef6b4: Time spent bootstrapping tablet: real 0.055s	user 0.016s	sys 0.000s
I20260713 09:07:34.305033 16693 raft_consensus.cc:359] T 599c1d09f29e4cc3abf88ed9574acc20 P 4e07f87e810840118cb891ed775ef6b4 [term 0 FOLLOWER]: Replica starting. Triggering 0 pending ops. Active config: opid_index: -1 OBSOLETE_local: false peers { permanent_uuid: "4e07f87e810840118cb891ed775ef6b4" member_type: VOTER last_known_addr { host: "127.15.250.193" port: 44579 } } peers { permanent_uuid: "63f657fceb1e4eb38380dc6b277fe144" member_type: VOTER last_known_addr { host: "127.15.250.194" port: 34945 } } peers { permanent_uuid: "1806d84475d946868233199d9a16db26" member_type: VOTER last_known_addr { host: "127.15.250.195" port: 46863 } }
I20260713 09:07:34.305701 16693 raft_consensus.cc:385] T 599c1d09f29e4cc3abf88ed9574acc20 P 4e07f87e810840118cb891ed775ef6b4 [term 0 FOLLOWER]: Consensus starting up: Expiring failure detector timer to make a prompt election more likely
I20260713 09:07:34.306008 16693 raft_consensus.cc:740] T 599c1d09f29e4cc3abf88ed9574acc20 P 4e07f87e810840118cb891ed775ef6b4 [term 0 FOLLOWER]: Becoming Follower/Learner. State: Replica: 4e07f87e810840118cb891ed775ef6b4, State: Initialized, Role: FOLLOWER
I20260713 09:07:34.306622 16693 consensus_queue.cc:260] T 599c1d09f29e4cc3abf88ed9574acc20 P 4e07f87e810840118cb891ed775ef6b4 [NON_LEADER]: Queue going to NON_LEADER mode. State: All replicated index: 0, Majority replicated index: 0, Committed index: 0, Last appended: 0.0, Last appended by leader: 0, Current term: 0, Majority size: -1, State: 0, Mode: NON_LEADER, active raft config: opid_index: -1 OBSOLETE_local: false peers { permanent_uuid: "4e07f87e810840118cb891ed775ef6b4" member_type: VOTER last_known_addr { host: "127.15.250.193" port: 44579 } } peers { permanent_uuid: "63f657fceb1e4eb38380dc6b277fe144" member_type: VOTER last_known_addr { host: "127.15.250.194" port: 34945 } } peers { permanent_uuid: "1806d84475d946868233199d9a16db26" member_type: VOTER last_known_addr { host: "127.15.250.195" port: 46863 } }
I20260713 09:07:34.308981 16693 ts_tablet_manager.cc:1434] T 599c1d09f29e4cc3abf88ed9574acc20 P 4e07f87e810840118cb891ed775ef6b4: Time spent starting tablet: real 0.006s	user 0.006s	sys 0.000s
I20260713 09:07:34.309666 16498 raft_consensus.cc:3060] T cca43b0041b040e592f063229771e688 P 4e07f87e810840118cb891ed775ef6b4 [term 0 FOLLOWER]: Advancing to term 1
I20260713 09:07:34.315995 16693 tablet_bootstrap.cc:492] T 308b47b4a907481eba5676f22050857e P 4e07f87e810840118cb891ed775ef6b4: Bootstrap starting.
I20260713 09:07:34.317376 16695 consensus_queue.cc:1048] T cca43b0041b040e592f063229771e688 P 1806d84475d946868233199d9a16db26 [LEADER]: Connected to new peer: Peer: permanent_uuid: "4e07f87e810840118cb891ed775ef6b4" member_type: VOTER last_known_addr { host: "127.15.250.193" port: 44579 }, Status: LMP_MISMATCH, Last received: 0.0, Next index: 1, Last known committed idx: 0, Time since last communication: 0.000s
I20260713 09:07:34.337877 16693 tablet_bootstrap.cc:654] T 308b47b4a907481eba5676f22050857e P 4e07f87e810840118cb891ed775ef6b4: Neither blocks nor log segments found. Creating new log.
I20260713 09:07:34.344925 16693 tablet_bootstrap.cc:492] T 308b47b4a907481eba5676f22050857e P 4e07f87e810840118cb891ed775ef6b4: No bootstrap required, opened a new log
I20260713 09:07:34.345438 16693 ts_tablet_manager.cc:1403] T 308b47b4a907481eba5676f22050857e P 4e07f87e810840118cb891ed775ef6b4: Time spent bootstrapping tablet: real 0.030s	user 0.011s	sys 0.002s
I20260713 09:07:34.348660 16693 raft_consensus.cc:359] T 308b47b4a907481eba5676f22050857e P 4e07f87e810840118cb891ed775ef6b4 [term 0 FOLLOWER]: Replica starting. Triggering 0 pending ops. Active config: opid_index: -1 OBSOLETE_local: false peers { permanent_uuid: "4e07f87e810840118cb891ed775ef6b4" member_type: VOTER last_known_addr { host: "127.15.250.193" port: 44579 } } peers { permanent_uuid: "63f657fceb1e4eb38380dc6b277fe144" member_type: VOTER last_known_addr { host: "127.15.250.194" port: 34945 } } peers { permanent_uuid: "1806d84475d946868233199d9a16db26" member_type: VOTER last_known_addr { host: "127.15.250.195" port: 46863 } }
I20260713 09:07:34.349354 16693 raft_consensus.cc:385] T 308b47b4a907481eba5676f22050857e P 4e07f87e810840118cb891ed775ef6b4 [term 0 FOLLOWER]: Consensus starting up: Expiring failure detector timer to make a prompt election more likely
I20260713 09:07:34.349676 16693 raft_consensus.cc:740] T 308b47b4a907481eba5676f22050857e P 4e07f87e810840118cb891ed775ef6b4 [term 0 FOLLOWER]: Becoming Follower/Learner. State: Replica: 4e07f87e810840118cb891ed775ef6b4, State: Initialized, Role: FOLLOWER
I20260713 09:07:34.348394 16735 consensus_queue.cc:1048] T c96004cab0ef450dba5bc7fbf8aae482 P 1806d84475d946868233199d9a16db26 [LEADER]: Connected to new peer: Peer: permanent_uuid: "4e07f87e810840118cb891ed775ef6b4" member_type: VOTER last_known_addr { host: "127.15.250.193" port: 44579 }, Status: LMP_MISMATCH, Last received: 0.0, Next index: 1, Last known committed idx: 0, Time since last communication: 0.002s
I20260713 09:07:34.350405 16693 consensus_queue.cc:260] T 308b47b4a907481eba5676f22050857e P 4e07f87e810840118cb891ed775ef6b4 [NON_LEADER]: Queue going to NON_LEADER mode. State: All replicated index: 0, Majority replicated index: 0, Committed index: 0, Last appended: 0.0, Last appended by leader: 0, Current term: 0, Majority size: -1, State: 0, Mode: NON_LEADER, active raft config: opid_index: -1 OBSOLETE_local: false peers { permanent_uuid: "4e07f87e810840118cb891ed775ef6b4" member_type: VOTER last_known_addr { host: "127.15.250.193" port: 44579 } } peers { permanent_uuid: "63f657fceb1e4eb38380dc6b277fe144" member_type: VOTER last_known_addr { host: "127.15.250.194" port: 34945 } } peers { permanent_uuid: "1806d84475d946868233199d9a16db26" member_type: VOTER last_known_addr { host: "127.15.250.195" port: 46863 } }
I20260713 09:07:34.352397 16693 ts_tablet_manager.cc:1434] T 308b47b4a907481eba5676f22050857e P 4e07f87e810840118cb891ed775ef6b4: Time spent starting tablet: real 0.006s	user 0.004s	sys 0.000s
I20260713 09:07:34.364539 16695 consensus_queue.cc:1048] T cca43b0041b040e592f063229771e688 P 1806d84475d946868233199d9a16db26 [LEADER]: Connected to new peer: Peer: permanent_uuid: "63f657fceb1e4eb38380dc6b277fe144" member_type: VOTER last_known_addr { host: "127.15.250.194" port: 34945 }, Status: LMP_MISMATCH, Last received: 0.0, Next index: 1, Last known committed idx: 0, Time since last communication: 0.000s
I20260713 09:07:34.402027 16725 raft_consensus.cc:493] T 46eeb0e31be644d39d7e6b754f510066 P 63f657fceb1e4eb38380dc6b277fe144 [term 0 FOLLOWER]: Starting pre-election (no leader contacted us within the election timeout)
I20260713 09:07:34.402501 16725 raft_consensus.cc:515] T 46eeb0e31be644d39d7e6b754f510066 P 63f657fceb1e4eb38380dc6b277fe144 [term 0 FOLLOWER]: Starting pre-election with config: opid_index: -1 OBSOLETE_local: false peers { permanent_uuid: "4e07f87e810840118cb891ed775ef6b4" member_type: VOTER last_known_addr { host: "127.15.250.193" port: 44579 } } peers { permanent_uuid: "63f657fceb1e4eb38380dc6b277fe144" member_type: VOTER last_known_addr { host: "127.15.250.194" port: 34945 } } peers { permanent_uuid: "1806d84475d946868233199d9a16db26" member_type: VOTER last_known_addr { host: "127.15.250.195" port: 46863 } }
I20260713 09:07:34.404222 16725 leader_election.cc:290] T 46eeb0e31be644d39d7e6b754f510066 P 63f657fceb1e4eb38380dc6b277fe144 [CANDIDATE]: Term 1 pre-election: Requested pre-vote from peers 4e07f87e810840118cb891ed775ef6b4 (127.15.250.193:44579), 1806d84475d946868233199d9a16db26 (127.15.250.195:46863)
I20260713 09:07:34.405086 16497 tablet_service.cc:1917] Received RequestConsensusVote() RPC: tablet_id: "46eeb0e31be644d39d7e6b754f510066" candidate_uuid: "63f657fceb1e4eb38380dc6b277fe144" candidate_term: 1 candidate_status { last_received { term: 0 index: 0 } } ignore_live_leader: false dest_uuid: "4e07f87e810840118cb891ed775ef6b4" is_pre_election: true
I20260713 09:07:34.405395 16645 tablet_service.cc:1917] Received RequestConsensusVote() RPC: tablet_id: "46eeb0e31be644d39d7e6b754f510066" candidate_uuid: "63f657fceb1e4eb38380dc6b277fe144" candidate_term: 1 candidate_status { last_received { term: 0 index: 0 } } ignore_live_leader: false dest_uuid: "1806d84475d946868233199d9a16db26" is_pre_election: true
I20260713 09:07:34.405931 16497 raft_consensus.cc:2393] T 46eeb0e31be644d39d7e6b754f510066 P 4e07f87e810840118cb891ed775ef6b4 [term 1 FOLLOWER]: Leader pre-election vote request: Denying vote to candidate 63f657fceb1e4eb38380dc6b277fe144 in current term 1: Already voted for candidate 1806d84475d946868233199d9a16db26 in this term.
I20260713 09:07:34.407016 16536 leader_election.cc:304] T 46eeb0e31be644d39d7e6b754f510066 P 63f657fceb1e4eb38380dc6b277fe144 [CANDIDATE]: Term 1 pre-election: Election decided. Result: candidate lost. Election summary: received 3 responses out of 3 voters: 1 yes votes; 2 no votes. yes voters: 63f657fceb1e4eb38380dc6b277fe144; no voters: 1806d84475d946868233199d9a16db26, 4e07f87e810840118cb891ed775ef6b4
I20260713 09:07:34.407648 16725 raft_consensus.cc:3060] T 46eeb0e31be644d39d7e6b754f510066 P 63f657fceb1e4eb38380dc6b277fe144 [term 0 FOLLOWER]: Advancing to term 1
I20260713 09:07:34.412581 16725 raft_consensus.cc:2749] T 46eeb0e31be644d39d7e6b754f510066 P 63f657fceb1e4eb38380dc6b277fe144 [term 1 FOLLOWER]: Leader pre-election lost for term 1. Reason: could not achieve majority
I20260713 09:07:34.416044 16698 consensus_queue.cc:1048] T fdcbb5e07cd14a0bb38917a2926bc6ba P 63f657fceb1e4eb38380dc6b277fe144 [LEADER]: Connected to new peer: Peer: permanent_uuid: "1806d84475d946868233199d9a16db26" member_type: VOTER last_known_addr { host: "127.15.250.195" port: 46863 }, Status: LMP_MISMATCH, Last received: 0.0, Next index: 1, Last known committed idx: 0, Time since last communication: 0.000s
I20260713 09:07:34.428078 16497 raft_consensus.cc:3060] T fdcbb5e07cd14a0bb38917a2926bc6ba P 4e07f87e810840118cb891ed775ef6b4 [term 0 FOLLOWER]: Advancing to term 1
I20260713 09:07:34.438122 16698 consensus_queue.cc:1048] T fdcbb5e07cd14a0bb38917a2926bc6ba P 63f657fceb1e4eb38380dc6b277fe144 [LEADER]: Connected to new peer: Peer: permanent_uuid: "4e07f87e810840118cb891ed775ef6b4" member_type: VOTER last_known_addr { host: "127.15.250.193" port: 44579 }, Status: LMP_MISMATCH, Last received: 0.0, Next index: 1, Last known committed idx: 0, Time since last communication: 0.000s
I20260713 09:07:34.461493 16645 tablet_service.cc:2072] Received LeaderStepDown RPC: tablet_id: "cca43b0041b040e592f063229771e688"
dest_uuid: "1806d84475d946868233199d9a16db26"
mode: GRACEFUL
new_leader_uuid: "4e07f87e810840118cb891ed775ef6b4"
 from {username='slave'} at 127.0.0.1:36990
I20260713 09:07:34.462141 16645 raft_consensus.cc:606] T cca43b0041b040e592f063229771e688 P 1806d84475d946868233199d9a16db26 [term 1 LEADER]: Received request to transfer leadership to TS 4e07f87e810840118cb891ed775ef6b4
I20260713 09:07:34.472890 16645 tablet_service.cc:2072] Received LeaderStepDown RPC: tablet_id: "52e1bad30fe34c4d8b7075bf68594035"
dest_uuid: "1806d84475d946868233199d9a16db26"
mode: GRACEFUL
new_leader_uuid: "4e07f87e810840118cb891ed775ef6b4"
 from {username='slave'} at 127.0.0.1:36990
I20260713 09:07:34.473553 16645 raft_consensus.cc:606] T 52e1bad30fe34c4d8b7075bf68594035 P 1806d84475d946868233199d9a16db26 [term 1 LEADER]: Received request to transfer leadership to TS 4e07f87e810840118cb891ed775ef6b4
I20260713 09:07:34.477030 16702 raft_consensus.cc:493] T 599c1d09f29e4cc3abf88ed9574acc20 P 4e07f87e810840118cb891ed775ef6b4 [term 0 FOLLOWER]: Starting pre-election (no leader contacted us within the election timeout)
I20260713 09:07:34.477584 16702 raft_consensus.cc:515] T 599c1d09f29e4cc3abf88ed9574acc20 P 4e07f87e810840118cb891ed775ef6b4 [term 0 FOLLOWER]: Starting pre-election with config: opid_index: -1 OBSOLETE_local: false peers { permanent_uuid: "4e07f87e810840118cb891ed775ef6b4" member_type: VOTER last_known_addr { host: "127.15.250.193" port: 44579 } } peers { permanent_uuid: "63f657fceb1e4eb38380dc6b277fe144" member_type: VOTER last_known_addr { host: "127.15.250.194" port: 34945 } } peers { permanent_uuid: "1806d84475d946868233199d9a16db26" member_type: VOTER last_known_addr { host: "127.15.250.195" port: 46863 } }
I20260713 09:07:34.479673 16702 leader_election.cc:290] T 599c1d09f29e4cc3abf88ed9574acc20 P 4e07f87e810840118cb891ed775ef6b4 [CANDIDATE]: Term 1 pre-election: Requested pre-vote from peers 63f657fceb1e4eb38380dc6b277fe144 (127.15.250.194:34945), 1806d84475d946868233199d9a16db26 (127.15.250.195:46863)
I20260713 09:07:34.480652 16645 tablet_service.cc:2072] Received LeaderStepDown RPC: tablet_id: "c96004cab0ef450dba5bc7fbf8aae482"
dest_uuid: "1806d84475d946868233199d9a16db26"
mode: GRACEFUL
new_leader_uuid: "4e07f87e810840118cb891ed775ef6b4"
 from {username='slave'} at 127.0.0.1:36990
I20260713 09:07:34.481226 16645 raft_consensus.cc:606] T c96004cab0ef450dba5bc7fbf8aae482 P 1806d84475d946868233199d9a16db26 [term 1 LEADER]: Received request to transfer leadership to TS 4e07f87e810840118cb891ed775ef6b4
I20260713 09:07:34.482164 16646 tablet_service.cc:1917] Received RequestConsensusVote() RPC: tablet_id: "599c1d09f29e4cc3abf88ed9574acc20" candidate_uuid: "4e07f87e810840118cb891ed775ef6b4" candidate_term: 1 candidate_status { last_received { term: 0 index: 0 } } ignore_live_leader: false dest_uuid: "1806d84475d946868233199d9a16db26" is_pre_election: true
I20260713 09:07:34.482115 16695 consensus_queue.cc:1048] T 52e1bad30fe34c4d8b7075bf68594035 P 1806d84475d946868233199d9a16db26 [LEADER]: Connected to new peer: Peer: permanent_uuid: "4e07f87e810840118cb891ed775ef6b4" member_type: VOTER last_known_addr { host: "127.15.250.193" port: 44579 }, Status: LMP_MISMATCH, Last received: 0.0, Next index: 1, Last known committed idx: 0, Time since last communication: 0.000s
I20260713 09:07:34.480326 16572 tablet_service.cc:1917] Received RequestConsensusVote() RPC: tablet_id: "599c1d09f29e4cc3abf88ed9574acc20" candidate_uuid: "4e07f87e810840118cb891ed775ef6b4" candidate_term: 1 candidate_status { last_received { term: 0 index: 0 } } ignore_live_leader: false dest_uuid: "63f657fceb1e4eb38380dc6b277fe144" is_pre_election: true
I20260713 09:07:34.483672 16572 raft_consensus.cc:2393] T 599c1d09f29e4cc3abf88ed9574acc20 P 63f657fceb1e4eb38380dc6b277fe144 [term 1 FOLLOWER]: Leader pre-election vote request: Denying vote to candidate 4e07f87e810840118cb891ed775ef6b4 in current term 1: Already voted for candidate 1806d84475d946868233199d9a16db26 in this term.
I20260713 09:07:34.484943 16462 leader_election.cc:304] T 599c1d09f29e4cc3abf88ed9574acc20 P 4e07f87e810840118cb891ed775ef6b4 [CANDIDATE]: Term 1 pre-election: Election decided. Result: candidate lost. Election summary: received 3 responses out of 3 voters: 1 yes votes; 2 no votes. yes voters: 4e07f87e810840118cb891ed775ef6b4; no voters: 1806d84475d946868233199d9a16db26, 63f657fceb1e4eb38380dc6b277fe144
I20260713 09:07:34.485791 16739 raft_consensus.cc:3060] T 599c1d09f29e4cc3abf88ed9574acc20 P 4e07f87e810840118cb891ed775ef6b4 [term 0 FOLLOWER]: Advancing to term 1
I20260713 09:07:34.489396 16646 tablet_service.cc:2072] Received LeaderStepDown RPC: tablet_id: "599c1d09f29e4cc3abf88ed9574acc20"
dest_uuid: "1806d84475d946868233199d9a16db26"
mode: GRACEFUL
new_leader_uuid: "4e07f87e810840118cb891ed775ef6b4"
 from {username='slave'} at 127.0.0.1:36990
I20260713 09:07:34.490063 16646 raft_consensus.cc:606] T 599c1d09f29e4cc3abf88ed9574acc20 P 1806d84475d946868233199d9a16db26 [term 1 LEADER]: Received request to transfer leadership to TS 4e07f87e810840118cb891ed775ef6b4
I20260713 09:07:34.498425 16739 raft_consensus.cc:2749] T 599c1d09f29e4cc3abf88ed9574acc20 P 4e07f87e810840118cb891ed775ef6b4 [term 1 FOLLOWER]: Leader pre-election lost for term 1. Reason: could not achieve majority
I20260713 09:07:34.502573 16702 consensus_queue.cc:1048] T 16098f5e87934351a9e2445ae6a46680 P 4e07f87e810840118cb891ed775ef6b4 [LEADER]: Connected to new peer: Peer: permanent_uuid: "63f657fceb1e4eb38380dc6b277fe144" member_type: VOTER last_known_addr { host: "127.15.250.194" port: 34945 }, Status: LMP_MISMATCH, Last received: 0.0, Next index: 1, Last known committed idx: 0, Time since last communication: 0.001s
I20260713 09:07:34.505368 16646 tablet_service.cc:2072] Received LeaderStepDown RPC: tablet_id: "46eeb0e31be644d39d7e6b754f510066"
dest_uuid: "1806d84475d946868233199d9a16db26"
mode: GRACEFUL
new_leader_uuid: "63f657fceb1e4eb38380dc6b277fe144"
 from {username='slave'} at 127.0.0.1:36990
I20260713 09:07:34.506758 16646 raft_consensus.cc:606] T 46eeb0e31be644d39d7e6b754f510066 P 1806d84475d946868233199d9a16db26 [term 1 LEADER]: Received request to transfer leadership to TS 63f657fceb1e4eb38380dc6b277fe144
I20260713 09:07:34.509583 16498 raft_consensus.cc:3060] T 308b47b4a907481eba5676f22050857e P 4e07f87e810840118cb891ed775ef6b4 [term 0 FOLLOWER]: Advancing to term 1
I20260713 09:07:34.534931 16698 consensus_queue.cc:1048] T 308b47b4a907481eba5676f22050857e P 63f657fceb1e4eb38380dc6b277fe144 [LEADER]: Connected to new peer: Peer: permanent_uuid: "1806d84475d946868233199d9a16db26" member_type: VOTER last_known_addr { host: "127.15.250.195" port: 46863 }, Status: LMP_MISMATCH, Last received: 0.0, Next index: 1, Last known committed idx: 0, Time since last communication: 0.001s
I20260713 09:07:34.537192 16498 tablet_service.cc:2072] Received LeaderStepDown RPC: tablet_id: "16098f5e87934351a9e2445ae6a46680"
dest_uuid: "4e07f87e810840118cb891ed775ef6b4"
mode: GRACEFUL
new_leader_uuid: "63f657fceb1e4eb38380dc6b277fe144"
 from {username='slave'} at 127.0.0.1:53696
I20260713 09:07:34.537895 16498 raft_consensus.cc:606] T 16098f5e87934351a9e2445ae6a46680 P 4e07f87e810840118cb891ed775ef6b4 [term 1 LEADER]: Received request to transfer leadership to TS 63f657fceb1e4eb38380dc6b277fe144
I20260713 09:07:34.540663 16702 raft_consensus.cc:993] T 16098f5e87934351a9e2445ae6a46680 P 4e07f87e810840118cb891ed775ef6b4: : Instructing follower 63f657fceb1e4eb38380dc6b277fe144 to start an election
I20260713 09:07:34.541070 16702 raft_consensus.cc:1081] T 16098f5e87934351a9e2445ae6a46680 P 4e07f87e810840118cb891ed775ef6b4 [term 1 LEADER]: Signalling peer 63f657fceb1e4eb38380dc6b277fe144 to start an election
I20260713 09:07:34.552475 16698 consensus_queue.cc:1048] T 308b47b4a907481eba5676f22050857e P 63f657fceb1e4eb38380dc6b277fe144 [LEADER]: Connected to new peer: Peer: permanent_uuid: "4e07f87e810840118cb891ed775ef6b4" member_type: VOTER last_known_addr { host: "127.15.250.193" port: 44579 }, Status: LMP_MISMATCH, Last received: 0.0, Next index: 1, Last known committed idx: 0, Time since last communication: 0.001s
I20260713 09:07:34.554757 16702 consensus_queue.cc:1048] T 16098f5e87934351a9e2445ae6a46680 P 4e07f87e810840118cb891ed775ef6b4 [LEADER]: Connected to new peer: Peer: permanent_uuid: "1806d84475d946868233199d9a16db26" member_type: VOTER last_known_addr { host: "127.15.250.195" port: 46863 }, Status: LMP_MISMATCH, Last received: 0.0, Next index: 1, Last known committed idx: 0, Time since last communication: 0.001s
I20260713 09:07:34.564777 16572 tablet_service.cc:2044] Received Run Leader Election RPC: tablet_id: "16098f5e87934351a9e2445ae6a46680"
dest_uuid: "63f657fceb1e4eb38380dc6b277fe144"
 from {username='slave'} at 127.0.0.1:41758
I20260713 09:07:34.565349 16572 raft_consensus.cc:493] T 16098f5e87934351a9e2445ae6a46680 P 63f657fceb1e4eb38380dc6b277fe144 [term 1 FOLLOWER]: Starting forced leader election (received explicit request)
I20260713 09:07:34.565718 16572 raft_consensus.cc:3060] T 16098f5e87934351a9e2445ae6a46680 P 63f657fceb1e4eb38380dc6b277fe144 [term 1 FOLLOWER]: Advancing to term 2
I20260713 09:07:34.573192 16572 raft_consensus.cc:515] T 16098f5e87934351a9e2445ae6a46680 P 63f657fceb1e4eb38380dc6b277fe144 [term 2 FOLLOWER]: Starting forced leader election with config: opid_index: -1 OBSOLETE_local: false peers { permanent_uuid: "4e07f87e810840118cb891ed775ef6b4" member_type: VOTER last_known_addr { host: "127.15.250.193" port: 44579 } } peers { permanent_uuid: "63f657fceb1e4eb38380dc6b277fe144" member_type: VOTER last_known_addr { host: "127.15.250.194" port: 34945 } } peers { permanent_uuid: "1806d84475d946868233199d9a16db26" member_type: VOTER last_known_addr { host: "127.15.250.195" port: 46863 } }
I20260713 09:07:34.574378 16573 raft_consensus.cc:1240] T 16098f5e87934351a9e2445ae6a46680 P 63f657fceb1e4eb38380dc6b277fe144 [term 2 FOLLOWER]: Rejecting Update request from peer 4e07f87e810840118cb891ed775ef6b4 for earlier term 1. Current term is 2. Ops: []
I20260713 09:07:34.576665 16695 consensus_queue.cc:1048] T 52e1bad30fe34c4d8b7075bf68594035 P 1806d84475d946868233199d9a16db26 [LEADER]: Connected to new peer: Peer: permanent_uuid: "63f657fceb1e4eb38380dc6b277fe144" member_type: VOTER last_known_addr { host: "127.15.250.194" port: 34945 }, Status: LMP_MISMATCH, Last received: 0.0, Next index: 1, Last known committed idx: 0, Time since last communication: 0.000s
I20260713 09:07:34.579727 16695 consensus_queue.cc:1048] T 46eeb0e31be644d39d7e6b754f510066 P 1806d84475d946868233199d9a16db26 [LEADER]: Connected to new peer: Peer: permanent_uuid: "63f657fceb1e4eb38380dc6b277fe144" member_type: VOTER last_known_addr { host: "127.15.250.194" port: 34945 }, Status: LMP_MISMATCH, Last received: 0.0, Next index: 1, Last known committed idx: 0, Time since last communication: 0.000s
I20260713 09:07:34.580317 16647 tablet_service.cc:1917] Received RequestConsensusVote() RPC: tablet_id: "16098f5e87934351a9e2445ae6a46680" candidate_uuid: "63f657fceb1e4eb38380dc6b277fe144" candidate_term: 2 candidate_status { last_received { term: 1 index: 1 } } ignore_live_leader: true dest_uuid: "1806d84475d946868233199d9a16db26"
I20260713 09:07:34.582003 16572 leader_election.cc:290] T 16098f5e87934351a9e2445ae6a46680 P 63f657fceb1e4eb38380dc6b277fe144 [CANDIDATE]: Term 2 election: Requested vote from peers 4e07f87e810840118cb891ed775ef6b4 (127.15.250.193:44579), 1806d84475d946868233199d9a16db26 (127.15.250.195:46863)
I20260713 09:07:34.595490 16496 tablet_service.cc:1917] Received RequestConsensusVote() RPC: tablet_id: "16098f5e87934351a9e2445ae6a46680" candidate_uuid: "63f657fceb1e4eb38380dc6b277fe144" candidate_term: 2 candidate_status { last_received { term: 1 index: 1 } } ignore_live_leader: true dest_uuid: "4e07f87e810840118cb891ed775ef6b4"
I20260713 09:07:34.596324 16496 raft_consensus.cc:3055] T 16098f5e87934351a9e2445ae6a46680 P 4e07f87e810840118cb891ed775ef6b4 [term 1 LEADER]: Stepping down as leader of term 1
I20260713 09:07:34.596742 16496 raft_consensus.cc:740] T 16098f5e87934351a9e2445ae6a46680 P 4e07f87e810840118cb891ed775ef6b4 [term 1 LEADER]: Becoming Follower/Learner. State: Replica: 4e07f87e810840118cb891ed775ef6b4, State: Running, Role: LEADER
I20260713 09:07:34.597739 16496 consensus_queue.cc:260] T 16098f5e87934351a9e2445ae6a46680 P 4e07f87e810840118cb891ed775ef6b4 [NON_LEADER]: Queue going to NON_LEADER mode. State: All replicated index: 0, Majority replicated index: 1, Committed index: 1, Last appended: 1.1, Last appended by leader: 1, Current term: 1, Majority size: -1, State: 0, Mode: NON_LEADER, active raft config: opid_index: -1 OBSOLETE_local: false peers { permanent_uuid: "4e07f87e810840118cb891ed775ef6b4" member_type: VOTER last_known_addr { host: "127.15.250.193" port: 44579 } } peers { permanent_uuid: "63f657fceb1e4eb38380dc6b277fe144" member_type: VOTER last_known_addr { host: "127.15.250.194" port: 34945 } } peers { permanent_uuid: "1806d84475d946868233199d9a16db26" member_type: VOTER last_known_addr { host: "127.15.250.195" port: 46863 } }
I20260713 09:07:34.599007 16496 raft_consensus.cc:3060] T 16098f5e87934351a9e2445ae6a46680 P 4e07f87e810840118cb891ed775ef6b4 [term 1 FOLLOWER]: Advancing to term 2
I20260713 09:07:34.614019 16498 tablet_service.cc:2072] Received LeaderStepDown RPC: tablet_id: "ea31398af62045cf9b1a7cac93b59ea8"
dest_uuid: "4e07f87e810840118cb891ed775ef6b4"
mode: GRACEFUL
new_leader_uuid: "1806d84475d946868233199d9a16db26"
 from {username='slave'} at 127.0.0.1:53696
I20260713 09:07:34.614652 16498 raft_consensus.cc:606] T ea31398af62045cf9b1a7cac93b59ea8 P 4e07f87e810840118cb891ed775ef6b4 [term 1 LEADER]: Received request to transfer leadership to TS 1806d84475d946868233199d9a16db26
I20260713 09:07:34.618758 16496 raft_consensus.cc:2468] T 16098f5e87934351a9e2445ae6a46680 P 4e07f87e810840118cb891ed775ef6b4 [term 2 FOLLOWER]: Leader election vote request: Granting yes vote for candidate 63f657fceb1e4eb38380dc6b277fe144 in term 2.
I20260713 09:07:34.621280 16536 leader_election.cc:304] T 16098f5e87934351a9e2445ae6a46680 P 63f657fceb1e4eb38380dc6b277fe144 [CANDIDATE]: Term 2 election: Election decided. Result: candidate won. Election summary: received 3 responses out of 3 voters: 2 yes votes; 1 no votes. yes voters: 4e07f87e810840118cb891ed775ef6b4, 63f657fceb1e4eb38380dc6b277fe144; no voters: 1806d84475d946868233199d9a16db26
I20260713 09:07:34.625916 16698 raft_consensus.cc:2804] T 16098f5e87934351a9e2445ae6a46680 P 63f657fceb1e4eb38380dc6b277fe144 [term 2 FOLLOWER]: Leader election won for term 2
I20260713 09:07:34.626652 16698 raft_consensus.cc:697] T 16098f5e87934351a9e2445ae6a46680 P 63f657fceb1e4eb38380dc6b277fe144 [term 2 LEADER]: Becoming Leader. State: Replica: 63f657fceb1e4eb38380dc6b277fe144, State: Running, Role: LEADER
I20260713 09:07:34.627679 16698 consensus_queue.cc:237] T 16098f5e87934351a9e2445ae6a46680 P 63f657fceb1e4eb38380dc6b277fe144 [LEADER]: Queue going to LEADER mode. State: All replicated index: 0, Majority replicated index: 0, Committed index: 0, Last appended: 1.1, Last appended by leader: 1, Current term: 2, Majority size: 2, State: 0, Mode: LEADER, active raft config: opid_index: -1 OBSOLETE_local: false peers { permanent_uuid: "4e07f87e810840118cb891ed775ef6b4" member_type: VOTER last_known_addr { host: "127.15.250.193" port: 44579 } } peers { permanent_uuid: "63f657fceb1e4eb38380dc6b277fe144" member_type: VOTER last_known_addr { host: "127.15.250.194" port: 34945 } } peers { permanent_uuid: "1806d84475d946868233199d9a16db26" member_type: VOTER last_known_addr { host: "127.15.250.195" port: 46863 } }
I20260713 09:07:34.644027 16734 consensus_queue.cc:1048] T 46eeb0e31be644d39d7e6b754f510066 P 1806d84475d946868233199d9a16db26 [LEADER]: Connected to new peer: Peer: permanent_uuid: "4e07f87e810840118cb891ed775ef6b4" member_type: VOTER last_known_addr { host: "127.15.250.193" port: 44579 }, Status: LMP_MISMATCH, Last received: 0.0, Next index: 1, Last known committed idx: 0, Time since last communication: 0.000s
I20260713 09:07:34.653810 16767 consensus_queue.cc:1048] T ea31398af62045cf9b1a7cac93b59ea8 P 4e07f87e810840118cb891ed775ef6b4 [LEADER]: Connected to new peer: Peer: permanent_uuid: "1806d84475d946868233199d9a16db26" member_type: VOTER last_known_addr { host: "127.15.250.195" port: 46863 }, Status: LMP_MISMATCH, Last received: 0.0, Next index: 1, Last known committed idx: 0, Time since last communication: 0.000s
I20260713 09:07:34.689231 16734 consensus_queue.cc:1048] T 599c1d09f29e4cc3abf88ed9574acc20 P 1806d84475d946868233199d9a16db26 [LEADER]: Connected to new peer: Peer: permanent_uuid: "4e07f87e810840118cb891ed775ef6b4" member_type: VOTER last_known_addr { host: "127.15.250.193" port: 44579 }, Status: LMP_MISMATCH, Last received: 0.0, Next index: 1, Last known committed idx: 0, Time since last communication: 0.001s
I20260713 09:07:34.692564 16735 raft_consensus.cc:993] T 46eeb0e31be644d39d7e6b754f510066 P 1806d84475d946868233199d9a16db26: : Instructing follower 63f657fceb1e4eb38380dc6b277fe144 to start an election
I20260713 09:07:34.693043 16735 raft_consensus.cc:1081] T 46eeb0e31be644d39d7e6b754f510066 P 1806d84475d946868233199d9a16db26 [term 1 LEADER]: Signalling peer 63f657fceb1e4eb38380dc6b277fe144 to start an election
I20260713 09:07:34.696219 16571 tablet_service.cc:2044] Received Run Leader Election RPC: tablet_id: "46eeb0e31be644d39d7e6b754f510066"
dest_uuid: "63f657fceb1e4eb38380dc6b277fe144"
 from {username='slave'} at 127.0.0.1:41748
I20260713 09:07:34.696798 16571 raft_consensus.cc:493] T 46eeb0e31be644d39d7e6b754f510066 P 63f657fceb1e4eb38380dc6b277fe144 [term 1 FOLLOWER]: Starting forced leader election (received explicit request)
I20260713 09:07:34.697140 16571 raft_consensus.cc:3060] T 46eeb0e31be644d39d7e6b754f510066 P 63f657fceb1e4eb38380dc6b277fe144 [term 1 FOLLOWER]: Advancing to term 2
I20260713 09:07:34.703147 16734 raft_consensus.cc:993] T 52e1bad30fe34c4d8b7075bf68594035 P 1806d84475d946868233199d9a16db26: : Instructing follower 4e07f87e810840118cb891ed775ef6b4 to start an election
I20260713 09:07:34.703815 16734 raft_consensus.cc:1081] T 52e1bad30fe34c4d8b7075bf68594035 P 1806d84475d946868233199d9a16db26 [term 1 LEADER]: Signalling peer 4e07f87e810840118cb891ed775ef6b4 to start an election
I20260713 09:07:34.737890 16571 raft_consensus.cc:515] T 46eeb0e31be644d39d7e6b754f510066 P 63f657fceb1e4eb38380dc6b277fe144 [term 2 FOLLOWER]: Starting forced leader election with config: opid_index: -1 OBSOLETE_local: false peers { permanent_uuid: "4e07f87e810840118cb891ed775ef6b4" member_type: VOTER last_known_addr { host: "127.15.250.193" port: 44579 } } peers { permanent_uuid: "63f657fceb1e4eb38380dc6b277fe144" member_type: VOTER last_known_addr { host: "127.15.250.194" port: 34945 } } peers { permanent_uuid: "1806d84475d946868233199d9a16db26" member_type: VOTER last_known_addr { host: "127.15.250.195" port: 46863 } }
I20260713 09:07:34.738947 16573 raft_consensus.cc:1240] T 46eeb0e31be644d39d7e6b754f510066 P 63f657fceb1e4eb38380dc6b277fe144 [term 2 FOLLOWER]: Rejecting Update request from peer 1806d84475d946868233199d9a16db26 for earlier term 1. Current term is 2. Ops: []
I20260713 09:07:34.741134 16497 tablet_service.cc:2044] Received Run Leader Election RPC: tablet_id: "52e1bad30fe34c4d8b7075bf68594035"
dest_uuid: "4e07f87e810840118cb891ed775ef6b4"
 from {username='slave'} at 127.0.0.1:32790
I20260713 09:07:34.741686 16497 raft_consensus.cc:493] T 52e1bad30fe34c4d8b7075bf68594035 P 4e07f87e810840118cb891ed775ef6b4 [term 1 FOLLOWER]: Starting forced leader election (received explicit request)
I20260713 09:07:34.742120 16497 raft_consensus.cc:3060] T 52e1bad30fe34c4d8b7075bf68594035 P 4e07f87e810840118cb891ed775ef6b4 [term 1 FOLLOWER]: Advancing to term 2
I20260713 09:07:34.747390 16734 consensus_queue.cc:1059] T 46eeb0e31be644d39d7e6b754f510066 P 1806d84475d946868233199d9a16db26 [LEADER]: Peer responded invalid term: Peer: permanent_uuid: "63f657fceb1e4eb38380dc6b277fe144" member_type: VOTER last_known_addr { host: "127.15.250.194" port: 34945 }, Status: INVALID_TERM, Last received: 1.1, Next index: 2, Last known committed idx: 0, Time since last communication: 0.002s
I20260713 09:07:34.746482 16392 catalog_manager.cc:5697] T 16098f5e87934351a9e2445ae6a46680 P 63f657fceb1e4eb38380dc6b277fe144 reported cstate change: term changed from 1 to 2, leader changed from 4e07f87e810840118cb891ed775ef6b4 (127.15.250.193) to 63f657fceb1e4eb38380dc6b277fe144 (127.15.250.194). New cstate: current_term: 2 leader_uuid: "63f657fceb1e4eb38380dc6b277fe144" committed_config { opid_index: -1 OBSOLETE_local: false peers { permanent_uuid: "4e07f87e810840118cb891ed775ef6b4" member_type: VOTER last_known_addr { host: "127.15.250.193" port: 44579 } health_report { overall_health: UNKNOWN } } peers { permanent_uuid: "63f657fceb1e4eb38380dc6b277fe144" member_type: VOTER last_known_addr { host: "127.15.250.194" port: 34945 } health_report { overall_health: HEALTHY } } peers { permanent_uuid: "1806d84475d946868233199d9a16db26" member_type: VOTER last_known_addr { host: "127.15.250.195" port: 46863 } health_report { overall_health: UNKNOWN } } }
I20260713 09:07:34.749547 16737 raft_consensus.cc:3055] T 46eeb0e31be644d39d7e6b754f510066 P 1806d84475d946868233199d9a16db26 [term 1 LEADER]: Stepping down as leader of term 1
I20260713 09:07:34.750059 16737 raft_consensus.cc:740] T 46eeb0e31be644d39d7e6b754f510066 P 1806d84475d946868233199d9a16db26 [term 1 LEADER]: Becoming Follower/Learner. State: Replica: 1806d84475d946868233199d9a16db26, State: Running, Role: LEADER
I20260713 09:07:34.751135 16737 consensus_queue.cc:260] T 46eeb0e31be644d39d7e6b754f510066 P 1806d84475d946868233199d9a16db26 [NON_LEADER]: Queue going to NON_LEADER mode. State: All replicated index: 0, Majority replicated index: 1, Committed index: 1, Last appended: 1.1, Last appended by leader: 1, Current term: 1, Majority size: -1, State: 0, Mode: NON_LEADER, active raft config: opid_index: -1 OBSOLETE_local: false peers { permanent_uuid: "4e07f87e810840118cb891ed775ef6b4" member_type: VOTER last_known_addr { host: "127.15.250.193" port: 44579 } } peers { permanent_uuid: "63f657fceb1e4eb38380dc6b277fe144" member_type: VOTER last_known_addr { host: "127.15.250.194" port: 34945 } } peers { permanent_uuid: "1806d84475d946868233199d9a16db26" member_type: VOTER last_known_addr { host: "127.15.250.195" port: 46863 } }
I20260713 09:07:34.754757 16737 raft_consensus.cc:3060] T 46eeb0e31be644d39d7e6b754f510066 P 1806d84475d946868233199d9a16db26 [term 1 FOLLOWER]: Advancing to term 2
I20260713 09:07:34.759783 16741 raft_consensus.cc:993] T ea31398af62045cf9b1a7cac93b59ea8 P 4e07f87e810840118cb891ed775ef6b4: : Instructing follower 1806d84475d946868233199d9a16db26 to start an election
I20260713 09:07:34.760263 16741 raft_consensus.cc:1081] T ea31398af62045cf9b1a7cac93b59ea8 P 4e07f87e810840118cb891ed775ef6b4 [term 1 LEADER]: Signalling peer 1806d84475d946868233199d9a16db26 to start an election
I20260713 09:07:34.761514 16767 consensus_queue.cc:1048] T ea31398af62045cf9b1a7cac93b59ea8 P 4e07f87e810840118cb891ed775ef6b4 [LEADER]: Connected to new peer: Peer: permanent_uuid: "63f657fceb1e4eb38380dc6b277fe144" member_type: VOTER last_known_addr { host: "127.15.250.194" port: 34945 }, Status: LMP_MISMATCH, Last received: 0.0, Next index: 1, Last known committed idx: 0, Time since last communication: 0.000s
I20260713 09:07:34.763763 16646 tablet_service.cc:2044] Received Run Leader Election RPC: tablet_id: "ea31398af62045cf9b1a7cac93b59ea8"
dest_uuid: "1806d84475d946868233199d9a16db26"
 from {username='slave'} at 127.0.0.1:47542
I20260713 09:07:34.764308 16646 raft_consensus.cc:493] T ea31398af62045cf9b1a7cac93b59ea8 P 1806d84475d946868233199d9a16db26 [term 1 FOLLOWER]: Starting forced leader election (received explicit request)
I20260713 09:07:34.764685 16646 raft_consensus.cc:3060] T ea31398af62045cf9b1a7cac93b59ea8 P 1806d84475d946868233199d9a16db26 [term 1 FOLLOWER]: Advancing to term 2
I20260713 09:07:34.767138 16497 raft_consensus.cc:515] T 52e1bad30fe34c4d8b7075bf68594035 P 4e07f87e810840118cb891ed775ef6b4 [term 2 FOLLOWER]: Starting forced leader election with config: opid_index: -1 OBSOLETE_local: false peers { permanent_uuid: "4e07f87e810840118cb891ed775ef6b4" member_type: VOTER last_known_addr { host: "127.15.250.193" port: 44579 } } peers { permanent_uuid: "63f657fceb1e4eb38380dc6b277fe144" member_type: VOTER last_known_addr { host: "127.15.250.194" port: 34945 } } peers { permanent_uuid: "1806d84475d946868233199d9a16db26" member_type: VOTER last_known_addr { host: "127.15.250.195" port: 46863 } }
I20260713 09:07:34.769924 16496 tablet_service.cc:1917] Received RequestConsensusVote() RPC: tablet_id: "46eeb0e31be644d39d7e6b754f510066" candidate_uuid: "63f657fceb1e4eb38380dc6b277fe144" candidate_term: 2 candidate_status { last_received { term: 1 index: 1 } } ignore_live_leader: true dest_uuid: "4e07f87e810840118cb891ed775ef6b4"
I20260713 09:07:34.770429 16497 leader_election.cc:290] T 52e1bad30fe34c4d8b7075bf68594035 P 4e07f87e810840118cb891ed775ef6b4 [CANDIDATE]: Term 2 election: Requested vote from peers 63f657fceb1e4eb38380dc6b277fe144 (127.15.250.194:34945), 1806d84475d946868233199d9a16db26 (127.15.250.195:46863)
I20260713 09:07:34.770474 16496 raft_consensus.cc:3060] T 46eeb0e31be644d39d7e6b754f510066 P 4e07f87e810840118cb891ed775ef6b4 [term 1 FOLLOWER]: Advancing to term 2
I20260713 09:07:34.770603 16645 tablet_service.cc:1917] Received RequestConsensusVote() RPC: tablet_id: "52e1bad30fe34c4d8b7075bf68594035" candidate_uuid: "4e07f87e810840118cb891ed775ef6b4" candidate_term: 2 candidate_status { last_received { term: 1 index: 1 } } ignore_live_leader: true dest_uuid: "1806d84475d946868233199d9a16db26"
I20260713 09:07:34.771245 16645 raft_consensus.cc:3055] T 52e1bad30fe34c4d8b7075bf68594035 P 1806d84475d946868233199d9a16db26 [term 1 LEADER]: Stepping down as leader of term 1
I20260713 09:07:34.771550 16645 raft_consensus.cc:740] T 52e1bad30fe34c4d8b7075bf68594035 P 1806d84475d946868233199d9a16db26 [term 1 LEADER]: Becoming Follower/Learner. State: Replica: 1806d84475d946868233199d9a16db26, State: Running, Role: LEADER
I20260713 09:07:34.774605 16571 leader_election.cc:290] T 46eeb0e31be644d39d7e6b754f510066 P 63f657fceb1e4eb38380dc6b277fe144 [CANDIDATE]: Term 2 election: Requested vote from peers 4e07f87e810840118cb891ed775ef6b4 (127.15.250.193:44579), 1806d84475d946868233199d9a16db26 (127.15.250.195:46863)
I20260713 09:07:34.776379 16644 tablet_service.cc:1917] Received RequestConsensusVote() RPC: tablet_id: "46eeb0e31be644d39d7e6b754f510066" candidate_uuid: "63f657fceb1e4eb38380dc6b277fe144" candidate_term: 2 candidate_status { last_received { term: 1 index: 1 } } ignore_live_leader: true dest_uuid: "1806d84475d946868233199d9a16db26"
I20260713 09:07:34.775846 16645 consensus_queue.cc:260] T 52e1bad30fe34c4d8b7075bf68594035 P 1806d84475d946868233199d9a16db26 [NON_LEADER]: Queue going to NON_LEADER mode. State: All replicated index: 0, Majority replicated index: 1, Committed index: 1, Last appended: 1.1, Last appended by leader: 1, Current term: 1, Majority size: -1, State: 0, Mode: NON_LEADER, active raft config: opid_index: -1 OBSOLETE_local: false peers { permanent_uuid: "4e07f87e810840118cb891ed775ef6b4" member_type: VOTER last_known_addr { host: "127.15.250.193" port: 44579 } } peers { permanent_uuid: "63f657fceb1e4eb38380dc6b277fe144" member_type: VOTER last_known_addr { host: "127.15.250.194" port: 34945 } } peers { permanent_uuid: "1806d84475d946868233199d9a16db26" member_type: VOTER last_known_addr { host: "127.15.250.195" port: 46863 } }
I20260713 09:07:34.778653 16645 raft_consensus.cc:3060] T 52e1bad30fe34c4d8b7075bf68594035 P 1806d84475d946868233199d9a16db26 [term 1 FOLLOWER]: Advancing to term 2
I20260713 09:07:34.788239 16645 raft_consensus.cc:2468] T 52e1bad30fe34c4d8b7075bf68594035 P 1806d84475d946868233199d9a16db26 [term 2 FOLLOWER]: Leader election vote request: Granting yes vote for candidate 4e07f87e810840118cb891ed775ef6b4 in term 2.
I20260713 09:07:34.788178 16644 raft_consensus.cc:2468] T 46eeb0e31be644d39d7e6b754f510066 P 1806d84475d946868233199d9a16db26 [term 2 FOLLOWER]: Leader election vote request: Granting yes vote for candidate 63f657fceb1e4eb38380dc6b277fe144 in term 2.
I20260713 09:07:34.789383 16461 leader_election.cc:304] T 52e1bad30fe34c4d8b7075bf68594035 P 4e07f87e810840118cb891ed775ef6b4 [CANDIDATE]: Term 2 election: Election decided. Result: candidate won. Election summary: received 2 responses out of 3 voters: 2 yes votes; 0 no votes. yes voters: 1806d84475d946868233199d9a16db26, 4e07f87e810840118cb891ed775ef6b4; no voters: 
I20260713 09:07:34.792557 16767 raft_consensus.cc:2804] T 52e1bad30fe34c4d8b7075bf68594035 P 4e07f87e810840118cb891ed775ef6b4 [term 2 FOLLOWER]: Leader election won for term 2
I20260713 09:07:34.793067 16767 raft_consensus.cc:697] T 52e1bad30fe34c4d8b7075bf68594035 P 4e07f87e810840118cb891ed775ef6b4 [term 2 LEADER]: Becoming Leader. State: Replica: 4e07f87e810840118cb891ed775ef6b4, State: Running, Role: LEADER
I20260713 09:07:34.793893 16767 consensus_queue.cc:237] T 52e1bad30fe34c4d8b7075bf68594035 P 4e07f87e810840118cb891ed775ef6b4 [LEADER]: Queue going to LEADER mode. State: All replicated index: 0, Majority replicated index: 1, Committed index: 1, Last appended: 1.1, Last appended by leader: 1, Current term: 2, Majority size: 2, State: 0, Mode: LEADER, active raft config: opid_index: -1 OBSOLETE_local: false peers { permanent_uuid: "4e07f87e810840118cb891ed775ef6b4" member_type: VOTER last_known_addr { host: "127.15.250.193" port: 44579 } } peers { permanent_uuid: "63f657fceb1e4eb38380dc6b277fe144" member_type: VOTER last_known_addr { host: "127.15.250.194" port: 34945 } } peers { permanent_uuid: "1806d84475d946868233199d9a16db26" member_type: VOTER last_known_addr { host: "127.15.250.195" port: 46863 } }
I20260713 09:07:34.797379 16646 raft_consensus.cc:515] T ea31398af62045cf9b1a7cac93b59ea8 P 1806d84475d946868233199d9a16db26 [term 2 FOLLOWER]: Starting forced leader election with config: opid_index: -1 OBSOLETE_local: false peers { permanent_uuid: "4e07f87e810840118cb891ed775ef6b4" member_type: VOTER last_known_addr { host: "127.15.250.193" port: 44579 } } peers { permanent_uuid: "63f657fceb1e4eb38380dc6b277fe144" member_type: VOTER last_known_addr { host: "127.15.250.194" port: 34945 } } peers { permanent_uuid: "1806d84475d946868233199d9a16db26" member_type: VOTER last_known_addr { host: "127.15.250.195" port: 46863 } }
I20260713 09:07:34.798539 16496 raft_consensus.cc:2468] T 46eeb0e31be644d39d7e6b754f510066 P 4e07f87e810840118cb891ed775ef6b4 [term 2 FOLLOWER]: Leader election vote request: Granting yes vote for candidate 63f657fceb1e4eb38380dc6b277fe144 in term 2.
I20260713 09:07:34.798609 16647 raft_consensus.cc:1240] T ea31398af62045cf9b1a7cac93b59ea8 P 1806d84475d946868233199d9a16db26 [term 2 FOLLOWER]: Rejecting Update request from peer 4e07f87e810840118cb891ed775ef6b4 for earlier term 1. Current term is 2. Ops: []
I20260713 09:07:34.801127 16536 leader_election.cc:304] T 46eeb0e31be644d39d7e6b754f510066 P 63f657fceb1e4eb38380dc6b277fe144 [CANDIDATE]: Term 2 election: Election decided. Result: candidate won. Election summary: received 2 responses out of 3 voters: 2 yes votes; 0 no votes. yes voters: 4e07f87e810840118cb891ed775ef6b4, 63f657fceb1e4eb38380dc6b277fe144; no voters: 
I20260713 09:07:34.801970 16698 raft_consensus.cc:2804] T 46eeb0e31be644d39d7e6b754f510066 P 63f657fceb1e4eb38380dc6b277fe144 [term 2 FOLLOWER]: Leader election won for term 2
I20260713 09:07:34.802178 16739 consensus_queue.cc:1059] T ea31398af62045cf9b1a7cac93b59ea8 P 4e07f87e810840118cb891ed775ef6b4 [LEADER]: Peer responded invalid term: Peer: permanent_uuid: "1806d84475d946868233199d9a16db26" member_type: VOTER last_known_addr { host: "127.15.250.195" port: 46863 }, Status: INVALID_TERM, Last received: 1.1, Next index: 2, Last known committed idx: 0, Time since last communication: 0.000s
I20260713 09:07:34.802423 16698 raft_consensus.cc:697] T 46eeb0e31be644d39d7e6b754f510066 P 63f657fceb1e4eb38380dc6b277fe144 [term 2 LEADER]: Becoming Leader. State: Replica: 63f657fceb1e4eb38380dc6b277fe144, State: Running, Role: LEADER
I20260713 09:07:34.802961 16739 raft_consensus.cc:3055] T ea31398af62045cf9b1a7cac93b59ea8 P 4e07f87e810840118cb891ed775ef6b4 [term 1 LEADER]: Stepping down as leader of term 1
I20260713 09:07:34.803323 16739 raft_consensus.cc:740] T ea31398af62045cf9b1a7cac93b59ea8 P 4e07f87e810840118cb891ed775ef6b4 [term 1 LEADER]: Becoming Follower/Learner. State: Replica: 4e07f87e810840118cb891ed775ef6b4, State: Running, Role: LEADER
I20260713 09:07:34.803496 16698 consensus_queue.cc:237] T 46eeb0e31be644d39d7e6b754f510066 P 63f657fceb1e4eb38380dc6b277fe144 [LEADER]: Queue going to LEADER mode. State: All replicated index: 0, Majority replicated index: 0, Committed index: 0, Last appended: 1.1, Last appended by leader: 1, Current term: 2, Majority size: 2, State: 0, Mode: LEADER, active raft config: opid_index: -1 OBSOLETE_local: false peers { permanent_uuid: "4e07f87e810840118cb891ed775ef6b4" member_type: VOTER last_known_addr { host: "127.15.250.193" port: 44579 } } peers { permanent_uuid: "63f657fceb1e4eb38380dc6b277fe144" member_type: VOTER last_known_addr { host: "127.15.250.194" port: 34945 } } peers { permanent_uuid: "1806d84475d946868233199d9a16db26" member_type: VOTER last_known_addr { host: "127.15.250.195" port: 46863 } }
I20260713 09:07:34.804061 16739 consensus_queue.cc:260] T ea31398af62045cf9b1a7cac93b59ea8 P 4e07f87e810840118cb891ed775ef6b4 [NON_LEADER]: Queue going to NON_LEADER mode. State: All replicated index: 0, Majority replicated index: 1, Committed index: 1, Last appended: 1.1, Last appended by leader: 1, Current term: 1, Majority size: -1, State: 0, Mode: NON_LEADER, active raft config: opid_index: -1 OBSOLETE_local: false peers { permanent_uuid: "4e07f87e810840118cb891ed775ef6b4" member_type: VOTER last_known_addr { host: "127.15.250.193" port: 44579 } } peers { permanent_uuid: "63f657fceb1e4eb38380dc6b277fe144" member_type: VOTER last_known_addr { host: "127.15.250.194" port: 34945 } } peers { permanent_uuid: "1806d84475d946868233199d9a16db26" member_type: VOTER last_known_addr { host: "127.15.250.195" port: 46863 } }
I20260713 09:07:34.805155 16739 raft_consensus.cc:3060] T ea31398af62045cf9b1a7cac93b59ea8 P 4e07f87e810840118cb891ed775ef6b4 [term 1 FOLLOWER]: Advancing to term 2
I20260713 09:07:34.797369 16571 tablet_service.cc:1917] Received RequestConsensusVote() RPC: tablet_id: "52e1bad30fe34c4d8b7075bf68594035" candidate_uuid: "4e07f87e810840118cb891ed775ef6b4" candidate_term: 2 candidate_status { last_received { term: 1 index: 1 } } ignore_live_leader: true dest_uuid: "63f657fceb1e4eb38380dc6b277fe144"
I20260713 09:07:34.811029 16571 raft_consensus.cc:3060] T 52e1bad30fe34c4d8b7075bf68594035 P 63f657fceb1e4eb38380dc6b277fe144 [term 1 FOLLOWER]: Advancing to term 2
I20260713 09:07:34.814107 16735 raft_consensus.cc:993] T 599c1d09f29e4cc3abf88ed9574acc20 P 1806d84475d946868233199d9a16db26: : Instructing follower 4e07f87e810840118cb891ed775ef6b4 to start an election
I20260713 09:07:34.814502 16735 raft_consensus.cc:1081] T 599c1d09f29e4cc3abf88ed9574acc20 P 1806d84475d946868233199d9a16db26 [term 1 LEADER]: Signalling peer 4e07f87e810840118cb891ed775ef6b4 to start an election
I20260713 09:07:34.817348 16497 tablet_service.cc:1917] Received RequestConsensusVote() RPC: tablet_id: "ea31398af62045cf9b1a7cac93b59ea8" candidate_uuid: "1806d84475d946868233199d9a16db26" candidate_term: 2 candidate_status { last_received { term: 1 index: 1 } } ignore_live_leader: true dest_uuid: "4e07f87e810840118cb891ed775ef6b4"
I20260713 09:07:34.818527 16734 consensus_queue.cc:1048] T 599c1d09f29e4cc3abf88ed9574acc20 P 1806d84475d946868233199d9a16db26 [LEADER]: Connected to new peer: Peer: permanent_uuid: "63f657fceb1e4eb38380dc6b277fe144" member_type: VOTER last_known_addr { host: "127.15.250.194" port: 34945 }, Status: LMP_MISMATCH, Last received: 0.0, Next index: 1, Last known committed idx: 0, Time since last communication: 0.000s
I20260713 09:07:34.819289 16498 tablet_service.cc:2044] Received Run Leader Election RPC: tablet_id: "599c1d09f29e4cc3abf88ed9574acc20"
dest_uuid: "4e07f87e810840118cb891ed775ef6b4"
 from {username='slave'} at 127.0.0.1:32790
I20260713 09:07:34.820827 16498 raft_consensus.cc:493] T 599c1d09f29e4cc3abf88ed9574acc20 P 4e07f87e810840118cb891ed775ef6b4 [term 1 FOLLOWER]: Starting forced leader election (received explicit request)
I20260713 09:07:34.821182 16498 raft_consensus.cc:3060] T 599c1d09f29e4cc3abf88ed9574acc20 P 4e07f87e810840118cb891ed775ef6b4 [term 1 FOLLOWER]: Advancing to term 2
I20260713 09:07:34.830621 16572 tablet_service.cc:1917] Received RequestConsensusVote() RPC: tablet_id: "ea31398af62045cf9b1a7cac93b59ea8" candidate_uuid: "1806d84475d946868233199d9a16db26" candidate_term: 2 candidate_status { last_received { term: 1 index: 1 } } ignore_live_leader: true dest_uuid: "63f657fceb1e4eb38380dc6b277fe144"
I20260713 09:07:34.832231 16646 leader_election.cc:290] T ea31398af62045cf9b1a7cac93b59ea8 P 1806d84475d946868233199d9a16db26 [CANDIDATE]: Term 2 election: Requested vote from peers 4e07f87e810840118cb891ed775ef6b4 (127.15.250.193:44579), 63f657fceb1e4eb38380dc6b277fe144 (127.15.250.194:34945)
I20260713 09:07:34.833853 16497 raft_consensus.cc:2468] T ea31398af62045cf9b1a7cac93b59ea8 P 4e07f87e810840118cb891ed775ef6b4 [term 2 FOLLOWER]: Leader election vote request: Granting yes vote for candidate 1806d84475d946868233199d9a16db26 in term 2.
