I20260713 09:07:31.807245 22038 raft_consensus.cc:515] T 81d303a4868748aca4b2734882ca3554 P 002cfdaeb09b485a8e270dc4f7e8fb0b [term 1 FOLLOWER]: Starting leader election with config: opid_index: -1 OBSOLETE_local: false peers { permanent_uuid: "002cfdaeb09b485a8e270dc4f7e8fb0b" member_type: VOTER last_known_addr { host: "127.21.49.129" port: 37739 } } peers { permanent_uuid: "b7f9209f56c64109b2850e58fa25e718" member_type: VOTER last_known_addr { host: "127.21.49.130" port: 42565 } } peers { permanent_uuid: "e5e875f3b2fe4c3980882954ba6c342a" member_type: VOTER last_known_addr { host: "127.21.49.131" port: 39039 } }
I20260713 09:07:31.809619 22037 raft_consensus.cc:2749] T 94c90e6983e2425a941cd0c31de5851c P b7f9209f56c64109b2850e58fa25e718 [term 1 FOLLOWER]: Leader pre-election lost for term 1. Reason: could not achieve majority
I20260713 09:07:31.810441 21986 tablet_service.cc:1917] Received RequestConsensusVote() RPC: tablet_id: "81d303a4868748aca4b2734882ca3554" candidate_uuid: "002cfdaeb09b485a8e270dc4f7e8fb0b" candidate_term: 1 candidate_status { last_received { term: 0 index: 0 } } ignore_live_leader: false dest_uuid: "e5e875f3b2fe4c3980882954ba6c342a"
I20260713 09:07:31.811115 21986 raft_consensus.cc:3060] T 81d303a4868748aca4b2734882ca3554 P e5e875f3b2fe4c3980882954ba6c342a [term 0 FOLLOWER]: Advancing to term 1
I20260713 09:07:31.815469 21912 tablet_service.cc:1917] Received RequestConsensusVote() RPC: tablet_id: "81d303a4868748aca4b2734882ca3554" candidate_uuid: "002cfdaeb09b485a8e270dc4f7e8fb0b" candidate_term: 1 candidate_status { last_received { term: 0 index: 0 } } ignore_live_leader: false dest_uuid: "b7f9209f56c64109b2850e58fa25e718"
I20260713 09:07:31.816044 21912 raft_consensus.cc:3060] T 81d303a4868748aca4b2734882ca3554 P b7f9209f56c64109b2850e58fa25e718 [term 0 FOLLOWER]: Advancing to term 1
I20260713 09:07:31.818451 21986 raft_consensus.cc:2468] T 81d303a4868748aca4b2734882ca3554 P e5e875f3b2fe4c3980882954ba6c342a [term 1 FOLLOWER]: Leader election vote request: Granting yes vote for candidate 002cfdaeb09b485a8e270dc4f7e8fb0b in term 1.
I20260713 09:07:31.819772 21800 leader_election.cc:304] T 81d303a4868748aca4b2734882ca3554 P 002cfdaeb09b485a8e270dc4f7e8fb0b [CANDIDATE]: Term 1 election: Election decided. Result: candidate won. Election summary: received 2 responses out of 3 voters: 2 yes votes; 0 no votes. yes voters: 002cfdaeb09b485a8e270dc4f7e8fb0b, e5e875f3b2fe4c3980882954ba6c342a; no voters: 
I20260713 09:07:31.821564 22038 leader_election.cc:290] T 81d303a4868748aca4b2734882ca3554 P 002cfdaeb09b485a8e270dc4f7e8fb0b [CANDIDATE]: Term 1 election: Requested vote from peers b7f9209f56c64109b2850e58fa25e718 (127.21.49.130:42565), e5e875f3b2fe4c3980882954ba6c342a (127.21.49.131:39039)
I20260713 09:07:31.822153 22038 raft_consensus.cc:2804] T 81d303a4868748aca4b2734882ca3554 P 002cfdaeb09b485a8e270dc4f7e8fb0b [term 1 FOLLOWER]: Leader election won for term 1
I20260713 09:07:31.822635 22038 raft_consensus.cc:697] T 81d303a4868748aca4b2734882ca3554 P 002cfdaeb09b485a8e270dc4f7e8fb0b [term 1 LEADER]: Becoming Leader. State: Replica: 002cfdaeb09b485a8e270dc4f7e8fb0b, State: Running, Role: LEADER
I20260713 09:07:31.823143 21912 raft_consensus.cc:2468] T 81d303a4868748aca4b2734882ca3554 P b7f9209f56c64109b2850e58fa25e718 [term 1 FOLLOWER]: Leader election vote request: Granting yes vote for candidate 002cfdaeb09b485a8e270dc4f7e8fb0b in term 1.
I20260713 09:07:31.823459 22038 consensus_queue.cc:237] T 81d303a4868748aca4b2734882ca3554 P 002cfdaeb09b485a8e270dc4f7e8fb0b [LEADER]: Queue going to LEADER mode. State: All replicated index: 0, Majority replicated index: 0, Committed index: 0, Last appended: 0.0, Last appended by leader: 0, Current term: 1, Majority size: 2, State: 0, Mode: LEADER, active raft config: opid_index: -1 OBSOLETE_local: false peers { permanent_uuid: "002cfdaeb09b485a8e270dc4f7e8fb0b" member_type: VOTER last_known_addr { host: "127.21.49.129" port: 37739 } } peers { permanent_uuid: "b7f9209f56c64109b2850e58fa25e718" member_type: VOTER last_known_addr { host: "127.21.49.130" port: 42565 } } peers { permanent_uuid: "e5e875f3b2fe4c3980882954ba6c342a" member_type: VOTER last_known_addr { host: "127.21.49.131" port: 39039 } }
I20260713 09:07:31.843302 22037 raft_consensus.cc:493] T dd6338b48cfb4c17897eadff522663c8 P b7f9209f56c64109b2850e58fa25e718 [term 0 FOLLOWER]: Starting pre-election (no leader contacted us within the election timeout)
I20260713 09:07:31.843791 22037 raft_consensus.cc:515] T dd6338b48cfb4c17897eadff522663c8 P b7f9209f56c64109b2850e58fa25e718 [term 0 FOLLOWER]: Starting pre-election with config: opid_index: -1 OBSOLETE_local: false peers { permanent_uuid: "002cfdaeb09b485a8e270dc4f7e8fb0b" member_type: VOTER last_known_addr { host: "127.21.49.129" port: 37739 } } peers { permanent_uuid: "b7f9209f56c64109b2850e58fa25e718" member_type: VOTER last_known_addr { host: "127.21.49.130" port: 42565 } } peers { permanent_uuid: "e5e875f3b2fe4c3980882954ba6c342a" member_type: VOTER last_known_addr { host: "127.21.49.131" port: 39039 } }
I20260713 09:07:31.845836 22037 leader_election.cc:290] T dd6338b48cfb4c17897eadff522663c8 P b7f9209f56c64109b2850e58fa25e718 [CANDIDATE]: Term 1 pre-election: Requested pre-vote from peers 002cfdaeb09b485a8e270dc4f7e8fb0b (127.21.49.129:37739), e5e875f3b2fe4c3980882954ba6c342a (127.21.49.131:39039)
I20260713 09:07:31.847741 21986 tablet_service.cc:1917] Received RequestConsensusVote() RPC: tablet_id: "dd6338b48cfb4c17897eadff522663c8" candidate_uuid: "b7f9209f56c64109b2850e58fa25e718" candidate_term: 1 candidate_status { last_received { term: 0 index: 0 } } ignore_live_leader: false dest_uuid: "e5e875f3b2fe4c3980882954ba6c342a" is_pre_election: true
I20260713 09:07:31.848349 21986 raft_consensus.cc:2468] T dd6338b48cfb4c17897eadff522663c8 P e5e875f3b2fe4c3980882954ba6c342a [term 0 FOLLOWER]: Leader pre-election vote request: Granting yes vote for candidate b7f9209f56c64109b2850e58fa25e718 in term 0.
I20260713 09:07:31.849694 21836 tablet_service.cc:1917] Received RequestConsensusVote() RPC: tablet_id: "dd6338b48cfb4c17897eadff522663c8" candidate_uuid: "b7f9209f56c64109b2850e58fa25e718" candidate_term: 1 candidate_status { last_received { term: 0 index: 0 } } ignore_live_leader: false dest_uuid: "002cfdaeb09b485a8e270dc4f7e8fb0b" is_pre_election: true
I20260713 09:07:31.849733 21875 leader_election.cc:304] T dd6338b48cfb4c17897eadff522663c8 P b7f9209f56c64109b2850e58fa25e718 [CANDIDATE]: Term 1 pre-election: Election decided. Result: candidate won. Election summary: received 2 responses out of 3 voters: 2 yes votes; 0 no votes. yes voters: b7f9209f56c64109b2850e58fa25e718, e5e875f3b2fe4c3980882954ba6c342a; no voters: 
I20260713 09:07:31.850962 22041 raft_consensus.cc:2804] T dd6338b48cfb4c17897eadff522663c8 P b7f9209f56c64109b2850e58fa25e718 [term 0 FOLLOWER]: Leader pre-election won for term 1
I20260713 09:07:31.851320 22041 raft_consensus.cc:493] T dd6338b48cfb4c17897eadff522663c8 P b7f9209f56c64109b2850e58fa25e718 [term 0 FOLLOWER]: Starting leader election (no leader contacted us within the election timeout)
I20260713 09:07:31.851683 22041 raft_consensus.cc:3060] T dd6338b48cfb4c17897eadff522663c8 P b7f9209f56c64109b2850e58fa25e718 [term 0 FOLLOWER]: Advancing to term 1
I20260713 09:07:31.854856 21836 raft_consensus.cc:2468] T dd6338b48cfb4c17897eadff522663c8 P 002cfdaeb09b485a8e270dc4f7e8fb0b [term 0 FOLLOWER]: Leader pre-election vote request: Granting yes vote for candidate b7f9209f56c64109b2850e58fa25e718 in term 0.
I20260713 09:07:31.855448 21734 catalog_manager.cc:5697] T 81d303a4868748aca4b2734882ca3554 P 002cfdaeb09b485a8e270dc4f7e8fb0b reported cstate change: term changed from 0 to 1, leader changed from <none> to 002cfdaeb09b485a8e270dc4f7e8fb0b (127.21.49.129). New cstate: current_term: 1 leader_uuid: "002cfdaeb09b485a8e270dc4f7e8fb0b" committed_config { opid_index: -1 OBSOLETE_local: false peers { permanent_uuid: "002cfdaeb09b485a8e270dc4f7e8fb0b" member_type: VOTER last_known_addr { host: "127.21.49.129" port: 37739 } health_report { overall_health: HEALTHY } } peers { permanent_uuid: "b7f9209f56c64109b2850e58fa25e718" member_type: VOTER last_known_addr { host: "127.21.49.130" port: 42565 } health_report { overall_health: UNKNOWN } } peers { permanent_uuid: "e5e875f3b2fe4c3980882954ba6c342a" member_type: VOTER last_known_addr { host: "127.21.49.131" port: 39039 } health_report { overall_health: UNKNOWN } } }
I20260713 09:07:31.860970 22041 raft_consensus.cc:515] T dd6338b48cfb4c17897eadff522663c8 P b7f9209f56c64109b2850e58fa25e718 [term 1 FOLLOWER]: Starting leader election with config: opid_index: -1 OBSOLETE_local: false peers { permanent_uuid: "002cfdaeb09b485a8e270dc4f7e8fb0b" member_type: VOTER last_known_addr { host: "127.21.49.129" port: 37739 } } peers { permanent_uuid: "b7f9209f56c64109b2850e58fa25e718" member_type: VOTER last_known_addr { host: "127.21.49.130" port: 42565 } } peers { permanent_uuid: "e5e875f3b2fe4c3980882954ba6c342a" member_type: VOTER last_known_addr { host: "127.21.49.131" port: 39039 } }
I20260713 09:07:31.863510 21836 tablet_service.cc:1917] Received RequestConsensusVote() RPC: tablet_id: "dd6338b48cfb4c17897eadff522663c8" candidate_uuid: "b7f9209f56c64109b2850e58fa25e718" candidate_term: 1 candidate_status { last_received { term: 0 index: 0 } } ignore_live_leader: false dest_uuid: "002cfdaeb09b485a8e270dc4f7e8fb0b"
I20260713 09:07:31.863816 21986 tablet_service.cc:1917] Received RequestConsensusVote() RPC: tablet_id: "dd6338b48cfb4c17897eadff522663c8" candidate_uuid: "b7f9209f56c64109b2850e58fa25e718" candidate_term: 1 candidate_status { last_received { term: 0 index: 0 } } ignore_live_leader: false dest_uuid: "e5e875f3b2fe4c3980882954ba6c342a"
I20260713 09:07:31.864042 21836 raft_consensus.cc:3060] T dd6338b48cfb4c17897eadff522663c8 P 002cfdaeb09b485a8e270dc4f7e8fb0b [term 0 FOLLOWER]: Advancing to term 1
I20260713 09:07:31.864384 21986 raft_consensus.cc:3060] T dd6338b48cfb4c17897eadff522663c8 P e5e875f3b2fe4c3980882954ba6c342a [term 0 FOLLOWER]: Advancing to term 1
I20260713 09:07:31.869884 21986 raft_consensus.cc:2468] T dd6338b48cfb4c17897eadff522663c8 P e5e875f3b2fe4c3980882954ba6c342a [term 1 FOLLOWER]: Leader election vote request: Granting yes vote for candidate b7f9209f56c64109b2850e58fa25e718 in term 1.
I20260713 09:07:31.870325 22041 leader_election.cc:290] T dd6338b48cfb4c17897eadff522663c8 P b7f9209f56c64109b2850e58fa25e718 [CANDIDATE]: Term 1 election: Requested vote from peers 002cfdaeb09b485a8e270dc4f7e8fb0b (127.21.49.129:37739), e5e875f3b2fe4c3980882954ba6c342a (127.21.49.131:39039)
I20260713 09:07:31.870965 21875 leader_election.cc:304] T dd6338b48cfb4c17897eadff522663c8 P b7f9209f56c64109b2850e58fa25e718 [CANDIDATE]: Term 1 election: Election decided. Result: candidate won. Election summary: received 2 responses out of 3 voters: 2 yes votes; 0 no votes. yes voters: b7f9209f56c64109b2850e58fa25e718, e5e875f3b2fe4c3980882954ba6c342a; no voters: 
I20260713 09:07:31.871286 21836 raft_consensus.cc:2468] T dd6338b48cfb4c17897eadff522663c8 P 002cfdaeb09b485a8e270dc4f7e8fb0b [term 1 FOLLOWER]: Leader election vote request: Granting yes vote for candidate b7f9209f56c64109b2850e58fa25e718 in term 1.
I20260713 09:07:31.871766 22041 raft_consensus.cc:2804] T dd6338b48cfb4c17897eadff522663c8 P b7f9209f56c64109b2850e58fa25e718 [term 1 FOLLOWER]: Leader election won for term 1
I20260713 09:07:31.872365 22041 raft_consensus.cc:697] T dd6338b48cfb4c17897eadff522663c8 P b7f9209f56c64109b2850e58fa25e718 [term 1 LEADER]: Becoming Leader. State: Replica: b7f9209f56c64109b2850e58fa25e718, State: Running, Role: LEADER
I20260713 09:07:31.873246 22041 consensus_queue.cc:237] T dd6338b48cfb4c17897eadff522663c8 P b7f9209f56c64109b2850e58fa25e718 [LEADER]: Queue going to LEADER mode. State: All replicated index: 0, Majority replicated index: 0, Committed index: 0, Last appended: 0.0, Last appended by leader: 0, Current term: 1, Majority size: 2, State: 0, Mode: LEADER, active raft config: opid_index: -1 OBSOLETE_local: false peers { permanent_uuid: "002cfdaeb09b485a8e270dc4f7e8fb0b" member_type: VOTER last_known_addr { host: "127.21.49.129" port: 37739 } } peers { permanent_uuid: "b7f9209f56c64109b2850e58fa25e718" member_type: VOTER last_known_addr { host: "127.21.49.130" port: 42565 } } peers { permanent_uuid: "e5e875f3b2fe4c3980882954ba6c342a" member_type: VOTER last_known_addr { host: "127.21.49.131" port: 39039 } }
I20260713 09:07:31.880806 21734 catalog_manager.cc:5697] T dd6338b48cfb4c17897eadff522663c8 P b7f9209f56c64109b2850e58fa25e718 reported cstate change: term changed from 0 to 1, leader changed from <none> to b7f9209f56c64109b2850e58fa25e718 (127.21.49.130). New cstate: current_term: 1 leader_uuid: "b7f9209f56c64109b2850e58fa25e718" committed_config { opid_index: -1 OBSOLETE_local: false peers { permanent_uuid: "002cfdaeb09b485a8e270dc4f7e8fb0b" member_type: VOTER last_known_addr { host: "127.21.49.129" port: 37739 } health_report { overall_health: UNKNOWN } } peers { permanent_uuid: "b7f9209f56c64109b2850e58fa25e718" member_type: VOTER last_known_addr { host: "127.21.49.130" port: 42565 } health_report { overall_health: HEALTHY } } peers { permanent_uuid: "e5e875f3b2fe4c3980882954ba6c342a" member_type: VOTER last_known_addr { host: "127.21.49.131" port: 39039 } health_report { overall_health: UNKNOWN } } }
I20260713 09:07:31.893172 21836 raft_consensus.cc:3060] T 13c0fece13c54cab92e20c2f4a54249c P 002cfdaeb09b485a8e270dc4f7e8fb0b [term 0 FOLLOWER]: Advancing to term 1
I20260713 09:07:31.901670 22041 consensus_queue.cc:1048] T 13c0fece13c54cab92e20c2f4a54249c P b7f9209f56c64109b2850e58fa25e718 [LEADER]: Connected to new peer: Peer: permanent_uuid: "002cfdaeb09b485a8e270dc4f7e8fb0b" member_type: VOTER last_known_addr { host: "127.21.49.129" port: 37739 }, Status: LMP_MISMATCH, Last received: 0.0, Next index: 1, Last known committed idx: 0, Time since last communication: 0.000s
I20260713 09:07:31.913825 22084 consensus_queue.cc:1048] T 13c0fece13c54cab92e20c2f4a54249c P b7f9209f56c64109b2850e58fa25e718 [LEADER]: Connected to new peer: Peer: permanent_uuid: "e5e875f3b2fe4c3980882954ba6c342a" member_type: VOTER last_known_addr { host: "127.21.49.131" port: 39039 }, Status: LMP_MISMATCH, Last received: 0.0, Next index: 1, Last known committed idx: 0, Time since last communication: 0.000s
I20260713 09:07:31.917572 22090 raft_consensus.cc:493] T 5df5a2f6f4344372b5c339078767f804 P 002cfdaeb09b485a8e270dc4f7e8fb0b [term 0 FOLLOWER]: Starting pre-election (no leader contacted us within the election timeout)
I20260713 09:07:31.918236 22090 raft_consensus.cc:515] T 5df5a2f6f4344372b5c339078767f804 P 002cfdaeb09b485a8e270dc4f7e8fb0b [term 0 FOLLOWER]: Starting pre-election with config: opid_index: -1 OBSOLETE_local: false peers { permanent_uuid: "002cfdaeb09b485a8e270dc4f7e8fb0b" member_type: VOTER last_known_addr { host: "127.21.49.129" port: 37739 } } peers { permanent_uuid: "b7f9209f56c64109b2850e58fa25e718" member_type: VOTER last_known_addr { host: "127.21.49.130" port: 42565 } } peers { permanent_uuid: "e5e875f3b2fe4c3980882954ba6c342a" member_type: VOTER last_known_addr { host: "127.21.49.131" port: 39039 } }
I20260713 09:07:31.920739 22090 leader_election.cc:290] T 5df5a2f6f4344372b5c339078767f804 P 002cfdaeb09b485a8e270dc4f7e8fb0b [CANDIDATE]: Term 1 pre-election: Requested pre-vote from peers b7f9209f56c64109b2850e58fa25e718 (127.21.49.130:42565), e5e875f3b2fe4c3980882954ba6c342a (127.21.49.131:39039)
I20260713 09:07:31.921814 21985 tablet_service.cc:1917] Received RequestConsensusVote() RPC: tablet_id: "5df5a2f6f4344372b5c339078767f804" candidate_uuid: "002cfdaeb09b485a8e270dc4f7e8fb0b" candidate_term: 1 candidate_status { last_received { term: 0 index: 0 } } ignore_live_leader: false dest_uuid: "e5e875f3b2fe4c3980882954ba6c342a" is_pre_election: true
I20260713 09:07:31.923002 21912 tablet_service.cc:1917] Received RequestConsensusVote() RPC: tablet_id: "5df5a2f6f4344372b5c339078767f804" candidate_uuid: "002cfdaeb09b485a8e270dc4f7e8fb0b" candidate_term: 1 candidate_status { last_received { term: 0 index: 0 } } ignore_live_leader: false dest_uuid: "b7f9209f56c64109b2850e58fa25e718" is_pre_election: true
I20260713 09:07:31.923933 21912 raft_consensus.cc:2393] T 5df5a2f6f4344372b5c339078767f804 P b7f9209f56c64109b2850e58fa25e718 [term 1 FOLLOWER]: Leader pre-election vote request: Denying vote to candidate 002cfdaeb09b485a8e270dc4f7e8fb0b in current term 1: Already voted for candidate e5e875f3b2fe4c3980882954ba6c342a in this term.
I20260713 09:07:31.925499 21802 leader_election.cc:304] T 5df5a2f6f4344372b5c339078767f804 P 002cfdaeb09b485a8e270dc4f7e8fb0b [CANDIDATE]: Term 1 pre-election: Election decided. Result: candidate lost. Election summary: received 3 responses out of 3 voters: 1 yes votes; 2 no votes. yes voters: 002cfdaeb09b485a8e270dc4f7e8fb0b; no voters: b7f9209f56c64109b2850e58fa25e718, e5e875f3b2fe4c3980882954ba6c342a
I20260713 09:07:31.927800 22090 raft_consensus.cc:3060] T 5df5a2f6f4344372b5c339078767f804 P 002cfdaeb09b485a8e270dc4f7e8fb0b [term 0 FOLLOWER]: Advancing to term 1
I20260713 09:07:31.936026 22090 raft_consensus.cc:2749] T 5df5a2f6f4344372b5c339078767f804 P 002cfdaeb09b485a8e270dc4f7e8fb0b [term 1 FOLLOWER]: Leader pre-election lost for term 1. Reason: could not achieve majority
I20260713 09:07:31.977142 22090 raft_consensus.cc:493] T 78459f67b6cd4988a7cff8632ecd8cde P 002cfdaeb09b485a8e270dc4f7e8fb0b [term 0 FOLLOWER]: Starting pre-election (no leader contacted us within the election timeout)
I20260713 09:07:31.977684 22090 raft_consensus.cc:515] T 78459f67b6cd4988a7cff8632ecd8cde P 002cfdaeb09b485a8e270dc4f7e8fb0b [term 0 FOLLOWER]: Starting pre-election with config: opid_index: -1 OBSOLETE_local: false peers { permanent_uuid: "002cfdaeb09b485a8e270dc4f7e8fb0b" member_type: VOTER last_known_addr { host: "127.21.49.129" port: 37739 } } peers { permanent_uuid: "b7f9209f56c64109b2850e58fa25e718" member_type: VOTER last_known_addr { host: "127.21.49.130" port: 42565 } } peers { permanent_uuid: "e5e875f3b2fe4c3980882954ba6c342a" member_type: VOTER last_known_addr { host: "127.21.49.131" port: 39039 } }
I20260713 09:07:31.980541 21912 tablet_service.cc:1917] Received RequestConsensusVote() RPC: tablet_id: "78459f67b6cd4988a7cff8632ecd8cde" candidate_uuid: "002cfdaeb09b485a8e270dc4f7e8fb0b" candidate_term: 1 candidate_status { last_received { term: 0 index: 0 } } ignore_live_leader: false dest_uuid: "b7f9209f56c64109b2850e58fa25e718" is_pre_election: true
I20260713 09:07:31.980841 21986 tablet_service.cc:1917] Received RequestConsensusVote() RPC: tablet_id: "78459f67b6cd4988a7cff8632ecd8cde" candidate_uuid: "002cfdaeb09b485a8e270dc4f7e8fb0b" candidate_term: 1 candidate_status { last_received { term: 0 index: 0 } } ignore_live_leader: false dest_uuid: "e5e875f3b2fe4c3980882954ba6c342a" is_pre_election: true
I20260713 09:07:31.981307 22084 consensus_queue.cc:1048] T c69c60b24a124f069a12ff690f20afd3 P b7f9209f56c64109b2850e58fa25e718 [LEADER]: Connected to new peer: Peer: permanent_uuid: "e5e875f3b2fe4c3980882954ba6c342a" member_type: VOTER last_known_addr { host: "127.21.49.131" port: 39039 }, Status: LMP_MISMATCH, Last received: 0.0, Next index: 1, Last known committed idx: 0, Time since last communication: 0.000s
I20260713 09:07:31.981884 22090 leader_election.cc:290] T 78459f67b6cd4988a7cff8632ecd8cde P 002cfdaeb09b485a8e270dc4f7e8fb0b [CANDIDATE]: Term 1 pre-election: Requested pre-vote from peers b7f9209f56c64109b2850e58fa25e718 (127.21.49.130:42565), e5e875f3b2fe4c3980882954ba6c342a (127.21.49.131:39039)
I20260713 09:07:31.981626 21986 raft_consensus.cc:2393] T 78459f67b6cd4988a7cff8632ecd8cde P e5e875f3b2fe4c3980882954ba6c342a [term 1 FOLLOWER]: Leader pre-election vote request: Denying vote to candidate 002cfdaeb09b485a8e270dc4f7e8fb0b in current term 1: Already voted for candidate b7f9209f56c64109b2850e58fa25e718 in this term.
I20260713 09:07:31.983047 21800 leader_election.cc:304] T 78459f67b6cd4988a7cff8632ecd8cde P 002cfdaeb09b485a8e270dc4f7e8fb0b [CANDIDATE]: Term 1 pre-election: Election decided. Result: candidate lost. Election summary: received 3 responses out of 3 voters: 1 yes votes; 2 no votes. yes voters: 002cfdaeb09b485a8e270dc4f7e8fb0b; no voters: b7f9209f56c64109b2850e58fa25e718, e5e875f3b2fe4c3980882954ba6c342a
I20260713 09:07:31.983788 22090 raft_consensus.cc:3060] T 78459f67b6cd4988a7cff8632ecd8cde P 002cfdaeb09b485a8e270dc4f7e8fb0b [term 0 FOLLOWER]: Advancing to term 1
I20260713 09:07:31.994035 22041 consensus_queue.cc:1048] T c69c60b24a124f069a12ff690f20afd3 P b7f9209f56c64109b2850e58fa25e718 [LEADER]: Connected to new peer: Peer: permanent_uuid: "002cfdaeb09b485a8e270dc4f7e8fb0b" member_type: VOTER last_known_addr { host: "127.21.49.129" port: 37739 }, Status: LMP_MISMATCH, Last received: 0.0, Next index: 1, Last known committed idx: 0, Time since last communication: 0.004s
I20260713 09:07:32.002473 22090 raft_consensus.cc:2749] T 78459f67b6cd4988a7cff8632ecd8cde P 002cfdaeb09b485a8e270dc4f7e8fb0b [term 1 FOLLOWER]: Leader pre-election lost for term 1. Reason: could not achieve majority
I20260713 09:07:32.113620 22084 consensus_queue.cc:1048] T 78459f67b6cd4988a7cff8632ecd8cde P b7f9209f56c64109b2850e58fa25e718 [LEADER]: Connected to new peer: Peer: permanent_uuid: "002cfdaeb09b485a8e270dc4f7e8fb0b" member_type: VOTER last_known_addr { host: "127.21.49.129" port: 37739 }, Status: LMP_MISMATCH, Last received: 0.0, Next index: 1, Last known committed idx: 0, Time since last communication: 0.000s
I20260713 09:07:32.126961 22084 consensus_queue.cc:1048] T 78459f67b6cd4988a7cff8632ecd8cde P b7f9209f56c64109b2850e58fa25e718 [LEADER]: Connected to new peer: Peer: permanent_uuid: "e5e875f3b2fe4c3980882954ba6c342a" member_type: VOTER last_known_addr { host: "127.21.49.131" port: 39039 }, Status: LMP_MISMATCH, Last received: 0.0, Next index: 1, Last known committed idx: 0, Time since last communication: 0.000s
I20260713 09:07:32.176164 22063 consensus_queue.cc:1048] T 94c90e6983e2425a941cd0c31de5851c P e5e875f3b2fe4c3980882954ba6c342a [LEADER]: Connected to new peer: Peer: permanent_uuid: "b7f9209f56c64109b2850e58fa25e718" member_type: VOTER last_known_addr { host: "127.21.49.130" port: 42565 }, Status: LMP_MISMATCH, Last received: 0.0, Next index: 1, Last known committed idx: 0, Time since last communication: 0.000s
I20260713 09:07:32.180145 22100 consensus_queue.cc:1048] T 5df5a2f6f4344372b5c339078767f804 P e5e875f3b2fe4c3980882954ba6c342a [LEADER]: Connected to new peer: Peer: permanent_uuid: "b7f9209f56c64109b2850e58fa25e718" member_type: VOTER last_known_addr { host: "127.21.49.130" port: 42565 }, Status: LMP_MISMATCH, Last received: 0.0, Next index: 1, Last known committed idx: 0, Time since last communication: 0.000s
I20260713 09:07:32.193501 22063 consensus_queue.cc:1048] T 94c90e6983e2425a941cd0c31de5851c P e5e875f3b2fe4c3980882954ba6c342a [LEADER]: Connected to new peer: Peer: permanent_uuid: "002cfdaeb09b485a8e270dc4f7e8fb0b" member_type: VOTER last_known_addr { host: "127.21.49.129" port: 37739 }, Status: LMP_MISMATCH, Last received: 0.0, Next index: 1, Last known committed idx: 0, Time since last communication: 0.000s
I20260713 09:07:32.212694 22100 consensus_queue.cc:1048] T 5df5a2f6f4344372b5c339078767f804 P e5e875f3b2fe4c3980882954ba6c342a [LEADER]: Connected to new peer: Peer: permanent_uuid: "002cfdaeb09b485a8e270dc4f7e8fb0b" member_type: VOTER last_known_addr { host: "127.21.49.129" port: 37739 }, Status: LMP_MISMATCH, Last received: 0.0, Next index: 1, Last known committed idx: 0, Time since last communication: 0.000s
I20260713 09:07:32.286669 22090 consensus_queue.cc:1048] T 81d303a4868748aca4b2734882ca3554 P 002cfdaeb09b485a8e270dc4f7e8fb0b [LEADER]: Connected to new peer: Peer: permanent_uuid: "e5e875f3b2fe4c3980882954ba6c342a" member_type: VOTER last_known_addr { host: "127.21.49.131" port: 39039 }, Status: LMP_MISMATCH, Last received: 0.0, Next index: 1, Last known committed idx: 0, Time since last communication: 0.000s
I20260713 09:07:32.297122 22038 consensus_queue.cc:1048] T 81d303a4868748aca4b2734882ca3554 P 002cfdaeb09b485a8e270dc4f7e8fb0b [LEADER]: Connected to new peer: Peer: permanent_uuid: "b7f9209f56c64109b2850e58fa25e718" member_type: VOTER last_known_addr { host: "127.21.49.130" port: 42565 }, Status: LMP_MISMATCH, Last received: 0.0, Next index: 1, Last known committed idx: 0, Time since last communication: 0.000s
I20260713 09:07:32.307308 22084 consensus_queue.cc:1048] T dd6338b48cfb4c17897eadff522663c8 P b7f9209f56c64109b2850e58fa25e718 [LEADER]: Connected to new peer: Peer: permanent_uuid: "e5e875f3b2fe4c3980882954ba6c342a" member_type: VOTER last_known_addr { host: "127.21.49.131" port: 39039 }, Status: LMP_MISMATCH, Last received: 0.0, Next index: 1, Last known committed idx: 0, Time since last communication: 0.000s
I20260713 09:07:32.322336 22086 consensus_queue.cc:1048] T dd6338b48cfb4c17897eadff522663c8 P b7f9209f56c64109b2850e58fa25e718 [LEADER]: Connected to new peer: Peer: permanent_uuid: "002cfdaeb09b485a8e270dc4f7e8fb0b" member_type: VOTER last_known_addr { host: "127.21.49.129" port: 37739 }, Status: LMP_MISMATCH, Last received: 0.0, Next index: 1, Last known committed idx: 0, Time since last communication: 0.000s
W20260713 09:07:32.787570 21781 auto_rebalancer.cc:288] Could not retrieve cluster info: Service unavailable: Tablet not running
I20260713 09:07:33.487704 22086 raft_consensus.cc:493] T 62f7ab5509e54d08adab2a5fd70368a0 P b7f9209f56c64109b2850e58fa25e718 [term 1 FOLLOWER]: Starting pre-election (no leader contacted us within the election timeout)
I20260713 09:07:33.488195 22086 raft_consensus.cc:515] T 62f7ab5509e54d08adab2a5fd70368a0 P b7f9209f56c64109b2850e58fa25e718 [term 1 FOLLOWER]: Starting pre-election with config: opid_index: -1 OBSOLETE_local: false peers { permanent_uuid: "002cfdaeb09b485a8e270dc4f7e8fb0b" member_type: VOTER last_known_addr { host: "127.21.49.129" port: 37739 } } peers { permanent_uuid: "b7f9209f56c64109b2850e58fa25e718" member_type: VOTER last_known_addr { host: "127.21.49.130" port: 42565 } } peers { permanent_uuid: "e5e875f3b2fe4c3980882954ba6c342a" member_type: VOTER last_known_addr { host: "127.21.49.131" port: 39039 } }
I20260713 09:07:33.489950 22086 leader_election.cc:290] T 62f7ab5509e54d08adab2a5fd70368a0 P b7f9209f56c64109b2850e58fa25e718 [CANDIDATE]: Term 2 pre-election: Requested pre-vote from peers 002cfdaeb09b485a8e270dc4f7e8fb0b (127.21.49.129:37739), e5e875f3b2fe4c3980882954ba6c342a (127.21.49.131:39039)
I20260713 09:07:33.490980 21837 tablet_service.cc:1917] Received RequestConsensusVote() RPC: tablet_id: "62f7ab5509e54d08adab2a5fd70368a0" candidate_uuid: "b7f9209f56c64109b2850e58fa25e718" candidate_term: 2 candidate_status { last_received { term: 0 index: 0 } } ignore_live_leader: false dest_uuid: "002cfdaeb09b485a8e270dc4f7e8fb0b" is_pre_election: true
I20260713 09:07:33.491036 21986 tablet_service.cc:1917] Received RequestConsensusVote() RPC: tablet_id: "62f7ab5509e54d08adab2a5fd70368a0" candidate_uuid: "b7f9209f56c64109b2850e58fa25e718" candidate_term: 2 candidate_status { last_received { term: 0 index: 0 } } ignore_live_leader: false dest_uuid: "e5e875f3b2fe4c3980882954ba6c342a" is_pre_election: true
I20260713 09:07:33.491680 21837 raft_consensus.cc:2468] T 62f7ab5509e54d08adab2a5fd70368a0 P 002cfdaeb09b485a8e270dc4f7e8fb0b [term 1 FOLLOWER]: Leader pre-election vote request: Granting yes vote for candidate b7f9209f56c64109b2850e58fa25e718 in term 1.
I20260713 09:07:33.491744 21986 raft_consensus.cc:2468] T 62f7ab5509e54d08adab2a5fd70368a0 P e5e875f3b2fe4c3980882954ba6c342a [term 1 FOLLOWER]: Leader pre-election vote request: Granting yes vote for candidate b7f9209f56c64109b2850e58fa25e718 in term 1.
I20260713 09:07:33.492904 21878 leader_election.cc:304] T 62f7ab5509e54d08adab2a5fd70368a0 P b7f9209f56c64109b2850e58fa25e718 [CANDIDATE]: Term 2 pre-election: Election decided. Result: candidate won. Election summary: received 2 responses out of 3 voters: 2 yes votes; 0 no votes. yes voters: 002cfdaeb09b485a8e270dc4f7e8fb0b, b7f9209f56c64109b2850e58fa25e718; no voters: 
I20260713 09:07:33.493609 22086 raft_consensus.cc:2804] T 62f7ab5509e54d08adab2a5fd70368a0 P b7f9209f56c64109b2850e58fa25e718 [term 1 FOLLOWER]: Leader pre-election won for term 2
I20260713 09:07:33.493932 22086 raft_consensus.cc:493] T 62f7ab5509e54d08adab2a5fd70368a0 P b7f9209f56c64109b2850e58fa25e718 [term 1 FOLLOWER]: Starting leader election (no leader contacted us within the election timeout)
I20260713 09:07:33.494156 22086 raft_consensus.cc:3060] T 62f7ab5509e54d08adab2a5fd70368a0 P b7f9209f56c64109b2850e58fa25e718 [term 1 FOLLOWER]: Advancing to term 2
I20260713 09:07:33.498412 22086 raft_consensus.cc:515] T 62f7ab5509e54d08adab2a5fd70368a0 P b7f9209f56c64109b2850e58fa25e718 [term 2 FOLLOWER]: Starting leader election with config: opid_index: -1 OBSOLETE_local: false peers { permanent_uuid: "002cfdaeb09b485a8e270dc4f7e8fb0b" member_type: VOTER last_known_addr { host: "127.21.49.129" port: 37739 } } peers { permanent_uuid: "b7f9209f56c64109b2850e58fa25e718" member_type: VOTER last_known_addr { host: "127.21.49.130" port: 42565 } } peers { permanent_uuid: "e5e875f3b2fe4c3980882954ba6c342a" member_type: VOTER last_known_addr { host: "127.21.49.131" port: 39039 } }
I20260713 09:07:33.499909 22086 leader_election.cc:290] T 62f7ab5509e54d08adab2a5fd70368a0 P b7f9209f56c64109b2850e58fa25e718 [CANDIDATE]: Term 2 election: Requested vote from peers 002cfdaeb09b485a8e270dc4f7e8fb0b (127.21.49.129:37739), e5e875f3b2fe4c3980882954ba6c342a (127.21.49.131:39039)
I20260713 09:07:33.500734 21837 tablet_service.cc:1917] Received RequestConsensusVote() RPC: tablet_id: "62f7ab5509e54d08adab2a5fd70368a0" candidate_uuid: "b7f9209f56c64109b2850e58fa25e718" candidate_term: 2 candidate_status { last_received { term: 0 index: 0 } } ignore_live_leader: false dest_uuid: "002cfdaeb09b485a8e270dc4f7e8fb0b"
I20260713 09:07:33.500825 21986 tablet_service.cc:1917] Received RequestConsensusVote() RPC: tablet_id: "62f7ab5509e54d08adab2a5fd70368a0" candidate_uuid: "b7f9209f56c64109b2850e58fa25e718" candidate_term: 2 candidate_status { last_received { term: 0 index: 0 } } ignore_live_leader: false dest_uuid: "e5e875f3b2fe4c3980882954ba6c342a"
I20260713 09:07:33.501430 21837 raft_consensus.cc:3060] T 62f7ab5509e54d08adab2a5fd70368a0 P 002cfdaeb09b485a8e270dc4f7e8fb0b [term 1 FOLLOWER]: Advancing to term 2
I20260713 09:07:33.501483 21986 raft_consensus.cc:3060] T 62f7ab5509e54d08adab2a5fd70368a0 P e5e875f3b2fe4c3980882954ba6c342a [term 1 FOLLOWER]: Advancing to term 2
I20260713 09:07:33.507970 21837 raft_consensus.cc:2468] T 62f7ab5509e54d08adab2a5fd70368a0 P 002cfdaeb09b485a8e270dc4f7e8fb0b [term 2 FOLLOWER]: Leader election vote request: Granting yes vote for candidate b7f9209f56c64109b2850e58fa25e718 in term 2.
I20260713 09:07:33.507970 21986 raft_consensus.cc:2468] T 62f7ab5509e54d08adab2a5fd70368a0 P e5e875f3b2fe4c3980882954ba6c342a [term 2 FOLLOWER]: Leader election vote request: Granting yes vote for candidate b7f9209f56c64109b2850e58fa25e718 in term 2.
I20260713 09:07:33.509219 21875 leader_election.cc:304] T 62f7ab5509e54d08adab2a5fd70368a0 P b7f9209f56c64109b2850e58fa25e718 [CANDIDATE]: Term 2 election: Election decided. Result: candidate won. Election summary: received 2 responses out of 3 voters: 2 yes votes; 0 no votes. yes voters: b7f9209f56c64109b2850e58fa25e718, e5e875f3b2fe4c3980882954ba6c342a; no voters: 
I20260713 09:07:33.509850 22086 raft_consensus.cc:2804] T 62f7ab5509e54d08adab2a5fd70368a0 P b7f9209f56c64109b2850e58fa25e718 [term 2 FOLLOWER]: Leader election won for term 2
I20260713 09:07:33.510766 22086 raft_consensus.cc:697] T 62f7ab5509e54d08adab2a5fd70368a0 P b7f9209f56c64109b2850e58fa25e718 [term 2 LEADER]: Becoming Leader. State: Replica: b7f9209f56c64109b2850e58fa25e718, State: Running, Role: LEADER
I20260713 09:07:33.511430 22086 consensus_queue.cc:237] T 62f7ab5509e54d08adab2a5fd70368a0 P b7f9209f56c64109b2850e58fa25e718 [LEADER]: Queue going to LEADER mode. State: All replicated index: 0, Majority replicated index: 0, Committed index: 0, Last appended: 0.0, Last appended by leader: 0, Current term: 2, Majority size: 2, State: 0, Mode: LEADER, active raft config: opid_index: -1 OBSOLETE_local: false peers { permanent_uuid: "002cfdaeb09b485a8e270dc4f7e8fb0b" member_type: VOTER last_known_addr { host: "127.21.49.129" port: 37739 } } peers { permanent_uuid: "b7f9209f56c64109b2850e58fa25e718" member_type: VOTER last_known_addr { host: "127.21.49.130" port: 42565 } } peers { permanent_uuid: "e5e875f3b2fe4c3980882954ba6c342a" member_type: VOTER last_known_addr { host: "127.21.49.131" port: 39039 } }
I20260713 09:07:33.518347 21734 catalog_manager.cc:5697] T 62f7ab5509e54d08adab2a5fd70368a0 P b7f9209f56c64109b2850e58fa25e718 reported cstate change: term changed from 0 to 2, leader changed from <none> to b7f9209f56c64109b2850e58fa25e718 (127.21.49.130). New cstate: current_term: 2 leader_uuid: "b7f9209f56c64109b2850e58fa25e718" committed_config { opid_index: -1 OBSOLETE_local: false peers { permanent_uuid: "002cfdaeb09b485a8e270dc4f7e8fb0b" member_type: VOTER last_known_addr { host: "127.21.49.129" port: 37739 } health_report { overall_health: UNKNOWN } } peers { permanent_uuid: "b7f9209f56c64109b2850e58fa25e718" member_type: VOTER last_known_addr { host: "127.21.49.130" port: 42565 } health_report { overall_health: HEALTHY } } peers { permanent_uuid: "e5e875f3b2fe4c3980882954ba6c342a" member_type: VOTER last_known_addr { host: "127.21.49.131" port: 39039 } health_report { overall_health: UNKNOWN } } }
I20260713 09:07:33.911258 21985 raft_consensus.cc:1275] T 62f7ab5509e54d08adab2a5fd70368a0 P e5e875f3b2fe4c3980882954ba6c342a [term 2 FOLLOWER]: Refusing update from remote peer b7f9209f56c64109b2850e58fa25e718: Log matching property violated. Preceding OpId in replica: term: 0 index: 0. Preceding OpId from leader: term: 2 index: 1. (index mismatch)
I20260713 09:07:33.912539 22086 consensus_queue.cc:1048] T 62f7ab5509e54d08adab2a5fd70368a0 P b7f9209f56c64109b2850e58fa25e718 [LEADER]: Connected to new peer: Peer: permanent_uuid: "e5e875f3b2fe4c3980882954ba6c342a" member_type: VOTER last_known_addr { host: "127.21.49.131" port: 39039 }, Status: LMP_MISMATCH, Last received: 0.0, Next index: 1, Last known committed idx: 0, Time since last communication: 0.000s
I20260713 09:07:33.925935 21837 raft_consensus.cc:1275] T 62f7ab5509e54d08adab2a5fd70368a0 P 002cfdaeb09b485a8e270dc4f7e8fb0b [term 2 FOLLOWER]: Refusing update from remote peer b7f9209f56c64109b2850e58fa25e718: Log matching property violated. Preceding OpId in replica: term: 0 index: 0. Preceding OpId from leader: term: 2 index: 1. (index mismatch)
I20260713 09:07:33.927276 22113 consensus_queue.cc:1048] T 62f7ab5509e54d08adab2a5fd70368a0 P b7f9209f56c64109b2850e58fa25e718 [LEADER]: Connected to new peer: Peer: permanent_uuid: "002cfdaeb09b485a8e270dc4f7e8fb0b" member_type: VOTER last_known_addr { host: "127.21.49.129" port: 37739 }, Status: LMP_MISMATCH, Last received: 0.0, Next index: 1, Last known committed idx: 0, Time since last communication: 0.000s
I20260713 09:07:34.033800 21985 tablet_service.cc:2072] Received LeaderStepDown RPC: tablet_id: "94c90e6983e2425a941cd0c31de5851c"
dest_uuid: "e5e875f3b2fe4c3980882954ba6c342a"
mode: GRACEFUL
new_leader_uuid: "002cfdaeb09b485a8e270dc4f7e8fb0b"
 from {username='slave'} at 127.0.0.1:54934
I20260713 09:07:34.034436 21985 raft_consensus.cc:606] T 94c90e6983e2425a941cd0c31de5851c P e5e875f3b2fe4c3980882954ba6c342a [term 1 LEADER]: Received request to transfer leadership to TS 002cfdaeb09b485a8e270dc4f7e8fb0b
I20260713 09:07:34.047618 21912 tablet_service.cc:2072] Received LeaderStepDown RPC: tablet_id: "78459f67b6cd4988a7cff8632ecd8cde"
dest_uuid: "b7f9209f56c64109b2850e58fa25e718"
mode: GRACEFUL
new_leader_uuid: "002cfdaeb09b485a8e270dc4f7e8fb0b"
 from {username='slave'} at 127.0.0.1:48528
I20260713 09:07:34.048153 21912 raft_consensus.cc:606] T 78459f67b6cd4988a7cff8632ecd8cde P b7f9209f56c64109b2850e58fa25e718 [term 1 LEADER]: Received request to transfer leadership to TS 002cfdaeb09b485a8e270dc4f7e8fb0b
I20260713 09:07:34.053267 21912 tablet_service.cc:2072] Received LeaderStepDown RPC: tablet_id: "326253f6565e4a4fb556775054520ff0"
dest_uuid: "b7f9209f56c64109b2850e58fa25e718"
mode: GRACEFUL
new_leader_uuid: "002cfdaeb09b485a8e270dc4f7e8fb0b"
 from {username='slave'} at 127.0.0.1:48528
I20260713 09:07:34.053774 21912 raft_consensus.cc:606] T 326253f6565e4a4fb556775054520ff0 P b7f9209f56c64109b2850e58fa25e718 [term 1 LEADER]: Received request to transfer leadership to TS 002cfdaeb09b485a8e270dc4f7e8fb0b
I20260713 09:07:34.058671 21912 tablet_service.cc:2072] Received LeaderStepDown RPC: tablet_id: "13c0fece13c54cab92e20c2f4a54249c"
dest_uuid: "b7f9209f56c64109b2850e58fa25e718"
mode: GRACEFUL
new_leader_uuid: "002cfdaeb09b485a8e270dc4f7e8fb0b"
 from {username='slave'} at 127.0.0.1:48528
I20260713 09:07:34.059149 21912 raft_consensus.cc:606] T 13c0fece13c54cab92e20c2f4a54249c P b7f9209f56c64109b2850e58fa25e718 [term 1 LEADER]: Received request to transfer leadership to TS 002cfdaeb09b485a8e270dc4f7e8fb0b
I20260713 09:07:34.066620 21985 tablet_service.cc:2072] Received LeaderStepDown RPC: tablet_id: "5df5a2f6f4344372b5c339078767f804"
dest_uuid: "e5e875f3b2fe4c3980882954ba6c342a"
mode: GRACEFUL
new_leader_uuid: "b7f9209f56c64109b2850e58fa25e718"
 from {username='slave'} at 127.0.0.1:54934
I20260713 09:07:34.067132 21985 raft_consensus.cc:606] T 5df5a2f6f4344372b5c339078767f804 P e5e875f3b2fe4c3980882954ba6c342a [term 1 LEADER]: Received request to transfer leadership to TS b7f9209f56c64109b2850e58fa25e718
I20260713 09:07:34.079638 21837 tablet_service.cc:2072] Received LeaderStepDown RPC: tablet_id: "81d303a4868748aca4b2734882ca3554"
dest_uuid: "002cfdaeb09b485a8e270dc4f7e8fb0b"
mode: GRACEFUL
new_leader_uuid: "b7f9209f56c64109b2850e58fa25e718"
 from {username='slave'} at 127.0.0.1:51476
I20260713 09:07:34.080197 21837 raft_consensus.cc:606] T 81d303a4868748aca4b2734882ca3554 P 002cfdaeb09b485a8e270dc4f7e8fb0b [term 1 LEADER]: Received request to transfer leadership to TS b7f9209f56c64109b2850e58fa25e718
I20260713 09:07:34.088191 21912 tablet_service.cc:2072] Received LeaderStepDown RPC: tablet_id: "dd6338b48cfb4c17897eadff522663c8"
dest_uuid: "b7f9209f56c64109b2850e58fa25e718"
mode: GRACEFUL
new_leader_uuid: "e5e875f3b2fe4c3980882954ba6c342a"
 from {username='slave'} at 127.0.0.1:48528
I20260713 09:07:34.088706 21912 raft_consensus.cc:606] T dd6338b48cfb4c17897eadff522663c8 P b7f9209f56c64109b2850e58fa25e718 [term 1 LEADER]: Received request to transfer leadership to TS e5e875f3b2fe4c3980882954ba6c342a
I20260713 09:07:34.100932 22086 raft_consensus.cc:993] T dd6338b48cfb4c17897eadff522663c8 P b7f9209f56c64109b2850e58fa25e718: : Instructing follower e5e875f3b2fe4c3980882954ba6c342a to start an election
I20260713 09:07:34.101334 22113 raft_consensus.cc:1081] T dd6338b48cfb4c17897eadff522663c8 P b7f9209f56c64109b2850e58fa25e718 [term 1 LEADER]: Signalling peer e5e875f3b2fe4c3980882954ba6c342a to start an election
I20260713 09:07:34.102957 21985 tablet_service.cc:2044] Received Run Leader Election RPC: tablet_id: "dd6338b48cfb4c17897eadff522663c8"
dest_uuid: "e5e875f3b2fe4c3980882954ba6c342a"
 from {username='slave'} at 127.0.0.1:54912
I20260713 09:07:34.103451 21985 raft_consensus.cc:493] T dd6338b48cfb4c17897eadff522663c8 P e5e875f3b2fe4c3980882954ba6c342a [term 1 FOLLOWER]: Starting forced leader election (received explicit request)
I20260713 09:07:34.103760 21985 raft_consensus.cc:3060] T dd6338b48cfb4c17897eadff522663c8 P e5e875f3b2fe4c3980882954ba6c342a [term 1 FOLLOWER]: Advancing to term 2
I20260713 09:07:34.108260 21985 raft_consensus.cc:515] T dd6338b48cfb4c17897eadff522663c8 P e5e875f3b2fe4c3980882954ba6c342a [term 2 FOLLOWER]: Starting forced leader election with config: opid_index: -1 OBSOLETE_local: false peers { permanent_uuid: "002cfdaeb09b485a8e270dc4f7e8fb0b" member_type: VOTER last_known_addr { host: "127.21.49.129" port: 37739 } } peers { permanent_uuid: "b7f9209f56c64109b2850e58fa25e718" member_type: VOTER last_known_addr { host: "127.21.49.130" port: 42565 } } peers { permanent_uuid: "e5e875f3b2fe4c3980882954ba6c342a" member_type: VOTER last_known_addr { host: "127.21.49.131" port: 39039 } }
I20260713 09:07:34.110066 21985 leader_election.cc:290] T dd6338b48cfb4c17897eadff522663c8 P e5e875f3b2fe4c3980882954ba6c342a [CANDIDATE]: Term 2 election: Requested vote from peers 002cfdaeb09b485a8e270dc4f7e8fb0b (127.21.49.129:37739), b7f9209f56c64109b2850e58fa25e718 (127.21.49.130:42565)
I20260713 09:07:34.110817 21837 tablet_service.cc:1917] Received RequestConsensusVote() RPC: tablet_id: "dd6338b48cfb4c17897eadff522663c8" candidate_uuid: "e5e875f3b2fe4c3980882954ba6c342a" candidate_term: 2 candidate_status { last_received { term: 1 index: 1 } } ignore_live_leader: true dest_uuid: "002cfdaeb09b485a8e270dc4f7e8fb0b"
I20260713 09:07:34.111105 21912 tablet_service.cc:1917] Received RequestConsensusVote() RPC: tablet_id: "dd6338b48cfb4c17897eadff522663c8" candidate_uuid: "e5e875f3b2fe4c3980882954ba6c342a" candidate_term: 2 candidate_status { last_received { term: 1 index: 1 } } ignore_live_leader: true dest_uuid: "b7f9209f56c64109b2850e58fa25e718"
I20260713 09:07:34.111388 21837 raft_consensus.cc:3060] T dd6338b48cfb4c17897eadff522663c8 P 002cfdaeb09b485a8e270dc4f7e8fb0b [term 1 FOLLOWER]: Advancing to term 2
I20260713 09:07:34.111654 21912 raft_consensus.cc:3055] T dd6338b48cfb4c17897eadff522663c8 P b7f9209f56c64109b2850e58fa25e718 [term 1 LEADER]: Stepping down as leader of term 1
I20260713 09:07:34.111989 21912 raft_consensus.cc:740] T dd6338b48cfb4c17897eadff522663c8 P b7f9209f56c64109b2850e58fa25e718 [term 1 LEADER]: Becoming Follower/Learner. State: Replica: b7f9209f56c64109b2850e58fa25e718, State: Running, Role: LEADER
I20260713 09:07:34.112710 21912 consensus_queue.cc:260] T dd6338b48cfb4c17897eadff522663c8 P b7f9209f56c64109b2850e58fa25e718 [NON_LEADER]: Queue going to NON_LEADER mode. State: All replicated index: 0, Majority replicated index: 1, Committed index: 1, Last appended: 1.1, Last appended by leader: 1, Current term: 1, Majority size: -1, State: 0, Mode: NON_LEADER, active raft config: opid_index: -1 OBSOLETE_local: false peers { permanent_uuid: "002cfdaeb09b485a8e270dc4f7e8fb0b" member_type: VOTER last_known_addr { host: "127.21.49.129" port: 37739 } } peers { permanent_uuid: "b7f9209f56c64109b2850e58fa25e718" member_type: VOTER last_known_addr { host: "127.21.49.130" port: 42565 } } peers { permanent_uuid: "e5e875f3b2fe4c3980882954ba6c342a" member_type: VOTER last_known_addr { host: "127.21.49.131" port: 39039 } }
I20260713 09:07:34.113735 21912 raft_consensus.cc:3060] T dd6338b48cfb4c17897eadff522663c8 P b7f9209f56c64109b2850e58fa25e718 [term 1 FOLLOWER]: Advancing to term 2
I20260713 09:07:34.116104 21837 raft_consensus.cc:2468] T dd6338b48cfb4c17897eadff522663c8 P 002cfdaeb09b485a8e270dc4f7e8fb0b [term 2 FOLLOWER]: Leader election vote request: Granting yes vote for candidate e5e875f3b2fe4c3980882954ba6c342a in term 2.
I20260713 09:07:34.117100 21952 leader_election.cc:304] T dd6338b48cfb4c17897eadff522663c8 P e5e875f3b2fe4c3980882954ba6c342a [CANDIDATE]: Term 2 election: Election decided. Result: candidate won. Election summary: received 2 responses out of 3 voters: 2 yes votes; 0 no votes. yes voters: 002cfdaeb09b485a8e270dc4f7e8fb0b, e5e875f3b2fe4c3980882954ba6c342a; no voters: 
I20260713 09:07:34.117762 22109 raft_consensus.cc:2804] T dd6338b48cfb4c17897eadff522663c8 P e5e875f3b2fe4c3980882954ba6c342a [term 2 FOLLOWER]: Leader election won for term 2
I20260713 09:07:34.118443 21912 raft_consensus.cc:2468] T dd6338b48cfb4c17897eadff522663c8 P b7f9209f56c64109b2850e58fa25e718 [term 2 FOLLOWER]: Leader election vote request: Granting yes vote for candidate e5e875f3b2fe4c3980882954ba6c342a in term 2.
I20260713 09:07:34.118734 22109 raft_consensus.cc:697] T dd6338b48cfb4c17897eadff522663c8 P e5e875f3b2fe4c3980882954ba6c342a [term 2 LEADER]: Becoming Leader. State: Replica: e5e875f3b2fe4c3980882954ba6c342a, State: Running, Role: LEADER
I20260713 09:07:34.119663 22109 consensus_queue.cc:237] T dd6338b48cfb4c17897eadff522663c8 P e5e875f3b2fe4c3980882954ba6c342a [LEADER]: Queue going to LEADER mode. State: All replicated index: 0, Majority replicated index: 1, Committed index: 1, Last appended: 1.1, Last appended by leader: 1, Current term: 2, Majority size: 2, State: 0, Mode: LEADER, active raft config: opid_index: -1 OBSOLETE_local: false peers { permanent_uuid: "002cfdaeb09b485a8e270dc4f7e8fb0b" member_type: VOTER last_known_addr { host: "127.21.49.129" port: 37739 } } peers { permanent_uuid: "b7f9209f56c64109b2850e58fa25e718" member_type: VOTER last_known_addr { host: "127.21.49.130" port: 42565 } } peers { permanent_uuid: "e5e875f3b2fe4c3980882954ba6c342a" member_type: VOTER last_known_addr { host: "127.21.49.131" port: 39039 } }
I20260713 09:07:34.126905 21733 catalog_manager.cc:5697] T dd6338b48cfb4c17897eadff522663c8 P e5e875f3b2fe4c3980882954ba6c342a reported cstate change: term changed from 1 to 2, leader changed from b7f9209f56c64109b2850e58fa25e718 (127.21.49.130) to e5e875f3b2fe4c3980882954ba6c342a (127.21.49.131). New cstate: current_term: 2 leader_uuid: "e5e875f3b2fe4c3980882954ba6c342a" committed_config { opid_index: -1 OBSOLETE_local: false peers { permanent_uuid: "002cfdaeb09b485a8e270dc4f7e8fb0b" member_type: VOTER last_known_addr { host: "127.21.49.129" port: 37739 } health_report { overall_health: UNKNOWN } } peers { permanent_uuid: "b7f9209f56c64109b2850e58fa25e718" member_type: VOTER last_known_addr { host: "127.21.49.130" port: 42565 } health_report { overall_health: UNKNOWN } } peers { permanent_uuid: "e5e875f3b2fe4c3980882954ba6c342a" member_type: VOTER last_known_addr { host: "127.21.49.131" port: 39039 } health_report { overall_health: HEALTHY } } }
I20260713 09:07:34.143858 22086 raft_consensus.cc:993] T 78459f67b6cd4988a7cff8632ecd8cde P b7f9209f56c64109b2850e58fa25e718: : Instructing follower 002cfdaeb09b485a8e270dc4f7e8fb0b to start an election
I20260713 09:07:34.144371 22113 raft_consensus.cc:1081] T 78459f67b6cd4988a7cff8632ecd8cde P b7f9209f56c64109b2850e58fa25e718 [term 1 LEADER]: Signalling peer 002cfdaeb09b485a8e270dc4f7e8fb0b to start an election
I20260713 09:07:34.146015 21836 tablet_service.cc:2044] Received Run Leader Election RPC: tablet_id: "78459f67b6cd4988a7cff8632ecd8cde"
dest_uuid: "002cfdaeb09b485a8e270dc4f7e8fb0b"
 from {username='slave'} at 127.0.0.1:51456
I20260713 09:07:34.146590 21836 raft_consensus.cc:493] T 78459f67b6cd4988a7cff8632ecd8cde P 002cfdaeb09b485a8e270dc4f7e8fb0b [term 1 FOLLOWER]: Starting forced leader election (received explicit request)
I20260713 09:07:34.146903 21836 raft_consensus.cc:3060] T 78459f67b6cd4988a7cff8632ecd8cde P 002cfdaeb09b485a8e270dc4f7e8fb0b [term 1 FOLLOWER]: Advancing to term 2
I20260713 09:07:34.151871 21836 raft_consensus.cc:515] T 78459f67b6cd4988a7cff8632ecd8cde P 002cfdaeb09b485a8e270dc4f7e8fb0b [term 2 FOLLOWER]: Starting forced leader election with config: opid_index: -1 OBSOLETE_local: false peers { permanent_uuid: "002cfdaeb09b485a8e270dc4f7e8fb0b" member_type: VOTER last_known_addr { host: "127.21.49.129" port: 37739 } } peers { permanent_uuid: "b7f9209f56c64109b2850e58fa25e718" member_type: VOTER last_known_addr { host: "127.21.49.130" port: 42565 } } peers { permanent_uuid: "e5e875f3b2fe4c3980882954ba6c342a" member_type: VOTER last_known_addr { host: "127.21.49.131" port: 39039 } }
I20260713 09:07:34.153853 21836 leader_election.cc:290] T 78459f67b6cd4988a7cff8632ecd8cde P 002cfdaeb09b485a8e270dc4f7e8fb0b [CANDIDATE]: Term 2 election: Requested vote from peers b7f9209f56c64109b2850e58fa25e718 (127.21.49.130:42565), e5e875f3b2fe4c3980882954ba6c342a (127.21.49.131:39039)
I20260713 09:07:34.154757 21912 tablet_service.cc:1917] Received RequestConsensusVote() RPC: tablet_id: "78459f67b6cd4988a7cff8632ecd8cde" candidate_uuid: "002cfdaeb09b485a8e270dc4f7e8fb0b" candidate_term: 2 candidate_status { last_received { term: 1 index: 1 } } ignore_live_leader: true dest_uuid: "b7f9209f56c64109b2850e58fa25e718"
I20260713 09:07:34.154958 21985 tablet_service.cc:1917] Received RequestConsensusVote() RPC: tablet_id: "78459f67b6cd4988a7cff8632ecd8cde" candidate_uuid: "002cfdaeb09b485a8e270dc4f7e8fb0b" candidate_term: 2 candidate_status { last_received { term: 1 index: 1 } } ignore_live_leader: true dest_uuid: "e5e875f3b2fe4c3980882954ba6c342a"
I20260713 09:07:34.155292 21912 raft_consensus.cc:3055] T 78459f67b6cd4988a7cff8632ecd8cde P b7f9209f56c64109b2850e58fa25e718 [term 1 LEADER]: Stepping down as leader of term 1
I20260713 09:07:34.155517 21985 raft_consensus.cc:3060] T 78459f67b6cd4988a7cff8632ecd8cde P e5e875f3b2fe4c3980882954ba6c342a [term 1 FOLLOWER]: Advancing to term 2
I20260713 09:07:34.155617 21912 raft_consensus.cc:740] T 78459f67b6cd4988a7cff8632ecd8cde P b7f9209f56c64109b2850e58fa25e718 [term 1 LEADER]: Becoming Follower/Learner. State: Replica: b7f9209f56c64109b2850e58fa25e718, State: Running, Role: LEADER
