I20260713 09:08:01.051322 23059 tablet_copy_service.cc:140] P fd23f8dd38d7463fa91ed881f3525b59: Received BeginTabletCopySession request for tablet a029507e83714483befb64fa825f5745 from peer a9fe53844e8848919095efb69485e2bc ({username='slave'} at 127.0.0.1:59866)
I20260713 09:08:01.051851 23059 tablet_copy_service.cc:161] P fd23f8dd38d7463fa91ed881f3525b59: Beginning new tablet copy session on tablet a029507e83714483befb64fa825f5745 from peer a9fe53844e8848919095efb69485e2bc at {username='slave'} at 127.0.0.1:59866: session id = a9fe53844e8848919095efb69485e2bc-a029507e83714483befb64fa825f5745
I20260713 09:08:01.061939 23059 tablet_copy_source_session.cc:215] T a029507e83714483befb64fa825f5745 P fd23f8dd38d7463fa91ed881f3525b59: Tablet Copy: opened 0 blocks and 1 log segments
I20260713 09:08:01.065932 23593 data_dirs.cc:400] Could only allocate 1 dirs of requested 3 for tablet a029507e83714483befb64fa825f5745. 1 dirs total, 0 dirs full, 0 dirs failed
I20260713 09:08:01.082569 23593 tablet_copy_client.cc:806] T a029507e83714483befb64fa825f5745 P a9fe53844e8848919095efb69485e2bc: tablet copy: Starting download of 0 data blocks...
I20260713 09:08:01.083258 23593 tablet_copy_client.cc:670] T a029507e83714483befb64fa825f5745 P a9fe53844e8848919095efb69485e2bc: tablet copy: Starting download of 1 WAL segments...
I20260713 09:08:01.087159 23593 tablet_copy_client.cc:538] T a029507e83714483befb64fa825f5745 P a9fe53844e8848919095efb69485e2bc: tablet copy: Tablet Copy complete. Replacing tablet superblock.
I20260713 09:08:01.097014 23593 tablet_bootstrap.cc:492] T a029507e83714483befb64fa825f5745 P a9fe53844e8848919095efb69485e2bc: Bootstrap starting.
I20260713 09:08:01.098304 23595 ts_tablet_manager.cc:933] T 36c91b7e30b74c97a1facffeac19c7af P a9fe53844e8848919095efb69485e2bc: Initiating tablet copy from peer fd23f8dd38d7463fa91ed881f3525b59 (127.21.106.129:45773)
I20260713 09:08:01.111660 23595 tablet_copy_client.cc:323] T 36c91b7e30b74c97a1facffeac19c7af P a9fe53844e8848919095efb69485e2bc: tablet copy: Beginning tablet copy session from remote peer at address 127.21.106.129:45773
I20260713 09:08:01.113883 23059 tablet_copy_service.cc:140] P fd23f8dd38d7463fa91ed881f3525b59: Received BeginTabletCopySession request for tablet 36c91b7e30b74c97a1facffeac19c7af from peer a9fe53844e8848919095efb69485e2bc ({username='slave'} at 127.0.0.1:59866)
I20260713 09:08:01.114454 23059 tablet_copy_service.cc:161] P fd23f8dd38d7463fa91ed881f3525b59: Beginning new tablet copy session on tablet 36c91b7e30b74c97a1facffeac19c7af from peer a9fe53844e8848919095efb69485e2bc at {username='slave'} at 127.0.0.1:59866: session id = a9fe53844e8848919095efb69485e2bc-36c91b7e30b74c97a1facffeac19c7af
I20260713 09:08:01.126667 23059 tablet_copy_source_session.cc:215] T 36c91b7e30b74c97a1facffeac19c7af P fd23f8dd38d7463fa91ed881f3525b59: Tablet Copy: opened 0 blocks and 1 log segments
I20260713 09:08:01.132649 23595 data_dirs.cc:400] Could only allocate 1 dirs of requested 3 for tablet 36c91b7e30b74c97a1facffeac19c7af. 1 dirs total, 0 dirs full, 0 dirs failed
I20260713 09:08:01.134521 23593 tablet_bootstrap.cc:492] T a029507e83714483befb64fa825f5745 P a9fe53844e8848919095efb69485e2bc: Bootstrap replayed 1/1 log segments. Stats: ops{read=2 overwritten=0 applied=2 ignored=0} inserts{seen=0 ignored=0} mutations{seen=0 ignored=0} orphaned_commits=0. Pending: 0 replicates
I20260713 09:08:01.135778 23593 tablet_bootstrap.cc:492] T a029507e83714483befb64fa825f5745 P a9fe53844e8848919095efb69485e2bc: Bootstrap complete.
I20260713 09:08:01.136477 23593 ts_tablet_manager.cc:1403] T a029507e83714483befb64fa825f5745 P a9fe53844e8848919095efb69485e2bc: Time spent bootstrapping tablet: real 0.040s	user 0.021s	sys 0.004s
I20260713 09:08:01.139765 23593 raft_consensus.cc:359] T a029507e83714483befb64fa825f5745 P a9fe53844e8848919095efb69485e2bc [term 1 LEARNER]: Replica starting. Triggering 0 pending ops. Active config: opid_index: 2 OBSOLETE_local: false peers { permanent_uuid: "fd23f8dd38d7463fa91ed881f3525b59" member_type: VOTER last_known_addr { host: "127.21.106.129" port: 45773 } } peers { permanent_uuid: "54317d0e31334e0b9ea4a3466af969f5" member_type: VOTER last_known_addr { host: "127.21.106.130" port: 43447 } } peers { permanent_uuid: "0cfd169e659342d9bc4918fbea581980" member_type: VOTER last_known_addr { host: "127.21.106.131" port: 44099 } attrs { replace: true } } peers { permanent_uuid: "a9fe53844e8848919095efb69485e2bc" member_type: NON_VOTER last_known_addr { host: "127.21.106.132" port: 44139 } attrs { promote: true } }
I20260713 09:08:01.140606 23593 raft_consensus.cc:740] T a029507e83714483befb64fa825f5745 P a9fe53844e8848919095efb69485e2bc [term 1 LEARNER]: Becoming Follower/Learner. State: Replica: a9fe53844e8848919095efb69485e2bc, State: Initialized, Role: LEARNER
I20260713 09:08:01.141505 23593 consensus_queue.cc:260] T a029507e83714483befb64fa825f5745 P a9fe53844e8848919095efb69485e2bc [NON_LEADER]: Queue going to NON_LEADER mode. State: All replicated index: 0, Majority replicated index: 0, Committed index: 2, Last appended: 1.2, Last appended by leader: 2, Current term: 0, Majority size: -1, State: 0, Mode: NON_LEADER, active raft config: opid_index: 2 OBSOLETE_local: false peers { permanent_uuid: "fd23f8dd38d7463fa91ed881f3525b59" member_type: VOTER last_known_addr { host: "127.21.106.129" port: 45773 } } peers { permanent_uuid: "54317d0e31334e0b9ea4a3466af969f5" member_type: VOTER last_known_addr { host: "127.21.106.130" port: 43447 } } peers { permanent_uuid: "0cfd169e659342d9bc4918fbea581980" member_type: VOTER last_known_addr { host: "127.21.106.131" port: 44099 } attrs { replace: true } } peers { permanent_uuid: "a9fe53844e8848919095efb69485e2bc" member_type: NON_VOTER last_known_addr { host: "127.21.106.132" port: 44139 } attrs { promote: true } }
I20260713 09:08:01.163079 23593 ts_tablet_manager.cc:1434] T a029507e83714483befb64fa825f5745 P a9fe53844e8848919095efb69485e2bc: Time spent starting tablet: real 0.026s	user 0.005s	sys 0.016s
I20260713 09:08:01.164824 23059 tablet_copy_service.cc:342] P fd23f8dd38d7463fa91ed881f3525b59: Request end of tablet copy session a9fe53844e8848919095efb69485e2bc-a029507e83714483befb64fa825f5745 received from {username='slave'} at 127.0.0.1:59866
I20260713 09:08:01.165311 23059 tablet_copy_service.cc:434] P fd23f8dd38d7463fa91ed881f3525b59: ending tablet copy session a9fe53844e8848919095efb69485e2bc-a029507e83714483befb64fa825f5745 on tablet a029507e83714483befb64fa825f5745 with peer a9fe53844e8848919095efb69485e2bc
I20260713 09:08:01.168643 23595 tablet_copy_client.cc:806] T 36c91b7e30b74c97a1facffeac19c7af P a9fe53844e8848919095efb69485e2bc: tablet copy: Starting download of 0 data blocks...
I20260713 09:08:01.169600 23595 tablet_copy_client.cc:670] T 36c91b7e30b74c97a1facffeac19c7af P a9fe53844e8848919095efb69485e2bc: tablet copy: Starting download of 1 WAL segments...
I20260713 09:08:01.173496 23595 tablet_copy_client.cc:538] T 36c91b7e30b74c97a1facffeac19c7af P a9fe53844e8848919095efb69485e2bc: tablet copy: Tablet Copy complete. Replacing tablet superblock.
I20260713 09:08:01.181957 23595 tablet_bootstrap.cc:492] T 36c91b7e30b74c97a1facffeac19c7af P a9fe53844e8848919095efb69485e2bc: Bootstrap starting.
I20260713 09:08:01.201916 23595 tablet_bootstrap.cc:492] T 36c91b7e30b74c97a1facffeac19c7af P a9fe53844e8848919095efb69485e2bc: Bootstrap replayed 1/1 log segments. Stats: ops{read=2 overwritten=0 applied=2 ignored=0} inserts{seen=0 ignored=0} mutations{seen=0 ignored=0} orphaned_commits=0. Pending: 0 replicates
I20260713 09:08:01.202906 23595 tablet_bootstrap.cc:492] T 36c91b7e30b74c97a1facffeac19c7af P a9fe53844e8848919095efb69485e2bc: Bootstrap complete.
I20260713 09:08:01.203549 23595 ts_tablet_manager.cc:1403] T 36c91b7e30b74c97a1facffeac19c7af P a9fe53844e8848919095efb69485e2bc: Time spent bootstrapping tablet: real 0.022s	user 0.019s	sys 0.004s
I20260713 09:08:01.206487 23595 raft_consensus.cc:359] T 36c91b7e30b74c97a1facffeac19c7af P a9fe53844e8848919095efb69485e2bc [term 1 LEARNER]: Replica starting. Triggering 0 pending ops. Active config: opid_index: 2 OBSOLETE_local: false peers { permanent_uuid: "fd23f8dd38d7463fa91ed881f3525b59" member_type: VOTER last_known_addr { host: "127.21.106.129" port: 45773 } } peers { permanent_uuid: "54317d0e31334e0b9ea4a3466af969f5" member_type: VOTER last_known_addr { host: "127.21.106.130" port: 43447 } attrs { replace: true } } peers { permanent_uuid: "0cfd169e659342d9bc4918fbea581980" member_type: VOTER last_known_addr { host: "127.21.106.131" port: 44099 } } peers { permanent_uuid: "a9fe53844e8848919095efb69485e2bc" member_type: NON_VOTER last_known_addr { host: "127.21.106.132" port: 44139 } attrs { promote: true } }
I20260713 09:08:01.207379 23595 raft_consensus.cc:740] T 36c91b7e30b74c97a1facffeac19c7af P a9fe53844e8848919095efb69485e2bc [term 1 LEARNER]: Becoming Follower/Learner. State: Replica: a9fe53844e8848919095efb69485e2bc, State: Initialized, Role: LEARNER
I20260713 09:08:01.208042 23595 consensus_queue.cc:260] T 36c91b7e30b74c97a1facffeac19c7af P a9fe53844e8848919095efb69485e2bc [NON_LEADER]: Queue going to NON_LEADER mode. State: All replicated index: 0, Majority replicated index: 0, Committed index: 2, Last appended: 1.2, Last appended by leader: 2, Current term: 0, Majority size: -1, State: 0, Mode: NON_LEADER, active raft config: opid_index: 2 OBSOLETE_local: false peers { permanent_uuid: "fd23f8dd38d7463fa91ed881f3525b59" member_type: VOTER last_known_addr { host: "127.21.106.129" port: 45773 } } peers { permanent_uuid: "54317d0e31334e0b9ea4a3466af969f5" member_type: VOTER last_known_addr { host: "127.21.106.130" port: 43447 } attrs { replace: true } } peers { permanent_uuid: "0cfd169e659342d9bc4918fbea581980" member_type: VOTER last_known_addr { host: "127.21.106.131" port: 44099 } } peers { permanent_uuid: "a9fe53844e8848919095efb69485e2bc" member_type: NON_VOTER last_known_addr { host: "127.21.106.132" port: 44139 } attrs { promote: true } }
I20260713 09:08:01.212365 23595 ts_tablet_manager.cc:1434] T 36c91b7e30b74c97a1facffeac19c7af P a9fe53844e8848919095efb69485e2bc: Time spent starting tablet: real 0.009s	user 0.006s	sys 0.000s
I20260713 09:08:01.215052 23059 tablet_copy_service.cc:342] P fd23f8dd38d7463fa91ed881f3525b59: Request end of tablet copy session a9fe53844e8848919095efb69485e2bc-36c91b7e30b74c97a1facffeac19c7af received from {username='slave'} at 127.0.0.1:59866
I20260713 09:08:01.215487 23059 tablet_copy_service.cc:434] P fd23f8dd38d7463fa91ed881f3525b59: ending tablet copy session a9fe53844e8848919095efb69485e2bc-36c91b7e30b74c97a1facffeac19c7af on tablet 36c91b7e30b74c97a1facffeac19c7af with peer a9fe53844e8848919095efb69485e2bc
I20260713 09:08:01.231199 23595 ts_tablet_manager.cc:933] T dfb5257ca9fa4d92a3e68fd2d3fbb085 P a9fe53844e8848919095efb69485e2bc: Initiating tablet copy from peer 54317d0e31334e0b9ea4a3466af969f5 (127.21.106.130:43447)
I20260713 09:08:01.232877 23595 tablet_copy_client.cc:323] T dfb5257ca9fa4d92a3e68fd2d3fbb085 P a9fe53844e8848919095efb69485e2bc: tablet copy: Beginning tablet copy session from remote peer at address 127.21.106.130:43447
I20260713 09:08:01.234527 23134 tablet_copy_service.cc:140] P 54317d0e31334e0b9ea4a3466af969f5: Received BeginTabletCopySession request for tablet dfb5257ca9fa4d92a3e68fd2d3fbb085 from peer a9fe53844e8848919095efb69485e2bc ({username='slave'} at 127.0.0.1:57204)
I20260713 09:08:01.235252 23134 tablet_copy_service.cc:161] P 54317d0e31334e0b9ea4a3466af969f5: Beginning new tablet copy session on tablet dfb5257ca9fa4d92a3e68fd2d3fbb085 from peer a9fe53844e8848919095efb69485e2bc at {username='slave'} at 127.0.0.1:57204: session id = a9fe53844e8848919095efb69485e2bc-dfb5257ca9fa4d92a3e68fd2d3fbb085
I20260713 09:08:01.247771 23134 tablet_copy_source_session.cc:215] T dfb5257ca9fa4d92a3e68fd2d3fbb085 P 54317d0e31334e0b9ea4a3466af969f5: Tablet Copy: opened 0 blocks and 1 log segments
I20260713 09:08:01.250926 23593 ts_tablet_manager.cc:933] T 5b1a71cf716c415ea9b3dbd0a705db0c P a9fe53844e8848919095efb69485e2bc: Initiating tablet copy from peer 54317d0e31334e0b9ea4a3466af969f5 (127.21.106.130:43447)
I20260713 09:08:01.251706 23595 data_dirs.cc:400] Could only allocate 1 dirs of requested 3 for tablet dfb5257ca9fa4d92a3e68fd2d3fbb085. 1 dirs total, 0 dirs full, 0 dirs failed
I20260713 09:08:01.259513 23593 tablet_copy_client.cc:323] T 5b1a71cf716c415ea9b3dbd0a705db0c P a9fe53844e8848919095efb69485e2bc: tablet copy: Beginning tablet copy session from remote peer at address 127.21.106.130:43447
I20260713 09:08:01.261452 23134 tablet_copy_service.cc:140] P 54317d0e31334e0b9ea4a3466af969f5: Received BeginTabletCopySession request for tablet 5b1a71cf716c415ea9b3dbd0a705db0c from peer a9fe53844e8848919095efb69485e2bc ({username='slave'} at 127.0.0.1:57204)
I20260713 09:08:01.261967 23134 tablet_copy_service.cc:161] P 54317d0e31334e0b9ea4a3466af969f5: Beginning new tablet copy session on tablet 5b1a71cf716c415ea9b3dbd0a705db0c from peer a9fe53844e8848919095efb69485e2bc at {username='slave'} at 127.0.0.1:57204: session id = a9fe53844e8848919095efb69485e2bc-5b1a71cf716c415ea9b3dbd0a705db0c
I20260713 09:08:01.269160 23134 tablet_copy_source_session.cc:215] T 5b1a71cf716c415ea9b3dbd0a705db0c P 54317d0e31334e0b9ea4a3466af969f5: Tablet Copy: opened 0 blocks and 1 log segments
I20260713 09:08:01.272552 23593 data_dirs.cc:400] Could only allocate 1 dirs of requested 3 for tablet 5b1a71cf716c415ea9b3dbd0a705db0c. 1 dirs total, 0 dirs full, 0 dirs failed
I20260713 09:08:01.277382 23595 tablet_copy_client.cc:806] T dfb5257ca9fa4d92a3e68fd2d3fbb085 P a9fe53844e8848919095efb69485e2bc: tablet copy: Starting download of 0 data blocks...
I20260713 09:08:01.280596 23595 tablet_copy_client.cc:670] T dfb5257ca9fa4d92a3e68fd2d3fbb085 P a9fe53844e8848919095efb69485e2bc: tablet copy: Starting download of 1 WAL segments...
I20260713 09:08:01.284489 23595 tablet_copy_client.cc:538] T dfb5257ca9fa4d92a3e68fd2d3fbb085 P a9fe53844e8848919095efb69485e2bc: tablet copy: Tablet Copy complete. Replacing tablet superblock.
I20260713 09:08:01.293156 23595 tablet_bootstrap.cc:492] T dfb5257ca9fa4d92a3e68fd2d3fbb085 P a9fe53844e8848919095efb69485e2bc: Bootstrap starting.
I20260713 09:08:01.305919 23593 tablet_copy_client.cc:806] T 5b1a71cf716c415ea9b3dbd0a705db0c P a9fe53844e8848919095efb69485e2bc: tablet copy: Starting download of 0 data blocks...
I20260713 09:08:01.306731 23593 tablet_copy_client.cc:670] T 5b1a71cf716c415ea9b3dbd0a705db0c P a9fe53844e8848919095efb69485e2bc: tablet copy: Starting download of 1 WAL segments...
I20260713 09:08:01.311116 23593 tablet_copy_client.cc:538] T 5b1a71cf716c415ea9b3dbd0a705db0c P a9fe53844e8848919095efb69485e2bc: tablet copy: Tablet Copy complete. Replacing tablet superblock.
I20260713 09:08:01.320431 23593 tablet_bootstrap.cc:492] T 5b1a71cf716c415ea9b3dbd0a705db0c P a9fe53844e8848919095efb69485e2bc: Bootstrap starting.
I20260713 09:08:01.327242 23595 tablet_bootstrap.cc:492] T dfb5257ca9fa4d92a3e68fd2d3fbb085 P a9fe53844e8848919095efb69485e2bc: Bootstrap replayed 1/1 log segments. Stats: ops{read=2 overwritten=0 applied=2 ignored=0} inserts{seen=0 ignored=0} mutations{seen=0 ignored=0} orphaned_commits=0. Pending: 0 replicates
I20260713 09:08:01.339450 23595 tablet_bootstrap.cc:492] T dfb5257ca9fa4d92a3e68fd2d3fbb085 P a9fe53844e8848919095efb69485e2bc: Bootstrap complete.
I20260713 09:08:01.340265 23595 ts_tablet_manager.cc:1403] T dfb5257ca9fa4d92a3e68fd2d3fbb085 P a9fe53844e8848919095efb69485e2bc: Time spent bootstrapping tablet: real 0.047s	user 0.021s	sys 0.003s
I20260713 09:08:01.343551 23595 raft_consensus.cc:359] T dfb5257ca9fa4d92a3e68fd2d3fbb085 P a9fe53844e8848919095efb69485e2bc [term 1 LEARNER]: Replica starting. Triggering 0 pending ops. Active config: opid_index: 2 OBSOLETE_local: false peers { permanent_uuid: "fd23f8dd38d7463fa91ed881f3525b59" member_type: VOTER last_known_addr { host: "127.21.106.129" port: 45773 } } peers { permanent_uuid: "54317d0e31334e0b9ea4a3466af969f5" member_type: VOTER last_known_addr { host: "127.21.106.130" port: 43447 } } peers { permanent_uuid: "0cfd169e659342d9bc4918fbea581980" member_type: VOTER last_known_addr { host: "127.21.106.131" port: 44099 } attrs { replace: true } } peers { permanent_uuid: "a9fe53844e8848919095efb69485e2bc" member_type: NON_VOTER last_known_addr { host: "127.21.106.132" port: 44139 } attrs { promote: true } }
I20260713 09:08:01.344475 23595 raft_consensus.cc:740] T dfb5257ca9fa4d92a3e68fd2d3fbb085 P a9fe53844e8848919095efb69485e2bc [term 1 LEARNER]: Becoming Follower/Learner. State: Replica: a9fe53844e8848919095efb69485e2bc, State: Initialized, Role: LEARNER
I20260713 09:08:01.345196 23595 consensus_queue.cc:260] T dfb5257ca9fa4d92a3e68fd2d3fbb085 P a9fe53844e8848919095efb69485e2bc [NON_LEADER]: Queue going to NON_LEADER mode. State: All replicated index: 0, Majority replicated index: 0, Committed index: 2, Last appended: 1.2, Last appended by leader: 2, Current term: 0, Majority size: -1, State: 0, Mode: NON_LEADER, active raft config: opid_index: 2 OBSOLETE_local: false peers { permanent_uuid: "fd23f8dd38d7463fa91ed881f3525b59" member_type: VOTER last_known_addr { host: "127.21.106.129" port: 45773 } } peers { permanent_uuid: "54317d0e31334e0b9ea4a3466af969f5" member_type: VOTER last_known_addr { host: "127.21.106.130" port: 43447 } } peers { permanent_uuid: "0cfd169e659342d9bc4918fbea581980" member_type: VOTER last_known_addr { host: "127.21.106.131" port: 44099 } attrs { replace: true } } peers { permanent_uuid: "a9fe53844e8848919095efb69485e2bc" member_type: NON_VOTER last_known_addr { host: "127.21.106.132" port: 44139 } attrs { promote: true } }
I20260713 09:08:01.347673 23595 ts_tablet_manager.cc:1434] T dfb5257ca9fa4d92a3e68fd2d3fbb085 P a9fe53844e8848919095efb69485e2bc: Time spent starting tablet: real 0.007s	user 0.006s	sys 0.000s
I20260713 09:08:01.351516 23134 tablet_copy_service.cc:342] P 54317d0e31334e0b9ea4a3466af969f5: Request end of tablet copy session a9fe53844e8848919095efb69485e2bc-dfb5257ca9fa4d92a3e68fd2d3fbb085 received from {username='slave'} at 127.0.0.1:57204
I20260713 09:08:01.351943 23134 tablet_copy_service.cc:434] P 54317d0e31334e0b9ea4a3466af969f5: ending tablet copy session a9fe53844e8848919095efb69485e2bc-dfb5257ca9fa4d92a3e68fd2d3fbb085 on tablet dfb5257ca9fa4d92a3e68fd2d3fbb085 with peer a9fe53844e8848919095efb69485e2bc
I20260713 09:08:01.360889 23593 tablet_bootstrap.cc:492] T 5b1a71cf716c415ea9b3dbd0a705db0c P a9fe53844e8848919095efb69485e2bc: Bootstrap replayed 1/1 log segments. Stats: ops{read=2 overwritten=0 applied=2 ignored=0} inserts{seen=0 ignored=0} mutations{seen=0 ignored=0} orphaned_commits=0. Pending: 0 replicates
I20260713 09:08:01.361894 23593 tablet_bootstrap.cc:492] T 5b1a71cf716c415ea9b3dbd0a705db0c P a9fe53844e8848919095efb69485e2bc: Bootstrap complete.
I20260713 09:08:01.362697 23593 ts_tablet_manager.cc:1403] T 5b1a71cf716c415ea9b3dbd0a705db0c P a9fe53844e8848919095efb69485e2bc: Time spent bootstrapping tablet: real 0.042s	user 0.020s	sys 0.004s
I20260713 09:08:01.365792 23593 raft_consensus.cc:359] T 5b1a71cf716c415ea9b3dbd0a705db0c P a9fe53844e8848919095efb69485e2bc [term 1 LEARNER]: Replica starting. Triggering 0 pending ops. Active config: opid_index: 2 OBSOLETE_local: false peers { permanent_uuid: "fd23f8dd38d7463fa91ed881f3525b59" member_type: VOTER last_known_addr { host: "127.21.106.129" port: 45773 } attrs { replace: true } } peers { permanent_uuid: "54317d0e31334e0b9ea4a3466af969f5" member_type: VOTER last_known_addr { host: "127.21.106.130" port: 43447 } } peers { permanent_uuid: "0cfd169e659342d9bc4918fbea581980" member_type: VOTER last_known_addr { host: "127.21.106.131" port: 44099 } } peers { permanent_uuid: "a9fe53844e8848919095efb69485e2bc" member_type: NON_VOTER last_known_addr { host: "127.21.106.132" port: 44139 } attrs { promote: true } }
I20260713 09:08:01.366711 23593 raft_consensus.cc:740] T 5b1a71cf716c415ea9b3dbd0a705db0c P a9fe53844e8848919095efb69485e2bc [term 1 LEARNER]: Becoming Follower/Learner. State: Replica: a9fe53844e8848919095efb69485e2bc, State: Initialized, Role: LEARNER
I20260713 09:08:01.367389 23593 consensus_queue.cc:260] T 5b1a71cf716c415ea9b3dbd0a705db0c P a9fe53844e8848919095efb69485e2bc [NON_LEADER]: Queue going to NON_LEADER mode. State: All replicated index: 0, Majority replicated index: 0, Committed index: 2, Last appended: 1.2, Last appended by leader: 2, Current term: 0, Majority size: -1, State: 0, Mode: NON_LEADER, active raft config: opid_index: 2 OBSOLETE_local: false peers { permanent_uuid: "fd23f8dd38d7463fa91ed881f3525b59" member_type: VOTER last_known_addr { host: "127.21.106.129" port: 45773 } attrs { replace: true } } peers { permanent_uuid: "54317d0e31334e0b9ea4a3466af969f5" member_type: VOTER last_known_addr { host: "127.21.106.130" port: 43447 } } peers { permanent_uuid: "0cfd169e659342d9bc4918fbea581980" member_type: VOTER last_known_addr { host: "127.21.106.131" port: 44099 } } peers { permanent_uuid: "a9fe53844e8848919095efb69485e2bc" member_type: NON_VOTER last_known_addr { host: "127.21.106.132" port: 44139 } attrs { promote: true } }
I20260713 09:08:01.370416 23593 ts_tablet_manager.cc:1434] T 5b1a71cf716c415ea9b3dbd0a705db0c P a9fe53844e8848919095efb69485e2bc: Time spent starting tablet: real 0.007s	user 0.004s	sys 0.000s
I20260713 09:08:01.372207 23134 tablet_copy_service.cc:342] P 54317d0e31334e0b9ea4a3466af969f5: Request end of tablet copy session a9fe53844e8848919095efb69485e2bc-5b1a71cf716c415ea9b3dbd0a705db0c received from {username='slave'} at 127.0.0.1:57204
I20260713 09:08:01.372665 23134 tablet_copy_service.cc:434] P 54317d0e31334e0b9ea4a3466af969f5: ending tablet copy session a9fe53844e8848919095efb69485e2bc-5b1a71cf716c415ea9b3dbd0a705db0c on tablet 5b1a71cf716c415ea9b3dbd0a705db0c with peer a9fe53844e8848919095efb69485e2bc
I20260713 09:08:01.643435 23457 raft_consensus.cc:1217] T a029507e83714483befb64fa825f5745 P a9fe53844e8848919095efb69485e2bc [term 1 LEARNER]: Deduplicated request from leader. Original: 1.1->[1.2-1.2]   Dedup: 1.2->[]
I20260713 09:08:01.679414 23457 raft_consensus.cc:1217] T dfb5257ca9fa4d92a3e68fd2d3fbb085 P a9fe53844e8848919095efb69485e2bc [term 1 LEARNER]: Deduplicated request from leader. Original: 1.1->[1.2-1.2]   Dedup: 1.2->[]
I20260713 09:08:01.690948 23457 raft_consensus.cc:1217] T 36c91b7e30b74c97a1facffeac19c7af P a9fe53844e8848919095efb69485e2bc [term 1 LEARNER]: Deduplicated request from leader. Original: 1.1->[1.2-1.2]   Dedup: 1.2->[]
I20260713 09:08:01.792331 23457 raft_consensus.cc:1217] T 5b1a71cf716c415ea9b3dbd0a705db0c P a9fe53844e8848919095efb69485e2bc [term 1 LEARNER]: Deduplicated request from leader. Original: 1.1->[1.2-1.2]   Dedup: 1.2->[]
I20260713 09:08:02.188762 23608 raft_consensus.cc:1064] T 5b1a71cf716c415ea9b3dbd0a705db0c P 54317d0e31334e0b9ea4a3466af969f5: attempting to promote NON_VOTER a9fe53844e8848919095efb69485e2bc to VOTER
I20260713 09:08:02.188994 23606 raft_consensus.cc:1064] T 36c91b7e30b74c97a1facffeac19c7af P fd23f8dd38d7463fa91ed881f3525b59: attempting to promote NON_VOTER a9fe53844e8848919095efb69485e2bc to VOTER
I20260713 09:08:02.191572 23608 consensus_queue.cc:237] T 5b1a71cf716c415ea9b3dbd0a705db0c P 54317d0e31334e0b9ea4a3466af969f5 [LEADER]: Queue going to LEADER mode. State: All replicated index: 0, Majority replicated index: 2, Committed index: 2, Last appended: 1.2, Last appended by leader: 0, Current term: 1, Majority size: 3, State: 0, Mode: LEADER, active raft config: opid_index: 3 OBSOLETE_local: false peers { permanent_uuid: "fd23f8dd38d7463fa91ed881f3525b59" member_type: VOTER last_known_addr { host: "127.21.106.129" port: 45773 } attrs { replace: true } } peers { permanent_uuid: "54317d0e31334e0b9ea4a3466af969f5" member_type: VOTER last_known_addr { host: "127.21.106.130" port: 43447 } } peers { permanent_uuid: "0cfd169e659342d9bc4918fbea581980" member_type: VOTER last_known_addr { host: "127.21.106.131" port: 44099 } } peers { permanent_uuid: "a9fe53844e8848919095efb69485e2bc" member_type: VOTER last_known_addr { host: "127.21.106.132" port: 44139 } attrs { promote: false } }
I20260713 09:08:02.191730 23606 consensus_queue.cc:237] T 36c91b7e30b74c97a1facffeac19c7af P fd23f8dd38d7463fa91ed881f3525b59 [LEADER]: Queue going to LEADER mode. State: All replicated index: 0, Majority replicated index: 2, Committed index: 2, Last appended: 1.2, Last appended by leader: 0, Current term: 1, Majority size: 3, State: 0, Mode: LEADER, active raft config: opid_index: 3 OBSOLETE_local: false peers { permanent_uuid: "fd23f8dd38d7463fa91ed881f3525b59" member_type: VOTER last_known_addr { host: "127.21.106.129" port: 45773 } } peers { permanent_uuid: "54317d0e31334e0b9ea4a3466af969f5" member_type: VOTER last_known_addr { host: "127.21.106.130" port: 43447 } attrs { replace: true } } peers { permanent_uuid: "0cfd169e659342d9bc4918fbea581980" member_type: VOTER last_known_addr { host: "127.21.106.131" port: 44099 } } peers { permanent_uuid: "a9fe53844e8848919095efb69485e2bc" member_type: VOTER last_known_addr { host: "127.21.106.132" port: 44139 } attrs { promote: false } }
I20260713 09:08:02.205138 23459 raft_consensus.cc:1275] T 36c91b7e30b74c97a1facffeac19c7af P a9fe53844e8848919095efb69485e2bc [term 1 LEARNER]: Refusing update from remote peer fd23f8dd38d7463fa91ed881f3525b59: Log matching property violated. Preceding OpId in replica: term: 1 index: 2. Preceding OpId from leader: term: 1 index: 3. (index mismatch)
I20260713 09:08:02.206857 23604 consensus_queue.cc:1048] T 36c91b7e30b74c97a1facffeac19c7af P fd23f8dd38d7463fa91ed881f3525b59 [LEADER]: Connected to new peer: Peer: permanent_uuid: "a9fe53844e8848919095efb69485e2bc" member_type: VOTER last_known_addr { host: "127.21.106.132" port: 44139 } attrs { promote: false }, Status: LMP_MISMATCH, Last received: 0.0, Next index: 3, Last known committed idx: 2, Time since last communication: 0.000s
I20260713 09:08:02.217315 23456 raft_consensus.cc:1275] T 5b1a71cf716c415ea9b3dbd0a705db0c P a9fe53844e8848919095efb69485e2bc [term 1 LEARNER]: Refusing update from remote peer 54317d0e31334e0b9ea4a3466af969f5: Log matching property violated. Preceding OpId in replica: term: 1 index: 2. Preceding OpId from leader: term: 1 index: 3. (index mismatch)
I20260713 09:08:02.219003 23346 consensus_queue.cc:1048] T 5b1a71cf716c415ea9b3dbd0a705db0c P 54317d0e31334e0b9ea4a3466af969f5 [LEADER]: Connected to new peer: Peer: permanent_uuid: "a9fe53844e8848919095efb69485e2bc" member_type: VOTER last_known_addr { host: "127.21.106.132" port: 44139 } attrs { promote: false }, Status: LMP_MISMATCH, Last received: 0.0, Next index: 3, Last known committed idx: 2, Time since last communication: 0.000s
I20260713 09:08:02.224130 23604 raft_consensus.cc:1064] T a029507e83714483befb64fa825f5745 P fd23f8dd38d7463fa91ed881f3525b59: attempting to promote NON_VOTER a9fe53844e8848919095efb69485e2bc to VOTER
I20260713 09:08:02.228149 23047 raft_consensus.cc:1275] T 5b1a71cf716c415ea9b3dbd0a705db0c P fd23f8dd38d7463fa91ed881f3525b59 [term 1 FOLLOWER]: Refusing update from remote peer 54317d0e31334e0b9ea4a3466af969f5: Log matching property violated. Preceding OpId in replica: term: 1 index: 2. Preceding OpId from leader: term: 1 index: 3. (index mismatch)
I20260713 09:08:02.228313 23196 raft_consensus.cc:1275] T 5b1a71cf716c415ea9b3dbd0a705db0c P 0cfd169e659342d9bc4918fbea581980 [term 1 FOLLOWER]: Refusing update from remote peer 54317d0e31334e0b9ea4a3466af969f5: Log matching property violated. Preceding OpId in replica: term: 1 index: 2. Preceding OpId from leader: term: 1 index: 3. (index mismatch)
I20260713 09:08:02.230201 23579 consensus_queue.cc:1048] T 5b1a71cf716c415ea9b3dbd0a705db0c P 54317d0e31334e0b9ea4a3466af969f5 [LEADER]: Connected to new peer: Peer: permanent_uuid: "fd23f8dd38d7463fa91ed881f3525b59" member_type: VOTER last_known_addr { host: "127.21.106.129" port: 45773 } attrs { replace: true }, Status: LMP_MISMATCH, Last received: 0.0, Next index: 3, Last known committed idx: 2, Time since last communication: 0.001s
I20260713 09:08:02.233134 23604 consensus_queue.cc:237] T a029507e83714483befb64fa825f5745 P fd23f8dd38d7463fa91ed881f3525b59 [LEADER]: Queue going to LEADER mode. State: All replicated index: 0, Majority replicated index: 2, Committed index: 2, Last appended: 1.2, Last appended by leader: 0, Current term: 1, Majority size: 3, State: 0, Mode: LEADER, active raft config: opid_index: 3 OBSOLETE_local: false peers { permanent_uuid: "fd23f8dd38d7463fa91ed881f3525b59" member_type: VOTER last_known_addr { host: "127.21.106.129" port: 45773 } } peers { permanent_uuid: "54317d0e31334e0b9ea4a3466af969f5" member_type: VOTER last_known_addr { host: "127.21.106.130" port: 43447 } } peers { permanent_uuid: "0cfd169e659342d9bc4918fbea581980" member_type: VOTER last_known_addr { host: "127.21.106.131" port: 44099 } attrs { replace: true } } peers { permanent_uuid: "a9fe53844e8848919095efb69485e2bc" member_type: VOTER last_known_addr { host: "127.21.106.132" port: 44139 } attrs { promote: false } }
I20260713 09:08:02.238067 23346 consensus_queue.cc:1048] T 5b1a71cf716c415ea9b3dbd0a705db0c P 54317d0e31334e0b9ea4a3466af969f5 [LEADER]: Connected to new peer: Peer: permanent_uuid: "0cfd169e659342d9bc4918fbea581980" member_type: VOTER last_known_addr { host: "127.21.106.131" port: 44099 }, Status: LMP_MISMATCH, Last received: 0.0, Next index: 3, Last known committed idx: 2, Time since last communication: 0.000s
I20260713 09:08:02.265959 23124 raft_consensus.cc:1275] T 36c91b7e30b74c97a1facffeac19c7af P 54317d0e31334e0b9ea4a3466af969f5 [term 1 FOLLOWER]: Refusing update from remote peer fd23f8dd38d7463fa91ed881f3525b59: Log matching property violated. Preceding OpId in replica: term: 1 index: 2. Preceding OpId from leader: term: 1 index: 3. (index mismatch)
I20260713 09:08:02.272807 23346 raft_consensus.cc:1064] T dfb5257ca9fa4d92a3e68fd2d3fbb085 P 54317d0e31334e0b9ea4a3466af969f5: attempting to promote NON_VOTER a9fe53844e8848919095efb69485e2bc to VOTER
W20260713 09:08:02.276541 23609 log.cc:927] Time spent T 36c91b7e30b74c97a1facffeac19c7af P fd23f8dd38d7463fa91ed881f3525b59: Append to log took a long time: real 0.074s	user 0.001s	sys 0.000s
I20260713 09:08:02.272533 23606 consensus_queue.cc:1048] T 36c91b7e30b74c97a1facffeac19c7af P fd23f8dd38d7463fa91ed881f3525b59 [LEADER]: Connected to new peer: Peer: permanent_uuid: "54317d0e31334e0b9ea4a3466af969f5" member_type: VOTER last_known_addr { host: "127.21.106.130" port: 43447 } attrs { replace: true }, Status: LMP_MISMATCH, Last received: 0.0, Next index: 3, Last known committed idx: 2, Time since last communication: 0.009s
I20260713 09:08:02.279075 23196 raft_consensus.cc:1275] T 36c91b7e30b74c97a1facffeac19c7af P 0cfd169e659342d9bc4918fbea581980 [term 1 FOLLOWER]: Refusing update from remote peer fd23f8dd38d7463fa91ed881f3525b59: Log matching property violated. Preceding OpId in replica: term: 1 index: 2. Preceding OpId from leader: term: 1 index: 3. (index mismatch)
I20260713 09:08:02.276355 23346 consensus_queue.cc:237] T dfb5257ca9fa4d92a3e68fd2d3fbb085 P 54317d0e31334e0b9ea4a3466af969f5 [LEADER]: Queue going to LEADER mode. State: All replicated index: 0, Majority replicated index: 2, Committed index: 2, Last appended: 1.2, Last appended by leader: 0, Current term: 1, Majority size: 3, State: 0, Mode: LEADER, active raft config: opid_index: 3 OBSOLETE_local: false peers { permanent_uuid: "fd23f8dd38d7463fa91ed881f3525b59" member_type: VOTER last_known_addr { host: "127.21.106.129" port: 45773 } } peers { permanent_uuid: "54317d0e31334e0b9ea4a3466af969f5" member_type: VOTER last_known_addr { host: "127.21.106.130" port: 43447 } } peers { permanent_uuid: "0cfd169e659342d9bc4918fbea581980" member_type: VOTER last_known_addr { host: "127.21.106.131" port: 44099 } attrs { replace: true } } peers { permanent_uuid: "a9fe53844e8848919095efb69485e2bc" member_type: VOTER last_known_addr { host: "127.21.106.132" port: 44139 } attrs { promote: false } }
I20260713 09:08:02.287768 23612 consensus_queue.cc:1048] T 36c91b7e30b74c97a1facffeac19c7af P fd23f8dd38d7463fa91ed881f3525b59 [LEADER]: Connected to new peer: Peer: permanent_uuid: "0cfd169e659342d9bc4918fbea581980" member_type: VOTER last_known_addr { host: "127.21.106.131" port: 44099 }, Status: LMP_MISMATCH, Last received: 0.0, Next index: 3, Last known committed idx: 2, Time since last communication: 0.002s
I20260713 09:08:02.291838 23459 raft_consensus.cc:1275] T a029507e83714483befb64fa825f5745 P a9fe53844e8848919095efb69485e2bc [term 1 LEARNER]: Refusing update from remote peer fd23f8dd38d7463fa91ed881f3525b59: Log matching property violated. Preceding OpId in replica: term: 1 index: 2. Preceding OpId from leader: term: 1 index: 3. (index mismatch)
I20260713 09:08:02.291450 23608 raft_consensus.cc:2955] T 5b1a71cf716c415ea9b3dbd0a705db0c P 54317d0e31334e0b9ea4a3466af969f5 [term 1 LEADER]: Committing config change with OpId 1.3: config changed from index 2 to 3, a9fe53844e8848919095efb69485e2bc (127.21.106.132) changed from NON_VOTER to VOTER. New config: { opid_index: 3 OBSOLETE_local: false peers { permanent_uuid: "fd23f8dd38d7463fa91ed881f3525b59" member_type: VOTER last_known_addr { host: "127.21.106.129" port: 45773 } attrs { replace: true } } peers { permanent_uuid: "54317d0e31334e0b9ea4a3466af969f5" member_type: VOTER last_known_addr { host: "127.21.106.130" port: 43447 } } peers { permanent_uuid: "0cfd169e659342d9bc4918fbea581980" member_type: VOTER last_known_addr { host: "127.21.106.131" port: 44099 } } peers { permanent_uuid: "a9fe53844e8848919095efb69485e2bc" member_type: VOTER last_known_addr { host: "127.21.106.132" port: 44139 } attrs { promote: false } } }
I20260713 09:08:02.297348 23196 raft_consensus.cc:1275] T a029507e83714483befb64fa825f5745 P 0cfd169e659342d9bc4918fbea581980 [term 1 FOLLOWER]: Refusing update from remote peer fd23f8dd38d7463fa91ed881f3525b59: Log matching property violated. Preceding OpId in replica: term: 1 index: 2. Preceding OpId from leader: term: 1 index: 3. (index mismatch)
I20260713 09:08:02.301746 23046 raft_consensus.cc:2955] T 5b1a71cf716c415ea9b3dbd0a705db0c P fd23f8dd38d7463fa91ed881f3525b59 [term 1 FOLLOWER]: Committing config change with OpId 1.3: config changed from index 2 to 3, a9fe53844e8848919095efb69485e2bc (127.21.106.132) changed from NON_VOTER to VOTER. New config: { opid_index: 3 OBSOLETE_local: false peers { permanent_uuid: "fd23f8dd38d7463fa91ed881f3525b59" member_type: VOTER last_known_addr { host: "127.21.106.129" port: 45773 } attrs { replace: true } } peers { permanent_uuid: "54317d0e31334e0b9ea4a3466af969f5" member_type: VOTER last_known_addr { host: "127.21.106.130" port: 43447 } } peers { permanent_uuid: "0cfd169e659342d9bc4918fbea581980" member_type: VOTER last_known_addr { host: "127.21.106.131" port: 44099 } } peers { permanent_uuid: "a9fe53844e8848919095efb69485e2bc" member_type: VOTER last_known_addr { host: "127.21.106.132" port: 44139 } attrs { promote: false } } }
I20260713 09:08:02.295193 23612 consensus_queue.cc:1048] T a029507e83714483befb64fa825f5745 P fd23f8dd38d7463fa91ed881f3525b59 [LEADER]: Connected to new peer: Peer: permanent_uuid: "a9fe53844e8848919095efb69485e2bc" member_type: VOTER last_known_addr { host: "127.21.106.132" port: 44139 } attrs { promote: false }, Status: LMP_MISMATCH, Last received: 0.0, Next index: 3, Last known committed idx: 2, Time since last communication: 0.010s
I20260713 09:08:02.308503 23123 raft_consensus.cc:1275] T a029507e83714483befb64fa825f5745 P 54317d0e31334e0b9ea4a3466af969f5 [term 1 FOLLOWER]: Refusing update from remote peer fd23f8dd38d7463fa91ed881f3525b59: Log matching property violated. Preceding OpId in replica: term: 1 index: 2. Preceding OpId from leader: term: 1 index: 3. (index mismatch)
I20260713 09:08:02.309755 23606 consensus_queue.cc:1048] T a029507e83714483befb64fa825f5745 P fd23f8dd38d7463fa91ed881f3525b59 [LEADER]: Connected to new peer: Peer: permanent_uuid: "54317d0e31334e0b9ea4a3466af969f5" member_type: VOTER last_known_addr { host: "127.21.106.130" port: 43447 }, Status: LMP_MISMATCH, Last received: 0.0, Next index: 3, Last known committed idx: 2, Time since last communication: 0.000s
I20260713 09:08:02.321054 23456 raft_consensus.cc:2955] T 5b1a71cf716c415ea9b3dbd0a705db0c P a9fe53844e8848919095efb69485e2bc [term 1 FOLLOWER]: Committing config change with OpId 1.3: config changed from index 2 to 3, a9fe53844e8848919095efb69485e2bc (127.21.106.132) changed from NON_VOTER to VOTER. New config: { opid_index: 3 OBSOLETE_local: false peers { permanent_uuid: "fd23f8dd38d7463fa91ed881f3525b59" member_type: VOTER last_known_addr { host: "127.21.106.129" port: 45773 } attrs { replace: true } } peers { permanent_uuid: "54317d0e31334e0b9ea4a3466af969f5" member_type: VOTER last_known_addr { host: "127.21.106.130" port: 43447 } } peers { permanent_uuid: "0cfd169e659342d9bc4918fbea581980" member_type: VOTER last_known_addr { host: "127.21.106.131" port: 44099 } } peers { permanent_uuid: "a9fe53844e8848919095efb69485e2bc" member_type: VOTER last_known_addr { host: "127.21.106.132" port: 44139 } attrs { promote: false } } }
I20260713 09:08:02.324503 22947 catalog_manager.cc:5697] T 5b1a71cf716c415ea9b3dbd0a705db0c P fd23f8dd38d7463fa91ed881f3525b59 reported cstate change: config changed from index 2 to 3, a9fe53844e8848919095efb69485e2bc (127.21.106.132) changed from NON_VOTER to VOTER. New cstate: current_term: 1 leader_uuid: "54317d0e31334e0b9ea4a3466af969f5" committed_config { opid_index: 3 OBSOLETE_local: false peers { permanent_uuid: "fd23f8dd38d7463fa91ed881f3525b59" member_type: VOTER last_known_addr { host: "127.21.106.129" port: 45773 } attrs { replace: true } } peers { permanent_uuid: "54317d0e31334e0b9ea4a3466af969f5" member_type: VOTER last_known_addr { host: "127.21.106.130" port: 43447 } } peers { permanent_uuid: "0cfd169e659342d9bc4918fbea581980" member_type: VOTER last_known_addr { host: "127.21.106.131" port: 44099 } } peers { permanent_uuid: "a9fe53844e8848919095efb69485e2bc" member_type: VOTER last_known_addr { host: "127.21.106.132" port: 44139 } attrs { promote: false } } }
I20260713 09:08:02.327371 23606 consensus_queue.cc:1048] T a029507e83714483befb64fa825f5745 P fd23f8dd38d7463fa91ed881f3525b59 [LEADER]: Connected to new peer: Peer: permanent_uuid: "0cfd169e659342d9bc4918fbea581980" member_type: VOTER last_known_addr { host: "127.21.106.131" port: 44099 } attrs { replace: true }, Status: LMP_MISMATCH, Last received: 0.0, Next index: 3, Last known committed idx: 2, Time since last communication: 0.001s
I20260713 09:08:02.328646 23554 raft_consensus.cc:2955] T 36c91b7e30b74c97a1facffeac19c7af P fd23f8dd38d7463fa91ed881f3525b59 [term 1 LEADER]: Committing config change with OpId 1.3: config changed from index 2 to 3, a9fe53844e8848919095efb69485e2bc (127.21.106.132) changed from NON_VOTER to VOTER. New config: { opid_index: 3 OBSOLETE_local: false peers { permanent_uuid: "fd23f8dd38d7463fa91ed881f3525b59" member_type: VOTER last_known_addr { host: "127.21.106.129" port: 45773 } } peers { permanent_uuid: "54317d0e31334e0b9ea4a3466af969f5" member_type: VOTER last_known_addr { host: "127.21.106.130" port: 43447 } attrs { replace: true } } peers { permanent_uuid: "0cfd169e659342d9bc4918fbea581980" member_type: VOTER last_known_addr { host: "127.21.106.131" port: 44099 } } peers { permanent_uuid: "a9fe53844e8848919095efb69485e2bc" member_type: VOTER last_known_addr { host: "127.21.106.132" port: 44139 } attrs { promote: false } } }
I20260713 09:08:02.336760 23124 raft_consensus.cc:2955] T 36c91b7e30b74c97a1facffeac19c7af P 54317d0e31334e0b9ea4a3466af969f5 [term 1 FOLLOWER]: Committing config change with OpId 1.3: config changed from index 2 to 3, a9fe53844e8848919095efb69485e2bc (127.21.106.132) changed from NON_VOTER to VOTER. New config: { opid_index: 3 OBSOLETE_local: false peers { permanent_uuid: "fd23f8dd38d7463fa91ed881f3525b59" member_type: VOTER last_known_addr { host: "127.21.106.129" port: 45773 } } peers { permanent_uuid: "54317d0e31334e0b9ea4a3466af969f5" member_type: VOTER last_known_addr { host: "127.21.106.130" port: 43447 } attrs { replace: true } } peers { permanent_uuid: "0cfd169e659342d9bc4918fbea581980" member_type: VOTER last_known_addr { host: "127.21.106.131" port: 44099 } } peers { permanent_uuid: "a9fe53844e8848919095efb69485e2bc" member_type: VOTER last_known_addr { host: "127.21.106.132" port: 44139 } attrs { promote: false } } }
I20260713 09:08:02.348424 23196 raft_consensus.cc:2955] T 36c91b7e30b74c97a1facffeac19c7af P 0cfd169e659342d9bc4918fbea581980 [term 1 FOLLOWER]: Committing config change with OpId 1.3: config changed from index 2 to 3, a9fe53844e8848919095efb69485e2bc (127.21.106.132) changed from NON_VOTER to VOTER. New config: { opid_index: 3 OBSOLETE_local: false peers { permanent_uuid: "fd23f8dd38d7463fa91ed881f3525b59" member_type: VOTER last_known_addr { host: "127.21.106.129" port: 45773 } } peers { permanent_uuid: "54317d0e31334e0b9ea4a3466af969f5" member_type: VOTER last_known_addr { host: "127.21.106.130" port: 43447 } attrs { replace: true } } peers { permanent_uuid: "0cfd169e659342d9bc4918fbea581980" member_type: VOTER last_known_addr { host: "127.21.106.131" port: 44099 } } peers { permanent_uuid: "a9fe53844e8848919095efb69485e2bc" member_type: VOTER last_known_addr { host: "127.21.106.132" port: 44139 } attrs { promote: false } } }
I20260713 09:08:02.357798 23620 raft_consensus.cc:2955] T a029507e83714483befb64fa825f5745 P fd23f8dd38d7463fa91ed881f3525b59 [term 1 LEADER]: Committing config change with OpId 1.3: config changed from index 2 to 3, a9fe53844e8848919095efb69485e2bc (127.21.106.132) changed from NON_VOTER to VOTER. New config: { opid_index: 3 OBSOLETE_local: false peers { permanent_uuid: "fd23f8dd38d7463fa91ed881f3525b59" member_type: VOTER last_known_addr { host: "127.21.106.129" port: 45773 } } peers { permanent_uuid: "54317d0e31334e0b9ea4a3466af969f5" member_type: VOTER last_known_addr { host: "127.21.106.130" port: 43447 } } peers { permanent_uuid: "0cfd169e659342d9bc4918fbea581980" member_type: VOTER last_known_addr { host: "127.21.106.131" port: 44099 } attrs { replace: true } } peers { permanent_uuid: "a9fe53844e8848919095efb69485e2bc" member_type: VOTER last_known_addr { host: "127.21.106.132" port: 44139 } attrs { promote: false } } }
I20260713 09:08:02.364269 23197 raft_consensus.cc:2955] T a029507e83714483befb64fa825f5745 P 0cfd169e659342d9bc4918fbea581980 [term 1 FOLLOWER]: Committing config change with OpId 1.3: config changed from index 2 to 3, a9fe53844e8848919095efb69485e2bc (127.21.106.132) changed from NON_VOTER to VOTER. New config: { opid_index: 3 OBSOLETE_local: false peers { permanent_uuid: "fd23f8dd38d7463fa91ed881f3525b59" member_type: VOTER last_known_addr { host: "127.21.106.129" port: 45773 } } peers { permanent_uuid: "54317d0e31334e0b9ea4a3466af969f5" member_type: VOTER last_known_addr { host: "127.21.106.130" port: 43447 } } peers { permanent_uuid: "0cfd169e659342d9bc4918fbea581980" member_type: VOTER last_known_addr { host: "127.21.106.131" port: 44099 } attrs { replace: true } } peers { permanent_uuid: "a9fe53844e8848919095efb69485e2bc" member_type: VOTER last_known_addr { host: "127.21.106.132" port: 44139 } attrs { promote: false } } }
I20260713 09:08:02.364221 23456 raft_consensus.cc:2955] T a029507e83714483befb64fa825f5745 P a9fe53844e8848919095efb69485e2bc [term 1 FOLLOWER]: Committing config change with OpId 1.3: config changed from index 2 to 3, a9fe53844e8848919095efb69485e2bc (127.21.106.132) changed from NON_VOTER to VOTER. New config: { opid_index: 3 OBSOLETE_local: false peers { permanent_uuid: "fd23f8dd38d7463fa91ed881f3525b59" member_type: VOTER last_known_addr { host: "127.21.106.129" port: 45773 } } peers { permanent_uuid: "54317d0e31334e0b9ea4a3466af969f5" member_type: VOTER last_known_addr { host: "127.21.106.130" port: 43447 } } peers { permanent_uuid: "0cfd169e659342d9bc4918fbea581980" member_type: VOTER last_known_addr { host: "127.21.106.131" port: 44099 } attrs { replace: true } } peers { permanent_uuid: "a9fe53844e8848919095efb69485e2bc" member_type: VOTER last_known_addr { host: "127.21.106.132" port: 44139 } attrs { promote: false } } }
I20260713 09:08:02.367192 23195 raft_consensus.cc:2955] T 5b1a71cf716c415ea9b3dbd0a705db0c P 0cfd169e659342d9bc4918fbea581980 [term 1 FOLLOWER]: Committing config change with OpId 1.3: config changed from index 2 to 3, a9fe53844e8848919095efb69485e2bc (127.21.106.132) changed from NON_VOTER to VOTER. New config: { opid_index: 3 OBSOLETE_local: false peers { permanent_uuid: "fd23f8dd38d7463fa91ed881f3525b59" member_type: VOTER last_known_addr { host: "127.21.106.129" port: 45773 } attrs { replace: true } } peers { permanent_uuid: "54317d0e31334e0b9ea4a3466af969f5" member_type: VOTER last_known_addr { host: "127.21.106.130" port: 43447 } } peers { permanent_uuid: "0cfd169e659342d9bc4918fbea581980" member_type: VOTER last_known_addr { host: "127.21.106.131" port: 44099 } } peers { permanent_uuid: "a9fe53844e8848919095efb69485e2bc" member_type: VOTER last_known_addr { host: "127.21.106.132" port: 44139 } attrs { promote: false } } }
I20260713 09:08:02.384883 23459 raft_consensus.cc:2955] T 36c91b7e30b74c97a1facffeac19c7af P a9fe53844e8848919095efb69485e2bc [term 1 FOLLOWER]: Committing config change with OpId 1.3: config changed from index 2 to 3, a9fe53844e8848919095efb69485e2bc (127.21.106.132) changed from NON_VOTER to VOTER. New config: { opid_index: 3 OBSOLETE_local: false peers { permanent_uuid: "fd23f8dd38d7463fa91ed881f3525b59" member_type: VOTER last_known_addr { host: "127.21.106.129" port: 45773 } } peers { permanent_uuid: "54317d0e31334e0b9ea4a3466af969f5" member_type: VOTER last_known_addr { host: "127.21.106.130" port: 43447 } attrs { replace: true } } peers { permanent_uuid: "0cfd169e659342d9bc4918fbea581980" member_type: VOTER last_known_addr { host: "127.21.106.131" port: 44099 } } peers { permanent_uuid: "a9fe53844e8848919095efb69485e2bc" member_type: VOTER last_known_addr { host: "127.21.106.132" port: 44139 } attrs { promote: false } } }
I20260713 09:08:02.383594 23124 raft_consensus.cc:2955] T a029507e83714483befb64fa825f5745 P 54317d0e31334e0b9ea4a3466af969f5 [term 1 FOLLOWER]: Committing config change with OpId 1.3: config changed from index 2 to 3, a9fe53844e8848919095efb69485e2bc (127.21.106.132) changed from NON_VOTER to VOTER. New config: { opid_index: 3 OBSOLETE_local: false peers { permanent_uuid: "fd23f8dd38d7463fa91ed881f3525b59" member_type: VOTER last_known_addr { host: "127.21.106.129" port: 45773 } } peers { permanent_uuid: "54317d0e31334e0b9ea4a3466af969f5" member_type: VOTER last_known_addr { host: "127.21.106.130" port: 43447 } } peers { permanent_uuid: "0cfd169e659342d9bc4918fbea581980" member_type: VOTER last_known_addr { host: "127.21.106.131" port: 44099 } attrs { replace: true } } peers { permanent_uuid: "a9fe53844e8848919095efb69485e2bc" member_type: VOTER last_known_addr { host: "127.21.106.132" port: 44139 } attrs { promote: false } } }
I20260713 09:08:02.402148 23456 raft_consensus.cc:1275] T dfb5257ca9fa4d92a3e68fd2d3fbb085 P a9fe53844e8848919095efb69485e2bc [term 1 LEARNER]: Refusing update from remote peer 54317d0e31334e0b9ea4a3466af969f5: Log matching property violated. Preceding OpId in replica: term: 1 index: 2. Preceding OpId from leader: term: 1 index: 3. (index mismatch)
I20260713 09:08:02.403928 23618 consensus_queue.cc:1048] T dfb5257ca9fa4d92a3e68fd2d3fbb085 P 54317d0e31334e0b9ea4a3466af969f5 [LEADER]: Connected to new peer: Peer: permanent_uuid: "a9fe53844e8848919095efb69485e2bc" member_type: VOTER last_known_addr { host: "127.21.106.132" port: 44139 } attrs { promote: false }, Status: LMP_MISMATCH, Last received: 0.0, Next index: 3, Last known committed idx: 2, Time since last communication: 0.000s
I20260713 09:08:02.412458 23046 raft_consensus.cc:1275] T dfb5257ca9fa4d92a3e68fd2d3fbb085 P fd23f8dd38d7463fa91ed881f3525b59 [term 1 FOLLOWER]: Refusing update from remote peer 54317d0e31334e0b9ea4a3466af969f5: Log matching property violated. Preceding OpId in replica: term: 1 index: 2. Preceding OpId from leader: term: 1 index: 3. (index mismatch)
I20260713 09:08:02.415040 23608 consensus_queue.cc:1048] T dfb5257ca9fa4d92a3e68fd2d3fbb085 P 54317d0e31334e0b9ea4a3466af969f5 [LEADER]: Connected to new peer: Peer: permanent_uuid: "fd23f8dd38d7463fa91ed881f3525b59" member_type: VOTER last_known_addr { host: "127.21.106.129" port: 45773 }, Status: LMP_MISMATCH, Last received: 0.0, Next index: 3, Last known committed idx: 2, Time since last communication: 0.000s
I20260713 09:08:02.406517 22944 catalog_manager.cc:5697] T a029507e83714483befb64fa825f5745 P 0cfd169e659342d9bc4918fbea581980 reported cstate change: config changed from index 2 to 3, a9fe53844e8848919095efb69485e2bc (127.21.106.132) changed from NON_VOTER to VOTER. New cstate: current_term: 1 leader_uuid: "fd23f8dd38d7463fa91ed881f3525b59" committed_config { opid_index: 3 OBSOLETE_local: false peers { permanent_uuid: "fd23f8dd38d7463fa91ed881f3525b59" member_type: VOTER last_known_addr { host: "127.21.106.129" port: 45773 } } peers { permanent_uuid: "54317d0e31334e0b9ea4a3466af969f5" member_type: VOTER last_known_addr { host: "127.21.106.130" port: 43447 } } peers { permanent_uuid: "0cfd169e659342d9bc4918fbea581980" member_type: VOTER last_known_addr { host: "127.21.106.131" port: 44099 } attrs { replace: true } } peers { permanent_uuid: "a9fe53844e8848919095efb69485e2bc" member_type: VOTER last_known_addr { host: "127.21.106.132" port: 44139 } attrs { promote: false } } }
