I20260713 09:07:59.322569 23194 raft_consensus.cc:1275] T 5fa4898c347442978ddd06f0f286f289 P 0cfd169e659342d9bc4918fbea581980 [term 1 FOLLOWER]: Refusing update from remote peer 54317d0e31334e0b9ea4a3466af969f5: Log matching property violated. Preceding OpId in replica: term: 1 index: 3. Preceding OpId from leader: term: 1 index: 4. (index mismatch)
I20260713 09:07:59.326686 23346 consensus_queue.cc:1048] T 0219e6c984414883b93604067b07841c P 54317d0e31334e0b9ea4a3466af969f5 [LEADER]: Connected to new peer: Peer: permanent_uuid: "0cfd169e659342d9bc4918fbea581980" member_type: VOTER last_known_addr { host: "127.21.106.131" port: 44099 }, Status: LMP_MISMATCH, Last received: 0.0, Next index: 3, Last known committed idx: 2, Time since last communication: 0.000s
I20260713 09:07:59.328670 23545 consensus_queue.cc:1048] T 5fa4898c347442978ddd06f0f286f289 P 54317d0e31334e0b9ea4a3466af969f5 [LEADER]: Connected to new peer: Peer: permanent_uuid: "0cfd169e659342d9bc4918fbea581980" member_type: VOTER last_known_addr { host: "127.21.106.131" port: 44099 }, Status: LMP_MISMATCH, Last received: 0.0, Next index: 4, Last known committed idx: 3, Time since last communication: 0.000s
I20260713 09:07:59.335945 23196 raft_consensus.cc:2955] T 87e1766b32f24973a2f03f196f0e1333 P 0cfd169e659342d9bc4918fbea581980 [term 1 FOLLOWER]: Committing config change with OpId 1.4: config changed from index 3 to 4, VOTER 54317d0e31334e0b9ea4a3466af969f5 (127.21.106.130) evicted. New config: { opid_index: 4 OBSOLETE_local: false peers { permanent_uuid: "fd23f8dd38d7463fa91ed881f3525b59" member_type: VOTER last_known_addr { host: "127.21.106.129" port: 45773 } } peers { permanent_uuid: "0cfd169e659342d9bc4918fbea581980" member_type: VOTER last_known_addr { host: "127.21.106.131" port: 44099 } } peers { permanent_uuid: "a9fe53844e8848919095efb69485e2bc" member_type: VOTER last_known_addr { host: "127.21.106.132" port: 44139 } attrs { promote: false } } }
I20260713 09:07:59.341609 23497 raft_consensus.cc:2955] T 5fa4898c347442978ddd06f0f286f289 P 54317d0e31334e0b9ea4a3466af969f5 [term 1 LEADER]: Committing config change with OpId 1.4: config changed from index 3 to 4, VOTER fd23f8dd38d7463fa91ed881f3525b59 (127.21.106.129) evicted. New config: { opid_index: 4 OBSOLETE_local: false peers { permanent_uuid: "54317d0e31334e0b9ea4a3466af969f5" member_type: VOTER last_known_addr { host: "127.21.106.130" port: 43447 } } peers { permanent_uuid: "0cfd169e659342d9bc4918fbea581980" member_type: VOTER last_known_addr { host: "127.21.106.131" port: 44099 } } peers { permanent_uuid: "a9fe53844e8848919095efb69485e2bc" member_type: VOTER last_known_addr { host: "127.21.106.132" port: 44139 } attrs { promote: false } } }
I20260713 09:07:59.348377 23456 raft_consensus.cc:2955] T 5fa4898c347442978ddd06f0f286f289 P a9fe53844e8848919095efb69485e2bc [term 1 FOLLOWER]: Committing config change with OpId 1.4: config changed from index 3 to 4, VOTER fd23f8dd38d7463fa91ed881f3525b59 (127.21.106.129) evicted. New config: { opid_index: 4 OBSOLETE_local: false peers { permanent_uuid: "54317d0e31334e0b9ea4a3466af969f5" member_type: VOTER last_known_addr { host: "127.21.106.130" port: 43447 } } peers { permanent_uuid: "0cfd169e659342d9bc4918fbea581980" member_type: VOTER last_known_addr { host: "127.21.106.131" port: 44099 } } peers { permanent_uuid: "a9fe53844e8848919095efb69485e2bc" member_type: VOTER last_known_addr { host: "127.21.106.132" port: 44139 } attrs { promote: false } } }
I20260713 09:07:59.350711 22933 catalog_manager.cc:5210] ChangeConfig:REMOVE_PEER RPC for tablet 87e1766b32f24973a2f03f196f0e1333 with cas_config_opid_index 3: ChangeConfig:REMOVE_PEER succeeded (attempt 1)
I20260713 09:07:59.367712 22945 catalog_manager.cc:5697] T 87e1766b32f24973a2f03f196f0e1333 P 0cfd169e659342d9bc4918fbea581980 reported cstate change: config changed from index 3 to 4, VOTER 54317d0e31334e0b9ea4a3466af969f5 (127.21.106.130) evicted. New cstate: current_term: 1 leader_uuid: "fd23f8dd38d7463fa91ed881f3525b59" committed_config { opid_index: 4 OBSOLETE_local: false peers { permanent_uuid: "fd23f8dd38d7463fa91ed881f3525b59" member_type: VOTER last_known_addr { host: "127.21.106.129" port: 45773 } } peers { permanent_uuid: "0cfd169e659342d9bc4918fbea581980" member_type: VOTER last_known_addr { host: "127.21.106.131" port: 44099 } } peers { permanent_uuid: "a9fe53844e8848919095efb69485e2bc" member_type: VOTER last_known_addr { host: "127.21.106.132" port: 44139 } attrs { promote: false } } }
I20260713 09:07:59.370152 23346 raft_consensus.cc:2955] T 0219e6c984414883b93604067b07841c P 54317d0e31334e0b9ea4a3466af969f5 [term 1 LEADER]: Committing config change with OpId 1.3: config changed from index 2 to 3, a9fe53844e8848919095efb69485e2bc (127.21.106.132) changed from NON_VOTER to VOTER. New config: { opid_index: 3 OBSOLETE_local: false peers { permanent_uuid: "fd23f8dd38d7463fa91ed881f3525b59" member_type: VOTER last_known_addr { host: "127.21.106.129" port: 45773 } attrs { replace: true } } peers { permanent_uuid: "54317d0e31334e0b9ea4a3466af969f5" member_type: VOTER last_known_addr { host: "127.21.106.130" port: 43447 } } peers { permanent_uuid: "0cfd169e659342d9bc4918fbea581980" member_type: VOTER last_known_addr { host: "127.21.106.131" port: 44099 } } peers { permanent_uuid: "a9fe53844e8848919095efb69485e2bc" member_type: VOTER last_known_addr { host: "127.21.106.132" port: 44139 } attrs { promote: false } } }
I20260713 09:07:59.377449 23459 raft_consensus.cc:2955] T 0219e6c984414883b93604067b07841c P a9fe53844e8848919095efb69485e2bc [term 1 FOLLOWER]: Committing config change with OpId 1.3: config changed from index 2 to 3, a9fe53844e8848919095efb69485e2bc (127.21.106.132) changed from NON_VOTER to VOTER. New config: { opid_index: 3 OBSOLETE_local: false peers { permanent_uuid: "fd23f8dd38d7463fa91ed881f3525b59" member_type: VOTER last_known_addr { host: "127.21.106.129" port: 45773 } attrs { replace: true } } peers { permanent_uuid: "54317d0e31334e0b9ea4a3466af969f5" member_type: VOTER last_known_addr { host: "127.21.106.130" port: 43447 } } peers { permanent_uuid: "0cfd169e659342d9bc4918fbea581980" member_type: VOTER last_known_addr { host: "127.21.106.131" port: 44099 } } peers { permanent_uuid: "a9fe53844e8848919095efb69485e2bc" member_type: VOTER last_known_addr { host: "127.21.106.132" port: 44139 } attrs { promote: false } } }
I20260713 09:07:59.387677 23194 raft_consensus.cc:2955] T 0219e6c984414883b93604067b07841c P 0cfd169e659342d9bc4918fbea581980 [term 1 FOLLOWER]: Committing config change with OpId 1.3: config changed from index 2 to 3, a9fe53844e8848919095efb69485e2bc (127.21.106.132) changed from NON_VOTER to VOTER. New config: { opid_index: 3 OBSOLETE_local: false peers { permanent_uuid: "fd23f8dd38d7463fa91ed881f3525b59" member_type: VOTER last_known_addr { host: "127.21.106.129" port: 45773 } attrs { replace: true } } peers { permanent_uuid: "54317d0e31334e0b9ea4a3466af969f5" member_type: VOTER last_known_addr { host: "127.21.106.130" port: 43447 } } peers { permanent_uuid: "0cfd169e659342d9bc4918fbea581980" member_type: VOTER last_known_addr { host: "127.21.106.131" port: 44099 } } peers { permanent_uuid: "a9fe53844e8848919095efb69485e2bc" member_type: VOTER last_known_addr { host: "127.21.106.132" port: 44139 } attrs { promote: false } } }
I20260713 09:07:59.388310 23196 raft_consensus.cc:2955] T 5fa4898c347442978ddd06f0f286f289 P 0cfd169e659342d9bc4918fbea581980 [term 1 FOLLOWER]: Committing config change with OpId 1.4: config changed from index 3 to 4, VOTER fd23f8dd38d7463fa91ed881f3525b59 (127.21.106.129) evicted. New config: { opid_index: 4 OBSOLETE_local: false peers { permanent_uuid: "54317d0e31334e0b9ea4a3466af969f5" member_type: VOTER last_known_addr { host: "127.21.106.130" port: 43447 } } peers { permanent_uuid: "0cfd169e659342d9bc4918fbea581980" member_type: VOTER last_known_addr { host: "127.21.106.131" port: 44099 } } peers { permanent_uuid: "a9fe53844e8848919095efb69485e2bc" member_type: VOTER last_known_addr { host: "127.21.106.132" port: 44139 } attrs { promote: false } } }
I20260713 09:07:59.390759 23105 tablet_service.cc:1558] Processing DeleteTablet for tablet 87e1766b32f24973a2f03f196f0e1333 with delete_type TABLET_DATA_TOMBSTONED (TS 54317d0e31334e0b9ea4a3466af969f5 not found in new config with opid_index 4) from {username='slave'} at 127.0.0.1:41408
I20260713 09:07:59.394268 22933 catalog_manager.cc:5210] ChangeConfig:REMOVE_PEER RPC for tablet 5fa4898c347442978ddd06f0f286f289 with cas_config_opid_index 3: ChangeConfig:REMOVE_PEER succeeded (attempt 1)
I20260713 09:07:59.396991 22944 catalog_manager.cc:5697] T 0219e6c984414883b93604067b07841c P 54317d0e31334e0b9ea4a3466af969f5 reported cstate change: config changed from index 2 to 3, a9fe53844e8848919095efb69485e2bc (127.21.106.132) changed from NON_VOTER to VOTER. New cstate: current_term: 1 leader_uuid: "54317d0e31334e0b9ea4a3466af969f5" committed_config { opid_index: 3 OBSOLETE_local: false peers { permanent_uuid: "fd23f8dd38d7463fa91ed881f3525b59" member_type: VOTER last_known_addr { host: "127.21.106.129" port: 45773 } attrs { replace: true } health_report { overall_health: UNKNOWN } } peers { permanent_uuid: "54317d0e31334e0b9ea4a3466af969f5" member_type: VOTER last_known_addr { host: "127.21.106.130" port: 43447 } health_report { overall_health: HEALTHY } } peers { permanent_uuid: "0cfd169e659342d9bc4918fbea581980" member_type: VOTER last_known_addr { host: "127.21.106.131" port: 44099 } health_report { overall_health: HEALTHY } } peers { permanent_uuid: "a9fe53844e8848919095efb69485e2bc" member_type: VOTER last_known_addr { host: "127.21.106.132" port: 44139 } attrs { promote: false } health_report { overall_health: HEALTHY } } }
I20260713 09:07:59.403030 23046 raft_consensus.cc:2955] T 0219e6c984414883b93604067b07841c P fd23f8dd38d7463fa91ed881f3525b59 [term 1 FOLLOWER]: Committing config change with OpId 1.3: config changed from index 2 to 3, a9fe53844e8848919095efb69485e2bc (127.21.106.132) changed from NON_VOTER to VOTER. New config: { opid_index: 3 OBSOLETE_local: false peers { permanent_uuid: "fd23f8dd38d7463fa91ed881f3525b59" member_type: VOTER last_known_addr { host: "127.21.106.129" port: 45773 } attrs { replace: true } } peers { permanent_uuid: "54317d0e31334e0b9ea4a3466af969f5" member_type: VOTER last_known_addr { host: "127.21.106.130" port: 43447 } } peers { permanent_uuid: "0cfd169e659342d9bc4918fbea581980" member_type: VOTER last_known_addr { host: "127.21.106.131" port: 44099 } } peers { permanent_uuid: "a9fe53844e8848919095efb69485e2bc" member_type: VOTER last_known_addr { host: "127.21.106.132" port: 44139 } attrs { promote: false } } }
I20260713 09:07:59.416810 23120 consensus_queue.cc:237] T 0219e6c984414883b93604067b07841c P 54317d0e31334e0b9ea4a3466af969f5 [LEADER]: Queue going to LEADER mode. State: All replicated index: 0, Majority replicated index: 3, Committed index: 3, Last appended: 1.3, Last appended by leader: 0, Current term: 1, Majority size: 2, State: 0, Mode: LEADER, active raft config: opid_index: 4 OBSOLETE_local: false peers { permanent_uuid: "54317d0e31334e0b9ea4a3466af969f5" member_type: VOTER last_known_addr { host: "127.21.106.130" port: 43447 } } peers { permanent_uuid: "0cfd169e659342d9bc4918fbea581980" member_type: VOTER last_known_addr { host: "127.21.106.131" port: 44099 } } peers { permanent_uuid: "a9fe53844e8848919095efb69485e2bc" member_type: VOTER last_known_addr { host: "127.21.106.132" port: 44139 } attrs { promote: false } }
I20260713 09:07:59.419166 22945 catalog_manager.cc:5697] T 5fa4898c347442978ddd06f0f286f289 P a9fe53844e8848919095efb69485e2bc reported cstate change: config changed from index 3 to 4, VOTER fd23f8dd38d7463fa91ed881f3525b59 (127.21.106.129) evicted. New cstate: current_term: 1 leader_uuid: "54317d0e31334e0b9ea4a3466af969f5" committed_config { opid_index: 4 OBSOLETE_local: false peers { permanent_uuid: "54317d0e31334e0b9ea4a3466af969f5" member_type: VOTER last_known_addr { host: "127.21.106.130" port: 43447 } } peers { permanent_uuid: "0cfd169e659342d9bc4918fbea581980" member_type: VOTER last_known_addr { host: "127.21.106.131" port: 44099 } } peers { permanent_uuid: "a9fe53844e8848919095efb69485e2bc" member_type: VOTER last_known_addr { host: "127.21.106.132" port: 44139 } attrs { promote: false } } }
I20260713 09:07:59.428022 23195 raft_consensus.cc:1275] T 0219e6c984414883b93604067b07841c P 0cfd169e659342d9bc4918fbea581980 [term 1 FOLLOWER]: Refusing update from remote peer 54317d0e31334e0b9ea4a3466af969f5: Log matching property violated. Preceding OpId in replica: term: 1 index: 3. Preceding OpId from leader: term: 1 index: 4. (index mismatch)
I20260713 09:07:59.433569 23569 tablet_replica.cc:333] T 87e1766b32f24973a2f03f196f0e1333 P 54317d0e31334e0b9ea4a3466af969f5: stopping tablet replica
I20260713 09:07:59.435714 23569 raft_consensus.cc:2243] T 87e1766b32f24973a2f03f196f0e1333 P 54317d0e31334e0b9ea4a3466af969f5 [term 1 FOLLOWER]: Raft consensus shutting down.
I20260713 09:07:59.436492 23569 raft_consensus.cc:2272] T 87e1766b32f24973a2f03f196f0e1333 P 54317d0e31334e0b9ea4a3466af969f5 [term 1 FOLLOWER]: Raft consensus is shut down!
I20260713 09:07:59.441196 23569 ts_tablet_manager.cc:1916] T 87e1766b32f24973a2f03f196f0e1333 P 54317d0e31334e0b9ea4a3466af969f5: Deleting tablet data with delete state TABLET_DATA_TOMBSTONED
I20260713 09:07:59.442255 23459 raft_consensus.cc:1275] T 0219e6c984414883b93604067b07841c P a9fe53844e8848919095efb69485e2bc [term 1 FOLLOWER]: Refusing update from remote peer 54317d0e31334e0b9ea4a3466af969f5: Log matching property violated. Preceding OpId in replica: term: 1 index: 3. Preceding OpId from leader: term: 1 index: 4. (index mismatch)
I20260713 09:07:59.445389 23039 tablet_service.cc:1558] Processing DeleteTablet for tablet 5fa4898c347442978ddd06f0f286f289 with delete_type TABLET_DATA_TOMBSTONED (TS fd23f8dd38d7463fa91ed881f3525b59 not found in new config with opid_index 4) from {username='slave'} at 127.0.0.1:59570
I20260713 09:07:59.446781 23497 consensus_queue.cc:1048] T 0219e6c984414883b93604067b07841c P 54317d0e31334e0b9ea4a3466af969f5 [LEADER]: Connected to new peer: Peer: permanent_uuid: "0cfd169e659342d9bc4918fbea581980" member_type: VOTER last_known_addr { host: "127.21.106.131" port: 44099 }, Status: LMP_MISMATCH, Last received: 0.0, Next index: 4, Last known committed idx: 3, Time since last communication: 0.000s
I20260713 09:07:59.462567 23346 consensus_queue.cc:1048] T 0219e6c984414883b93604067b07841c P 54317d0e31334e0b9ea4a3466af969f5 [LEADER]: Connected to new peer: Peer: permanent_uuid: "a9fe53844e8848919095efb69485e2bc" member_type: VOTER last_known_addr { host: "127.21.106.132" port: 44139 } attrs { promote: false }, Status: LMP_MISMATCH, Last received: 0.0, Next index: 4, Last known committed idx: 3, Time since last communication: 0.000s
I20260713 09:07:59.465163 23497 raft_consensus.cc:2955] T 0219e6c984414883b93604067b07841c P 54317d0e31334e0b9ea4a3466af969f5 [term 1 LEADER]: Committing config change with OpId 1.4: config changed from index 3 to 4, VOTER fd23f8dd38d7463fa91ed881f3525b59 (127.21.106.129) evicted. New config: { opid_index: 4 OBSOLETE_local: false peers { permanent_uuid: "54317d0e31334e0b9ea4a3466af969f5" member_type: VOTER last_known_addr { host: "127.21.106.130" port: 43447 } } peers { permanent_uuid: "0cfd169e659342d9bc4918fbea581980" member_type: VOTER last_known_addr { host: "127.21.106.131" port: 44099 } } peers { permanent_uuid: "a9fe53844e8848919095efb69485e2bc" member_type: VOTER last_known_addr { host: "127.21.106.132" port: 44139 } attrs { promote: false } } }
I20260713 09:07:59.466735 23197 raft_consensus.cc:2955] T 0219e6c984414883b93604067b07841c P 0cfd169e659342d9bc4918fbea581980 [term 1 FOLLOWER]: Committing config change with OpId 1.4: config changed from index 3 to 4, VOTER fd23f8dd38d7463fa91ed881f3525b59 (127.21.106.129) evicted. New config: { opid_index: 4 OBSOLETE_local: false peers { permanent_uuid: "54317d0e31334e0b9ea4a3466af969f5" member_type: VOTER last_known_addr { host: "127.21.106.130" port: 43447 } } peers { permanent_uuid: "0cfd169e659342d9bc4918fbea581980" member_type: VOTER last_known_addr { host: "127.21.106.131" port: 44099 } } peers { permanent_uuid: "a9fe53844e8848919095efb69485e2bc" member_type: VOTER last_known_addr { host: "127.21.106.132" port: 44139 } attrs { promote: false } } }
I20260713 09:07:59.474192 23570 tablet_replica.cc:333] T 5fa4898c347442978ddd06f0f286f289 P fd23f8dd38d7463fa91ed881f3525b59: stopping tablet replica
I20260713 09:07:59.481176 23457 raft_consensus.cc:2955] T 0219e6c984414883b93604067b07841c P a9fe53844e8848919095efb69485e2bc [term 1 FOLLOWER]: Committing config change with OpId 1.4: config changed from index 3 to 4, VOTER fd23f8dd38d7463fa91ed881f3525b59 (127.21.106.129) evicted. New config: { opid_index: 4 OBSOLETE_local: false peers { permanent_uuid: "54317d0e31334e0b9ea4a3466af969f5" member_type: VOTER last_known_addr { host: "127.21.106.130" port: 43447 } } peers { permanent_uuid: "0cfd169e659342d9bc4918fbea581980" member_type: VOTER last_known_addr { host: "127.21.106.131" port: 44099 } } peers { permanent_uuid: "a9fe53844e8848919095efb69485e2bc" member_type: VOTER last_known_addr { host: "127.21.106.132" port: 44139 } attrs { promote: false } } }
I20260713 09:07:59.482286 23570 raft_consensus.cc:2243] T 5fa4898c347442978ddd06f0f286f289 P fd23f8dd38d7463fa91ed881f3525b59 [term 1 FOLLOWER]: Raft consensus shutting down.
I20260713 09:07:59.483052 23570 raft_consensus.cc:2272] T 5fa4898c347442978ddd06f0f286f289 P fd23f8dd38d7463fa91ed881f3525b59 [term 1 FOLLOWER]: Raft consensus is shut down!
I20260713 09:07:59.487330 23570 ts_tablet_manager.cc:1916] T 5fa4898c347442978ddd06f0f286f289 P fd23f8dd38d7463fa91ed881f3525b59: Deleting tablet data with delete state TABLET_DATA_TOMBSTONED
I20260713 09:07:59.494369 22944 catalog_manager.cc:5697] T 0219e6c984414883b93604067b07841c P 0cfd169e659342d9bc4918fbea581980 reported cstate change: config changed from index 3 to 4, VOTER fd23f8dd38d7463fa91ed881f3525b59 (127.21.106.129) evicted. New cstate: current_term: 1 leader_uuid: "54317d0e31334e0b9ea4a3466af969f5" committed_config { opid_index: 4 OBSOLETE_local: false peers { permanent_uuid: "54317d0e31334e0b9ea4a3466af969f5" member_type: VOTER last_known_addr { host: "127.21.106.130" port: 43447 } } peers { permanent_uuid: "0cfd169e659342d9bc4918fbea581980" member_type: VOTER last_known_addr { host: "127.21.106.131" port: 44099 } } peers { permanent_uuid: "a9fe53844e8848919095efb69485e2bc" member_type: VOTER last_known_addr { host: "127.21.106.132" port: 44139 } attrs { promote: false } } }
I20260713 09:07:59.497068 22933 catalog_manager.cc:5210] ChangeConfig:REMOVE_PEER RPC for tablet 0219e6c984414883b93604067b07841c with cas_config_opid_index 3: ChangeConfig:REMOVE_PEER succeeded (attempt 1)
I20260713 09:07:59.511018 23569 ts_tablet_manager.cc:1929] T 87e1766b32f24973a2f03f196f0e1333 P 54317d0e31334e0b9ea4a3466af969f5: tablet deleted with delete type TABLET_DATA_TOMBSTONED: last-logged OpId 1.3
I20260713 09:07:59.511612 23569 log.cc:1199] T 87e1766b32f24973a2f03f196f0e1333 P 54317d0e31334e0b9ea4a3466af969f5: Deleting WAL directory at /tmp/dist-test-taskzv3PNv/test-tmp/auto_leader_rebalancer-test.0.LeaderRebalancerTest.AddTserver.1783933646912337-21930-0/minicluster-data/ts-1-root/wals/87e1766b32f24973a2f03f196f0e1333
I20260713 09:07:59.513584 22933 catalog_manager.cc:5028] TS 54317d0e31334e0b9ea4a3466af969f5 (127.21.106.130:43447): tablet 87e1766b32f24973a2f03f196f0e1333 (table test-workload [id=b299ce3c554c4bf9be3563255e9a518d]) successfully deleted
I20260713 09:07:59.521654 23570 ts_tablet_manager.cc:1929] T 5fa4898c347442978ddd06f0f286f289 P fd23f8dd38d7463fa91ed881f3525b59: tablet deleted with delete type TABLET_DATA_TOMBSTONED: last-logged OpId 1.3
I20260713 09:07:59.522142 23570 log.cc:1199] T 5fa4898c347442978ddd06f0f286f289 P fd23f8dd38d7463fa91ed881f3525b59: Deleting WAL directory at /tmp/dist-test-taskzv3PNv/test-tmp/auto_leader_rebalancer-test.0.LeaderRebalancerTest.AddTserver.1783933646912337-21930-0/minicluster-data/ts-0-root/wals/5fa4898c347442978ddd06f0f286f289
I20260713 09:07:59.524040 22933 catalog_manager.cc:5028] TS fd23f8dd38d7463fa91ed881f3525b59 (127.21.106.129:45773): tablet 5fa4898c347442978ddd06f0f286f289 (table test-workload [id=b299ce3c554c4bf9be3563255e9a518d]) successfully deleted
I20260713 09:07:59.528692 23039 tablet_service.cc:1558] Processing DeleteTablet for tablet 0219e6c984414883b93604067b07841c with delete_type TABLET_DATA_TOMBSTONED (TS fd23f8dd38d7463fa91ed881f3525b59 not found in new config with opid_index 4) from {username='slave'} at 127.0.0.1:59570
I20260713 09:07:59.530864 23570 tablet_replica.cc:333] T 0219e6c984414883b93604067b07841c P fd23f8dd38d7463fa91ed881f3525b59: stopping tablet replica
I20260713 09:07:59.532023 23570 raft_consensus.cc:2243] T 0219e6c984414883b93604067b07841c P fd23f8dd38d7463fa91ed881f3525b59 [term 1 FOLLOWER]: Raft consensus shutting down.
I20260713 09:07:59.532793 23570 raft_consensus.cc:2272] T 0219e6c984414883b93604067b07841c P fd23f8dd38d7463fa91ed881f3525b59 [term 1 FOLLOWER]: Raft consensus is shut down!
I20260713 09:07:59.537318 23570 ts_tablet_manager.cc:1916] T 0219e6c984414883b93604067b07841c P fd23f8dd38d7463fa91ed881f3525b59: Deleting tablet data with delete state TABLET_DATA_TOMBSTONED
I20260713 09:07:59.548030 23570 ts_tablet_manager.cc:1929] T 0219e6c984414883b93604067b07841c P fd23f8dd38d7463fa91ed881f3525b59: tablet deleted with delete type TABLET_DATA_TOMBSTONED: last-logged OpId 1.3
I20260713 09:07:59.548398 23570 log.cc:1199] T 0219e6c984414883b93604067b07841c P fd23f8dd38d7463fa91ed881f3525b59: Deleting WAL directory at /tmp/dist-test-taskzv3PNv/test-tmp/auto_leader_rebalancer-test.0.LeaderRebalancerTest.AddTserver.1783933646912337-21930-0/minicluster-data/ts-0-root/wals/0219e6c984414883b93604067b07841c
I20260713 09:07:59.549751 22933 catalog_manager.cc:5028] TS fd23f8dd38d7463fa91ed881f3525b59 (127.21.106.129:45773): tablet 0219e6c984414883b93604067b07841c (table test-workload [id=b299ce3c554c4bf9be3563255e9a518d]) successfully deleted
I20260713 09:08:00.565338 23046 consensus_queue.cc:237] T 36c91b7e30b74c97a1facffeac19c7af P fd23f8dd38d7463fa91ed881f3525b59 [LEADER]: Queue going to LEADER mode. State: All replicated index: 0, Majority replicated index: 1, Committed index: 1, Last appended: 1.1, Last appended by leader: 0, Current term: 1, Majority size: 2, State: 0, Mode: LEADER, active raft config: opid_index: 2 OBSOLETE_local: false peers { permanent_uuid: "fd23f8dd38d7463fa91ed881f3525b59" member_type: VOTER last_known_addr { host: "127.21.106.129" port: 45773 } } peers { permanent_uuid: "54317d0e31334e0b9ea4a3466af969f5" member_type: VOTER last_known_addr { host: "127.21.106.130" port: 43447 } attrs { replace: true } } peers { permanent_uuid: "0cfd169e659342d9bc4918fbea581980" member_type: VOTER last_known_addr { host: "127.21.106.131" port: 44099 } } peers { permanent_uuid: "a9fe53844e8848919095efb69485e2bc" member_type: NON_VOTER last_known_addr { host: "127.21.106.132" port: 44139 } attrs { promote: true } }
W20260713 09:08:00.574142 23012 consensus_peers.cc:597] T 36c91b7e30b74c97a1facffeac19c7af P fd23f8dd38d7463fa91ed881f3525b59 -> Peer a9fe53844e8848919095efb69485e2bc (127.21.106.132:44139): Couldn't send request to peer a9fe53844e8848919095efb69485e2bc. Error code: TABLET_NOT_FOUND (6). Status: Not found: Tablet not found: 36c91b7e30b74c97a1facffeac19c7af. This is attempt 1: this message will repeat every 5th retry.
I20260713 09:08:00.575980 23196 raft_consensus.cc:1275] T 36c91b7e30b74c97a1facffeac19c7af P 0cfd169e659342d9bc4918fbea581980 [term 1 FOLLOWER]: Refusing update from remote peer fd23f8dd38d7463fa91ed881f3525b59: Log matching property violated. Preceding OpId in replica: term: 1 index: 1. Preceding OpId from leader: term: 1 index: 2. (index mismatch)
I20260713 09:08:00.577834 23554 consensus_queue.cc:1048] T 36c91b7e30b74c97a1facffeac19c7af P fd23f8dd38d7463fa91ed881f3525b59 [LEADER]: Connected to new peer: Peer: permanent_uuid: "0cfd169e659342d9bc4918fbea581980" member_type: VOTER last_known_addr { host: "127.21.106.131" port: 44099 }, Status: LMP_MISMATCH, Last received: 0.0, Next index: 2, Last known committed idx: 1, Time since last communication: 0.000s
I20260713 09:08:00.582158 23120 raft_consensus.cc:1275] T 36c91b7e30b74c97a1facffeac19c7af P 54317d0e31334e0b9ea4a3466af969f5 [term 1 FOLLOWER]: Refusing update from remote peer fd23f8dd38d7463fa91ed881f3525b59: Log matching property violated. Preceding OpId in replica: term: 1 index: 1. Preceding OpId from leader: term: 1 index: 2. (index mismatch)
I20260713 09:08:00.583595 23554 consensus_queue.cc:1048] T 36c91b7e30b74c97a1facffeac19c7af P fd23f8dd38d7463fa91ed881f3525b59 [LEADER]: Connected to new peer: Peer: permanent_uuid: "54317d0e31334e0b9ea4a3466af969f5" member_type: VOTER last_known_addr { host: "127.21.106.130" port: 43447 } attrs { replace: true }, Status: LMP_MISMATCH, Last received: 0.0, Next index: 2, Last known committed idx: 1, Time since last communication: 0.000s
I20260713 09:08:00.586810 23554 raft_consensus.cc:2955] T 36c91b7e30b74c97a1facffeac19c7af P fd23f8dd38d7463fa91ed881f3525b59 [term 1 LEADER]: Committing config change with OpId 1.2: config changed from index -1 to 2, NON_VOTER a9fe53844e8848919095efb69485e2bc (127.21.106.132) added. New config: { opid_index: 2 OBSOLETE_local: false peers { permanent_uuid: "fd23f8dd38d7463fa91ed881f3525b59" member_type: VOTER last_known_addr { host: "127.21.106.129" port: 45773 } } peers { permanent_uuid: "54317d0e31334e0b9ea4a3466af969f5" member_type: VOTER last_known_addr { host: "127.21.106.130" port: 43447 } attrs { replace: true } } peers { permanent_uuid: "0cfd169e659342d9bc4918fbea581980" member_type: VOTER last_known_addr { host: "127.21.106.131" port: 44099 } } peers { permanent_uuid: "a9fe53844e8848919095efb69485e2bc" member_type: NON_VOTER last_known_addr { host: "127.21.106.132" port: 44139 } attrs { promote: true } } }
I20260713 09:08:00.588231 23197 raft_consensus.cc:2955] T 36c91b7e30b74c97a1facffeac19c7af P 0cfd169e659342d9bc4918fbea581980 [term 1 FOLLOWER]: Committing config change with OpId 1.2: config changed from index -1 to 2, NON_VOTER a9fe53844e8848919095efb69485e2bc (127.21.106.132) added. New config: { opid_index: 2 OBSOLETE_local: false peers { permanent_uuid: "fd23f8dd38d7463fa91ed881f3525b59" member_type: VOTER last_known_addr { host: "127.21.106.129" port: 45773 } } peers { permanent_uuid: "54317d0e31334e0b9ea4a3466af969f5" member_type: VOTER last_known_addr { host: "127.21.106.130" port: 43447 } attrs { replace: true } } peers { permanent_uuid: "0cfd169e659342d9bc4918fbea581980" member_type: VOTER last_known_addr { host: "127.21.106.131" port: 44099 } } peers { permanent_uuid: "a9fe53844e8848919095efb69485e2bc" member_type: NON_VOTER last_known_addr { host: "127.21.106.132" port: 44139 } attrs { promote: true } } }
I20260713 09:08:00.604578 22944 catalog_manager.cc:5697] T 36c91b7e30b74c97a1facffeac19c7af P 0cfd169e659342d9bc4918fbea581980 reported cstate change: config changed from index -1 to 2, NON_VOTER a9fe53844e8848919095efb69485e2bc (127.21.106.132) added. New cstate: current_term: 1 leader_uuid: "fd23f8dd38d7463fa91ed881f3525b59" committed_config { opid_index: 2 OBSOLETE_local: false peers { permanent_uuid: "fd23f8dd38d7463fa91ed881f3525b59" member_type: VOTER last_known_addr { host: "127.21.106.129" port: 45773 } } peers { permanent_uuid: "54317d0e31334e0b9ea4a3466af969f5" member_type: VOTER last_known_addr { host: "127.21.106.130" port: 43447 } attrs { replace: true } } peers { permanent_uuid: "0cfd169e659342d9bc4918fbea581980" member_type: VOTER last_known_addr { host: "127.21.106.131" port: 44099 } } peers { permanent_uuid: "a9fe53844e8848919095efb69485e2bc" member_type: NON_VOTER last_known_addr { host: "127.21.106.132" port: 44139 } attrs { promote: true } } }
I20260713 09:08:00.615362 23046 consensus_queue.cc:237] T a029507e83714483befb64fa825f5745 P fd23f8dd38d7463fa91ed881f3525b59 [LEADER]: Queue going to LEADER mode. State: All replicated index: 0, Majority replicated index: 1, Committed index: 1, Last appended: 1.1, Last appended by leader: 0, Current term: 1, Majority size: 2, State: 0, Mode: LEADER, active raft config: opid_index: 2 OBSOLETE_local: false peers { permanent_uuid: "fd23f8dd38d7463fa91ed881f3525b59" member_type: VOTER last_known_addr { host: "127.21.106.129" port: 45773 } } peers { permanent_uuid: "54317d0e31334e0b9ea4a3466af969f5" member_type: VOTER last_known_addr { host: "127.21.106.130" port: 43447 } } peers { permanent_uuid: "0cfd169e659342d9bc4918fbea581980" member_type: VOTER last_known_addr { host: "127.21.106.131" port: 44099 } attrs { replace: true } } peers { permanent_uuid: "a9fe53844e8848919095efb69485e2bc" member_type: NON_VOTER last_known_addr { host: "127.21.106.132" port: 44139 } attrs { promote: true } }
I20260713 09:08:00.624123 23124 raft_consensus.cc:2955] T 36c91b7e30b74c97a1facffeac19c7af P 54317d0e31334e0b9ea4a3466af969f5 [term 1 FOLLOWER]: Committing config change with OpId 1.2: config changed from index -1 to 2, NON_VOTER a9fe53844e8848919095efb69485e2bc (127.21.106.132) added. New config: { opid_index: 2 OBSOLETE_local: false peers { permanent_uuid: "fd23f8dd38d7463fa91ed881f3525b59" member_type: VOTER last_known_addr { host: "127.21.106.129" port: 45773 } } peers { permanent_uuid: "54317d0e31334e0b9ea4a3466af969f5" member_type: VOTER last_known_addr { host: "127.21.106.130" port: 43447 } attrs { replace: true } } peers { permanent_uuid: "0cfd169e659342d9bc4918fbea581980" member_type: VOTER last_known_addr { host: "127.21.106.131" port: 44099 } } peers { permanent_uuid: "a9fe53844e8848919095efb69485e2bc" member_type: NON_VOTER last_known_addr { host: "127.21.106.132" port: 44139 } attrs { promote: true } } }
W20260713 09:08:00.643597 23012 consensus_peers.cc:597] T a029507e83714483befb64fa825f5745 P fd23f8dd38d7463fa91ed881f3525b59 -> Peer a9fe53844e8848919095efb69485e2bc (127.21.106.132:44139): Couldn't send request to peer a9fe53844e8848919095efb69485e2bc. Error code: TABLET_NOT_FOUND (6). Status: Not found: Tablet not found: a029507e83714483befb64fa825f5745. This is attempt 1: this message will repeat every 5th retry.
I20260713 09:08:00.644317 23197 raft_consensus.cc:1275] T a029507e83714483befb64fa825f5745 P 0cfd169e659342d9bc4918fbea581980 [term 1 FOLLOWER]: Refusing update from remote peer fd23f8dd38d7463fa91ed881f3525b59: Log matching property violated. Preceding OpId in replica: term: 1 index: 1. Preceding OpId from leader: term: 1 index: 2. (index mismatch)
I20260713 09:08:00.645987 23578 consensus_queue.cc:1048] T a029507e83714483befb64fa825f5745 P fd23f8dd38d7463fa91ed881f3525b59 [LEADER]: Connected to new peer: Peer: permanent_uuid: "0cfd169e659342d9bc4918fbea581980" member_type: VOTER last_known_addr { host: "127.21.106.131" port: 44099 } attrs { replace: true }, Status: LMP_MISMATCH, Last received: 0.0, Next index: 2, Last known committed idx: 1, Time since last communication: 0.000s
I20260713 09:08:00.651960 23124 raft_consensus.cc:1275] T a029507e83714483befb64fa825f5745 P 54317d0e31334e0b9ea4a3466af969f5 [term 1 FOLLOWER]: Refusing update from remote peer fd23f8dd38d7463fa91ed881f3525b59: Log matching property violated. Preceding OpId in replica: term: 1 index: 1. Preceding OpId from leader: term: 1 index: 2. (index mismatch)
I20260713 09:08:00.653612 23554 consensus_queue.cc:1048] T a029507e83714483befb64fa825f5745 P fd23f8dd38d7463fa91ed881f3525b59 [LEADER]: Connected to new peer: Peer: permanent_uuid: "54317d0e31334e0b9ea4a3466af969f5" member_type: VOTER last_known_addr { host: "127.21.106.130" port: 43447 }, Status: LMP_MISMATCH, Last received: 0.0, Next index: 2, Last known committed idx: 1, Time since last communication: 0.000s
I20260713 09:08:00.658318 23572 raft_consensus.cc:2955] T a029507e83714483befb64fa825f5745 P fd23f8dd38d7463fa91ed881f3525b59 [term 1 LEADER]: Committing config change with OpId 1.2: config changed from index -1 to 2, NON_VOTER a9fe53844e8848919095efb69485e2bc (127.21.106.132) added. New config: { opid_index: 2 OBSOLETE_local: false peers { permanent_uuid: "fd23f8dd38d7463fa91ed881f3525b59" member_type: VOTER last_known_addr { host: "127.21.106.129" port: 45773 } } peers { permanent_uuid: "54317d0e31334e0b9ea4a3466af969f5" member_type: VOTER last_known_addr { host: "127.21.106.130" port: 43447 } } peers { permanent_uuid: "0cfd169e659342d9bc4918fbea581980" member_type: VOTER last_known_addr { host: "127.21.106.131" port: 44099 } attrs { replace: true } } peers { permanent_uuid: "a9fe53844e8848919095efb69485e2bc" member_type: NON_VOTER last_known_addr { host: "127.21.106.132" port: 44139 } attrs { promote: true } } }
I20260713 09:08:00.669643 23196 raft_consensus.cc:2955] T a029507e83714483befb64fa825f5745 P 0cfd169e659342d9bc4918fbea581980 [term 1 FOLLOWER]: Committing config change with OpId 1.2: config changed from index -1 to 2, NON_VOTER a9fe53844e8848919095efb69485e2bc (127.21.106.132) added. New config: { opid_index: 2 OBSOLETE_local: false peers { permanent_uuid: "fd23f8dd38d7463fa91ed881f3525b59" member_type: VOTER last_known_addr { host: "127.21.106.129" port: 45773 } } peers { permanent_uuid: "54317d0e31334e0b9ea4a3466af969f5" member_type: VOTER last_known_addr { host: "127.21.106.130" port: 43447 } } peers { permanent_uuid: "0cfd169e659342d9bc4918fbea581980" member_type: VOTER last_known_addr { host: "127.21.106.131" port: 44099 } attrs { replace: true } } peers { permanent_uuid: "a9fe53844e8848919095efb69485e2bc" member_type: NON_VOTER last_known_addr { host: "127.21.106.132" port: 44139 } attrs { promote: true } } }
I20260713 09:08:00.671366 23124 raft_consensus.cc:2955] T a029507e83714483befb64fa825f5745 P 54317d0e31334e0b9ea4a3466af969f5 [term 1 FOLLOWER]: Committing config change with OpId 1.2: config changed from index -1 to 2, NON_VOTER a9fe53844e8848919095efb69485e2bc (127.21.106.132) added. New config: { opid_index: 2 OBSOLETE_local: false peers { permanent_uuid: "fd23f8dd38d7463fa91ed881f3525b59" member_type: VOTER last_known_addr { host: "127.21.106.129" port: 45773 } } peers { permanent_uuid: "54317d0e31334e0b9ea4a3466af969f5" member_type: VOTER last_known_addr { host: "127.21.106.130" port: 43447 } } peers { permanent_uuid: "0cfd169e659342d9bc4918fbea581980" member_type: VOTER last_known_addr { host: "127.21.106.131" port: 44099 } attrs { replace: true } } peers { permanent_uuid: "a9fe53844e8848919095efb69485e2bc" member_type: NON_VOTER last_known_addr { host: "127.21.106.132" port: 44139 } attrs { promote: true } } }
I20260713 09:08:00.686769 22947 catalog_manager.cc:5697] T a029507e83714483befb64fa825f5745 P 0cfd169e659342d9bc4918fbea581980 reported cstate change: config changed from index -1 to 2, NON_VOTER a9fe53844e8848919095efb69485e2bc (127.21.106.132) added. New cstate: current_term: 1 leader_uuid: "fd23f8dd38d7463fa91ed881f3525b59" committed_config { opid_index: 2 OBSOLETE_local: false peers { permanent_uuid: "fd23f8dd38d7463fa91ed881f3525b59" member_type: VOTER last_known_addr { host: "127.21.106.129" port: 45773 } } peers { permanent_uuid: "54317d0e31334e0b9ea4a3466af969f5" member_type: VOTER last_known_addr { host: "127.21.106.130" port: 43447 } } peers { permanent_uuid: "0cfd169e659342d9bc4918fbea581980" member_type: VOTER last_known_addr { host: "127.21.106.131" port: 44099 } attrs { replace: true } } peers { permanent_uuid: "a9fe53844e8848919095efb69485e2bc" member_type: NON_VOTER last_known_addr { host: "127.21.106.132" port: 44139 } attrs { promote: true } } }
I20260713 09:08:00.691130 23120 consensus_queue.cc:237] T 5b1a71cf716c415ea9b3dbd0a705db0c P 54317d0e31334e0b9ea4a3466af969f5 [LEADER]: Queue going to LEADER mode. State: All replicated index: 0, Majority replicated index: 1, Committed index: 1, Last appended: 1.1, Last appended by leader: 0, Current term: 1, Majority size: 2, State: 0, Mode: LEADER, active raft config: opid_index: 2 OBSOLETE_local: false peers { permanent_uuid: "fd23f8dd38d7463fa91ed881f3525b59" member_type: VOTER last_known_addr { host: "127.21.106.129" port: 45773 } attrs { replace: true } } peers { permanent_uuid: "54317d0e31334e0b9ea4a3466af969f5" member_type: VOTER last_known_addr { host: "127.21.106.130" port: 43447 } } peers { permanent_uuid: "0cfd169e659342d9bc4918fbea581980" member_type: VOTER last_known_addr { host: "127.21.106.131" port: 44099 } } peers { permanent_uuid: "a9fe53844e8848919095efb69485e2bc" member_type: NON_VOTER last_known_addr { host: "127.21.106.132" port: 44139 } attrs { promote: true } }
I20260713 09:08:00.706725 23046 raft_consensus.cc:1275] T 5b1a71cf716c415ea9b3dbd0a705db0c P fd23f8dd38d7463fa91ed881f3525b59 [term 1 FOLLOWER]: Refusing update from remote peer 54317d0e31334e0b9ea4a3466af969f5: Log matching property violated. Preceding OpId in replica: term: 1 index: 1. Preceding OpId from leader: term: 1 index: 2. (index mismatch)
I20260713 09:08:00.711728 23579 consensus_queue.cc:1048] T 5b1a71cf716c415ea9b3dbd0a705db0c P 54317d0e31334e0b9ea4a3466af969f5 [LEADER]: Connected to new peer: Peer: permanent_uuid: "fd23f8dd38d7463fa91ed881f3525b59" member_type: VOTER last_known_addr { host: "127.21.106.129" port: 45773 } attrs { replace: true }, Status: LMP_MISMATCH, Last received: 0.0, Next index: 2, Last known committed idx: 1, Time since last communication: 0.000s
W20260713 09:08:00.712649 23087 consensus_peers.cc:597] T 5b1a71cf716c415ea9b3dbd0a705db0c P 54317d0e31334e0b9ea4a3466af969f5 -> Peer a9fe53844e8848919095efb69485e2bc (127.21.106.132:44139): Couldn't send request to peer a9fe53844e8848919095efb69485e2bc. Error code: TABLET_NOT_FOUND (6). Status: Not found: Tablet not found: 5b1a71cf716c415ea9b3dbd0a705db0c. This is attempt 1: this message will repeat every 5th retry.
I20260713 09:08:00.716267 23196 raft_consensus.cc:1275] T 5b1a71cf716c415ea9b3dbd0a705db0c P 0cfd169e659342d9bc4918fbea581980 [term 1 FOLLOWER]: Refusing update from remote peer 54317d0e31334e0b9ea4a3466af969f5: Log matching property violated. Preceding OpId in replica: term: 1 index: 1. Preceding OpId from leader: term: 1 index: 2. (index mismatch)
I20260713 09:08:00.717538 23579 consensus_queue.cc:1048] T 5b1a71cf716c415ea9b3dbd0a705db0c P 54317d0e31334e0b9ea4a3466af969f5 [LEADER]: Connected to new peer: Peer: permanent_uuid: "0cfd169e659342d9bc4918fbea581980" member_type: VOTER last_known_addr { host: "127.21.106.131" port: 44099 }, Status: LMP_MISMATCH, Last received: 0.0, Next index: 2, Last known committed idx: 1, Time since last communication: 0.000s
I20260713 09:08:00.722862 23579 raft_consensus.cc:2955] T 5b1a71cf716c415ea9b3dbd0a705db0c P 54317d0e31334e0b9ea4a3466af969f5 [term 1 LEADER]: Committing config change with OpId 1.2: config changed from index -1 to 2, NON_VOTER a9fe53844e8848919095efb69485e2bc (127.21.106.132) added. New config: { opid_index: 2 OBSOLETE_local: false peers { permanent_uuid: "fd23f8dd38d7463fa91ed881f3525b59" member_type: VOTER last_known_addr { host: "127.21.106.129" port: 45773 } attrs { replace: true } } peers { permanent_uuid: "54317d0e31334e0b9ea4a3466af969f5" member_type: VOTER last_known_addr { host: "127.21.106.130" port: 43447 } } peers { permanent_uuid: "0cfd169e659342d9bc4918fbea581980" member_type: VOTER last_known_addr { host: "127.21.106.131" port: 44099 } } peers { permanent_uuid: "a9fe53844e8848919095efb69485e2bc" member_type: NON_VOTER last_known_addr { host: "127.21.106.132" port: 44139 } attrs { promote: true } } }
I20260713 09:08:00.725194 23047 raft_consensus.cc:2955] T 5b1a71cf716c415ea9b3dbd0a705db0c P fd23f8dd38d7463fa91ed881f3525b59 [term 1 FOLLOWER]: Committing config change with OpId 1.2: config changed from index -1 to 2, NON_VOTER a9fe53844e8848919095efb69485e2bc (127.21.106.132) added. New config: { opid_index: 2 OBSOLETE_local: false peers { permanent_uuid: "fd23f8dd38d7463fa91ed881f3525b59" member_type: VOTER last_known_addr { host: "127.21.106.129" port: 45773 } attrs { replace: true } } peers { permanent_uuid: "54317d0e31334e0b9ea4a3466af969f5" member_type: VOTER last_known_addr { host: "127.21.106.130" port: 43447 } } peers { permanent_uuid: "0cfd169e659342d9bc4918fbea581980" member_type: VOTER last_known_addr { host: "127.21.106.131" port: 44099 } } peers { permanent_uuid: "a9fe53844e8848919095efb69485e2bc" member_type: NON_VOTER last_known_addr { host: "127.21.106.132" port: 44139 } attrs { promote: true } } }
I20260713 09:08:00.748200 23124 consensus_queue.cc:237] T dfb5257ca9fa4d92a3e68fd2d3fbb085 P 54317d0e31334e0b9ea4a3466af969f5 [LEADER]: Queue going to LEADER mode. State: All replicated index: 0, Majority replicated index: 1, Committed index: 1, Last appended: 1.1, Last appended by leader: 0, Current term: 1, Majority size: 2, State: 0, Mode: LEADER, active raft config: opid_index: 2 OBSOLETE_local: false peers { permanent_uuid: "fd23f8dd38d7463fa91ed881f3525b59" member_type: VOTER last_known_addr { host: "127.21.106.129" port: 45773 } } peers { permanent_uuid: "54317d0e31334e0b9ea4a3466af969f5" member_type: VOTER last_known_addr { host: "127.21.106.130" port: 43447 } } peers { permanent_uuid: "0cfd169e659342d9bc4918fbea581980" member_type: VOTER last_known_addr { host: "127.21.106.131" port: 44099 } attrs { replace: true } } peers { permanent_uuid: "a9fe53844e8848919095efb69485e2bc" member_type: NON_VOTER last_known_addr { host: "127.21.106.132" port: 44139 } attrs { promote: true } }
I20260713 09:08:00.748111 22947 catalog_manager.cc:5697] T 5b1a71cf716c415ea9b3dbd0a705db0c P fd23f8dd38d7463fa91ed881f3525b59 reported cstate change: config changed from index -1 to 2, NON_VOTER a9fe53844e8848919095efb69485e2bc (127.21.106.132) added. New cstate: current_term: 1 leader_uuid: "54317d0e31334e0b9ea4a3466af969f5" committed_config { opid_index: 2 OBSOLETE_local: false peers { permanent_uuid: "fd23f8dd38d7463fa91ed881f3525b59" member_type: VOTER last_known_addr { host: "127.21.106.129" port: 45773 } attrs { replace: true } } peers { permanent_uuid: "54317d0e31334e0b9ea4a3466af969f5" member_type: VOTER last_known_addr { host: "127.21.106.130" port: 43447 } } peers { permanent_uuid: "0cfd169e659342d9bc4918fbea581980" member_type: VOTER last_known_addr { host: "127.21.106.131" port: 44099 } } peers { permanent_uuid: "a9fe53844e8848919095efb69485e2bc" member_type: NON_VOTER last_known_addr { host: "127.21.106.132" port: 44139 } attrs { promote: true } } }
I20260713 09:08:00.765216 23197 raft_consensus.cc:2955] T 5b1a71cf716c415ea9b3dbd0a705db0c P 0cfd169e659342d9bc4918fbea581980 [term 1 FOLLOWER]: Committing config change with OpId 1.2: config changed from index -1 to 2, NON_VOTER a9fe53844e8848919095efb69485e2bc (127.21.106.132) added. New config: { opid_index: 2 OBSOLETE_local: false peers { permanent_uuid: "fd23f8dd38d7463fa91ed881f3525b59" member_type: VOTER last_known_addr { host: "127.21.106.129" port: 45773 } attrs { replace: true } } peers { permanent_uuid: "54317d0e31334e0b9ea4a3466af969f5" member_type: VOTER last_known_addr { host: "127.21.106.130" port: 43447 } } peers { permanent_uuid: "0cfd169e659342d9bc4918fbea581980" member_type: VOTER last_known_addr { host: "127.21.106.131" port: 44099 } } peers { permanent_uuid: "a9fe53844e8848919095efb69485e2bc" member_type: NON_VOTER last_known_addr { host: "127.21.106.132" port: 44139 } attrs { promote: true } } }
I20260713 09:08:00.768899 23196 raft_consensus.cc:1275] T dfb5257ca9fa4d92a3e68fd2d3fbb085 P 0cfd169e659342d9bc4918fbea581980 [term 1 FOLLOWER]: Refusing update from remote peer 54317d0e31334e0b9ea4a3466af969f5: Log matching property violated. Preceding OpId in replica: term: 1 index: 1. Preceding OpId from leader: term: 1 index: 2. (index mismatch)
I20260713 09:08:00.770337 23579 consensus_queue.cc:1048] T dfb5257ca9fa4d92a3e68fd2d3fbb085 P 54317d0e31334e0b9ea4a3466af969f5 [LEADER]: Connected to new peer: Peer: permanent_uuid: "0cfd169e659342d9bc4918fbea581980" member_type: VOTER last_known_addr { host: "127.21.106.131" port: 44099 } attrs { replace: true }, Status: LMP_MISMATCH, Last received: 0.0, Next index: 2, Last known committed idx: 1, Time since last communication: 0.000s
I20260713 09:08:00.772270 23046 raft_consensus.cc:1275] T dfb5257ca9fa4d92a3e68fd2d3fbb085 P fd23f8dd38d7463fa91ed881f3525b59 [term 1 FOLLOWER]: Refusing update from remote peer 54317d0e31334e0b9ea4a3466af969f5: Log matching property violated. Preceding OpId in replica: term: 1 index: 1. Preceding OpId from leader: term: 1 index: 2. (index mismatch)
I20260713 09:08:00.774782 23575 consensus_queue.cc:1048] T dfb5257ca9fa4d92a3e68fd2d3fbb085 P 54317d0e31334e0b9ea4a3466af969f5 [LEADER]: Connected to new peer: Peer: permanent_uuid: "fd23f8dd38d7463fa91ed881f3525b59" member_type: VOTER last_known_addr { host: "127.21.106.129" port: 45773 }, Status: LMP_MISMATCH, Last received: 0.0, Next index: 2, Last known committed idx: 1, Time since last communication: 0.000s
W20260713 09:08:00.775909 23087 consensus_peers.cc:597] T dfb5257ca9fa4d92a3e68fd2d3fbb085 P 54317d0e31334e0b9ea4a3466af969f5 -> Peer a9fe53844e8848919095efb69485e2bc (127.21.106.132:44139): Couldn't send request to peer a9fe53844e8848919095efb69485e2bc. Error code: TABLET_NOT_FOUND (6). Status: Not found: Tablet not found: dfb5257ca9fa4d92a3e68fd2d3fbb085. This is attempt 1: this message will repeat every 5th retry.
I20260713 09:08:00.796430 23579 raft_consensus.cc:2955] T dfb5257ca9fa4d92a3e68fd2d3fbb085 P 54317d0e31334e0b9ea4a3466af969f5 [term 1 LEADER]: Committing config change with OpId 1.2: config changed from index -1 to 2, NON_VOTER a9fe53844e8848919095efb69485e2bc (127.21.106.132) added. New config: { opid_index: 2 OBSOLETE_local: false peers { permanent_uuid: "fd23f8dd38d7463fa91ed881f3525b59" member_type: VOTER last_known_addr { host: "127.21.106.129" port: 45773 } } peers { permanent_uuid: "54317d0e31334e0b9ea4a3466af969f5" member_type: VOTER last_known_addr { host: "127.21.106.130" port: 43447 } } peers { permanent_uuid: "0cfd169e659342d9bc4918fbea581980" member_type: VOTER last_known_addr { host: "127.21.106.131" port: 44099 } attrs { replace: true } } peers { permanent_uuid: "a9fe53844e8848919095efb69485e2bc" member_type: NON_VOTER last_known_addr { host: "127.21.106.132" port: 44139 } attrs { promote: true } } }
I20260713 09:08:00.805001 23046 raft_consensus.cc:2955] T dfb5257ca9fa4d92a3e68fd2d3fbb085 P fd23f8dd38d7463fa91ed881f3525b59 [term 1 FOLLOWER]: Committing config change with OpId 1.2: config changed from index -1 to 2, NON_VOTER a9fe53844e8848919095efb69485e2bc (127.21.106.132) added. New config: { opid_index: 2 OBSOLETE_local: false peers { permanent_uuid: "fd23f8dd38d7463fa91ed881f3525b59" member_type: VOTER last_known_addr { host: "127.21.106.129" port: 45773 } } peers { permanent_uuid: "54317d0e31334e0b9ea4a3466af969f5" member_type: VOTER last_known_addr { host: "127.21.106.130" port: 43447 } } peers { permanent_uuid: "0cfd169e659342d9bc4918fbea581980" member_type: VOTER last_known_addr { host: "127.21.106.131" port: 44099 } attrs { replace: true } } peers { permanent_uuid: "a9fe53844e8848919095efb69485e2bc" member_type: NON_VOTER last_known_addr { host: "127.21.106.132" port: 44139 } attrs { promote: true } } }
I20260713 09:08:00.815369 23196 raft_consensus.cc:2955] T dfb5257ca9fa4d92a3e68fd2d3fbb085 P 0cfd169e659342d9bc4918fbea581980 [term 1 FOLLOWER]: Committing config change with OpId 1.2: config changed from index -1 to 2, NON_VOTER a9fe53844e8848919095efb69485e2bc (127.21.106.132) added. New config: { opid_index: 2 OBSOLETE_local: false peers { permanent_uuid: "fd23f8dd38d7463fa91ed881f3525b59" member_type: VOTER last_known_addr { host: "127.21.106.129" port: 45773 } } peers { permanent_uuid: "54317d0e31334e0b9ea4a3466af969f5" member_type: VOTER last_known_addr { host: "127.21.106.130" port: 43447 } } peers { permanent_uuid: "0cfd169e659342d9bc4918fbea581980" member_type: VOTER last_known_addr { host: "127.21.106.131" port: 44099 } attrs { replace: true } } peers { permanent_uuid: "a9fe53844e8848919095efb69485e2bc" member_type: NON_VOTER last_known_addr { host: "127.21.106.132" port: 44139 } attrs { promote: true } } }
I20260713 09:08:00.815255 22947 catalog_manager.cc:5697] T dfb5257ca9fa4d92a3e68fd2d3fbb085 P 54317d0e31334e0b9ea4a3466af969f5 reported cstate change: config changed from index -1 to 2, NON_VOTER a9fe53844e8848919095efb69485e2bc (127.21.106.132) added. New cstate: current_term: 1 leader_uuid: "54317d0e31334e0b9ea4a3466af969f5" committed_config { opid_index: 2 OBSOLETE_local: false peers { permanent_uuid: "fd23f8dd38d7463fa91ed881f3525b59" member_type: VOTER last_known_addr { host: "127.21.106.129" port: 45773 } health_report { overall_health: HEALTHY } } peers { permanent_uuid: "54317d0e31334e0b9ea4a3466af969f5" member_type: VOTER last_known_addr { host: "127.21.106.130" port: 43447 } health_report { overall_health: HEALTHY } } peers { permanent_uuid: "0cfd169e659342d9bc4918fbea581980" member_type: VOTER last_known_addr { host: "127.21.106.131" port: 44099 } attrs { replace: true } health_report { overall_health: HEALTHY } } peers { permanent_uuid: "a9fe53844e8848919095efb69485e2bc" member_type: NON_VOTER last_known_addr { host: "127.21.106.132" port: 44139 } attrs { promote: true } health_report { overall_health: UNKNOWN } } }
I20260713 09:08:01.044572 23593 ts_tablet_manager.cc:933] T a029507e83714483befb64fa825f5745 P a9fe53844e8848919095efb69485e2bc: Initiating tablet copy from peer fd23f8dd38d7463fa91ed881f3525b59 (127.21.106.129:45773)
I20260713 09:08:01.048283 23593 tablet_copy_client.cc:323] T a029507e83714483befb64fa825f5745 P a9fe53844e8848919095efb69485e2bc: tablet copy: Beginning tablet copy session from remote peer at address 127.21.106.129:45773
