I20260713 09:08:00.290827 18143 ts_tablet_manager.cc:1916] T 26e0aafc88494c879c46ffaec1c11af8 P 9be5f1933ee34496a7a0690641b808d7: Deleting tablet data with delete state TABLET_DATA_TOMBSTONED
I20260713 09:08:00.304829 18143 ts_tablet_manager.cc:1929] T 26e0aafc88494c879c46ffaec1c11af8 P 9be5f1933ee34496a7a0690641b808d7: tablet deleted with delete type TABLET_DATA_TOMBSTONED: last-logged OpId 1.3
I20260713 09:08:00.305178 18143 log.cc:1199] T 26e0aafc88494c879c46ffaec1c11af8 P 9be5f1933ee34496a7a0690641b808d7: Deleting WAL directory at /tmp/dist-test-tasktaCfG4/test-tmp/auto_leader_rebalancer-test.0.LeaderRebalancerTest.AddTserver.1783933644795482-16378-0/minicluster-data/ts-2-root/wals/26e0aafc88494c879c46ffaec1c11af8
I20260713 09:08:00.306602 17362 catalog_manager.cc:5028] TS 9be5f1933ee34496a7a0690641b808d7 (127.15.254.131:45355): tablet 26e0aafc88494c879c46ffaec1c11af8 (table test-workload [id=201981e532d54f82af64e6c1d03024dd]) successfully deleted
I20260713 09:08:00.455576 17627 consensus_queue.cc:237] T d0a90938d9a04d3395a84ceea08f966f P 9be5f1933ee34496a7a0690641b808d7 [LEADER]: Queue going to LEADER mode. State: All replicated index: 0, Majority replicated index: 3, Committed index: 3, Last appended: 1.3, Last appended by leader: 0, Current term: 1, Majority size: 2, State: 0, Mode: LEADER, active raft config: opid_index: 4 OBSOLETE_local: false peers { permanent_uuid: "a8618f735bf045cf9a682af02b1770ab" member_type: VOTER last_known_addr { host: "127.15.254.129" port: 41649 } } peers { permanent_uuid: "9be5f1933ee34496a7a0690641b808d7" member_type: VOTER last_known_addr { host: "127.15.254.131" port: 45355 } } peers { permanent_uuid: "2b712911b53742618f411d2d1c7904ea" member_type: VOTER last_known_addr { host: "127.15.254.132" port: 42193 } attrs { promote: false } }
I20260713 09:08:00.460373 17901 raft_consensus.cc:1275] T d0a90938d9a04d3395a84ceea08f966f P 2b712911b53742618f411d2d1c7904ea [term 1 FOLLOWER]: Refusing update from remote peer 9be5f1933ee34496a7a0690641b808d7: Log matching property violated. Preceding OpId in replica: term: 1 index: 3. Preceding OpId from leader: term: 1 index: 4. (index mismatch)
I20260713 09:08:00.460493 17478 raft_consensus.cc:1275] T d0a90938d9a04d3395a84ceea08f966f P a8618f735bf045cf9a682af02b1770ab [term 1 FOLLOWER]: Refusing update from remote peer 9be5f1933ee34496a7a0690641b808d7: Log matching property violated. Preceding OpId in replica: term: 1 index: 3. Preceding OpId from leader: term: 1 index: 4. (index mismatch)
I20260713 09:08:00.461653 18145 consensus_queue.cc:1048] T d0a90938d9a04d3395a84ceea08f966f P 9be5f1933ee34496a7a0690641b808d7 [LEADER]: Connected to new peer: Peer: permanent_uuid: "2b712911b53742618f411d2d1c7904ea" member_type: VOTER last_known_addr { host: "127.15.254.132" port: 42193 } attrs { promote: false }, Status: LMP_MISMATCH, Last received: 0.0, Next index: 4, Last known committed idx: 3, Time since last communication: 0.000s
I20260713 09:08:00.462373 18113 consensus_queue.cc:1048] T d0a90938d9a04d3395a84ceea08f966f P 9be5f1933ee34496a7a0690641b808d7 [LEADER]: Connected to new peer: Peer: permanent_uuid: "a8618f735bf045cf9a682af02b1770ab" member_type: VOTER last_known_addr { host: "127.15.254.129" port: 41649 }, Status: LMP_MISMATCH, Last received: 0.0, Next index: 4, Last known committed idx: 3, Time since last communication: 0.000s
I20260713 09:08:00.468649 18140 raft_consensus.cc:2955] T d0a90938d9a04d3395a84ceea08f966f P 9be5f1933ee34496a7a0690641b808d7 [term 1 LEADER]: Committing config change with OpId 1.4: config changed from index 3 to 4, VOTER 4b0f15328c4848b797cf7d15ddb0a003 (127.15.254.130) evicted. New config: { opid_index: 4 OBSOLETE_local: false peers { permanent_uuid: "a8618f735bf045cf9a682af02b1770ab" member_type: VOTER last_known_addr { host: "127.15.254.129" port: 41649 } } peers { permanent_uuid: "9be5f1933ee34496a7a0690641b808d7" member_type: VOTER last_known_addr { host: "127.15.254.131" port: 45355 } } peers { permanent_uuid: "2b712911b53742618f411d2d1c7904ea" member_type: VOTER last_known_addr { host: "127.15.254.132" port: 42193 } attrs { promote: false } } }
I20260713 09:08:00.470016 17901 raft_consensus.cc:2955] T d0a90938d9a04d3395a84ceea08f966f P 2b712911b53742618f411d2d1c7904ea [term 1 FOLLOWER]: Committing config change with OpId 1.4: config changed from index 3 to 4, VOTER 4b0f15328c4848b797cf7d15ddb0a003 (127.15.254.130) evicted. New config: { opid_index: 4 OBSOLETE_local: false peers { permanent_uuid: "a8618f735bf045cf9a682af02b1770ab" member_type: VOTER last_known_addr { host: "127.15.254.129" port: 41649 } } peers { permanent_uuid: "9be5f1933ee34496a7a0690641b808d7" member_type: VOTER last_known_addr { host: "127.15.254.131" port: 45355 } } peers { permanent_uuid: "2b712911b53742618f411d2d1c7904ea" member_type: VOTER last_known_addr { host: "127.15.254.132" port: 42193 } attrs { promote: false } } }
I20260713 09:08:00.471005 17478 raft_consensus.cc:2955] T d0a90938d9a04d3395a84ceea08f966f P a8618f735bf045cf9a682af02b1770ab [term 1 FOLLOWER]: Committing config change with OpId 1.4: config changed from index 3 to 4, VOTER 4b0f15328c4848b797cf7d15ddb0a003 (127.15.254.130) evicted. New config: { opid_index: 4 OBSOLETE_local: false peers { permanent_uuid: "a8618f735bf045cf9a682af02b1770ab" member_type: VOTER last_known_addr { host: "127.15.254.129" port: 41649 } } peers { permanent_uuid: "9be5f1933ee34496a7a0690641b808d7" member_type: VOTER last_known_addr { host: "127.15.254.131" port: 45355 } } peers { permanent_uuid: "2b712911b53742618f411d2d1c7904ea" member_type: VOTER last_known_addr { host: "127.15.254.132" port: 42193 } attrs { promote: false } } }
I20260713 09:08:00.477216 17362 catalog_manager.cc:5210] ChangeConfig:REMOVE_PEER RPC for tablet d0a90938d9a04d3395a84ceea08f966f with cas_config_opid_index 3: ChangeConfig:REMOVE_PEER succeeded (attempt 1)
I20260713 09:08:00.484694 17373 catalog_manager.cc:5697] T d0a90938d9a04d3395a84ceea08f966f P 9be5f1933ee34496a7a0690641b808d7 reported cstate change: config changed from index 3 to 4, VOTER 4b0f15328c4848b797cf7d15ddb0a003 (127.15.254.130) evicted. New cstate: current_term: 1 leader_uuid: "9be5f1933ee34496a7a0690641b808d7" committed_config { opid_index: 4 OBSOLETE_local: false peers { permanent_uuid: "a8618f735bf045cf9a682af02b1770ab" member_type: VOTER last_known_addr { host: "127.15.254.129" port: 41649 } health_report { overall_health: HEALTHY } } peers { permanent_uuid: "9be5f1933ee34496a7a0690641b808d7" member_type: VOTER last_known_addr { host: "127.15.254.131" port: 45355 } health_report { overall_health: HEALTHY } } peers { permanent_uuid: "2b712911b53742618f411d2d1c7904ea" member_type: VOTER last_known_addr { host: "127.15.254.132" port: 42193 } attrs { promote: false } health_report { overall_health: HEALTHY } } }
I20260713 09:08:00.492852 17537 tablet_service.cc:1558] Processing DeleteTablet for tablet d0a90938d9a04d3395a84ceea08f966f with delete_type TABLET_DATA_TOMBSTONED (TS 4b0f15328c4848b797cf7d15ddb0a003 not found in new config with opid_index 4) from {username='slave'} at 127.0.0.1:42392
I20260713 09:08:00.494410 18146 tablet_replica.cc:333] T d0a90938d9a04d3395a84ceea08f966f P 4b0f15328c4848b797cf7d15ddb0a003: stopping tablet replica
I20260713 09:08:00.495083 18146 raft_consensus.cc:2243] T d0a90938d9a04d3395a84ceea08f966f P 4b0f15328c4848b797cf7d15ddb0a003 [term 1 FOLLOWER]: Raft consensus shutting down.
I20260713 09:08:00.495632 18146 raft_consensus.cc:2272] T d0a90938d9a04d3395a84ceea08f966f P 4b0f15328c4848b797cf7d15ddb0a003 [term 1 FOLLOWER]: Raft consensus is shut down!
I20260713 09:08:00.497766 18146 ts_tablet_manager.cc:1916] T d0a90938d9a04d3395a84ceea08f966f P 4b0f15328c4848b797cf7d15ddb0a003: Deleting tablet data with delete state TABLET_DATA_TOMBSTONED
I20260713 09:08:00.506842 18146 ts_tablet_manager.cc:1929] T d0a90938d9a04d3395a84ceea08f966f P 4b0f15328c4848b797cf7d15ddb0a003: tablet deleted with delete type TABLET_DATA_TOMBSTONED: last-logged OpId 1.3
I20260713 09:08:00.507115 18146 log.cc:1199] T d0a90938d9a04d3395a84ceea08f966f P 4b0f15328c4848b797cf7d15ddb0a003: Deleting WAL directory at /tmp/dist-test-tasktaCfG4/test-tmp/auto_leader_rebalancer-test.0.LeaderRebalancerTest.AddTserver.1783933644795482-16378-0/minicluster-data/ts-1-root/wals/d0a90938d9a04d3395a84ceea08f966f
I20260713 09:08:00.508287 17361 catalog_manager.cc:5028] TS 4b0f15328c4848b797cf7d15ddb0a003 (127.15.254.130:39185): tablet d0a90938d9a04d3395a84ceea08f966f (table test-workload [id=201981e532d54f82af64e6c1d03024dd]) successfully deleted
I20260713 09:08:01.522018 17627 consensus_queue.cc:237] T 5b638726b5c344b4aa8ff29598d4fcd1 P 9be5f1933ee34496a7a0690641b808d7 [LEADER]: Queue going to LEADER mode. State: All replicated index: 0, Majority replicated index: 1, Committed index: 1, Last appended: 1.1, Last appended by leader: 0, Current term: 1, Majority size: 2, State: 0, Mode: LEADER, active raft config: opid_index: 2 OBSOLETE_local: false peers { permanent_uuid: "a8618f735bf045cf9a682af02b1770ab" member_type: VOTER last_known_addr { host: "127.15.254.129" port: 41649 } attrs { replace: true } } peers { permanent_uuid: "4b0f15328c4848b797cf7d15ddb0a003" member_type: VOTER last_known_addr { host: "127.15.254.130" port: 39185 } } peers { permanent_uuid: "9be5f1933ee34496a7a0690641b808d7" member_type: VOTER last_known_addr { host: "127.15.254.131" port: 45355 } } peers { permanent_uuid: "2b712911b53742618f411d2d1c7904ea" member_type: NON_VOTER last_known_addr { host: "127.15.254.132" port: 42193 } attrs { promote: true } }
I20260713 09:08:01.527379 17553 raft_consensus.cc:1275] T 5b638726b5c344b4aa8ff29598d4fcd1 P 4b0f15328c4848b797cf7d15ddb0a003 [term 1 FOLLOWER]: Refusing update from remote peer 9be5f1933ee34496a7a0690641b808d7: Log matching property violated. Preceding OpId in replica: term: 1 index: 1. Preceding OpId from leader: term: 1 index: 2. (index mismatch)
W20260713 09:08:01.528118 17590 consensus_peers.cc:597] T 5b638726b5c344b4aa8ff29598d4fcd1 P 9be5f1933ee34496a7a0690641b808d7 -> Peer 2b712911b53742618f411d2d1c7904ea (127.15.254.132:42193): Couldn't send request to peer 2b712911b53742618f411d2d1c7904ea. Error code: TABLET_NOT_FOUND (6). Status: Not found: Tablet not found: 5b638726b5c344b4aa8ff29598d4fcd1. This is attempt 1: this message will repeat every 5th retry.
I20260713 09:08:01.528882 17477 raft_consensus.cc:1275] T 5b638726b5c344b4aa8ff29598d4fcd1 P a8618f735bf045cf9a682af02b1770ab [term 1 FOLLOWER]: Refusing update from remote peer 9be5f1933ee34496a7a0690641b808d7: Log matching property violated. Preceding OpId in replica: term: 1 index: 1. Preceding OpId from leader: term: 1 index: 2. (index mismatch)
I20260713 09:08:01.528867 18140 consensus_queue.cc:1048] T 5b638726b5c344b4aa8ff29598d4fcd1 P 9be5f1933ee34496a7a0690641b808d7 [LEADER]: Connected to new peer: Peer: permanent_uuid: "4b0f15328c4848b797cf7d15ddb0a003" member_type: VOTER last_known_addr { host: "127.15.254.130" port: 39185 }, Status: LMP_MISMATCH, Last received: 0.0, Next index: 2, Last known committed idx: 1, Time since last communication: 0.000s
I20260713 09:08:01.530083 18150 consensus_queue.cc:1048] T 5b638726b5c344b4aa8ff29598d4fcd1 P 9be5f1933ee34496a7a0690641b808d7 [LEADER]: Connected to new peer: Peer: permanent_uuid: "a8618f735bf045cf9a682af02b1770ab" member_type: VOTER last_known_addr { host: "127.15.254.129" port: 41649 } attrs { replace: true }, Status: LMP_MISMATCH, Last received: 0.0, Next index: 2, Last known committed idx: 1, Time since last communication: 0.000s
I20260713 09:08:01.536058 18140 raft_consensus.cc:2955] T 5b638726b5c344b4aa8ff29598d4fcd1 P 9be5f1933ee34496a7a0690641b808d7 [term 1 LEADER]: Committing config change with OpId 1.2: config changed from index -1 to 2, NON_VOTER 2b712911b53742618f411d2d1c7904ea (127.15.254.132) added. New config: { opid_index: 2 OBSOLETE_local: false peers { permanent_uuid: "a8618f735bf045cf9a682af02b1770ab" member_type: VOTER last_known_addr { host: "127.15.254.129" port: 41649 } attrs { replace: true } } peers { permanent_uuid: "4b0f15328c4848b797cf7d15ddb0a003" member_type: VOTER last_known_addr { host: "127.15.254.130" port: 39185 } } peers { permanent_uuid: "9be5f1933ee34496a7a0690641b808d7" member_type: VOTER last_known_addr { host: "127.15.254.131" port: 45355 } } peers { permanent_uuid: "2b712911b53742618f411d2d1c7904ea" member_type: NON_VOTER last_known_addr { host: "127.15.254.132" port: 42193 } attrs { promote: true } } }
I20260713 09:08:01.538250 17553 raft_consensus.cc:2955] T 5b638726b5c344b4aa8ff29598d4fcd1 P 4b0f15328c4848b797cf7d15ddb0a003 [term 1 FOLLOWER]: Committing config change with OpId 1.2: config changed from index -1 to 2, NON_VOTER 2b712911b53742618f411d2d1c7904ea (127.15.254.132) added. New config: { opid_index: 2 OBSOLETE_local: false peers { permanent_uuid: "a8618f735bf045cf9a682af02b1770ab" member_type: VOTER last_known_addr { host: "127.15.254.129" port: 41649 } attrs { replace: true } } peers { permanent_uuid: "4b0f15328c4848b797cf7d15ddb0a003" member_type: VOTER last_known_addr { host: "127.15.254.130" port: 39185 } } peers { permanent_uuid: "9be5f1933ee34496a7a0690641b808d7" member_type: VOTER last_known_addr { host: "127.15.254.131" port: 45355 } } peers { permanent_uuid: "2b712911b53742618f411d2d1c7904ea" member_type: NON_VOTER last_known_addr { host: "127.15.254.132" port: 42193 } attrs { promote: true } } }
I20260713 09:08:01.539368 17477 raft_consensus.cc:2955] T 5b638726b5c344b4aa8ff29598d4fcd1 P a8618f735bf045cf9a682af02b1770ab [term 1 FOLLOWER]: Committing config change with OpId 1.2: config changed from index -1 to 2, NON_VOTER 2b712911b53742618f411d2d1c7904ea (127.15.254.132) added. New config: { opid_index: 2 OBSOLETE_local: false peers { permanent_uuid: "a8618f735bf045cf9a682af02b1770ab" member_type: VOTER last_known_addr { host: "127.15.254.129" port: 41649 } attrs { replace: true } } peers { permanent_uuid: "4b0f15328c4848b797cf7d15ddb0a003" member_type: VOTER last_known_addr { host: "127.15.254.130" port: 39185 } } peers { permanent_uuid: "9be5f1933ee34496a7a0690641b808d7" member_type: VOTER last_known_addr { host: "127.15.254.131" port: 45355 } } peers { permanent_uuid: "2b712911b53742618f411d2d1c7904ea" member_type: NON_VOTER last_known_addr { host: "127.15.254.132" port: 42193 } attrs { promote: true } } }
I20260713 09:08:01.550452 17371 catalog_manager.cc:5697] T 5b638726b5c344b4aa8ff29598d4fcd1 P 9be5f1933ee34496a7a0690641b808d7 reported cstate change: config changed from index -1 to 2, NON_VOTER 2b712911b53742618f411d2d1c7904ea (127.15.254.132) added. New cstate: current_term: 1 leader_uuid: "9be5f1933ee34496a7a0690641b808d7" committed_config { opid_index: 2 OBSOLETE_local: false peers { permanent_uuid: "a8618f735bf045cf9a682af02b1770ab" member_type: VOTER last_known_addr { host: "127.15.254.129" port: 41649 } attrs { replace: true } health_report { overall_health: HEALTHY } } peers { permanent_uuid: "4b0f15328c4848b797cf7d15ddb0a003" member_type: VOTER last_known_addr { host: "127.15.254.130" port: 39185 } health_report { overall_health: HEALTHY } } peers { permanent_uuid: "9be5f1933ee34496a7a0690641b808d7" member_type: VOTER last_known_addr { host: "127.15.254.131" port: 45355 } health_report { overall_health: HEALTHY } } peers { permanent_uuid: "2b712911b53742618f411d2d1c7904ea" member_type: NON_VOTER last_known_addr { host: "127.15.254.132" port: 42193 } attrs { promote: true } health_report { overall_health: UNKNOWN } } }
I20260713 09:08:01.552465 17478 consensus_queue.cc:237] T d060a311cfee4a78867ed0dc88aed951 P a8618f735bf045cf9a682af02b1770ab [LEADER]: Queue going to LEADER mode. State: All replicated index: 0, Majority replicated index: 1, Committed index: 1, Last appended: 1.1, Last appended by leader: 0, Current term: 1, Majority size: 2, State: 0, Mode: LEADER, active raft config: opid_index: 2 OBSOLETE_local: false peers { permanent_uuid: "a8618f735bf045cf9a682af02b1770ab" member_type: VOTER last_known_addr { host: "127.15.254.129" port: 41649 } } peers { permanent_uuid: "4b0f15328c4848b797cf7d15ddb0a003" member_type: VOTER last_known_addr { host: "127.15.254.130" port: 39185 } } peers { permanent_uuid: "9be5f1933ee34496a7a0690641b808d7" member_type: VOTER last_known_addr { host: "127.15.254.131" port: 45355 } attrs { replace: true } } peers { permanent_uuid: "2b712911b53742618f411d2d1c7904ea" member_type: NON_VOTER last_known_addr { host: "127.15.254.132" port: 42193 } attrs { promote: true } }
W20260713 09:08:01.558841 17441 consensus_peers.cc:597] T d060a311cfee4a78867ed0dc88aed951 P a8618f735bf045cf9a682af02b1770ab -> Peer 2b712911b53742618f411d2d1c7904ea (127.15.254.132:42193): Couldn't send request to peer 2b712911b53742618f411d2d1c7904ea. Error code: TABLET_NOT_FOUND (6). Status: Not found: Tablet not found: d060a311cfee4a78867ed0dc88aed951. This is attempt 1: this message will repeat every 5th retry.
I20260713 09:08:01.559764 17627 raft_consensus.cc:1275] T d060a311cfee4a78867ed0dc88aed951 P 9be5f1933ee34496a7a0690641b808d7 [term 1 FOLLOWER]: Refusing update from remote peer a8618f735bf045cf9a682af02b1770ab: Log matching property violated. Preceding OpId in replica: term: 1 index: 1. Preceding OpId from leader: term: 1 index: 2. (index mismatch)
I20260713 09:08:01.561245 18077 consensus_queue.cc:1048] T d060a311cfee4a78867ed0dc88aed951 P a8618f735bf045cf9a682af02b1770ab [LEADER]: Connected to new peer: Peer: permanent_uuid: "9be5f1933ee34496a7a0690641b808d7" member_type: VOTER last_known_addr { host: "127.15.254.131" port: 45355 } attrs { replace: true }, Status: LMP_MISMATCH, Last received: 0.0, Next index: 2, Last known committed idx: 1, Time since last communication: 0.000s
I20260713 09:08:01.563280 17553 raft_consensus.cc:1275] T d060a311cfee4a78867ed0dc88aed951 P 4b0f15328c4848b797cf7d15ddb0a003 [term 1 FOLLOWER]: Refusing update from remote peer a8618f735bf045cf9a682af02b1770ab: Log matching property violated. Preceding OpId in replica: term: 1 index: 1. Preceding OpId from leader: term: 1 index: 2. (index mismatch)
I20260713 09:08:01.564591 18077 consensus_queue.cc:1048] T d060a311cfee4a78867ed0dc88aed951 P a8618f735bf045cf9a682af02b1770ab [LEADER]: Connected to new peer: Peer: permanent_uuid: "4b0f15328c4848b797cf7d15ddb0a003" member_type: VOTER last_known_addr { host: "127.15.254.130" port: 39185 }, Status: LMP_MISMATCH, Last received: 0.0, Next index: 2, Last known committed idx: 1, Time since last communication: 0.000s
I20260713 09:08:01.569128 18079 raft_consensus.cc:2955] T d060a311cfee4a78867ed0dc88aed951 P a8618f735bf045cf9a682af02b1770ab [term 1 LEADER]: Committing config change with OpId 1.2: config changed from index -1 to 2, NON_VOTER 2b712911b53742618f411d2d1c7904ea (127.15.254.132) added. New config: { opid_index: 2 OBSOLETE_local: false peers { permanent_uuid: "a8618f735bf045cf9a682af02b1770ab" member_type: VOTER last_known_addr { host: "127.15.254.129" port: 41649 } } peers { permanent_uuid: "4b0f15328c4848b797cf7d15ddb0a003" member_type: VOTER last_known_addr { host: "127.15.254.130" port: 39185 } } peers { permanent_uuid: "9be5f1933ee34496a7a0690641b808d7" member_type: VOTER last_known_addr { host: "127.15.254.131" port: 45355 } attrs { replace: true } } peers { permanent_uuid: "2b712911b53742618f411d2d1c7904ea" member_type: NON_VOTER last_known_addr { host: "127.15.254.132" port: 42193 } attrs { promote: true } } }
I20260713 09:08:01.571640 17627 raft_consensus.cc:2955] T d060a311cfee4a78867ed0dc88aed951 P 9be5f1933ee34496a7a0690641b808d7 [term 1 FOLLOWER]: Committing config change with OpId 1.2: config changed from index -1 to 2, NON_VOTER 2b712911b53742618f411d2d1c7904ea (127.15.254.132) added. New config: { opid_index: 2 OBSOLETE_local: false peers { permanent_uuid: "a8618f735bf045cf9a682af02b1770ab" member_type: VOTER last_known_addr { host: "127.15.254.129" port: 41649 } } peers { permanent_uuid: "4b0f15328c4848b797cf7d15ddb0a003" member_type: VOTER last_known_addr { host: "127.15.254.130" port: 39185 } } peers { permanent_uuid: "9be5f1933ee34496a7a0690641b808d7" member_type: VOTER last_known_addr { host: "127.15.254.131" port: 45355 } attrs { replace: true } } peers { permanent_uuid: "2b712911b53742618f411d2d1c7904ea" member_type: NON_VOTER last_known_addr { host: "127.15.254.132" port: 42193 } attrs { promote: true } } }
I20260713 09:08:01.573230 17553 raft_consensus.cc:2955] T d060a311cfee4a78867ed0dc88aed951 P 4b0f15328c4848b797cf7d15ddb0a003 [term 1 FOLLOWER]: Committing config change with OpId 1.2: config changed from index -1 to 2, NON_VOTER 2b712911b53742618f411d2d1c7904ea (127.15.254.132) added. New config: { opid_index: 2 OBSOLETE_local: false peers { permanent_uuid: "a8618f735bf045cf9a682af02b1770ab" member_type: VOTER last_known_addr { host: "127.15.254.129" port: 41649 } } peers { permanent_uuid: "4b0f15328c4848b797cf7d15ddb0a003" member_type: VOTER last_known_addr { host: "127.15.254.130" port: 39185 } } peers { permanent_uuid: "9be5f1933ee34496a7a0690641b808d7" member_type: VOTER last_known_addr { host: "127.15.254.131" port: 45355 } attrs { replace: true } } peers { permanent_uuid: "2b712911b53742618f411d2d1c7904ea" member_type: NON_VOTER last_known_addr { host: "127.15.254.132" port: 42193 } attrs { promote: true } } }
I20260713 09:08:01.588198 17372 catalog_manager.cc:5697] T d060a311cfee4a78867ed0dc88aed951 P 4b0f15328c4848b797cf7d15ddb0a003 reported cstate change: config changed from index -1 to 2, NON_VOTER 2b712911b53742618f411d2d1c7904ea (127.15.254.132) added. New cstate: current_term: 1 leader_uuid: "a8618f735bf045cf9a682af02b1770ab" committed_config { opid_index: 2 OBSOLETE_local: false peers { permanent_uuid: "a8618f735bf045cf9a682af02b1770ab" member_type: VOTER last_known_addr { host: "127.15.254.129" port: 41649 } } peers { permanent_uuid: "4b0f15328c4848b797cf7d15ddb0a003" member_type: VOTER last_known_addr { host: "127.15.254.130" port: 39185 } } peers { permanent_uuid: "9be5f1933ee34496a7a0690641b808d7" member_type: VOTER last_known_addr { host: "127.15.254.131" port: 45355 } attrs { replace: true } } peers { permanent_uuid: "2b712911b53742618f411d2d1c7904ea" member_type: NON_VOTER last_known_addr { host: "127.15.254.132" port: 42193 } attrs { promote: true } } }
I20260713 09:08:01.598353 17478 consensus_queue.cc:237] T 485986f42e34410792bfc63c3c22c561 P a8618f735bf045cf9a682af02b1770ab [LEADER]: Queue going to LEADER mode. State: All replicated index: 0, Majority replicated index: 1, Committed index: 1, Last appended: 1.1, Last appended by leader: 0, Current term: 1, Majority size: 2, State: 0, Mode: LEADER, active raft config: opid_index: 2 OBSOLETE_local: false peers { permanent_uuid: "a8618f735bf045cf9a682af02b1770ab" member_type: VOTER last_known_addr { host: "127.15.254.129" port: 41649 } } peers { permanent_uuid: "4b0f15328c4848b797cf7d15ddb0a003" member_type: VOTER last_known_addr { host: "127.15.254.130" port: 39185 } attrs { replace: true } } peers { permanent_uuid: "9be5f1933ee34496a7a0690641b808d7" member_type: VOTER last_known_addr { host: "127.15.254.131" port: 45355 } } peers { permanent_uuid: "2b712911b53742618f411d2d1c7904ea" member_type: NON_VOTER last_known_addr { host: "127.15.254.132" port: 42193 } attrs { promote: true } }
W20260713 09:08:01.605186 17441 consensus_peers.cc:597] T 485986f42e34410792bfc63c3c22c561 P a8618f735bf045cf9a682af02b1770ab -> Peer 2b712911b53742618f411d2d1c7904ea (127.15.254.132:42193): Couldn't send request to peer 2b712911b53742618f411d2d1c7904ea. Error code: TABLET_NOT_FOUND (6). Status: Not found: Tablet not found: 485986f42e34410792bfc63c3c22c561. This is attempt 1: this message will repeat every 5th retry.
I20260713 09:08:01.605921 17553 raft_consensus.cc:1275] T 485986f42e34410792bfc63c3c22c561 P 4b0f15328c4848b797cf7d15ddb0a003 [term 1 FOLLOWER]: Refusing update from remote peer a8618f735bf045cf9a682af02b1770ab: Log matching property violated. Preceding OpId in replica: term: 1 index: 1. Preceding OpId from leader: term: 1 index: 2. (index mismatch)
I20260713 09:08:01.607182 18161 consensus_queue.cc:1048] T 485986f42e34410792bfc63c3c22c561 P a8618f735bf045cf9a682af02b1770ab [LEADER]: Connected to new peer: Peer: permanent_uuid: "4b0f15328c4848b797cf7d15ddb0a003" member_type: VOTER last_known_addr { host: "127.15.254.130" port: 39185 } attrs { replace: true }, Status: LMP_MISMATCH, Last received: 0.0, Next index: 2, Last known committed idx: 1, Time since last communication: 0.000s
I20260713 09:08:01.607430 17627 raft_consensus.cc:1275] T 485986f42e34410792bfc63c3c22c561 P 9be5f1933ee34496a7a0690641b808d7 [term 1 FOLLOWER]: Refusing update from remote peer a8618f735bf045cf9a682af02b1770ab: Log matching property violated. Preceding OpId in replica: term: 1 index: 1. Preceding OpId from leader: term: 1 index: 2. (index mismatch)
I20260713 09:08:01.608777 18161 consensus_queue.cc:1048] T 485986f42e34410792bfc63c3c22c561 P a8618f735bf045cf9a682af02b1770ab [LEADER]: Connected to new peer: Peer: permanent_uuid: "9be5f1933ee34496a7a0690641b808d7" member_type: VOTER last_known_addr { host: "127.15.254.131" port: 45355 }, Status: LMP_MISMATCH, Last received: 0.0, Next index: 2, Last known committed idx: 1, Time since last communication: 0.000s
I20260713 09:08:01.614562 18077 raft_consensus.cc:2955] T 485986f42e34410792bfc63c3c22c561 P a8618f735bf045cf9a682af02b1770ab [term 1 LEADER]: Committing config change with OpId 1.2: config changed from index -1 to 2, NON_VOTER 2b712911b53742618f411d2d1c7904ea (127.15.254.132) added. New config: { opid_index: 2 OBSOLETE_local: false peers { permanent_uuid: "a8618f735bf045cf9a682af02b1770ab" member_type: VOTER last_known_addr { host: "127.15.254.129" port: 41649 } } peers { permanent_uuid: "4b0f15328c4848b797cf7d15ddb0a003" member_type: VOTER last_known_addr { host: "127.15.254.130" port: 39185 } attrs { replace: true } } peers { permanent_uuid: "9be5f1933ee34496a7a0690641b808d7" member_type: VOTER last_known_addr { host: "127.15.254.131" port: 45355 } } peers { permanent_uuid: "2b712911b53742618f411d2d1c7904ea" member_type: NON_VOTER last_known_addr { host: "127.15.254.132" port: 42193 } attrs { promote: true } } }
I20260713 09:08:01.616076 17553 raft_consensus.cc:2955] T 485986f42e34410792bfc63c3c22c561 P 4b0f15328c4848b797cf7d15ddb0a003 [term 1 FOLLOWER]: Committing config change with OpId 1.2: config changed from index -1 to 2, NON_VOTER 2b712911b53742618f411d2d1c7904ea (127.15.254.132) added. New config: { opid_index: 2 OBSOLETE_local: false peers { permanent_uuid: "a8618f735bf045cf9a682af02b1770ab" member_type: VOTER last_known_addr { host: "127.15.254.129" port: 41649 } } peers { permanent_uuid: "4b0f15328c4848b797cf7d15ddb0a003" member_type: VOTER last_known_addr { host: "127.15.254.130" port: 39185 } attrs { replace: true } } peers { permanent_uuid: "9be5f1933ee34496a7a0690641b808d7" member_type: VOTER last_known_addr { host: "127.15.254.131" port: 45355 } } peers { permanent_uuid: "2b712911b53742618f411d2d1c7904ea" member_type: NON_VOTER last_known_addr { host: "127.15.254.132" port: 42193 } attrs { promote: true } } }
I20260713 09:08:01.626283 17622 raft_consensus.cc:2955] T 485986f42e34410792bfc63c3c22c561 P 9be5f1933ee34496a7a0690641b808d7 [term 1 FOLLOWER]: Committing config change with OpId 1.2: config changed from index -1 to 2, NON_VOTER 2b712911b53742618f411d2d1c7904ea (127.15.254.132) added. New config: { opid_index: 2 OBSOLETE_local: false peers { permanent_uuid: "a8618f735bf045cf9a682af02b1770ab" member_type: VOTER last_known_addr { host: "127.15.254.129" port: 41649 } } peers { permanent_uuid: "4b0f15328c4848b797cf7d15ddb0a003" member_type: VOTER last_known_addr { host: "127.15.254.130" port: 39185 } attrs { replace: true } } peers { permanent_uuid: "9be5f1933ee34496a7a0690641b808d7" member_type: VOTER last_known_addr { host: "127.15.254.131" port: 45355 } } peers { permanent_uuid: "2b712911b53742618f411d2d1c7904ea" member_type: NON_VOTER last_known_addr { host: "127.15.254.132" port: 42193 } attrs { promote: true } } }
I20260713 09:08:01.626477 17372 catalog_manager.cc:5697] T 485986f42e34410792bfc63c3c22c561 P 4b0f15328c4848b797cf7d15ddb0a003 reported cstate change: config changed from index -1 to 2, NON_VOTER 2b712911b53742618f411d2d1c7904ea (127.15.254.132) added. New cstate: current_term: 1 leader_uuid: "a8618f735bf045cf9a682af02b1770ab" committed_config { opid_index: 2 OBSOLETE_local: false peers { permanent_uuid: "a8618f735bf045cf9a682af02b1770ab" member_type: VOTER last_known_addr { host: "127.15.254.129" port: 41649 } } peers { permanent_uuid: "4b0f15328c4848b797cf7d15ddb0a003" member_type: VOTER last_known_addr { host: "127.15.254.130" port: 39185 } attrs { replace: true } } peers { permanent_uuid: "9be5f1933ee34496a7a0690641b808d7" member_type: VOTER last_known_addr { host: "127.15.254.131" port: 45355 } } peers { permanent_uuid: "2b712911b53742618f411d2d1c7904ea" member_type: NON_VOTER last_known_addr { host: "127.15.254.132" port: 42193 } attrs { promote: true } } }
I20260713 09:08:01.630553 17623 consensus_queue.cc:237] T 036d9e116b914765953c3ae14665492e P 9be5f1933ee34496a7a0690641b808d7 [LEADER]: Queue going to LEADER mode. State: All replicated index: 0, Majority replicated index: 1, Committed index: 1, Last appended: 1.1, Last appended by leader: 0, Current term: 1, Majority size: 2, State: 0, Mode: LEADER, active raft config: opid_index: 2 OBSOLETE_local: false peers { permanent_uuid: "a8618f735bf045cf9a682af02b1770ab" member_type: VOTER last_known_addr { host: "127.15.254.129" port: 41649 } attrs { replace: true } } peers { permanent_uuid: "4b0f15328c4848b797cf7d15ddb0a003" member_type: VOTER last_known_addr { host: "127.15.254.130" port: 39185 } } peers { permanent_uuid: "9be5f1933ee34496a7a0690641b808d7" member_type: VOTER last_known_addr { host: "127.15.254.131" port: 45355 } } peers { permanent_uuid: "2b712911b53742618f411d2d1c7904ea" member_type: NON_VOTER last_known_addr { host: "127.15.254.132" port: 42193 } attrs { promote: true } }
W20260713 09:08:01.639284 17590 consensus_peers.cc:597] T 036d9e116b914765953c3ae14665492e P 9be5f1933ee34496a7a0690641b808d7 -> Peer 2b712911b53742618f411d2d1c7904ea (127.15.254.132:42193): Couldn't send request to peer 2b712911b53742618f411d2d1c7904ea. Error code: TABLET_NOT_FOUND (6). Status: Not found: Tablet not found: 036d9e116b914765953c3ae14665492e. This is attempt 1: this message will repeat every 5th retry.
I20260713 09:08:01.640599 17478 raft_consensus.cc:1275] T 036d9e116b914765953c3ae14665492e P a8618f735bf045cf9a682af02b1770ab [term 1 FOLLOWER]: Refusing update from remote peer 9be5f1933ee34496a7a0690641b808d7: Log matching property violated. Preceding OpId in replica: term: 1 index: 1. Preceding OpId from leader: term: 1 index: 2. (index mismatch)
I20260713 09:08:01.641233 17553 raft_consensus.cc:1275] T 036d9e116b914765953c3ae14665492e P 4b0f15328c4848b797cf7d15ddb0a003 [term 1 FOLLOWER]: Refusing update from remote peer 9be5f1933ee34496a7a0690641b808d7: Log matching property violated. Preceding OpId in replica: term: 1 index: 1. Preceding OpId from leader: term: 1 index: 2. (index mismatch)
I20260713 09:08:01.641630 18150 consensus_queue.cc:1048] T 036d9e116b914765953c3ae14665492e P 9be5f1933ee34496a7a0690641b808d7 [LEADER]: Connected to new peer: Peer: permanent_uuid: "a8618f735bf045cf9a682af02b1770ab" member_type: VOTER last_known_addr { host: "127.15.254.129" port: 41649 } attrs { replace: true }, Status: LMP_MISMATCH, Last received: 0.0, Next index: 2, Last known committed idx: 1, Time since last communication: 0.000s
I20260713 09:08:01.642366 18140 consensus_queue.cc:1048] T 036d9e116b914765953c3ae14665492e P 9be5f1933ee34496a7a0690641b808d7 [LEADER]: Connected to new peer: Peer: permanent_uuid: "4b0f15328c4848b797cf7d15ddb0a003" member_type: VOTER last_known_addr { host: "127.15.254.130" port: 39185 }, Status: LMP_MISMATCH, Last received: 0.0, Next index: 2, Last known committed idx: 1, Time since last communication: 0.000s
I20260713 09:08:01.649062 18150 raft_consensus.cc:2955] T 036d9e116b914765953c3ae14665492e P 9be5f1933ee34496a7a0690641b808d7 [term 1 LEADER]: Committing config change with OpId 1.2: config changed from index -1 to 2, NON_VOTER 2b712911b53742618f411d2d1c7904ea (127.15.254.132) added. New config: { opid_index: 2 OBSOLETE_local: false peers { permanent_uuid: "a8618f735bf045cf9a682af02b1770ab" member_type: VOTER last_known_addr { host: "127.15.254.129" port: 41649 } attrs { replace: true } } peers { permanent_uuid: "4b0f15328c4848b797cf7d15ddb0a003" member_type: VOTER last_known_addr { host: "127.15.254.130" port: 39185 } } peers { permanent_uuid: "9be5f1933ee34496a7a0690641b808d7" member_type: VOTER last_known_addr { host: "127.15.254.131" port: 45355 } } peers { permanent_uuid: "2b712911b53742618f411d2d1c7904ea" member_type: NON_VOTER last_known_addr { host: "127.15.254.132" port: 42193 } attrs { promote: true } } }
I20260713 09:08:01.650553 17478 raft_consensus.cc:2955] T 036d9e116b914765953c3ae14665492e P a8618f735bf045cf9a682af02b1770ab [term 1 FOLLOWER]: Committing config change with OpId 1.2: config changed from index -1 to 2, NON_VOTER 2b712911b53742618f411d2d1c7904ea (127.15.254.132) added. New config: { opid_index: 2 OBSOLETE_local: false peers { permanent_uuid: "a8618f735bf045cf9a682af02b1770ab" member_type: VOTER last_known_addr { host: "127.15.254.129" port: 41649 } attrs { replace: true } } peers { permanent_uuid: "4b0f15328c4848b797cf7d15ddb0a003" member_type: VOTER last_known_addr { host: "127.15.254.130" port: 39185 } } peers { permanent_uuid: "9be5f1933ee34496a7a0690641b808d7" member_type: VOTER last_known_addr { host: "127.15.254.131" port: 45355 } } peers { permanent_uuid: "2b712911b53742618f411d2d1c7904ea" member_type: NON_VOTER last_known_addr { host: "127.15.254.132" port: 42193 } attrs { promote: true } } }
I20260713 09:08:01.654557 17553 raft_consensus.cc:2955] T 036d9e116b914765953c3ae14665492e P 4b0f15328c4848b797cf7d15ddb0a003 [term 1 FOLLOWER]: Committing config change with OpId 1.2: config changed from index -1 to 2, NON_VOTER 2b712911b53742618f411d2d1c7904ea (127.15.254.132) added. New config: { opid_index: 2 OBSOLETE_local: false peers { permanent_uuid: "a8618f735bf045cf9a682af02b1770ab" member_type: VOTER last_known_addr { host: "127.15.254.129" port: 41649 } attrs { replace: true } } peers { permanent_uuid: "4b0f15328c4848b797cf7d15ddb0a003" member_type: VOTER last_known_addr { host: "127.15.254.130" port: 39185 } } peers { permanent_uuid: "9be5f1933ee34496a7a0690641b808d7" member_type: VOTER last_known_addr { host: "127.15.254.131" port: 45355 } } peers { permanent_uuid: "2b712911b53742618f411d2d1c7904ea" member_type: NON_VOTER last_known_addr { host: "127.15.254.132" port: 42193 } attrs { promote: true } } }
I20260713 09:08:01.663215 17372 catalog_manager.cc:5697] T 036d9e116b914765953c3ae14665492e P a8618f735bf045cf9a682af02b1770ab reported cstate change: config changed from index -1 to 2, NON_VOTER 2b712911b53742618f411d2d1c7904ea (127.15.254.132) added. New cstate: current_term: 1 leader_uuid: "9be5f1933ee34496a7a0690641b808d7" committed_config { opid_index: 2 OBSOLETE_local: false peers { permanent_uuid: "a8618f735bf045cf9a682af02b1770ab" member_type: VOTER last_known_addr { host: "127.15.254.129" port: 41649 } attrs { replace: true } } peers { permanent_uuid: "4b0f15328c4848b797cf7d15ddb0a003" member_type: VOTER last_known_addr { host: "127.15.254.130" port: 39185 } } peers { permanent_uuid: "9be5f1933ee34496a7a0690641b808d7" member_type: VOTER last_known_addr { host: "127.15.254.131" port: 45355 } } peers { permanent_uuid: "2b712911b53742618f411d2d1c7904ea" member_type: NON_VOTER last_known_addr { host: "127.15.254.132" port: 42193 } attrs { promote: true } } }
I20260713 09:08:02.054757 18168 ts_tablet_manager.cc:933] T d060a311cfee4a78867ed0dc88aed951 P 2b712911b53742618f411d2d1c7904ea: Initiating tablet copy from peer a8618f735bf045cf9a682af02b1770ab (127.15.254.129:41649)
I20260713 09:08:02.056370 18168 tablet_copy_client.cc:323] T d060a311cfee4a78867ed0dc88aed951 P 2b712911b53742618f411d2d1c7904ea: tablet copy: Beginning tablet copy session from remote peer at address 127.15.254.129:41649
I20260713 09:08:02.057660 17488 tablet_copy_service.cc:140] P a8618f735bf045cf9a682af02b1770ab: Received BeginTabletCopySession request for tablet d060a311cfee4a78867ed0dc88aed951 from peer 2b712911b53742618f411d2d1c7904ea ({username='slave'} at 127.0.0.1:52578)
I20260713 09:08:02.058054 17488 tablet_copy_service.cc:161] P a8618f735bf045cf9a682af02b1770ab: Beginning new tablet copy session on tablet d060a311cfee4a78867ed0dc88aed951 from peer 2b712911b53742618f411d2d1c7904ea at {username='slave'} at 127.0.0.1:52578: session id = 2b712911b53742618f411d2d1c7904ea-d060a311cfee4a78867ed0dc88aed951
I20260713 09:08:02.062479 17488 tablet_copy_source_session.cc:215] T d060a311cfee4a78867ed0dc88aed951 P a8618f735bf045cf9a682af02b1770ab: Tablet Copy: opened 0 blocks and 1 log segments
I20260713 09:08:02.064714 18168 data_dirs.cc:400] Could only allocate 1 dirs of requested 3 for tablet d060a311cfee4a78867ed0dc88aed951. 1 dirs total, 0 dirs full, 0 dirs failed
I20260713 09:08:02.074669 18168 tablet_copy_client.cc:806] T d060a311cfee4a78867ed0dc88aed951 P 2b712911b53742618f411d2d1c7904ea: tablet copy: Starting download of 0 data blocks...
I20260713 09:08:02.075146 18168 tablet_copy_client.cc:670] T d060a311cfee4a78867ed0dc88aed951 P 2b712911b53742618f411d2d1c7904ea: tablet copy: Starting download of 1 WAL segments...
I20260713 09:08:02.077991 18168 tablet_copy_client.cc:538] T d060a311cfee4a78867ed0dc88aed951 P 2b712911b53742618f411d2d1c7904ea: tablet copy: Tablet Copy complete. Replacing tablet superblock.
I20260713 09:08:02.083551 18168 tablet_bootstrap.cc:492] T d060a311cfee4a78867ed0dc88aed951 P 2b712911b53742618f411d2d1c7904ea: Bootstrap starting.
I20260713 09:08:02.100839 18168 tablet_bootstrap.cc:492] T d060a311cfee4a78867ed0dc88aed951 P 2b712911b53742618f411d2d1c7904ea: Bootstrap replayed 1/1 log segments. Stats: ops{read=2 overwritten=0 applied=2 ignored=0} inserts{seen=0 ignored=0} mutations{seen=0 ignored=0} orphaned_commits=0. Pending: 0 replicates
I20260713 09:08:02.101655 18168 tablet_bootstrap.cc:492] T d060a311cfee4a78867ed0dc88aed951 P 2b712911b53742618f411d2d1c7904ea: Bootstrap complete.
I20260713 09:08:02.102259 18168 ts_tablet_manager.cc:1403] T d060a311cfee4a78867ed0dc88aed951 P 2b712911b53742618f411d2d1c7904ea: Time spent bootstrapping tablet: real 0.019s	user 0.015s	sys 0.004s
I20260713 09:08:02.105008 18168 raft_consensus.cc:359] T d060a311cfee4a78867ed0dc88aed951 P 2b712911b53742618f411d2d1c7904ea [term 1 LEARNER]: Replica starting. Triggering 0 pending ops. Active config: opid_index: 2 OBSOLETE_local: false peers { permanent_uuid: "a8618f735bf045cf9a682af02b1770ab" member_type: VOTER last_known_addr { host: "127.15.254.129" port: 41649 } } peers { permanent_uuid: "4b0f15328c4848b797cf7d15ddb0a003" member_type: VOTER last_known_addr { host: "127.15.254.130" port: 39185 } } peers { permanent_uuid: "9be5f1933ee34496a7a0690641b808d7" member_type: VOTER last_known_addr { host: "127.15.254.131" port: 45355 } attrs { replace: true } } peers { permanent_uuid: "2b712911b53742618f411d2d1c7904ea" member_type: NON_VOTER last_known_addr { host: "127.15.254.132" port: 42193 } attrs { promote: true } }
I20260713 09:08:02.105775 18168 raft_consensus.cc:740] T d060a311cfee4a78867ed0dc88aed951 P 2b712911b53742618f411d2d1c7904ea [term 1 LEARNER]: Becoming Follower/Learner. State: Replica: 2b712911b53742618f411d2d1c7904ea, State: Initialized, Role: LEARNER
I20260713 09:08:02.106372 18168 consensus_queue.cc:260] T d060a311cfee4a78867ed0dc88aed951 P 2b712911b53742618f411d2d1c7904ea [NON_LEADER]: Queue going to NON_LEADER mode. State: All replicated index: 0, Majority replicated index: 0, Committed index: 2, Last appended: 1.2, Last appended by leader: 2, Current term: 0, Majority size: -1, State: 0, Mode: NON_LEADER, active raft config: opid_index: 2 OBSOLETE_local: false peers { permanent_uuid: "a8618f735bf045cf9a682af02b1770ab" member_type: VOTER last_known_addr { host: "127.15.254.129" port: 41649 } } peers { permanent_uuid: "4b0f15328c4848b797cf7d15ddb0a003" member_type: VOTER last_known_addr { host: "127.15.254.130" port: 39185 } } peers { permanent_uuid: "9be5f1933ee34496a7a0690641b808d7" member_type: VOTER last_known_addr { host: "127.15.254.131" port: 45355 } attrs { replace: true } } peers { permanent_uuid: "2b712911b53742618f411d2d1c7904ea" member_type: NON_VOTER last_known_addr { host: "127.15.254.132" port: 42193 } attrs { promote: true } }
I20260713 09:08:02.109369 18168 ts_tablet_manager.cc:1434] T d060a311cfee4a78867ed0dc88aed951 P 2b712911b53742618f411d2d1c7904ea: Time spent starting tablet: real 0.007s	user 0.008s	sys 0.000s
I20260713 09:08:02.110945 17488 tablet_copy_service.cc:342] P a8618f735bf045cf9a682af02b1770ab: Request end of tablet copy session 2b712911b53742618f411d2d1c7904ea-d060a311cfee4a78867ed0dc88aed951 received from {username='slave'} at 127.0.0.1:52578
I20260713 09:08:02.111290 17488 tablet_copy_service.cc:434] P a8618f735bf045cf9a682af02b1770ab: ending tablet copy session 2b712911b53742618f411d2d1c7904ea-d060a311cfee4a78867ed0dc88aed951 on tablet d060a311cfee4a78867ed0dc88aed951 with peer 2b712911b53742618f411d2d1c7904ea
I20260713 09:08:02.124142 18168 ts_tablet_manager.cc:933] T 5b638726b5c344b4aa8ff29598d4fcd1 P 2b712911b53742618f411d2d1c7904ea: Initiating tablet copy from peer 9be5f1933ee34496a7a0690641b808d7 (127.15.254.131:45355)
I20260713 09:08:02.126271 18168 tablet_copy_client.cc:323] T 5b638726b5c344b4aa8ff29598d4fcd1 P 2b712911b53742618f411d2d1c7904ea: tablet copy: Beginning tablet copy session from remote peer at address 127.15.254.131:45355
I20260713 09:08:02.127558 17636 tablet_copy_service.cc:140] P 9be5f1933ee34496a7a0690641b808d7: Received BeginTabletCopySession request for tablet 5b638726b5c344b4aa8ff29598d4fcd1 from peer 2b712911b53742618f411d2d1c7904ea ({username='slave'} at 127.0.0.1:58454)
I20260713 09:08:02.128051 17636 tablet_copy_service.cc:161] P 9be5f1933ee34496a7a0690641b808d7: Beginning new tablet copy session on tablet 5b638726b5c344b4aa8ff29598d4fcd1 from peer 2b712911b53742618f411d2d1c7904ea at {username='slave'} at 127.0.0.1:58454: session id = 2b712911b53742618f411d2d1c7904ea-5b638726b5c344b4aa8ff29598d4fcd1
I20260713 09:08:02.135233 17636 tablet_copy_source_session.cc:215] T 5b638726b5c344b4aa8ff29598d4fcd1 P 9be5f1933ee34496a7a0690641b808d7: Tablet Copy: opened 0 blocks and 1 log segments
I20260713 09:08:02.137737 18168 data_dirs.cc:400] Could only allocate 1 dirs of requested 3 for tablet 5b638726b5c344b4aa8ff29598d4fcd1. 1 dirs total, 0 dirs full, 0 dirs failed
I20260713 09:08:02.148118 18168 tablet_copy_client.cc:806] T 5b638726b5c344b4aa8ff29598d4fcd1 P 2b712911b53742618f411d2d1c7904ea: tablet copy: Starting download of 0 data blocks...
I20260713 09:08:02.148608 18168 tablet_copy_client.cc:670] T 5b638726b5c344b4aa8ff29598d4fcd1 P 2b712911b53742618f411d2d1c7904ea: tablet copy: Starting download of 1 WAL segments...
I20260713 09:08:02.151623 18168 tablet_copy_client.cc:538] T 5b638726b5c344b4aa8ff29598d4fcd1 P 2b712911b53742618f411d2d1c7904ea: tablet copy: Tablet Copy complete. Replacing tablet superblock.
I20260713 09:08:02.158617 18168 tablet_bootstrap.cc:492] T 5b638726b5c344b4aa8ff29598d4fcd1 P 2b712911b53742618f411d2d1c7904ea: Bootstrap starting.
I20260713 09:08:02.175346 18168 tablet_bootstrap.cc:492] T 5b638726b5c344b4aa8ff29598d4fcd1 P 2b712911b53742618f411d2d1c7904ea: Bootstrap replayed 1/1 log segments. Stats: ops{read=2 overwritten=0 applied=2 ignored=0} inserts{seen=0 ignored=0} mutations{seen=0 ignored=0} orphaned_commits=0. Pending: 0 replicates
I20260713 09:08:02.175992 18168 tablet_bootstrap.cc:492] T 5b638726b5c344b4aa8ff29598d4fcd1 P 2b712911b53742618f411d2d1c7904ea: Bootstrap complete.
I20260713 09:08:02.176447 18168 ts_tablet_manager.cc:1403] T 5b638726b5c344b4aa8ff29598d4fcd1 P 2b712911b53742618f411d2d1c7904ea: Time spent bootstrapping tablet: real 0.019s	user 0.006s	sys 0.008s
I20260713 09:08:02.178885 18168 raft_consensus.cc:359] T 5b638726b5c344b4aa8ff29598d4fcd1 P 2b712911b53742618f411d2d1c7904ea [term 1 LEARNER]: Replica starting. Triggering 0 pending ops. Active config: opid_index: 2 OBSOLETE_local: false peers { permanent_uuid: "a8618f735bf045cf9a682af02b1770ab" member_type: VOTER last_known_addr { host: "127.15.254.129" port: 41649 } attrs { replace: true } } peers { permanent_uuid: "4b0f15328c4848b797cf7d15ddb0a003" member_type: VOTER last_known_addr { host: "127.15.254.130" port: 39185 } } peers { permanent_uuid: "9be5f1933ee34496a7a0690641b808d7" member_type: VOTER last_known_addr { host: "127.15.254.131" port: 45355 } } peers { permanent_uuid: "2b712911b53742618f411d2d1c7904ea" member_type: NON_VOTER last_known_addr { host: "127.15.254.132" port: 42193 } attrs { promote: true } }
I20260713 09:08:02.179489 18168 raft_consensus.cc:740] T 5b638726b5c344b4aa8ff29598d4fcd1 P 2b712911b53742618f411d2d1c7904ea [term 1 LEARNER]: Becoming Follower/Learner. State: Replica: 2b712911b53742618f411d2d1c7904ea, State: Initialized, Role: LEARNER
I20260713 09:08:02.179991 18168 consensus_queue.cc:260] T 5b638726b5c344b4aa8ff29598d4fcd1 P 2b712911b53742618f411d2d1c7904ea [NON_LEADER]: Queue going to NON_LEADER mode. State: All replicated index: 0, Majority replicated index: 0, Committed index: 2, Last appended: 1.2, Last appended by leader: 2, Current term: 0, Majority size: -1, State: 0, Mode: NON_LEADER, active raft config: opid_index: 2 OBSOLETE_local: false peers { permanent_uuid: "a8618f735bf045cf9a682af02b1770ab" member_type: VOTER last_known_addr { host: "127.15.254.129" port: 41649 } attrs { replace: true } } peers { permanent_uuid: "4b0f15328c4848b797cf7d15ddb0a003" member_type: VOTER last_known_addr { host: "127.15.254.130" port: 39185 } } peers { permanent_uuid: "9be5f1933ee34496a7a0690641b808d7" member_type: VOTER last_known_addr { host: "127.15.254.131" port: 45355 } } peers { permanent_uuid: "2b712911b53742618f411d2d1c7904ea" member_type: NON_VOTER last_known_addr { host: "127.15.254.132" port: 42193 } attrs { promote: true } }
I20260713 09:08:02.184028 18168 ts_tablet_manager.cc:1434] T 5b638726b5c344b4aa8ff29598d4fcd1 P 2b712911b53742618f411d2d1c7904ea: Time spent starting tablet: real 0.007s	user 0.008s	sys 0.000s
I20260713 09:08:02.185819 17636 tablet_copy_service.cc:342] P 9be5f1933ee34496a7a0690641b808d7: Request end of tablet copy session 2b712911b53742618f411d2d1c7904ea-5b638726b5c344b4aa8ff29598d4fcd1 received from {username='slave'} at 127.0.0.1:58454
I20260713 09:08:02.186195 17636 tablet_copy_service.cc:434] P 9be5f1933ee34496a7a0690641b808d7: ending tablet copy session 2b712911b53742618f411d2d1c7904ea-5b638726b5c344b4aa8ff29598d4fcd1 on tablet 5b638726b5c344b4aa8ff29598d4fcd1 with peer 2b712911b53742618f411d2d1c7904ea
I20260713 09:08:02.190163 18168 ts_tablet_manager.cc:933] T 036d9e116b914765953c3ae14665492e P 2b712911b53742618f411d2d1c7904ea: Initiating tablet copy from peer 9be5f1933ee34496a7a0690641b808d7 (127.15.254.131:45355)
I20260713 09:08:02.191716 18168 tablet_copy_client.cc:323] T 036d9e116b914765953c3ae14665492e P 2b712911b53742618f411d2d1c7904ea: tablet copy: Beginning tablet copy session from remote peer at address 127.15.254.131:45355
I20260713 09:08:02.193166 17636 tablet_copy_service.cc:140] P 9be5f1933ee34496a7a0690641b808d7: Received BeginTabletCopySession request for tablet 036d9e116b914765953c3ae14665492e from peer 2b712911b53742618f411d2d1c7904ea ({username='slave'} at 127.0.0.1:58454)
I20260713 09:08:02.193681 17636 tablet_copy_service.cc:161] P 9be5f1933ee34496a7a0690641b808d7: Beginning new tablet copy session on tablet 036d9e116b914765953c3ae14665492e from peer 2b712911b53742618f411d2d1c7904ea at {username='slave'} at 127.0.0.1:58454: session id = 2b712911b53742618f411d2d1c7904ea-036d9e116b914765953c3ae14665492e
I20260713 09:08:02.200989 17636 tablet_copy_source_session.cc:215] T 036d9e116b914765953c3ae14665492e P 9be5f1933ee34496a7a0690641b808d7: Tablet Copy: opened 0 blocks and 1 log segments
I20260713 09:08:02.203507 18168 data_dirs.cc:400] Could only allocate 1 dirs of requested 3 for tablet 036d9e116b914765953c3ae14665492e. 1 dirs total, 0 dirs full, 0 dirs failed
I20260713 09:08:02.205794 18175 ts_tablet_manager.cc:933] T 485986f42e34410792bfc63c3c22c561 P 2b712911b53742618f411d2d1c7904ea: Initiating tablet copy from peer a8618f735bf045cf9a682af02b1770ab (127.15.254.129:41649)
I20260713 09:08:02.212227 18175 tablet_copy_client.cc:323] T 485986f42e34410792bfc63c3c22c561 P 2b712911b53742618f411d2d1c7904ea: tablet copy: Beginning tablet copy session from remote peer at address 127.15.254.129:41649
I20260713 09:08:02.213972 17488 tablet_copy_service.cc:140] P a8618f735bf045cf9a682af02b1770ab: Received BeginTabletCopySession request for tablet 485986f42e34410792bfc63c3c22c561 from peer 2b712911b53742618f411d2d1c7904ea ({username='slave'} at 127.0.0.1:52578)
I20260713 09:08:02.214475 17488 tablet_copy_service.cc:161] P a8618f735bf045cf9a682af02b1770ab: Beginning new tablet copy session on tablet 485986f42e34410792bfc63c3c22c561 from peer 2b712911b53742618f411d2d1c7904ea at {username='slave'} at 127.0.0.1:52578: session id = 2b712911b53742618f411d2d1c7904ea-485986f42e34410792bfc63c3c22c561
I20260713 09:08:02.216339 18168 tablet_copy_client.cc:806] T 036d9e116b914765953c3ae14665492e P 2b712911b53742618f411d2d1c7904ea: tablet copy: Starting download of 0 data blocks...
I20260713 09:08:02.216830 18168 tablet_copy_client.cc:670] T 036d9e116b914765953c3ae14665492e P 2b712911b53742618f411d2d1c7904ea: tablet copy: Starting download of 1 WAL segments...
I20260713 09:08:02.220399 18168 tablet_copy_client.cc:538] T 036d9e116b914765953c3ae14665492e P 2b712911b53742618f411d2d1c7904ea: tablet copy: Tablet Copy complete. Replacing tablet superblock.
