I20260713 09:00:24.228111  1829 raft_consensus.cc:493] T 06bf2bbb8e4a436ebf245ef02223acb8 P e5392a69366541b0b627f1c29c8c1199 [term 0 FOLLOWER]: Starting pre-election (no leader contacted us within the election timeout)
I20260713 09:00:24.220142  1787 raft_consensus.cc:697] T f129eb5c551b4a1a9759b0fc8ab2fac0 P e5392a69366541b0b627f1c29c8c1199 [term 1 LEADER]: Becoming Leader. State: Replica: e5392a69366541b0b627f1c29c8c1199, State: Running, Role: LEADER
I20260713 09:00:24.236217  1661 tablet_service.cc:1917] Received RequestConsensusVote() RPC: tablet_id: "f95ea7c3aaf44cf084c8eba3435296aa" candidate_uuid: "0baa4be1b8424d37828cc73805a2b3d9" candidate_term: 1 candidate_status { last_received { term: 0 index: 0 } } ignore_live_leader: false dest_uuid: "e5392a69366541b0b627f1c29c8c1199" is_pre_election: true
I20260713 09:00:24.235833  1829 raft_consensus.cc:515] T 06bf2bbb8e4a436ebf245ef02223acb8 P e5392a69366541b0b627f1c29c8c1199 [term 0 FOLLOWER]: Starting pre-election with config: opid_index: -1 OBSOLETE_local: false peers { permanent_uuid: "0baa4be1b8424d37828cc73805a2b3d9" member_type: VOTER last_known_addr { host: "127.0.107.193" port: 35883 } } peers { permanent_uuid: "e5392a69366541b0b627f1c29c8c1199" member_type: VOTER last_known_addr { host: "127.0.107.194" port: 37583 } } peers { permanent_uuid: "1165d2caa3804d6b91e956921d95d174" member_type: VOTER last_known_addr { host: "127.0.107.195" port: 46881 } }
I20260713 09:00:24.236599  1786 leader_election.cc:290] T 0346d766f4ee49b29823962dc22933a2 P 0baa4be1b8424d37828cc73805a2b3d9 [CANDIDATE]: Term 1 election: Requested vote from peers e5392a69366541b0b627f1c29c8c1199 (127.0.107.194:37583), 1165d2caa3804d6b91e956921d95d174 (127.0.107.195:46881)
I20260713 09:00:24.224926  1784 raft_consensus.cc:515] T 06bf2bbb8e4a436ebf245ef02223acb8 P 1165d2caa3804d6b91e956921d95d174 [term 0 FOLLOWER]: Starting pre-election with config: opid_index: -1 OBSOLETE_local: false peers { permanent_uuid: "0baa4be1b8424d37828cc73805a2b3d9" member_type: VOTER last_known_addr { host: "127.0.107.193" port: 35883 } } peers { permanent_uuid: "e5392a69366541b0b627f1c29c8c1199" member_type: VOTER last_known_addr { host: "127.0.107.194" port: 37583 } } peers { permanent_uuid: "1165d2caa3804d6b91e956921d95d174" member_type: VOTER last_known_addr { host: "127.0.107.195" port: 46881 } }
I20260713 09:00:24.237735  1787 consensus_queue.cc:237] T f129eb5c551b4a1a9759b0fc8ab2fac0 P e5392a69366541b0b627f1c29c8c1199 [LEADER]: Queue going to LEADER mode. State: All replicated index: 0, Majority replicated index: 0, Committed index: 0, Last appended: 0.0, Last appended by leader: 0, Current term: 1, Majority size: 2, State: 0, Mode: LEADER, active raft config: opid_index: -1 OBSOLETE_local: false peers { permanent_uuid: "0baa4be1b8424d37828cc73805a2b3d9" member_type: VOTER last_known_addr { host: "127.0.107.193" port: 35883 } } peers { permanent_uuid: "e5392a69366541b0b627f1c29c8c1199" member_type: VOTER last_known_addr { host: "127.0.107.194" port: 37583 } } peers { permanent_uuid: "1165d2caa3804d6b91e956921d95d174" member_type: VOTER last_known_addr { host: "127.0.107.195" port: 46881 } }
I20260713 09:00:24.240531  1829 leader_election.cc:290] T 06bf2bbb8e4a436ebf245ef02223acb8 P e5392a69366541b0b627f1c29c8c1199 [CANDIDATE]: Term 1 pre-election: Requested pre-vote from peers 0baa4be1b8424d37828cc73805a2b3d9 (127.0.107.193:35883), 1165d2caa3804d6b91e956921d95d174 (127.0.107.195:46881)
W20260713 09:00:24.240631  1554 leader_election.cc:343] T f95ea7c3aaf44cf084c8eba3435296aa P 0baa4be1b8424d37828cc73805a2b3d9 [CANDIDATE]: Term 1 pre-election: Tablet error from VoteRequest() call to peer e5392a69366541b0b627f1c29c8c1199 (127.0.107.194:37583): Illegal state: must be running to vote when last-logged opid is not known
I20260713 09:00:24.241557  1822 leader_election.cc:290] T d7d884586eb0489e8b4e631f0feacffd P 0baa4be1b8424d37828cc73805a2b3d9 [CANDIDATE]: Term 1 pre-election: Requested pre-vote from peers e5392a69366541b0b627f1c29c8c1199 (127.0.107.194:37583), 1165d2caa3804d6b91e956921d95d174 (127.0.107.195:46881)
I20260713 09:00:24.229555  1807 raft_consensus.cc:515] T fdc5757dff5d458386cd15bd64400873 P 1165d2caa3804d6b91e956921d95d174 [term 0 FOLLOWER]: Starting pre-election with config: opid_index: -1 OBSOLETE_local: false peers { permanent_uuid: "0baa4be1b8424d37828cc73805a2b3d9" member_type: VOTER last_known_addr { host: "127.0.107.193" port: 35883 } } peers { permanent_uuid: "e5392a69366541b0b627f1c29c8c1199" member_type: VOTER last_known_addr { host: "127.0.107.194" port: 37583 } } peers { permanent_uuid: "1165d2caa3804d6b91e956921d95d174" member_type: VOTER last_known_addr { host: "127.0.107.195" port: 46881 } }
I20260713 09:00:24.244342  1858 consensus_queue.cc:1048] T 106e32ba1d0b4ba3a7d3401a23db27b9 P 1165d2caa3804d6b91e956921d95d174 [LEADER]: Connected to new peer: Peer: permanent_uuid: "e5392a69366541b0b627f1c29c8c1199" member_type: VOTER last_known_addr { host: "127.0.107.194" port: 37583 }, Status: LMP_MISMATCH, Last received: 0.0, Next index: 1, Last known committed idx: 0, Time since last communication: 0.001s
I20260713 09:00:24.246359  1807 leader_election.cc:290] T fdc5757dff5d458386cd15bd64400873 P 1165d2caa3804d6b91e956921d95d174 [CANDIDATE]: Term 1 pre-election: Requested pre-vote from peers 0baa4be1b8424d37828cc73805a2b3d9 (127.0.107.193:35883), e5392a69366541b0b627f1c29c8c1199 (127.0.107.194:37583)
I20260713 09:00:24.226431  1834 raft_consensus.cc:2749] T 1e1359bd397c4086900937f5021c36cf P e5392a69366541b0b627f1c29c8c1199 [term 1 FOLLOWER]: Leader pre-election lost for term 1. Reason: could not achieve majority
I20260713 09:00:24.247907  1554 leader_election.cc:304] T 0346d766f4ee49b29823962dc22933a2 P 0baa4be1b8424d37828cc73805a2b3d9 [CANDIDATE]: Term 1 election: Election decided. Result: candidate won. Election summary: received 2 responses out of 3 voters: 2 yes votes; 0 no votes. yes voters: 0baa4be1b8424d37828cc73805a2b3d9, e5392a69366541b0b627f1c29c8c1199; no voters: 
I20260713 09:00:24.253196  1823 consensus_queue.cc:1048] T 33a35ab47eac4e6880d15d824b7a9815 P 0baa4be1b8424d37828cc73805a2b3d9 [LEADER]: Connected to new peer: Peer: permanent_uuid: "e5392a69366541b0b627f1c29c8c1199" member_type: VOTER last_known_addr { host: "127.0.107.194" port: 37583 }, Status: LMP_MISMATCH, Last received: 0.0, Next index: 1, Last known committed idx: 0, Time since last communication: 0.001s
I20260713 09:00:24.256356  1736 tablet_service.cc:1917] Received RequestConsensusVote() RPC: tablet_id: "f95ea7c3aaf44cf084c8eba3435296aa" candidate_uuid: "0baa4be1b8424d37828cc73805a2b3d9" candidate_term: 1 candidate_status { last_received { term: 0 index: 0 } } ignore_live_leader: false dest_uuid: "1165d2caa3804d6b91e956921d95d174" is_pre_election: true
I20260713 09:00:24.257182  1738 tablet_service.cc:1917] Received RequestConsensusVote() RPC: tablet_id: "06bf2bbb8e4a436ebf245ef02223acb8" candidate_uuid: "e5392a69366541b0b627f1c29c8c1199" candidate_term: 1 candidate_status { last_received { term: 0 index: 0 } } ignore_live_leader: false dest_uuid: "1165d2caa3804d6b91e956921d95d174" is_pre_election: true
I20260713 09:00:24.258113  1738 raft_consensus.cc:2468] T 06bf2bbb8e4a436ebf245ef02223acb8 P 1165d2caa3804d6b91e956921d95d174 [term 0 FOLLOWER]: Leader pre-election vote request: Granting yes vote for candidate e5392a69366541b0b627f1c29c8c1199 in term 0.
I20260713 09:00:24.259634  1738 tablet_service.cc:1917] Received RequestConsensusVote() RPC: tablet_id: "0346d766f4ee49b29823962dc22933a2" candidate_uuid: "0baa4be1b8424d37828cc73805a2b3d9" candidate_term: 1 candidate_status { last_received { term: 0 index: 0 } } ignore_live_leader: false dest_uuid: "1165d2caa3804d6b91e956921d95d174"
I20260713 09:00:24.259850  1627 leader_election.cc:304] T 06bf2bbb8e4a436ebf245ef02223acb8 P e5392a69366541b0b627f1c29c8c1199 [CANDIDATE]: Term 1 pre-election: Election decided. Result: candidate won. Election summary: received 2 responses out of 3 voters: 2 yes votes; 0 no votes. yes voters: 1165d2caa3804d6b91e956921d95d174, e5392a69366541b0b627f1c29c8c1199; no voters: 
I20260713 09:00:24.260522  1738 raft_consensus.cc:3060] T 0346d766f4ee49b29823962dc22933a2 P 1165d2caa3804d6b91e956921d95d174 [term 0 FOLLOWER]: Advancing to term 1
I20260713 09:00:24.261327  1829 raft_consensus.cc:2804] T 06bf2bbb8e4a436ebf245ef02223acb8 P e5392a69366541b0b627f1c29c8c1199 [term 0 FOLLOWER]: Leader pre-election won for term 1
I20260713 09:00:24.261888  1829 raft_consensus.cc:493] T 06bf2bbb8e4a436ebf245ef02223acb8 P e5392a69366541b0b627f1c29c8c1199 [term 0 FOLLOWER]: Starting leader election (no leader contacted us within the election timeout)
I20260713 09:00:24.248917  1487 catalog_manager.cc:5697] T 431ad289cab04b64bd1dd9fbb38fd680 P e5392a69366541b0b627f1c29c8c1199 reported cstate change: term changed from 0 to 1, leader changed from <none> to e5392a69366541b0b627f1c29c8c1199 (127.0.107.194). New cstate: current_term: 1 leader_uuid: "e5392a69366541b0b627f1c29c8c1199" committed_config { opid_index: -1 OBSOLETE_local: false peers { permanent_uuid: "0baa4be1b8424d37828cc73805a2b3d9" member_type: VOTER last_known_addr { host: "127.0.107.193" port: 35883 } health_report { overall_health: UNKNOWN } } peers { permanent_uuid: "e5392a69366541b0b627f1c29c8c1199" member_type: VOTER last_known_addr { host: "127.0.107.194" port: 37583 } health_report { overall_health: HEALTHY } } peers { permanent_uuid: "1165d2caa3804d6b91e956921d95d174" member_type: VOTER last_known_addr { host: "127.0.107.195" port: 46881 } health_report { overall_health: UNKNOWN } } }
I20260713 09:00:24.262445  1829 raft_consensus.cc:3060] T 06bf2bbb8e4a436ebf245ef02223acb8 P e5392a69366541b0b627f1c29c8c1199 [term 0 FOLLOWER]: Advancing to term 1
I20260713 09:00:24.254158  1663 tablet_service.cc:1917] Received RequestConsensusVote() RPC: tablet_id: "d7d884586eb0489e8b4e631f0feacffd" candidate_uuid: "0baa4be1b8424d37828cc73805a2b3d9" candidate_term: 1 candidate_status { last_received { term: 0 index: 0 } } ignore_live_leader: false dest_uuid: "e5392a69366541b0b627f1c29c8c1199" is_pre_election: true
I20260713 09:00:24.275906  1779 tablet_bootstrap.cc:492] T 03b80ffb850f489083de8771075fdd7f P e5392a69366541b0b627f1c29c8c1199: No bootstrap required, opened a new log
I20260713 09:00:24.277072  1779 ts_tablet_manager.cc:1403] T 03b80ffb850f489083de8771075fdd7f P e5392a69366541b0b627f1c29c8c1199: Time spent bootstrapping tablet: real 0.256s	user 0.020s	sys 0.002s
I20260713 09:00:24.279675  1661 tablet_service.cc:1917] Received RequestConsensusVote() RPC: tablet_id: "fdc5757dff5d458386cd15bd64400873" candidate_uuid: "1165d2caa3804d6b91e956921d95d174" candidate_term: 1 candidate_status { last_received { term: 0 index: 0 } } ignore_live_leader: false dest_uuid: "e5392a69366541b0b627f1c29c8c1199" is_pre_election: true
W20260713 09:00:24.282505  1552 leader_election.cc:343] T 462d54f297f34b0587298f12fba2a2e3 P 0baa4be1b8424d37828cc73805a2b3d9 [CANDIDATE]: Term 1 pre-election: Tablet error from VoteRequest() call to peer 1165d2caa3804d6b91e956921d95d174 (127.0.107.195:46881): Illegal state: must be running to vote when last-logged opid is not known
I20260713 09:00:24.283186  1552 leader_election.cc:304] T 462d54f297f34b0587298f12fba2a2e3 P 0baa4be1b8424d37828cc73805a2b3d9 [CANDIDATE]: Term 1 pre-election: Election decided. Result: candidate lost. Election summary: received 3 responses out of 3 voters: 1 yes votes; 2 no votes. yes voters: 0baa4be1b8424d37828cc73805a2b3d9; no voters: 1165d2caa3804d6b91e956921d95d174, e5392a69366541b0b627f1c29c8c1199
W20260713 09:00:24.284785  1552 leader_election.cc:343] T f95ea7c3aaf44cf084c8eba3435296aa P 0baa4be1b8424d37828cc73805a2b3d9 [CANDIDATE]: Term 1 pre-election: Tablet error from VoteRequest() call to peer 1165d2caa3804d6b91e956921d95d174 (127.0.107.195:46881): Illegal state: must be running to vote when last-logged opid is not known
I20260713 09:00:24.266726  1784 leader_election.cc:290] T 06bf2bbb8e4a436ebf245ef02223acb8 P 1165d2caa3804d6b91e956921d95d174 [CANDIDATE]: Term 1 pre-election: Requested pre-vote from peers 0baa4be1b8424d37828cc73805a2b3d9 (127.0.107.193:35883), e5392a69366541b0b627f1c29c8c1199 (127.0.107.194:37583)
I20260713 09:00:24.279922  1822 raft_consensus.cc:2804] T 0346d766f4ee49b29823962dc22933a2 P 0baa4be1b8424d37828cc73805a2b3d9 [term 1 FOLLOWER]: Leader election won for term 1
I20260713 09:00:24.291852  1588 tablet_service.cc:1917] Received RequestConsensusVote() RPC: tablet_id: "06bf2bbb8e4a436ebf245ef02223acb8" candidate_uuid: "e5392a69366541b0b627f1c29c8c1199" candidate_term: 1 candidate_status { last_received { term: 0 index: 0 } } ignore_live_leader: false dest_uuid: "0baa4be1b8424d37828cc73805a2b3d9" is_pre_election: true
I20260713 09:00:24.311280  1780 raft_consensus.cc:359] T 11783b75a6af4d07ba164b291b40457e P 0baa4be1b8424d37828cc73805a2b3d9 [term 0 FOLLOWER]: Replica starting. Triggering 0 pending ops. Active config: opid_index: -1 OBSOLETE_local: false peers { permanent_uuid: "0baa4be1b8424d37828cc73805a2b3d9" member_type: VOTER last_known_addr { host: "127.0.107.193" port: 35883 } } peers { permanent_uuid: "e5392a69366541b0b627f1c29c8c1199" member_type: VOTER last_known_addr { host: "127.0.107.194" port: 37583 } } peers { permanent_uuid: "1165d2caa3804d6b91e956921d95d174" member_type: VOTER last_known_addr { host: "127.0.107.195" port: 46881 } }
W20260713 09:00:24.294871  1554 leader_election.cc:343] T d7d884586eb0489e8b4e631f0feacffd P 0baa4be1b8424d37828cc73805a2b3d9 [CANDIDATE]: Term 1 pre-election: Tablet error from VoteRequest() call to peer e5392a69366541b0b627f1c29c8c1199 (127.0.107.194:37583): Illegal state: must be running to vote when last-logged opid is not known
I20260713 09:00:24.301038  1737 tablet_service.cc:1917] Received RequestConsensusVote() RPC: tablet_id: "d7d884586eb0489e8b4e631f0feacffd" candidate_uuid: "0baa4be1b8424d37828cc73805a2b3d9" candidate_term: 1 candidate_status { last_received { term: 0 index: 0 } } ignore_live_leader: false dest_uuid: "1165d2caa3804d6b91e956921d95d174" is_pre_election: true
I20260713 09:00:24.288154  1779 raft_consensus.cc:359] T 03b80ffb850f489083de8771075fdd7f P e5392a69366541b0b627f1c29c8c1199 [term 0 FOLLOWER]: Replica starting. Triggering 0 pending ops. Active config: opid_index: -1 OBSOLETE_local: false peers { permanent_uuid: "0baa4be1b8424d37828cc73805a2b3d9" member_type: VOTER last_known_addr { host: "127.0.107.193" port: 35883 } } peers { permanent_uuid: "e5392a69366541b0b627f1c29c8c1199" member_type: VOTER last_known_addr { host: "127.0.107.194" port: 37583 } } peers { permanent_uuid: "1165d2caa3804d6b91e956921d95d174" member_type: VOTER last_known_addr { host: "127.0.107.195" port: 46881 } }
I20260713 09:00:24.301656  1807 consensus_queue.cc:1048] T 2c1ee763a4af4f399c14a6e69967ee22 P 1165d2caa3804d6b91e956921d95d174 [LEADER]: Connected to new peer: Peer: permanent_uuid: "0baa4be1b8424d37828cc73805a2b3d9" member_type: VOTER last_known_addr { host: "127.0.107.193" port: 35883 }, Status: LMP_MISMATCH, Last received: 0.0, Next index: 1, Last known committed idx: 0, Time since last communication: 0.002s
I20260713 09:00:24.302934  1552 leader_election.cc:304] T f95ea7c3aaf44cf084c8eba3435296aa P 0baa4be1b8424d37828cc73805a2b3d9 [CANDIDATE]: Term 1 pre-election: Election decided. Result: candidate lost. Election summary: received 3 responses out of 3 voters: 1 yes votes; 2 no votes. yes voters: 0baa4be1b8424d37828cc73805a2b3d9; no voters: 1165d2caa3804d6b91e956921d95d174, e5392a69366541b0b627f1c29c8c1199
I20260713 09:00:24.305325  1823 raft_consensus.cc:2749] T 462d54f297f34b0587298f12fba2a2e3 P 0baa4be1b8424d37828cc73805a2b3d9 [term 0 FOLLOWER]: Leader pre-election lost for term 1. Reason: could not achieve majority
I20260713 09:00:24.310767  1822 raft_consensus.cc:697] T 0346d766f4ee49b29823962dc22933a2 P 0baa4be1b8424d37828cc73805a2b3d9 [term 1 LEADER]: Becoming Leader. State: Replica: 0baa4be1b8424d37828cc73805a2b3d9, State: Running, Role: LEADER
I20260713 09:00:24.303287  1587 tablet_service.cc:1917] Received RequestConsensusVote() RPC: tablet_id: "fdc5757dff5d458386cd15bd64400873" candidate_uuid: "1165d2caa3804d6b91e956921d95d174" candidate_term: 1 candidate_status { last_received { term: 0 index: 0 } } ignore_live_leader: false dest_uuid: "0baa4be1b8424d37828cc73805a2b3d9" is_pre_election: true
I20260713 09:00:24.312103  1780 raft_consensus.cc:385] T 11783b75a6af4d07ba164b291b40457e P 0baa4be1b8424d37828cc73805a2b3d9 [term 0 FOLLOWER]: Consensus starting up: Expiring failure detector timer to make a prompt election more likely
I20260713 09:00:24.313126  1779 raft_consensus.cc:385] T 03b80ffb850f489083de8771075fdd7f P e5392a69366541b0b627f1c29c8c1199 [term 0 FOLLOWER]: Consensus starting up: Expiring failure detector timer to make a prompt election more likely
I20260713 09:00:24.316695  1853 raft_consensus.cc:493] T eb118480f86141c9a1d5b37b36e55d62 P e5392a69366541b0b627f1c29c8c1199 [term 0 FOLLOWER]: Starting pre-election (no leader contacted us within the election timeout)
I20260713 09:00:24.316910  1859 raft_consensus.cc:2749] T f95ea7c3aaf44cf084c8eba3435296aa P 0baa4be1b8424d37828cc73805a2b3d9 [term 0 FOLLOWER]: Leader pre-election lost for term 1. Reason: could not achieve majority
I20260713 09:00:24.320483  1779 raft_consensus.cc:740] T 03b80ffb850f489083de8771075fdd7f P e5392a69366541b0b627f1c29c8c1199 [term 0 FOLLOWER]: Becoming Follower/Learner. State: Replica: e5392a69366541b0b627f1c29c8c1199, State: Initialized, Role: FOLLOWER
I20260713 09:00:24.320483  1780 raft_consensus.cc:740] T 11783b75a6af4d07ba164b291b40457e P 0baa4be1b8424d37828cc73805a2b3d9 [term 0 FOLLOWER]: Becoming Follower/Learner. State: Replica: 0baa4be1b8424d37828cc73805a2b3d9, State: Initialized, Role: FOLLOWER
I20260713 09:00:24.330204  1779 consensus_queue.cc:260] T 03b80ffb850f489083de8771075fdd7f P e5392a69366541b0b627f1c29c8c1199 [NON_LEADER]: Queue going to NON_LEADER mode. State: All replicated index: 0, Majority replicated index: 0, Committed index: 0, Last appended: 0.0, Last appended by leader: 0, Current term: 0, Majority size: -1, State: 0, Mode: NON_LEADER, active raft config: opid_index: -1 OBSOLETE_local: false peers { permanent_uuid: "0baa4be1b8424d37828cc73805a2b3d9" member_type: VOTER last_known_addr { host: "127.0.107.193" port: 35883 } } peers { permanent_uuid: "e5392a69366541b0b627f1c29c8c1199" member_type: VOTER last_known_addr { host: "127.0.107.194" port: 37583 } } peers { permanent_uuid: "1165d2caa3804d6b91e956921d95d174" member_type: VOTER last_known_addr { host: "127.0.107.195" port: 46881 } }
I20260713 09:00:24.330911  1780 consensus_queue.cc:260] T 11783b75a6af4d07ba164b291b40457e P 0baa4be1b8424d37828cc73805a2b3d9 [NON_LEADER]: Queue going to NON_LEADER mode. State: All replicated index: 0, Majority replicated index: 0, Committed index: 0, Last appended: 0.0, Last appended by leader: 0, Current term: 0, Majority size: -1, State: 0, Mode: NON_LEADER, active raft config: opid_index: -1 OBSOLETE_local: false peers { permanent_uuid: "0baa4be1b8424d37828cc73805a2b3d9" member_type: VOTER last_known_addr { host: "127.0.107.193" port: 35883 } } peers { permanent_uuid: "e5392a69366541b0b627f1c29c8c1199" member_type: VOTER last_known_addr { host: "127.0.107.194" port: 37583 } } peers { permanent_uuid: "1165d2caa3804d6b91e956921d95d174" member_type: VOTER last_known_addr { host: "127.0.107.195" port: 46881 } }
I20260713 09:00:24.318141  1738 raft_consensus.cc:2468] T 0346d766f4ee49b29823962dc22933a2 P 1165d2caa3804d6b91e956921d95d174 [term 1 FOLLOWER]: Leader election vote request: Granting yes vote for candidate 0baa4be1b8424d37828cc73805a2b3d9 in term 1.
I20260713 09:00:24.335239  1780 ts_tablet_manager.cc:1434] T 11783b75a6af4d07ba164b291b40457e P 0baa4be1b8424d37828cc73805a2b3d9: Time spent starting tablet: real 0.118s	user 0.006s	sys 0.002s
I20260713 09:00:24.336699  1780 tablet_bootstrap.cc:492] T 62426be1c8324efa81f99e7a5ac8b244 P 0baa4be1b8424d37828cc73805a2b3d9: Bootstrap starting.
I20260713 09:00:24.333560  1587 raft_consensus.cc:2468] T fdc5757dff5d458386cd15bd64400873 P 0baa4be1b8424d37828cc73805a2b3d9 [term 0 FOLLOWER]: Leader pre-election vote request: Granting yes vote for candidate 1165d2caa3804d6b91e956921d95d174 in term 0.
I20260713 09:00:24.338666  1588 tablet_service.cc:1917] Received RequestConsensusVote() RPC: tablet_id: "06bf2bbb8e4a436ebf245ef02223acb8" candidate_uuid: "1165d2caa3804d6b91e956921d95d174" candidate_term: 1 candidate_status { last_received { term: 0 index: 0 } } ignore_live_leader: false dest_uuid: "0baa4be1b8424d37828cc73805a2b3d9" is_pre_election: true
I20260713 09:00:24.356099  1779 ts_tablet_manager.cc:1434] T 03b80ffb850f489083de8771075fdd7f P e5392a69366541b0b627f1c29c8c1199: Time spent starting tablet: real 0.078s	user 0.004s	sys 0.004s
I20260713 09:00:24.329942  1853 raft_consensus.cc:515] T eb118480f86141c9a1d5b37b36e55d62 P e5392a69366541b0b627f1c29c8c1199 [term 0 FOLLOWER]: Starting pre-election with config: opid_index: -1 OBSOLETE_local: false peers { permanent_uuid: "0baa4be1b8424d37828cc73805a2b3d9" member_type: VOTER last_known_addr { host: "127.0.107.193" port: 35883 } } peers { permanent_uuid: "e5392a69366541b0b627f1c29c8c1199" member_type: VOTER last_known_addr { host: "127.0.107.194" port: 37583 } } peers { permanent_uuid: "1165d2caa3804d6b91e956921d95d174" member_type: VOTER last_known_addr { host: "127.0.107.195" port: 46881 } }
I20260713 09:00:24.357631  1779 tablet_bootstrap.cc:492] T 1b2c5043a2b147498d71ede3d723951f P e5392a69366541b0b627f1c29c8c1199: Bootstrap starting.
W20260713 09:00:24.347326  1628 leader_election.cc:343] T 06bf2bbb8e4a436ebf245ef02223acb8 P e5392a69366541b0b627f1c29c8c1199 [CANDIDATE]: Term 1 pre-election: Tablet error from VoteRequest() call to peer 0baa4be1b8424d37828cc73805a2b3d9 (127.0.107.193:35883): Illegal state: must be running to vote when last-logged opid is not known
W20260713 09:00:24.359836  1552 leader_election.cc:343] T d7d884586eb0489e8b4e631f0feacffd P 0baa4be1b8424d37828cc73805a2b3d9 [CANDIDATE]: Term 1 pre-election: Tablet error from VoteRequest() call to peer 1165d2caa3804d6b91e956921d95d174 (127.0.107.195:46881): Illegal state: must be running to vote when last-logged opid is not known
I20260713 09:00:24.351186  1859 consensus_queue.cc:1048] T 33a35ab47eac4e6880d15d824b7a9815 P 0baa4be1b8424d37828cc73805a2b3d9 [LEADER]: Connected to new peer: Peer: permanent_uuid: "1165d2caa3804d6b91e956921d95d174" member_type: VOTER last_known_addr { host: "127.0.107.195" port: 46881 }, Status: LMP_MISMATCH, Last received: 0.0, Next index: 1, Last known committed idx: 0, Time since last communication: 0.020s
I20260713 09:00:24.379565  1823 consensus_queue.cc:1048] T 1e1359bd397c4086900937f5021c36cf P 0baa4be1b8424d37828cc73805a2b3d9 [LEADER]: Connected to new peer: Peer: permanent_uuid: "e5392a69366541b0b627f1c29c8c1199" member_type: VOTER last_known_addr { host: "127.0.107.194" port: 37583 }, Status: LMP_MISMATCH, Last received: 0.0, Next index: 1, Last known committed idx: 0, Time since last communication: 0.001s
I20260713 09:00:24.352579  1822 consensus_queue.cc:237] T 0346d766f4ee49b29823962dc22933a2 P 0baa4be1b8424d37828cc73805a2b3d9 [LEADER]: Queue going to LEADER mode. State: All replicated index: 0, Majority replicated index: 0, Committed index: 0, Last appended: 0.0, Last appended by leader: 0, Current term: 1, Majority size: 2, State: 0, Mode: LEADER, active raft config: opid_index: -1 OBSOLETE_local: false peers { permanent_uuid: "0baa4be1b8424d37828cc73805a2b3d9" member_type: VOTER last_known_addr { host: "127.0.107.193" port: 35883 } } peers { permanent_uuid: "e5392a69366541b0b627f1c29c8c1199" member_type: VOTER last_known_addr { host: "127.0.107.194" port: 37583 } } peers { permanent_uuid: "1165d2caa3804d6b91e956921d95d174" member_type: VOTER last_known_addr { host: "127.0.107.195" port: 46881 } }
I20260713 09:00:24.390751  1552 leader_election.cc:304] T d7d884586eb0489e8b4e631f0feacffd P 0baa4be1b8424d37828cc73805a2b3d9 [CANDIDATE]: Term 1 pre-election: Election decided. Result: candidate lost. Election summary: received 3 responses out of 3 voters: 1 yes votes; 2 no votes. yes voters: 0baa4be1b8424d37828cc73805a2b3d9; no voters: 1165d2caa3804d6b91e956921d95d174, e5392a69366541b0b627f1c29c8c1199
I20260713 09:00:24.375087  1807 consensus_queue.cc:1048] T 1e87b9ffd500480b83e688ebb4d39e40 P 1165d2caa3804d6b91e956921d95d174 [LEADER]: Connected to new peer: Peer: permanent_uuid: "e5392a69366541b0b627f1c29c8c1199" member_type: VOTER last_known_addr { host: "127.0.107.194" port: 37583 }, Status: LMP_MISMATCH, Last received: 0.0, Next index: 1, Last known committed idx: 0, Time since last communication: 0.019s
I20260713 09:00:24.405402  1853 leader_election.cc:290] T eb118480f86141c9a1d5b37b36e55d62 P e5392a69366541b0b627f1c29c8c1199 [CANDIDATE]: Term 1 pre-election: Requested pre-vote from peers 0baa4be1b8424d37828cc73805a2b3d9 (127.0.107.193:35883), 1165d2caa3804d6b91e956921d95d174 (127.0.107.195:46881)
I20260713 09:00:24.405858  1738 tablet_service.cc:1917] Received RequestConsensusVote() RPC: tablet_id: "eb118480f86141c9a1d5b37b36e55d62" candidate_uuid: "e5392a69366541b0b627f1c29c8c1199" candidate_term: 1 candidate_status { last_received { term: 0 index: 0 } } ignore_live_leader: false dest_uuid: "1165d2caa3804d6b91e956921d95d174" is_pre_election: true
I20260713 09:00:24.410223  1829 raft_consensus.cc:515] T 06bf2bbb8e4a436ebf245ef02223acb8 P e5392a69366541b0b627f1c29c8c1199 [term 1 FOLLOWER]: Starting leader election with config: opid_index: -1 OBSOLETE_local: false peers { permanent_uuid: "0baa4be1b8424d37828cc73805a2b3d9" member_type: VOTER last_known_addr { host: "127.0.107.193" port: 35883 } } peers { permanent_uuid: "e5392a69366541b0b627f1c29c8c1199" member_type: VOTER last_known_addr { host: "127.0.107.194" port: 37583 } } peers { permanent_uuid: "1165d2caa3804d6b91e956921d95d174" member_type: VOTER last_known_addr { host: "127.0.107.195" port: 46881 } }
W20260713 09:00:24.412863  1627 leader_election.cc:343] T eb118480f86141c9a1d5b37b36e55d62 P e5392a69366541b0b627f1c29c8c1199 [CANDIDATE]: Term 1 pre-election: Tablet error from VoteRequest() call to peer 1165d2caa3804d6b91e956921d95d174 (127.0.107.195:46881): Illegal state: must be running to vote when last-logged opid is not known
I20260713 09:00:24.413493  1786 raft_consensus.cc:2749] T d7d884586eb0489e8b4e631f0feacffd P 0baa4be1b8424d37828cc73805a2b3d9 [term 0 FOLLOWER]: Leader pre-election lost for term 1. Reason: could not achieve majority
I20260713 09:00:24.422793  1853 raft_consensus.cc:493] T 976f41a3d8b243bcab01808d82a5b3d4 P e5392a69366541b0b627f1c29c8c1199 [term 0 FOLLOWER]: Starting pre-election (no leader contacted us within the election timeout)
I20260713 09:00:24.428956  1860 consensus_queue.cc:1048] T 6a787efa38404765899f5fc0505d912e P e5392a69366541b0b627f1c29c8c1199 [LEADER]: Connected to new peer: Peer: permanent_uuid: "1165d2caa3804d6b91e956921d95d174" member_type: VOTER last_known_addr { host: "127.0.107.195" port: 46881 }, Status: LMP_MISMATCH, Last received: 0.0, Next index: 1, Last known committed idx: 0, Time since last communication: 0.005s
W20260713 09:00:24.428406  1703 leader_election.cc:343] T fdc5757dff5d458386cd15bd64400873 P 1165d2caa3804d6b91e956921d95d174 [CANDIDATE]: Term 1 pre-election: Tablet error from VoteRequest() call to peer e5392a69366541b0b627f1c29c8c1199 (127.0.107.194:37583): Illegal state: must be running to vote when last-logged opid is not known
I20260713 09:00:24.428385  1829 leader_election.cc:290] T 06bf2bbb8e4a436ebf245ef02223acb8 P e5392a69366541b0b627f1c29c8c1199 [CANDIDATE]: Term 1 election: Requested vote from peers 0baa4be1b8424d37828cc73805a2b3d9 (127.0.107.193:35883), 1165d2caa3804d6b91e956921d95d174 (127.0.107.195:46881)
I20260713 09:00:24.435798  1822 raft_consensus.cc:493] T 11783b75a6af4d07ba164b291b40457e P 0baa4be1b8424d37828cc73805a2b3d9 [term 0 FOLLOWER]: Starting pre-election (no leader contacted us within the election timeout)
I20260713 09:00:24.439469  1822 raft_consensus.cc:515] T 11783b75a6af4d07ba164b291b40457e P 0baa4be1b8424d37828cc73805a2b3d9 [term 0 FOLLOWER]: Starting pre-election with config: opid_index: -1 OBSOLETE_local: false peers { permanent_uuid: "0baa4be1b8424d37828cc73805a2b3d9" member_type: VOTER last_known_addr { host: "127.0.107.193" port: 35883 } } peers { permanent_uuid: "e5392a69366541b0b627f1c29c8c1199" member_type: VOTER last_known_addr { host: "127.0.107.194" port: 37583 } } peers { permanent_uuid: "1165d2caa3804d6b91e956921d95d174" member_type: VOTER last_known_addr { host: "127.0.107.195" port: 46881 } }
I20260713 09:00:24.443956  1587 tablet_service.cc:1917] Received RequestConsensusVote() RPC: tablet_id: "eb118480f86141c9a1d5b37b36e55d62" candidate_uuid: "e5392a69366541b0b627f1c29c8c1199" candidate_term: 1 candidate_status { last_received { term: 0 index: 0 } } ignore_live_leader: false dest_uuid: "0baa4be1b8424d37828cc73805a2b3d9" is_pre_election: true
I20260713 09:00:24.429280  1853 raft_consensus.cc:515] T 976f41a3d8b243bcab01808d82a5b3d4 P e5392a69366541b0b627f1c29c8c1199 [term 0 FOLLOWER]: Starting pre-election with config: opid_index: -1 OBSOLETE_local: false peers { permanent_uuid: "0baa4be1b8424d37828cc73805a2b3d9" member_type: VOTER last_known_addr { host: "127.0.107.193" port: 35883 } } peers { permanent_uuid: "e5392a69366541b0b627f1c29c8c1199" member_type: VOTER last_known_addr { host: "127.0.107.194" port: 37583 } } peers { permanent_uuid: "1165d2caa3804d6b91e956921d95d174" member_type: VOTER last_known_addr { host: "127.0.107.195" port: 46881 } }
I20260713 09:00:24.450451  1778 tablet_bootstrap.cc:492] T 976f41a3d8b243bcab01808d82a5b3d4 P 1165d2caa3804d6b91e956921d95d174: No bootstrap required, opened a new log
I20260713 09:00:24.583437  1778 ts_tablet_manager.cc:1403] T 976f41a3d8b243bcab01808d82a5b3d4 P 1165d2caa3804d6b91e956921d95d174: Time spent bootstrapping tablet: real 0.576s	user 0.027s	sys 0.064s
I20260713 09:00:24.516734  1822 leader_election.cc:290] T 11783b75a6af4d07ba164b291b40457e P 0baa4be1b8424d37828cc73805a2b3d9 [CANDIDATE]: Term 1 pre-election: Requested pre-vote from peers e5392a69366541b0b627f1c29c8c1199 (127.0.107.194:37583), 1165d2caa3804d6b91e956921d95d174 (127.0.107.195:46881)
I20260713 09:00:24.511160  1586 tablet_service.cc:1917] Received RequestConsensusVote() RPC: tablet_id: "06bf2bbb8e4a436ebf245ef02223acb8" candidate_uuid: "e5392a69366541b0b627f1c29c8c1199" candidate_term: 1 candidate_status { last_received { term: 0 index: 0 } } ignore_live_leader: false dest_uuid: "0baa4be1b8424d37828cc73805a2b3d9"
I20260713 09:00:24.530988  1662 tablet_service.cc:1917] Received RequestConsensusVote() RPC: tablet_id: "06bf2bbb8e4a436ebf245ef02223acb8" candidate_uuid: "1165d2caa3804d6b91e956921d95d174" candidate_term: 1 candidate_status { last_received { term: 0 index: 0 } } ignore_live_leader: false dest_uuid: "e5392a69366541b0b627f1c29c8c1199" is_pre_election: true
I20260713 09:00:24.594941  1834 raft_consensus.cc:493] T 03b80ffb850f489083de8771075fdd7f P e5392a69366541b0b627f1c29c8c1199 [term 0 FOLLOWER]: Starting pre-election (no leader contacted us within the election timeout)
I20260713 09:00:24.525380  1659 tablet_service.cc:1917] Received RequestConsensusVote() RPC: tablet_id: "11783b75a6af4d07ba164b291b40457e" candidate_uuid: "0baa4be1b8424d37828cc73805a2b3d9" candidate_term: 1 candidate_status { last_received { term: 0 index: 0 } } ignore_live_leader: false dest_uuid: "e5392a69366541b0b627f1c29c8c1199" is_pre_election: true
I20260713 09:00:24.495657  1829 consensus_queue.cc:1048] T 431ad289cab04b64bd1dd9fbb38fd680 P e5392a69366541b0b627f1c29c8c1199 [LEADER]: Connected to new peer: Peer: permanent_uuid: "0baa4be1b8424d37828cc73805a2b3d9" member_type: VOTER last_known_addr { host: "127.0.107.193" port: 35883 }, Status: LMP_MISMATCH, Last received: 0.0, Next index: 1, Last known committed idx: 0, Time since last communication: 0.115s
I20260713 09:00:24.562651  1807 consensus_queue.cc:1048] T 87a4c1ca773642f4a5ad530c23459165 P 1165d2caa3804d6b91e956921d95d174 [LEADER]: Connected to new peer: Peer: permanent_uuid: "e5392a69366541b0b627f1c29c8c1199" member_type: VOTER last_known_addr { host: "127.0.107.194" port: 37583 }, Status: LMP_MISMATCH, Last received: 0.0, Next index: 1, Last known committed idx: 0, Time since last communication: 0.051s
I20260713 09:00:24.495265  1786 consensus_queue.cc:1048] T 1e1359bd397c4086900937f5021c36cf P 0baa4be1b8424d37828cc73805a2b3d9 [LEADER]: Connected to new peer: Peer: permanent_uuid: "1165d2caa3804d6b91e956921d95d174" member_type: VOTER last_known_addr { host: "127.0.107.195" port: 46881 }, Status: LMP_MISMATCH, Last received: 0.0, Next index: 1, Last known committed idx: 0, Time since last communication: 0.119s
I20260713 09:00:24.470137  1860 consensus_queue.cc:1048] T 6a787efa38404765899f5fc0505d912e P e5392a69366541b0b627f1c29c8c1199 [LEADER]: Connected to new peer: Peer: permanent_uuid: "0baa4be1b8424d37828cc73805a2b3d9" member_type: VOTER last_known_addr { host: "127.0.107.193" port: 35883 }, Status: LMP_MISMATCH, Last received: 0.0, Next index: 1, Last known committed idx: 0, Time since last communication: 0.143s
I20260713 09:00:24.606665  1736 tablet_service.cc:1917] Received RequestConsensusVote() RPC: tablet_id: "06bf2bbb8e4a436ebf245ef02223acb8" candidate_uuid: "e5392a69366541b0b627f1c29c8c1199" candidate_term: 1 candidate_status { last_received { term: 0 index: 0 } } ignore_live_leader: false dest_uuid: "1165d2caa3804d6b91e956921d95d174"
I20260713 09:00:24.517413  1702 leader_election.cc:304] T fdc5757dff5d458386cd15bd64400873 P 1165d2caa3804d6b91e956921d95d174 [CANDIDATE]: Term 1 pre-election: Election decided. Result: candidate won. Election summary: received 3 responses out of 3 voters: 2 yes votes; 1 no votes. yes voters: 0baa4be1b8424d37828cc73805a2b3d9, 1165d2caa3804d6b91e956921d95d174; no voters: e5392a69366541b0b627f1c29c8c1199
I20260713 09:00:24.640309  1662 raft_consensus.cc:2393] T 06bf2bbb8e4a436ebf245ef02223acb8 P e5392a69366541b0b627f1c29c8c1199 [term 1 FOLLOWER]: Leader pre-election vote request: Denying vote to candidate 1165d2caa3804d6b91e956921d95d174 in current term 1: Already voted for candidate e5392a69366541b0b627f1c29c8c1199 in this term.
W20260713 09:00:24.625629  1628 leader_election.cc:343] T eb118480f86141c9a1d5b37b36e55d62 P e5392a69366541b0b627f1c29c8c1199 [CANDIDATE]: Term 1 pre-election: Tablet error from VoteRequest() call to peer 0baa4be1b8424d37828cc73805a2b3d9 (127.0.107.193:35883): Illegal state: must be running to vote when last-logged opid is not known
I20260713 09:00:24.653406  1628 leader_election.cc:304] T eb118480f86141c9a1d5b37b36e55d62 P e5392a69366541b0b627f1c29c8c1199 [CANDIDATE]: Term 1 pre-election: Election decided. Result: candidate lost. Election summary: received 3 responses out of 3 voters: 1 yes votes; 2 no votes. yes voters: e5392a69366541b0b627f1c29c8c1199; no voters: 0baa4be1b8424d37828cc73805a2b3d9, 1165d2caa3804d6b91e956921d95d174
W20260713 09:00:24.662087  1702 outbound_call.cc:321] RPC callback for RPC call kudu.consensus.ConsensusService.RequestConsensusVote -> {remote=127.0.107.193:35883, user_credentials={real_user=slave}} blocked reactor thread for 144835us
W20260713 09:00:24.663319  1702 leader_election.cc:343] T 06bf2bbb8e4a436ebf245ef02223acb8 P 1165d2caa3804d6b91e956921d95d174 [CANDIDATE]: Term 1 pre-election: Tablet error from VoteRequest() call to peer 0baa4be1b8424d37828cc73805a2b3d9 (127.0.107.193:35883): Illegal state: must be running to vote when last-logged opid is not known
I20260713 09:00:24.647611  1736 raft_consensus.cc:3060] T 06bf2bbb8e4a436ebf245ef02223acb8 P 1165d2caa3804d6b91e956921d95d174 [term 0 FOLLOWER]: Advancing to term 1
I20260713 09:00:24.667120  1866 consensus_queue.cc:1048] T 87a4c1ca773642f4a5ad530c23459165 P 1165d2caa3804d6b91e956921d95d174 [LEADER]: Connected to new peer: Peer: permanent_uuid: "0baa4be1b8424d37828cc73805a2b3d9" member_type: VOTER last_known_addr { host: "127.0.107.193" port: 35883 }, Status: LMP_MISMATCH, Last received: 0.0, Next index: 1, Last known committed idx: 0, Time since last communication: 0.003s
I20260713 09:00:24.633351  1834 raft_consensus.cc:515] T 03b80ffb850f489083de8771075fdd7f P e5392a69366541b0b627f1c29c8c1199 [term 0 FOLLOWER]: Starting pre-election with config: opid_index: -1 OBSOLETE_local: false peers { permanent_uuid: "0baa4be1b8424d37828cc73805a2b3d9" member_type: VOTER last_known_addr { host: "127.0.107.193" port: 35883 } } peers { permanent_uuid: "e5392a69366541b0b627f1c29c8c1199" member_type: VOTER last_known_addr { host: "127.0.107.194" port: 37583 } } peers { permanent_uuid: "1165d2caa3804d6b91e956921d95d174" member_type: VOTER last_known_addr { host: "127.0.107.195" port: 46881 } }
I20260713 09:00:24.685531  1853 leader_election.cc:290] T 976f41a3d8b243bcab01808d82a5b3d4 P e5392a69366541b0b627f1c29c8c1199 [CANDIDATE]: Term 1 pre-election: Requested pre-vote from peers 0baa4be1b8424d37828cc73805a2b3d9 (127.0.107.193:35883), 1165d2caa3804d6b91e956921d95d174 (127.0.107.195:46881)
I20260713 09:00:24.687216  1860 raft_consensus.cc:2749] T eb118480f86141c9a1d5b37b36e55d62 P e5392a69366541b0b627f1c29c8c1199 [term 0 FOLLOWER]: Leader pre-election lost for term 1. Reason: could not achieve majority
W20260713 09:00:24.687566  1554 leader_election.cc:343] T 11783b75a6af4d07ba164b291b40457e P 0baa4be1b8424d37828cc73805a2b3d9 [CANDIDATE]: Term 1 pre-election: Tablet error from VoteRequest() call to peer e5392a69366541b0b627f1c29c8c1199 (127.0.107.194:37583): Illegal state: must be running to vote when last-logged opid is not known
I20260713 09:00:24.664953  1807 raft_consensus.cc:2804] T fdc5757dff5d458386cd15bd64400873 P 1165d2caa3804d6b91e956921d95d174 [term 0 FOLLOWER]: Leader pre-election won for term 1
I20260713 09:00:24.700244  1778 raft_consensus.cc:359] T 976f41a3d8b243bcab01808d82a5b3d4 P 1165d2caa3804d6b91e956921d95d174 [term 0 FOLLOWER]: Replica starting. Triggering 0 pending ops. Active config: opid_index: -1 OBSOLETE_local: false peers { permanent_uuid: "0baa4be1b8424d37828cc73805a2b3d9" member_type: VOTER last_known_addr { host: "127.0.107.193" port: 35883 } } peers { permanent_uuid: "e5392a69366541b0b627f1c29c8c1199" member_type: VOTER last_known_addr { host: "127.0.107.194" port: 37583 } } peers { permanent_uuid: "1165d2caa3804d6b91e956921d95d174" member_type: VOTER last_known_addr { host: "127.0.107.195" port: 46881 } }
I20260713 09:00:24.702579  1778 raft_consensus.cc:385] T 976f41a3d8b243bcab01808d82a5b3d4 P 1165d2caa3804d6b91e956921d95d174 [term 0 FOLLOWER]: Consensus starting up: Expiring failure detector timer to make a prompt election more likely
I20260713 09:00:24.703583  1778 raft_consensus.cc:740] T 976f41a3d8b243bcab01808d82a5b3d4 P 1165d2caa3804d6b91e956921d95d174 [term 0 FOLLOWER]: Becoming Follower/Learner. State: Replica: 1165d2caa3804d6b91e956921d95d174, State: Initialized, Role: FOLLOWER
I20260713 09:00:24.691888  1736 raft_consensus.cc:2468] T 06bf2bbb8e4a436ebf245ef02223acb8 P 1165d2caa3804d6b91e956921d95d174 [term 1 FOLLOWER]: Leader election vote request: Granting yes vote for candidate e5392a69366541b0b627f1c29c8c1199 in term 1.
I20260713 09:00:24.705526  1778 consensus_queue.cc:260] T 976f41a3d8b243bcab01808d82a5b3d4 P 1165d2caa3804d6b91e956921d95d174 [NON_LEADER]: Queue going to NON_LEADER mode. State: All replicated index: 0, Majority replicated index: 0, Committed index: 0, Last appended: 0.0, Last appended by leader: 0, Current term: 0, Majority size: -1, State: 0, Mode: NON_LEADER, active raft config: opid_index: -1 OBSOLETE_local: false peers { permanent_uuid: "0baa4be1b8424d37828cc73805a2b3d9" member_type: VOTER last_known_addr { host: "127.0.107.193" port: 35883 } } peers { permanent_uuid: "e5392a69366541b0b627f1c29c8c1199" member_type: VOTER last_known_addr { host: "127.0.107.194" port: 37583 } } peers { permanent_uuid: "1165d2caa3804d6b91e956921d95d174" member_type: VOTER last_known_addr { host: "127.0.107.195" port: 46881 } }
I20260713 09:00:24.707793  1780 tablet_bootstrap.cc:654] T 62426be1c8324efa81f99e7a5ac8b244 P 0baa4be1b8424d37828cc73805a2b3d9: Neither blocks nor log segments found. Creating new log.
I20260713 09:00:24.709597  1778 ts_tablet_manager.cc:1434] T 976f41a3d8b243bcab01808d82a5b3d4 P 1165d2caa3804d6b91e956921d95d174: Time spent starting tablet: real 0.126s	user 0.008s	sys 0.002s
I20260713 09:00:24.691741  1734 tablet_service.cc:1917] Received RequestConsensusVote() RPC: tablet_id: "976f41a3d8b243bcab01808d82a5b3d4" candidate_uuid: "e5392a69366541b0b627f1c29c8c1199" candidate_term: 1 candidate_status { last_received { term: 0 index: 0 } } ignore_live_leader: false dest_uuid: "1165d2caa3804d6b91e956921d95d174" is_pre_election: true
I20260713 09:00:24.709764  1735 tablet_service.cc:1917] Received RequestConsensusVote() RPC: tablet_id: "11783b75a6af4d07ba164b291b40457e" candidate_uuid: "0baa4be1b8424d37828cc73805a2b3d9" candidate_term: 1 candidate_status { last_received { term: 0 index: 0 } } ignore_live_leader: false dest_uuid: "1165d2caa3804d6b91e956921d95d174" is_pre_election: true
I20260713 09:00:24.718382  1834 leader_election.cc:290] T 03b80ffb850f489083de8771075fdd7f P e5392a69366541b0b627f1c29c8c1199 [CANDIDATE]: Term 1 pre-election: Requested pre-vote from peers 0baa4be1b8424d37828cc73805a2b3d9 (127.0.107.193:35883), 1165d2caa3804d6b91e956921d95d174 (127.0.107.195:46881)
W20260713 09:00:24.762527  1552 outbound_call.cc:321] RPC callback for RPC call kudu.consensus.ConsensusService.UpdateConsensus -> {remote=127.0.107.195:46881, user_credentials={real_user=slave}} blocked reactor thread for 78539.7us
I20260713 09:00:24.704752  1807 raft_consensus.cc:493] T fdc5757dff5d458386cd15bd64400873 P 1165d2caa3804d6b91e956921d95d174 [term 0 FOLLOWER]: Starting leader election (no leader contacted us within the election timeout)
W20260713 09:00:24.748646  1628 outbound_call.cc:321] RPC callback for RPC call kudu.consensus.ConsensusService.RequestConsensusVote -> {remote=127.0.107.193:35883, user_credentials={real_user=slave}} blocked reactor thread for 132084us
I20260713 09:00:24.764837  1807 raft_consensus.cc:3060] T fdc5757dff5d458386cd15bd64400873 P 1165d2caa3804d6b91e956921d95d174 [term 0 FOLLOWER]: Advancing to term 1
I20260713 09:00:24.757884  1733 tablet_service.cc:1917] Received RequestConsensusVote() RPC: tablet_id: "03b80ffb850f489083de8771075fdd7f" candidate_uuid: "e5392a69366541b0b627f1c29c8c1199" candidate_term: 1 candidate_status { last_received { term: 0 index: 0 } } ignore_live_leader: false dest_uuid: "1165d2caa3804d6b91e956921d95d174" is_pre_election: true
I20260713 09:00:24.754485  1734 raft_consensus.cc:2468] T 976f41a3d8b243bcab01808d82a5b3d4 P 1165d2caa3804d6b91e956921d95d174 [term 0 FOLLOWER]: Leader pre-election vote request: Granting yes vote for candidate e5392a69366541b0b627f1c29c8c1199 in term 0.
I20260713 09:00:24.770051  1866 raft_consensus.cc:493] T 976f41a3d8b243bcab01808d82a5b3d4 P 1165d2caa3804d6b91e956921d95d174 [term 0 FOLLOWER]: Starting pre-election (no leader contacted us within the election timeout)
W20260713 09:00:24.766855  1552 leader_election.cc:343] T 11783b75a6af4d07ba164b291b40457e P 0baa4be1b8424d37828cc73805a2b3d9 [CANDIDATE]: Term 1 pre-election: Tablet error from VoteRequest() call to peer 1165d2caa3804d6b91e956921d95d174 (127.0.107.195:46881): Illegal state: must be running to vote when last-logged opid is not known
I20260713 09:00:24.772015  1552 leader_election.cc:304] T 11783b75a6af4d07ba164b291b40457e P 0baa4be1b8424d37828cc73805a2b3d9 [CANDIDATE]: Term 1 pre-election: Election decided. Result: candidate lost. Election summary: received 3 responses out of 3 voters: 1 yes votes; 2 no votes. yes voters: 0baa4be1b8424d37828cc73805a2b3d9; no voters: 1165d2caa3804d6b91e956921d95d174, e5392a69366541b0b627f1c29c8c1199
I20260713 09:00:24.771605  1866 raft_consensus.cc:515] T 976f41a3d8b243bcab01808d82a5b3d4 P 1165d2caa3804d6b91e956921d95d174 [term 0 FOLLOWER]: Starting pre-election with config: opid_index: -1 OBSOLETE_local: false peers { permanent_uuid: "0baa4be1b8424d37828cc73805a2b3d9" member_type: VOTER last_known_addr { host: "127.0.107.193" port: 35883 } } peers { permanent_uuid: "e5392a69366541b0b627f1c29c8c1199" member_type: VOTER last_known_addr { host: "127.0.107.194" port: 37583 } } peers { permanent_uuid: "1165d2caa3804d6b91e956921d95d174" member_type: VOTER last_known_addr { host: "127.0.107.195" port: 46881 } }
I20260713 09:00:24.773972  1857 raft_consensus.cc:2749] T 11783b75a6af4d07ba164b291b40457e P 0baa4be1b8424d37828cc73805a2b3d9 [term 0 FOLLOWER]: Leader pre-election lost for term 1. Reason: could not achieve majority
I20260713 09:00:24.774430  1703 leader_election.cc:304] T 06bf2bbb8e4a436ebf245ef02223acb8 P 1165d2caa3804d6b91e956921d95d174 [CANDIDATE]: Term 1 pre-election: Election decided. Result: candidate lost. Election summary: received 3 responses out of 3 voters: 1 yes votes; 2 no votes. yes voters: 1165d2caa3804d6b91e956921d95d174; no voters: 0baa4be1b8424d37828cc73805a2b3d9, e5392a69366541b0b627f1c29c8c1199
I20260713 09:00:24.774837  1779 tablet_bootstrap.cc:654] T 1b2c5043a2b147498d71ede3d723951f P e5392a69366541b0b627f1c29c8c1199: Neither blocks nor log segments found. Creating new log.
I20260713 09:00:24.758718  1627 leader_election.cc:304] T 06bf2bbb8e4a436ebf245ef02223acb8 P e5392a69366541b0b627f1c29c8c1199 [CANDIDATE]: Term 1 election: Election decided. Result: candidate won. Election summary: received 2 responses out of 3 voters: 2 yes votes; 0 no votes. yes voters: 1165d2caa3804d6b91e956921d95d174, e5392a69366541b0b627f1c29c8c1199; no voters: 
I20260713 09:00:24.777838  1858 raft_consensus.cc:2749] T 06bf2bbb8e4a436ebf245ef02223acb8 P 1165d2caa3804d6b91e956921d95d174 [term 1 FOLLOWER]: Leader pre-election lost for term 1. Reason: could not achieve majority
I20260713 09:00:24.780994  1885 raft_consensus.cc:2804] T 06bf2bbb8e4a436ebf245ef02223acb8 P e5392a69366541b0b627f1c29c8c1199 [term 1 FOLLOWER]: Leader election won for term 1
I20260713 09:00:24.784746  1884 consensus_queue.cc:1048] T 431ad289cab04b64bd1dd9fbb38fd680 P e5392a69366541b0b627f1c29c8c1199 [LEADER]: Connected to new peer: Peer: permanent_uuid: "1165d2caa3804d6b91e956921d95d174" member_type: VOTER last_known_addr { host: "127.0.107.195" port: 46881 }, Status: LMP_MISMATCH, Last received: 0.0, Next index: 1, Last known committed idx: 0, Time since last communication: 0.001s
I20260713 09:00:24.800918  1885 raft_consensus.cc:697] T 06bf2bbb8e4a436ebf245ef02223acb8 P e5392a69366541b0b627f1c29c8c1199 [term 1 LEADER]: Becoming Leader. State: Replica: e5392a69366541b0b627f1c29c8c1199, State: Running, Role: LEADER
I20260713 09:00:24.802614  1885 consensus_queue.cc:237] T 06bf2bbb8e4a436ebf245ef02223acb8 P e5392a69366541b0b627f1c29c8c1199 [LEADER]: Queue going to LEADER mode. State: All replicated index: 0, Majority replicated index: 0, Committed index: 0, Last appended: 0.0, Last appended by leader: 0, Current term: 1, Majority size: 2, State: 0, Mode: LEADER, active raft config: opid_index: -1 OBSOLETE_local: false peers { permanent_uuid: "0baa4be1b8424d37828cc73805a2b3d9" member_type: VOTER last_known_addr { host: "127.0.107.193" port: 35883 } } peers { permanent_uuid: "e5392a69366541b0b627f1c29c8c1199" member_type: VOTER last_known_addr { host: "127.0.107.194" port: 37583 } } peers { permanent_uuid: "1165d2caa3804d6b91e956921d95d174" member_type: VOTER last_known_addr { host: "127.0.107.195" port: 46881 } }
W20260713 09:00:24.814929  1628 leader_election.cc:343] T 06bf2bbb8e4a436ebf245ef02223acb8 P e5392a69366541b0b627f1c29c8c1199 [CANDIDATE]: Term 1 election: Tablet error from VoteRequest() call to peer 0baa4be1b8424d37828cc73805a2b3d9 (127.0.107.193:35883): Illegal state: must be running to vote when last-logged opid is not known
I20260713 09:00:24.825208  1586 tablet_service.cc:1917] Received RequestConsensusVote() RPC: tablet_id: "976f41a3d8b243bcab01808d82a5b3d4" candidate_uuid: "e5392a69366541b0b627f1c29c8c1199" candidate_term: 1 candidate_status { last_received { term: 0 index: 0 } } ignore_live_leader: false dest_uuid: "0baa4be1b8424d37828cc73805a2b3d9" is_pre_election: true
I20260713 09:00:24.827463  1588 tablet_service.cc:1917] Received RequestConsensusVote() RPC: tablet_id: "03b80ffb850f489083de8771075fdd7f" candidate_uuid: "e5392a69366541b0b627f1c29c8c1199" candidate_term: 1 candidate_status { last_received { term: 0 index: 0 } } ignore_live_leader: false dest_uuid: "0baa4be1b8424d37828cc73805a2b3d9" is_pre_election: true
I20260713 09:00:24.810654  1627 leader_election.cc:304] T 976f41a3d8b243bcab01808d82a5b3d4 P e5392a69366541b0b627f1c29c8c1199 [CANDIDATE]: Term 1 pre-election: Election decided. Result: candidate won. Election summary: received 2 responses out of 3 voters: 2 yes votes; 0 no votes. yes voters: 1165d2caa3804d6b91e956921d95d174, e5392a69366541b0b627f1c29c8c1199; no voters: 
I20260713 09:00:24.829376  1829 raft_consensus.cc:2804] T 976f41a3d8b243bcab01808d82a5b3d4 P e5392a69366541b0b627f1c29c8c1199 [term 0 FOLLOWER]: Leader pre-election won for term 1
I20260713 09:00:24.829916  1829 raft_consensus.cc:493] T 976f41a3d8b243bcab01808d82a5b3d4 P e5392a69366541b0b627f1c29c8c1199 [term 0 FOLLOWER]: Starting leader election (no leader contacted us within the election timeout)
I20260713 09:00:24.830330  1829 raft_consensus.cc:3060] T 976f41a3d8b243bcab01808d82a5b3d4 P e5392a69366541b0b627f1c29c8c1199 [term 0 FOLLOWER]: Advancing to term 1
W20260713 09:00:24.835227  1627 outbound_call.cc:321] RPC callback for RPC call kudu.consensus.ConsensusService.RequestConsensusVote -> {remote=127.0.107.195:46881, user_credentials={real_user=slave}} blocked reactor thread for 45853.9us
I20260713 09:00:24.848325  1778 tablet_bootstrap.cc:492] T d7d884586eb0489e8b4e631f0feacffd P 1165d2caa3804d6b91e956921d95d174: Bootstrap starting.
