I20260713 09:08:06.479317 17882 raft_consensus.cc:2955] T a64c7d756b2c4ddab7535824deb17fc6 P 8db1195fd750461f9a92ada74d33d924 [term 2 FOLLOWER]: Committing config change with OpId 2.4: config changed from index 3 to 4, VOTER d9bb7a2b23474a0fa0e24c07f096eb70 (127.16.94.195) evicted. New config: { opid_index: 4 OBSOLETE_local: false peers { permanent_uuid: "8db1195fd750461f9a92ada74d33d924" member_type: VOTER last_known_addr { host: "127.16.94.193" port: 32821 } } peers { permanent_uuid: "d0b4a03ed5f343e6b858a0d7645c715f" member_type: VOTER last_known_addr { host: "127.16.94.194" port: 34827 } } peers { permanent_uuid: "ab896b497ec24756a0835298f69ec00b" member_type: VOTER last_known_addr { host: "127.16.94.196" port: 32863 } attrs { promote: false } } }
I20260713 09:08:06.484578 17767 catalog_manager.cc:5210] ChangeConfig:REMOVE_PEER RPC for tablet a64c7d756b2c4ddab7535824deb17fc6 with cas_config_opid_index 3: ChangeConfig:REMOVE_PEER succeeded (attempt 1)
I20260713 09:08:06.489286 17776 catalog_manager.cc:5697] T a64c7d756b2c4ddab7535824deb17fc6 P ab896b497ec24756a0835298f69ec00b reported cstate change: config changed from index 3 to 4, VOTER d9bb7a2b23474a0fa0e24c07f096eb70 (127.16.94.195) evicted. New cstate: current_term: 2 leader_uuid: "d0b4a03ed5f343e6b858a0d7645c715f" committed_config { opid_index: 4 OBSOLETE_local: false peers { permanent_uuid: "8db1195fd750461f9a92ada74d33d924" member_type: VOTER last_known_addr { host: "127.16.94.193" port: 32821 } } peers { permanent_uuid: "d0b4a03ed5f343e6b858a0d7645c715f" member_type: VOTER last_known_addr { host: "127.16.94.194" port: 34827 } } peers { permanent_uuid: "ab896b497ec24756a0835298f69ec00b" member_type: VOTER last_known_addr { host: "127.16.94.196" port: 32863 } attrs { promote: false } } }
I20260713 09:08:06.502202 18021 tablet_service.cc:1558] Processing DeleteTablet for tablet a64c7d756b2c4ddab7535824deb17fc6 with delete_type TABLET_DATA_TOMBSTONED (TS d9bb7a2b23474a0fa0e24c07f096eb70 not found in new config with opid_index 4) from {username='slave'} at 127.0.0.1:38070
I20260713 09:08:06.504494 18644 tablet_replica.cc:333] T a64c7d756b2c4ddab7535824deb17fc6 P d9bb7a2b23474a0fa0e24c07f096eb70: stopping tablet replica
I20260713 09:08:06.505731 18644 raft_consensus.cc:2243] T a64c7d756b2c4ddab7535824deb17fc6 P d9bb7a2b23474a0fa0e24c07f096eb70 [term 2 FOLLOWER]: Raft consensus shutting down.
I20260713 09:08:06.506405 18644 raft_consensus.cc:2272] T a64c7d756b2c4ddab7535824deb17fc6 P d9bb7a2b23474a0fa0e24c07f096eb70 [term 2 FOLLOWER]: Raft consensus is shut down!
I20260713 09:08:06.509055 18644 ts_tablet_manager.cc:1916] T a64c7d756b2c4ddab7535824deb17fc6 P d9bb7a2b23474a0fa0e24c07f096eb70: Deleting tablet data with delete state TABLET_DATA_TOMBSTONED
I20260713 09:08:06.520747 18644 ts_tablet_manager.cc:1929] T a64c7d756b2c4ddab7535824deb17fc6 P d9bb7a2b23474a0fa0e24c07f096eb70: tablet deleted with delete type TABLET_DATA_TOMBSTONED: last-logged OpId 2.3
I20260713 09:08:06.521191 18644 log.cc:1199] T a64c7d756b2c4ddab7535824deb17fc6 P d9bb7a2b23474a0fa0e24c07f096eb70: Deleting WAL directory at /tmp/dist-test-taskwTryy0/test-tmp/auto_leader_rebalancer-test.0.LeaderRebalancerTest.AddTserver.1783933643948887-16763-0/minicluster-data/ts-2-root/wals/a64c7d756b2c4ddab7535824deb17fc6
I20260713 09:08:06.522707 17767 catalog_manager.cc:5028] TS d9bb7a2b23474a0fa0e24c07f096eb70 (127.16.94.195:42277): tablet a64c7d756b2c4ddab7535824deb17fc6 (table test-workload [id=7551339281d94cecbda8293abc15329d]) successfully deleted
I20260713 09:08:06.718206 18645 raft_consensus.cc:1064] T cd0bcaa50b4c478688f0480c40e70571 P d9bb7a2b23474a0fa0e24c07f096eb70: attempting to promote NON_VOTER ab896b497ec24756a0835298f69ec00b to VOTER
I20260713 09:08:06.722201 18645 consensus_queue.cc:237] T cd0bcaa50b4c478688f0480c40e70571 P d9bb7a2b23474a0fa0e24c07f096eb70 [LEADER]: Queue going to LEADER mode. State: All replicated index: 0, Majority replicated index: 2, Committed index: 2, Last appended: 1.2, Last appended by leader: 0, Current term: 1, Majority size: 3, State: 0, Mode: LEADER, active raft config: opid_index: 3 OBSOLETE_local: false peers { permanent_uuid: "8db1195fd750461f9a92ada74d33d924" member_type: VOTER last_known_addr { host: "127.16.94.193" port: 32821 } } peers { permanent_uuid: "d0b4a03ed5f343e6b858a0d7645c715f" member_type: VOTER last_known_addr { host: "127.16.94.194" port: 34827 } attrs { replace: true } } peers { permanent_uuid: "d9bb7a2b23474a0fa0e24c07f096eb70" member_type: VOTER last_known_addr { host: "127.16.94.195" port: 42277 } } peers { permanent_uuid: "ab896b497ec24756a0835298f69ec00b" member_type: VOTER last_known_addr { host: "127.16.94.196" port: 32863 } attrs { promote: false } }
I20260713 09:08:06.729048 18307 raft_consensus.cc:1275] T cd0bcaa50b4c478688f0480c40e70571 P ab896b497ec24756a0835298f69ec00b [term 1 LEARNER]: Refusing update from remote peer d9bb7a2b23474a0fa0e24c07f096eb70: Log matching property violated. Preceding OpId in replica: term: 1 index: 2. Preceding OpId from leader: term: 1 index: 3. (index mismatch)
I20260713 09:08:06.730376 17958 raft_consensus.cc:1275] T cd0bcaa50b4c478688f0480c40e70571 P d0b4a03ed5f343e6b858a0d7645c715f [term 1 FOLLOWER]: Refusing update from remote peer d9bb7a2b23474a0fa0e24c07f096eb70: Log matching property violated. Preceding OpId in replica: term: 1 index: 2. Preceding OpId from leader: term: 1 index: 3. (index mismatch)
I20260713 09:08:06.730690 18617 consensus_queue.cc:1048] T cd0bcaa50b4c478688f0480c40e70571 P d9bb7a2b23474a0fa0e24c07f096eb70 [LEADER]: Connected to new peer: Peer: permanent_uuid: "ab896b497ec24756a0835298f69ec00b" member_type: VOTER last_known_addr { host: "127.16.94.196" port: 32863 } attrs { promote: false }, Status: LMP_MISMATCH, Last received: 0.0, Next index: 3, Last known committed idx: 2, Time since last communication: 0.000s
I20260713 09:08:06.733425 18617 consensus_queue.cc:1048] T cd0bcaa50b4c478688f0480c40e70571 P d9bb7a2b23474a0fa0e24c07f096eb70 [LEADER]: Connected to new peer: Peer: permanent_uuid: "d0b4a03ed5f343e6b858a0d7645c715f" member_type: VOTER last_known_addr { host: "127.16.94.194" port: 34827 } attrs { replace: true }, Status: LMP_MISMATCH, Last received: 0.0, Next index: 3, Last known committed idx: 2, Time since last communication: 0.000s
I20260713 09:08:06.734992 17881 raft_consensus.cc:1275] T cd0bcaa50b4c478688f0480c40e70571 P 8db1195fd750461f9a92ada74d33d924 [term 1 FOLLOWER]: Refusing update from remote peer d9bb7a2b23474a0fa0e24c07f096eb70: Log matching property violated. Preceding OpId in replica: term: 1 index: 2. Preceding OpId from leader: term: 1 index: 3. (index mismatch)
I20260713 09:08:06.740127 18647 consensus_queue.cc:1048] T cd0bcaa50b4c478688f0480c40e70571 P d9bb7a2b23474a0fa0e24c07f096eb70 [LEADER]: Connected to new peer: Peer: permanent_uuid: "8db1195fd750461f9a92ada74d33d924" member_type: VOTER last_known_addr { host: "127.16.94.193" port: 32821 }, Status: LMP_MISMATCH, Last received: 0.0, Next index: 3, Last known committed idx: 2, Time since last communication: 0.001s
I20260713 09:08:06.747165 18617 raft_consensus.cc:2955] T cd0bcaa50b4c478688f0480c40e70571 P d9bb7a2b23474a0fa0e24c07f096eb70 [term 1 LEADER]: Committing config change with OpId 1.3: config changed from index 2 to 3, ab896b497ec24756a0835298f69ec00b (127.16.94.196) changed from NON_VOTER to VOTER. New config: { opid_index: 3 OBSOLETE_local: false peers { permanent_uuid: "8db1195fd750461f9a92ada74d33d924" member_type: VOTER last_known_addr { host: "127.16.94.193" port: 32821 } } peers { permanent_uuid: "d0b4a03ed5f343e6b858a0d7645c715f" member_type: VOTER last_known_addr { host: "127.16.94.194" port: 34827 } attrs { replace: true } } peers { permanent_uuid: "d9bb7a2b23474a0fa0e24c07f096eb70" member_type: VOTER last_known_addr { host: "127.16.94.195" port: 42277 } } peers { permanent_uuid: "ab896b497ec24756a0835298f69ec00b" member_type: VOTER last_known_addr { host: "127.16.94.196" port: 32863 } attrs { promote: false } } }
I20260713 09:08:06.753259 18307 raft_consensus.cc:2955] T cd0bcaa50b4c478688f0480c40e70571 P ab896b497ec24756a0835298f69ec00b [term 1 FOLLOWER]: Committing config change with OpId 1.3: config changed from index 2 to 3, ab896b497ec24756a0835298f69ec00b (127.16.94.196) changed from NON_VOTER to VOTER. New config: { opid_index: 3 OBSOLETE_local: false peers { permanent_uuid: "8db1195fd750461f9a92ada74d33d924" member_type: VOTER last_known_addr { host: "127.16.94.193" port: 32821 } } peers { permanent_uuid: "d0b4a03ed5f343e6b858a0d7645c715f" member_type: VOTER last_known_addr { host: "127.16.94.194" port: 34827 } attrs { replace: true } } peers { permanent_uuid: "d9bb7a2b23474a0fa0e24c07f096eb70" member_type: VOTER last_known_addr { host: "127.16.94.195" port: 42277 } } peers { permanent_uuid: "ab896b497ec24756a0835298f69ec00b" member_type: VOTER last_known_addr { host: "127.16.94.196" port: 32863 } attrs { promote: false } } }
I20260713 09:08:06.760083 17958 raft_consensus.cc:2955] T cd0bcaa50b4c478688f0480c40e70571 P d0b4a03ed5f343e6b858a0d7645c715f [term 1 FOLLOWER]: Committing config change with OpId 1.3: config changed from index 2 to 3, ab896b497ec24756a0835298f69ec00b (127.16.94.196) changed from NON_VOTER to VOTER. New config: { opid_index: 3 OBSOLETE_local: false peers { permanent_uuid: "8db1195fd750461f9a92ada74d33d924" member_type: VOTER last_known_addr { host: "127.16.94.193" port: 32821 } } peers { permanent_uuid: "d0b4a03ed5f343e6b858a0d7645c715f" member_type: VOTER last_known_addr { host: "127.16.94.194" port: 34827 } attrs { replace: true } } peers { permanent_uuid: "d9bb7a2b23474a0fa0e24c07f096eb70" member_type: VOTER last_known_addr { host: "127.16.94.195" port: 42277 } } peers { permanent_uuid: "ab896b497ec24756a0835298f69ec00b" member_type: VOTER last_known_addr { host: "127.16.94.196" port: 32863 } attrs { promote: false } } }
I20260713 09:08:06.767220 17780 catalog_manager.cc:5697] T cd0bcaa50b4c478688f0480c40e70571 P d9bb7a2b23474a0fa0e24c07f096eb70 reported cstate change: config changed from index 2 to 3, ab896b497ec24756a0835298f69ec00b (127.16.94.196) changed from NON_VOTER to VOTER. New cstate: current_term: 1 leader_uuid: "d9bb7a2b23474a0fa0e24c07f096eb70" committed_config { opid_index: 3 OBSOLETE_local: false peers { permanent_uuid: "8db1195fd750461f9a92ada74d33d924" member_type: VOTER last_known_addr { host: "127.16.94.193" port: 32821 } health_report { overall_health: UNKNOWN } } peers { permanent_uuid: "d0b4a03ed5f343e6b858a0d7645c715f" member_type: VOTER last_known_addr { host: "127.16.94.194" port: 34827 } attrs { replace: true } health_report { overall_health: HEALTHY } } peers { permanent_uuid: "d9bb7a2b23474a0fa0e24c07f096eb70" member_type: VOTER last_known_addr { host: "127.16.94.195" port: 42277 } health_report { overall_health: HEALTHY } } peers { permanent_uuid: "ab896b497ec24756a0835298f69ec00b" member_type: VOTER last_known_addr { host: "127.16.94.196" port: 32863 } attrs { promote: false } health_report { overall_health: HEALTHY } } }
I20260713 09:08:06.773365 17881 raft_consensus.cc:2955] T cd0bcaa50b4c478688f0480c40e70571 P 8db1195fd750461f9a92ada74d33d924 [term 1 FOLLOWER]: Committing config change with OpId 1.3: config changed from index 2 to 3, ab896b497ec24756a0835298f69ec00b (127.16.94.196) changed from NON_VOTER to VOTER. New config: { opid_index: 3 OBSOLETE_local: false peers { permanent_uuid: "8db1195fd750461f9a92ada74d33d924" member_type: VOTER last_known_addr { host: "127.16.94.193" port: 32821 } } peers { permanent_uuid: "d0b4a03ed5f343e6b858a0d7645c715f" member_type: VOTER last_known_addr { host: "127.16.94.194" port: 34827 } attrs { replace: true } } peers { permanent_uuid: "d9bb7a2b23474a0fa0e24c07f096eb70" member_type: VOTER last_known_addr { host: "127.16.94.195" port: 42277 } } peers { permanent_uuid: "ab896b497ec24756a0835298f69ec00b" member_type: VOTER last_known_addr { host: "127.16.94.196" port: 32863 } attrs { promote: false } } }
I20260713 09:08:06.794974 18029 consensus_queue.cc:237] T cd0bcaa50b4c478688f0480c40e70571 P d9bb7a2b23474a0fa0e24c07f096eb70 [LEADER]: Queue going to LEADER mode. State: All replicated index: 0, Majority replicated index: 3, Committed index: 3, Last appended: 1.3, Last appended by leader: 0, Current term: 1, Majority size: 2, State: 0, Mode: LEADER, active raft config: opid_index: 4 OBSOLETE_local: false peers { permanent_uuid: "8db1195fd750461f9a92ada74d33d924" member_type: VOTER last_known_addr { host: "127.16.94.193" port: 32821 } } peers { permanent_uuid: "d9bb7a2b23474a0fa0e24c07f096eb70" member_type: VOTER last_known_addr { host: "127.16.94.195" port: 42277 } } peers { permanent_uuid: "ab896b497ec24756a0835298f69ec00b" member_type: VOTER last_known_addr { host: "127.16.94.196" port: 32863 } attrs { promote: false } }
I20260713 09:08:06.800364 18307 raft_consensus.cc:1275] T cd0bcaa50b4c478688f0480c40e70571 P ab896b497ec24756a0835298f69ec00b [term 1 FOLLOWER]: Refusing update from remote peer d9bb7a2b23474a0fa0e24c07f096eb70: Log matching property violated. Preceding OpId in replica: term: 1 index: 3. Preceding OpId from leader: term: 1 index: 4. (index mismatch)
I20260713 09:08:06.800686 17881 raft_consensus.cc:1275] T cd0bcaa50b4c478688f0480c40e70571 P 8db1195fd750461f9a92ada74d33d924 [term 1 FOLLOWER]: Refusing update from remote peer d9bb7a2b23474a0fa0e24c07f096eb70: Log matching property violated. Preceding OpId in replica: term: 1 index: 3. Preceding OpId from leader: term: 1 index: 4. (index mismatch)
I20260713 09:08:06.801935 18617 consensus_queue.cc:1048] T cd0bcaa50b4c478688f0480c40e70571 P d9bb7a2b23474a0fa0e24c07f096eb70 [LEADER]: Connected to new peer: Peer: permanent_uuid: "ab896b497ec24756a0835298f69ec00b" member_type: VOTER last_known_addr { host: "127.16.94.196" port: 32863 } attrs { promote: false }, Status: LMP_MISMATCH, Last received: 0.0, Next index: 4, Last known committed idx: 3, Time since last communication: 0.000s
I20260713 09:08:06.802973 18645 consensus_queue.cc:1048] T cd0bcaa50b4c478688f0480c40e70571 P d9bb7a2b23474a0fa0e24c07f096eb70 [LEADER]: Connected to new peer: Peer: permanent_uuid: "8db1195fd750461f9a92ada74d33d924" member_type: VOTER last_known_addr { host: "127.16.94.193" port: 32821 }, Status: LMP_MISMATCH, Last received: 0.0, Next index: 4, Last known committed idx: 3, Time since last communication: 0.000s
I20260713 09:08:06.809438 18647 raft_consensus.cc:2955] T cd0bcaa50b4c478688f0480c40e70571 P d9bb7a2b23474a0fa0e24c07f096eb70 [term 1 LEADER]: Committing config change with OpId 1.4: config changed from index 3 to 4, VOTER d0b4a03ed5f343e6b858a0d7645c715f (127.16.94.194) evicted. New config: { opid_index: 4 OBSOLETE_local: false peers { permanent_uuid: "8db1195fd750461f9a92ada74d33d924" member_type: VOTER last_known_addr { host: "127.16.94.193" port: 32821 } } peers { permanent_uuid: "d9bb7a2b23474a0fa0e24c07f096eb70" member_type: VOTER last_known_addr { host: "127.16.94.195" port: 42277 } } peers { permanent_uuid: "ab896b497ec24756a0835298f69ec00b" member_type: VOTER last_known_addr { host: "127.16.94.196" port: 32863 } attrs { promote: false } } }
I20260713 09:08:06.811731 18306 raft_consensus.cc:2955] T cd0bcaa50b4c478688f0480c40e70571 P ab896b497ec24756a0835298f69ec00b [term 1 FOLLOWER]: Committing config change with OpId 1.4: config changed from index 3 to 4, VOTER d0b4a03ed5f343e6b858a0d7645c715f (127.16.94.194) evicted. New config: { opid_index: 4 OBSOLETE_local: false peers { permanent_uuid: "8db1195fd750461f9a92ada74d33d924" member_type: VOTER last_known_addr { host: "127.16.94.193" port: 32821 } } peers { permanent_uuid: "d9bb7a2b23474a0fa0e24c07f096eb70" member_type: VOTER last_known_addr { host: "127.16.94.195" port: 42277 } } peers { permanent_uuid: "ab896b497ec24756a0835298f69ec00b" member_type: VOTER last_known_addr { host: "127.16.94.196" port: 32863 } attrs { promote: false } } }
I20260713 09:08:06.816428 17881 raft_consensus.cc:2955] T cd0bcaa50b4c478688f0480c40e70571 P 8db1195fd750461f9a92ada74d33d924 [term 1 FOLLOWER]: Committing config change with OpId 1.4: config changed from index 3 to 4, VOTER d0b4a03ed5f343e6b858a0d7645c715f (127.16.94.194) evicted. New config: { opid_index: 4 OBSOLETE_local: false peers { permanent_uuid: "8db1195fd750461f9a92ada74d33d924" member_type: VOTER last_known_addr { host: "127.16.94.193" port: 32821 } } peers { permanent_uuid: "d9bb7a2b23474a0fa0e24c07f096eb70" member_type: VOTER last_known_addr { host: "127.16.94.195" port: 42277 } } peers { permanent_uuid: "ab896b497ec24756a0835298f69ec00b" member_type: VOTER last_known_addr { host: "127.16.94.196" port: 32863 } attrs { promote: false } } }
I20260713 09:08:06.820358 17767 catalog_manager.cc:5210] ChangeConfig:REMOVE_PEER RPC for tablet cd0bcaa50b4c478688f0480c40e70571 with cas_config_opid_index 3: ChangeConfig:REMOVE_PEER succeeded (attempt 1)
I20260713 09:08:06.826906 17777 catalog_manager.cc:5697] T cd0bcaa50b4c478688f0480c40e70571 P ab896b497ec24756a0835298f69ec00b reported cstate change: config changed from index 3 to 4, VOTER d0b4a03ed5f343e6b858a0d7645c715f (127.16.94.194) evicted. New cstate: current_term: 1 leader_uuid: "d9bb7a2b23474a0fa0e24c07f096eb70" committed_config { opid_index: 4 OBSOLETE_local: false peers { permanent_uuid: "8db1195fd750461f9a92ada74d33d924" member_type: VOTER last_known_addr { host: "127.16.94.193" port: 32821 } } peers { permanent_uuid: "d9bb7a2b23474a0fa0e24c07f096eb70" member_type: VOTER last_known_addr { host: "127.16.94.195" port: 42277 } } peers { permanent_uuid: "ab896b497ec24756a0835298f69ec00b" member_type: VOTER last_known_addr { host: "127.16.94.196" port: 32863 } attrs { promote: false } } }
I20260713 09:08:06.844230 17946 tablet_service.cc:1558] Processing DeleteTablet for tablet cd0bcaa50b4c478688f0480c40e70571 with delete_type TABLET_DATA_TOMBSTONED (TS d0b4a03ed5f343e6b858a0d7645c715f not found in new config with opid_index 4) from {username='slave'} at 127.0.0.1:59032
I20260713 09:08:06.847321 18651 tablet_replica.cc:333] T cd0bcaa50b4c478688f0480c40e70571 P d0b4a03ed5f343e6b858a0d7645c715f: stopping tablet replica
I20260713 09:08:06.848326 18651 raft_consensus.cc:2243] T cd0bcaa50b4c478688f0480c40e70571 P d0b4a03ed5f343e6b858a0d7645c715f [term 1 FOLLOWER]: Raft consensus shutting down.
I20260713 09:08:06.848937 18651 raft_consensus.cc:2272] T cd0bcaa50b4c478688f0480c40e70571 P d0b4a03ed5f343e6b858a0d7645c715f [term 1 FOLLOWER]: Raft consensus is shut down!
I20260713 09:08:06.851787 18651 ts_tablet_manager.cc:1916] T cd0bcaa50b4c478688f0480c40e70571 P d0b4a03ed5f343e6b858a0d7645c715f: Deleting tablet data with delete state TABLET_DATA_TOMBSTONED
I20260713 09:08:06.862921 18651 ts_tablet_manager.cc:1929] T cd0bcaa50b4c478688f0480c40e70571 P d0b4a03ed5f343e6b858a0d7645c715f: tablet deleted with delete type TABLET_DATA_TOMBSTONED: last-logged OpId 1.3
I20260713 09:08:06.863293 18651 log.cc:1199] T cd0bcaa50b4c478688f0480c40e70571 P d0b4a03ed5f343e6b858a0d7645c715f: Deleting WAL directory at /tmp/dist-test-taskwTryy0/test-tmp/auto_leader_rebalancer-test.0.LeaderRebalancerTest.AddTserver.1783933643948887-16763-0/minicluster-data/ts-1-root/wals/cd0bcaa50b4c478688f0480c40e70571
I20260713 09:08:06.865026 17767 catalog_manager.cc:5028] TS d0b4a03ed5f343e6b858a0d7645c715f (127.16.94.194:34827): tablet cd0bcaa50b4c478688f0480c40e70571 (table test-workload [id=7551339281d94cecbda8293abc15329d]) successfully deleted
I20260713 09:08:11.760355 16763 auto_leader_rebalancer.cc:141] leader rebalance for table test-workload
I20260713 09:08:11.785704 18029 tablet_service.cc:2072] Received LeaderStepDown RPC: tablet_id: "248eda317db841d8b0a8282fde7b3205"
dest_uuid: "d9bb7a2b23474a0fa0e24c07f096eb70"
mode: GRACEFUL
new_leader_uuid: "8db1195fd750461f9a92ada74d33d924"
 from {username='slave'} at 127.0.0.1:33364
I20260713 09:08:11.786260 18029 raft_consensus.cc:606] T 248eda317db841d8b0a8282fde7b3205 P d9bb7a2b23474a0fa0e24c07f096eb70 [term 1 LEADER]: Received request to transfer leadership to TS 8db1195fd750461f9a92ada74d33d924
I20260713 09:08:11.798000 17958 tablet_service.cc:2072] Received LeaderStepDown RPC: tablet_id: "3c43cc8c99a24c65b5ef9add333fecf0"
dest_uuid: "d0b4a03ed5f343e6b858a0d7645c715f"
mode: GRACEFUL
new_leader_uuid: "ab896b497ec24756a0835298f69ec00b"
 from {username='slave'} at 127.0.0.1:40196
I20260713 09:08:11.798465 17958 raft_consensus.cc:606] T 3c43cc8c99a24c65b5ef9add333fecf0 P d0b4a03ed5f343e6b858a0d7645c715f [term 1 LEADER]: Received request to transfer leadership to TS ab896b497ec24756a0835298f69ec00b
I20260713 09:08:11.801040 17958 tablet_service.cc:2072] Received LeaderStepDown RPC: tablet_id: "6c458756b05b45279244874538f8b1fb"
dest_uuid: "d0b4a03ed5f343e6b858a0d7645c715f"
mode: GRACEFUL
new_leader_uuid: "ab896b497ec24756a0835298f69ec00b"
 from {username='slave'} at 127.0.0.1:40196
I20260713 09:08:11.801451 17958 raft_consensus.cc:606] T 6c458756b05b45279244874538f8b1fb P d0b4a03ed5f343e6b858a0d7645c715f [term 1 LEADER]: Received request to transfer leadership to TS ab896b497ec24756a0835298f69ec00b
I20260713 09:08:11.803682 18029 tablet_service.cc:2072] Received LeaderStepDown RPC: tablet_id: "8b717922154e450a9002ab55364c9f6d"
dest_uuid: "d9bb7a2b23474a0fa0e24c07f096eb70"
mode: GRACEFUL
new_leader_uuid: "ab896b497ec24756a0835298f69ec00b"
 from {username='slave'} at 127.0.0.1:33364
I20260713 09:08:11.804190 18029 raft_consensus.cc:606] T 8b717922154e450a9002ab55364c9f6d P d9bb7a2b23474a0fa0e24c07f096eb70 [term 1 LEADER]: Received request to transfer leadership to TS ab896b497ec24756a0835298f69ec00b
I20260713 09:08:11.806419 17958 tablet_service.cc:2072] Received LeaderStepDown RPC: tablet_id: "8ddb6f983ad84e2b95bf780b20f3f394"
dest_uuid: "d0b4a03ed5f343e6b858a0d7645c715f"
mode: GRACEFUL
new_leader_uuid: "ab896b497ec24756a0835298f69ec00b"
 from {username='slave'} at 127.0.0.1:40196
I20260713 09:08:11.806895 17958 raft_consensus.cc:606] T 8ddb6f983ad84e2b95bf780b20f3f394 P d0b4a03ed5f343e6b858a0d7645c715f [term 1 LEADER]: Received request to transfer leadership to TS ab896b497ec24756a0835298f69ec00b
I20260713 09:08:11.807899 16763 auto_leader_rebalancer.cc:479] table: test-workload, leader rebalance finish, leader transfer count: 5
I20260713 09:08:11.808621 16763 auto_leader_rebalancer.cc:554] All tables' leader rebalancing finished this round
I20260713 09:08:11.862936 18653 raft_consensus.cc:993] T 8ddb6f983ad84e2b95bf780b20f3f394 P d0b4a03ed5f343e6b858a0d7645c715f: : Instructing follower ab896b497ec24756a0835298f69ec00b to start an election
I20260713 09:08:11.863490 18658 raft_consensus.cc:1081] T 8ddb6f983ad84e2b95bf780b20f3f394 P d0b4a03ed5f343e6b858a0d7645c715f [term 1 LEADER]: Signalling peer ab896b497ec24756a0835298f69ec00b to start an election
I20260713 09:08:11.864852 18306 tablet_service.cc:2044] Received Run Leader Election RPC: tablet_id: "8ddb6f983ad84e2b95bf780b20f3f394"
dest_uuid: "ab896b497ec24756a0835298f69ec00b"
 from {username='slave'} at 127.0.0.1:40326
I20260713 09:08:11.865314 18306 raft_consensus.cc:493] T 8ddb6f983ad84e2b95bf780b20f3f394 P ab896b497ec24756a0835298f69ec00b [term 1 FOLLOWER]: Starting forced leader election (received explicit request)
I20260713 09:08:11.865567 18306 raft_consensus.cc:3060] T 8ddb6f983ad84e2b95bf780b20f3f394 P ab896b497ec24756a0835298f69ec00b [term 1 FOLLOWER]: Advancing to term 2
I20260713 09:08:11.870805 18306 raft_consensus.cc:515] T 8ddb6f983ad84e2b95bf780b20f3f394 P ab896b497ec24756a0835298f69ec00b [term 2 FOLLOWER]: Starting forced leader election with config: opid_index: 4 OBSOLETE_local: false peers { permanent_uuid: "8db1195fd750461f9a92ada74d33d924" member_type: VOTER last_known_addr { host: "127.16.94.193" port: 32821 } } peers { permanent_uuid: "d0b4a03ed5f343e6b858a0d7645c715f" member_type: VOTER last_known_addr { host: "127.16.94.194" port: 34827 } } peers { permanent_uuid: "ab896b497ec24756a0835298f69ec00b" member_type: VOTER last_known_addr { host: "127.16.94.196" port: 32863 } attrs { promote: false } }
I20260713 09:08:11.872968 18306 leader_election.cc:290] T 8ddb6f983ad84e2b95bf780b20f3f394 P ab896b497ec24756a0835298f69ec00b [CANDIDATE]: Term 2 election: Requested vote from peers 8db1195fd750461f9a92ada74d33d924 (127.16.94.193:32821), d0b4a03ed5f343e6b858a0d7645c715f (127.16.94.194:34827)
I20260713 09:08:11.874239 17882 tablet_service.cc:1917] Received RequestConsensusVote() RPC: tablet_id: "8ddb6f983ad84e2b95bf780b20f3f394" candidate_uuid: "ab896b497ec24756a0835298f69ec00b" candidate_term: 2 candidate_status { last_received { term: 1 index: 4 } } ignore_live_leader: true dest_uuid: "8db1195fd750461f9a92ada74d33d924"
I20260713 09:08:11.874177 17958 tablet_service.cc:1917] Received RequestConsensusVote() RPC: tablet_id: "8ddb6f983ad84e2b95bf780b20f3f394" candidate_uuid: "ab896b497ec24756a0835298f69ec00b" candidate_term: 2 candidate_status { last_received { term: 1 index: 4 } } ignore_live_leader: true dest_uuid: "d0b4a03ed5f343e6b858a0d7645c715f"
I20260713 09:08:11.875006 17882 raft_consensus.cc:3060] T 8ddb6f983ad84e2b95bf780b20f3f394 P 8db1195fd750461f9a92ada74d33d924 [term 1 FOLLOWER]: Advancing to term 2
I20260713 09:08:11.875080 17958 raft_consensus.cc:3055] T 8ddb6f983ad84e2b95bf780b20f3f394 P d0b4a03ed5f343e6b858a0d7645c715f [term 1 LEADER]: Stepping down as leader of term 1
I20260713 09:08:11.875485 17958 raft_consensus.cc:740] T 8ddb6f983ad84e2b95bf780b20f3f394 P d0b4a03ed5f343e6b858a0d7645c715f [term 1 LEADER]: Becoming Follower/Learner. State: Replica: d0b4a03ed5f343e6b858a0d7645c715f, State: Running, Role: LEADER
I20260713 09:08:11.876204 17958 consensus_queue.cc:260] T 8ddb6f983ad84e2b95bf780b20f3f394 P d0b4a03ed5f343e6b858a0d7645c715f [NON_LEADER]: Queue going to NON_LEADER mode. State: All replicated index: 0, Majority replicated index: 4, Committed index: 4, Last appended: 1.4, Last appended by leader: 4, Current term: 1, Majority size: -1, State: 0, Mode: NON_LEADER, active raft config: opid_index: 4 OBSOLETE_local: false peers { permanent_uuid: "8db1195fd750461f9a92ada74d33d924" member_type: VOTER last_known_addr { host: "127.16.94.193" port: 32821 } } peers { permanent_uuid: "d0b4a03ed5f343e6b858a0d7645c715f" member_type: VOTER last_known_addr { host: "127.16.94.194" port: 34827 } } peers { permanent_uuid: "ab896b497ec24756a0835298f69ec00b" member_type: VOTER last_known_addr { host: "127.16.94.196" port: 32863 } attrs { promote: false } }
I20260713 09:08:11.877432 17958 raft_consensus.cc:3060] T 8ddb6f983ad84e2b95bf780b20f3f394 P d0b4a03ed5f343e6b858a0d7645c715f [term 1 FOLLOWER]: Advancing to term 2
I20260713 09:08:11.881453 17882 raft_consensus.cc:2468] T 8ddb6f983ad84e2b95bf780b20f3f394 P 8db1195fd750461f9a92ada74d33d924 [term 2 FOLLOWER]: Leader election vote request: Granting yes vote for candidate ab896b497ec24756a0835298f69ec00b in term 2.
I20260713 09:08:11.883126 18271 leader_election.cc:304] T 8ddb6f983ad84e2b95bf780b20f3f394 P ab896b497ec24756a0835298f69ec00b [CANDIDATE]: Term 2 election: Election decided. Result: candidate won. Election summary: received 2 responses out of 3 voters: 2 yes votes; 0 no votes. yes voters: 8db1195fd750461f9a92ada74d33d924, ab896b497ec24756a0835298f69ec00b; no voters: 
I20260713 09:08:11.883649 17958 raft_consensus.cc:2468] T 8ddb6f983ad84e2b95bf780b20f3f394 P d0b4a03ed5f343e6b858a0d7645c715f [term 2 FOLLOWER]: Leader election vote request: Granting yes vote for candidate ab896b497ec24756a0835298f69ec00b in term 2.
I20260713 09:08:11.884989 18664 raft_consensus.cc:2804] T 8ddb6f983ad84e2b95bf780b20f3f394 P ab896b497ec24756a0835298f69ec00b [term 2 FOLLOWER]: Leader election won for term 2
I20260713 09:08:11.886214 18664 raft_consensus.cc:697] T 8ddb6f983ad84e2b95bf780b20f3f394 P ab896b497ec24756a0835298f69ec00b [term 2 LEADER]: Becoming Leader. State: Replica: ab896b497ec24756a0835298f69ec00b, State: Running, Role: LEADER
I20260713 09:08:11.886902 18664 consensus_queue.cc:237] T 8ddb6f983ad84e2b95bf780b20f3f394 P ab896b497ec24756a0835298f69ec00b [LEADER]: Queue going to LEADER mode. State: All replicated index: 0, Majority replicated index: 4, Committed index: 4, Last appended: 1.4, Last appended by leader: 4, Current term: 2, Majority size: 2, State: 0, Mode: LEADER, active raft config: opid_index: 4 OBSOLETE_local: false peers { permanent_uuid: "8db1195fd750461f9a92ada74d33d924" member_type: VOTER last_known_addr { host: "127.16.94.193" port: 32821 } } peers { permanent_uuid: "d0b4a03ed5f343e6b858a0d7645c715f" member_type: VOTER last_known_addr { host: "127.16.94.194" port: 34827 } } peers { permanent_uuid: "ab896b497ec24756a0835298f69ec00b" member_type: VOTER last_known_addr { host: "127.16.94.196" port: 32863 } attrs { promote: false } }
I20260713 09:08:11.894847 17777 catalog_manager.cc:5697] T 8ddb6f983ad84e2b95bf780b20f3f394 P ab896b497ec24756a0835298f69ec00b reported cstate change: term changed from 1 to 2, leader changed from d0b4a03ed5f343e6b858a0d7645c715f (127.16.94.194) to ab896b497ec24756a0835298f69ec00b (127.16.94.196). New cstate: current_term: 2 leader_uuid: "ab896b497ec24756a0835298f69ec00b" committed_config { opid_index: 4 OBSOLETE_local: false peers { permanent_uuid: "8db1195fd750461f9a92ada74d33d924" member_type: VOTER last_known_addr { host: "127.16.94.193" port: 32821 } health_report { overall_health: UNKNOWN } } peers { permanent_uuid: "d0b4a03ed5f343e6b858a0d7645c715f" member_type: VOTER last_known_addr { host: "127.16.94.194" port: 34827 } health_report { overall_health: UNKNOWN } } peers { permanent_uuid: "ab896b497ec24756a0835298f69ec00b" member_type: VOTER last_known_addr { host: "127.16.94.196" port: 32863 } attrs { promote: false } health_report { overall_health: HEALTHY } } }
I20260713 09:08:11.981869 18663 raft_consensus.cc:993] T 8b717922154e450a9002ab55364c9f6d P d9bb7a2b23474a0fa0e24c07f096eb70: : Instructing follower ab896b497ec24756a0835298f69ec00b to start an election
I20260713 09:08:11.982537 18656 raft_consensus.cc:1081] T 8b717922154e450a9002ab55364c9f6d P d9bb7a2b23474a0fa0e24c07f096eb70 [term 1 LEADER]: Signalling peer ab896b497ec24756a0835298f69ec00b to start an election
I20260713 09:08:11.984272 18306 tablet_service.cc:2044] Received Run Leader Election RPC: tablet_id: "8b717922154e450a9002ab55364c9f6d"
dest_uuid: "ab896b497ec24756a0835298f69ec00b"
 from {username='slave'} at 127.0.0.1:40312
I20260713 09:08:11.984748 18306 raft_consensus.cc:493] T 8b717922154e450a9002ab55364c9f6d P ab896b497ec24756a0835298f69ec00b [term 1 FOLLOWER]: Starting forced leader election (received explicit request)
I20260713 09:08:11.985018 18306 raft_consensus.cc:3060] T 8b717922154e450a9002ab55364c9f6d P ab896b497ec24756a0835298f69ec00b [term 1 FOLLOWER]: Advancing to term 2
I20260713 09:08:11.989408 18306 raft_consensus.cc:515] T 8b717922154e450a9002ab55364c9f6d P ab896b497ec24756a0835298f69ec00b [term 2 FOLLOWER]: Starting forced leader election with config: opid_index: 4 OBSOLETE_local: false peers { permanent_uuid: "d0b4a03ed5f343e6b858a0d7645c715f" member_type: VOTER last_known_addr { host: "127.16.94.194" port: 34827 } } peers { permanent_uuid: "d9bb7a2b23474a0fa0e24c07f096eb70" member_type: VOTER last_known_addr { host: "127.16.94.195" port: 42277 } } peers { permanent_uuid: "ab896b497ec24756a0835298f69ec00b" member_type: VOTER last_known_addr { host: "127.16.94.196" port: 32863 } attrs { promote: false } }
I20260713 09:08:11.991488 18306 leader_election.cc:290] T 8b717922154e450a9002ab55364c9f6d P ab896b497ec24756a0835298f69ec00b [CANDIDATE]: Term 2 election: Requested vote from peers d0b4a03ed5f343e6b858a0d7645c715f (127.16.94.194:34827), d9bb7a2b23474a0fa0e24c07f096eb70 (127.16.94.195:42277)
I20260713 09:08:11.992300 17958 tablet_service.cc:1917] Received RequestConsensusVote() RPC: tablet_id: "8b717922154e450a9002ab55364c9f6d" candidate_uuid: "ab896b497ec24756a0835298f69ec00b" candidate_term: 2 candidate_status { last_received { term: 1 index: 4 } } ignore_live_leader: true dest_uuid: "d0b4a03ed5f343e6b858a0d7645c715f"
I20260713 09:08:11.992444 18032 tablet_service.cc:1917] Received RequestConsensusVote() RPC: tablet_id: "8b717922154e450a9002ab55364c9f6d" candidate_uuid: "ab896b497ec24756a0835298f69ec00b" candidate_term: 2 candidate_status { last_received { term: 1 index: 4 } } ignore_live_leader: true dest_uuid: "d9bb7a2b23474a0fa0e24c07f096eb70"
I20260713 09:08:11.992967 17958 raft_consensus.cc:3060] T 8b717922154e450a9002ab55364c9f6d P d0b4a03ed5f343e6b858a0d7645c715f [term 1 FOLLOWER]: Advancing to term 2
I20260713 09:08:11.993058 18032 raft_consensus.cc:3055] T 8b717922154e450a9002ab55364c9f6d P d9bb7a2b23474a0fa0e24c07f096eb70 [term 1 LEADER]: Stepping down as leader of term 1
I20260713 09:08:11.993415 18032 raft_consensus.cc:740] T 8b717922154e450a9002ab55364c9f6d P d9bb7a2b23474a0fa0e24c07f096eb70 [term 1 LEADER]: Becoming Follower/Learner. State: Replica: d9bb7a2b23474a0fa0e24c07f096eb70, State: Running, Role: LEADER
I20260713 09:08:11.994046 18032 consensus_queue.cc:260] T 8b717922154e450a9002ab55364c9f6d P d9bb7a2b23474a0fa0e24c07f096eb70 [NON_LEADER]: Queue going to NON_LEADER mode. State: All replicated index: 0, Majority replicated index: 4, Committed index: 4, Last appended: 1.4, Last appended by leader: 4, Current term: 1, Majority size: -1, State: 0, Mode: NON_LEADER, active raft config: opid_index: 4 OBSOLETE_local: false peers { permanent_uuid: "d0b4a03ed5f343e6b858a0d7645c715f" member_type: VOTER last_known_addr { host: "127.16.94.194" port: 34827 } } peers { permanent_uuid: "d9bb7a2b23474a0fa0e24c07f096eb70" member_type: VOTER last_known_addr { host: "127.16.94.195" port: 42277 } } peers { permanent_uuid: "ab896b497ec24756a0835298f69ec00b" member_type: VOTER last_known_addr { host: "127.16.94.196" port: 32863 } attrs { promote: false } }
I20260713 09:08:11.995074 18032 raft_consensus.cc:3060] T 8b717922154e450a9002ab55364c9f6d P d9bb7a2b23474a0fa0e24c07f096eb70 [term 1 FOLLOWER]: Advancing to term 2
I20260713 09:08:11.998456 17958 raft_consensus.cc:2468] T 8b717922154e450a9002ab55364c9f6d P d0b4a03ed5f343e6b858a0d7645c715f [term 2 FOLLOWER]: Leader election vote request: Granting yes vote for candidate ab896b497ec24756a0835298f69ec00b in term 2.
I20260713 09:08:11.999822 18272 leader_election.cc:304] T 8b717922154e450a9002ab55364c9f6d P ab896b497ec24756a0835298f69ec00b [CANDIDATE]: Term 2 election: Election decided. Result: candidate won. Election summary: received 2 responses out of 3 voters: 2 yes votes; 0 no votes. yes voters: ab896b497ec24756a0835298f69ec00b, d0b4a03ed5f343e6b858a0d7645c715f; no voters: 
I20260713 09:08:12.000655 18664 raft_consensus.cc:2804] T 8b717922154e450a9002ab55364c9f6d P ab896b497ec24756a0835298f69ec00b [term 2 FOLLOWER]: Leader election won for term 2
I20260713 09:08:12.000893 18032 raft_consensus.cc:2468] T 8b717922154e450a9002ab55364c9f6d P d9bb7a2b23474a0fa0e24c07f096eb70 [term 2 FOLLOWER]: Leader election vote request: Granting yes vote for candidate ab896b497ec24756a0835298f69ec00b in term 2.
I20260713 09:08:12.001194 18664 raft_consensus.cc:697] T 8b717922154e450a9002ab55364c9f6d P ab896b497ec24756a0835298f69ec00b [term 2 LEADER]: Becoming Leader. State: Replica: ab896b497ec24756a0835298f69ec00b, State: Running, Role: LEADER
I20260713 09:08:12.002341 18664 consensus_queue.cc:237] T 8b717922154e450a9002ab55364c9f6d P ab896b497ec24756a0835298f69ec00b [LEADER]: Queue going to LEADER mode. State: All replicated index: 0, Majority replicated index: 4, Committed index: 4, Last appended: 1.4, Last appended by leader: 4, Current term: 2, Majority size: 2, State: 0, Mode: LEADER, active raft config: opid_index: 4 OBSOLETE_local: false peers { permanent_uuid: "d0b4a03ed5f343e6b858a0d7645c715f" member_type: VOTER last_known_addr { host: "127.16.94.194" port: 34827 } } peers { permanent_uuid: "d9bb7a2b23474a0fa0e24c07f096eb70" member_type: VOTER last_known_addr { host: "127.16.94.195" port: 42277 } } peers { permanent_uuid: "ab896b497ec24756a0835298f69ec00b" member_type: VOTER last_known_addr { host: "127.16.94.196" port: 32863 } attrs { promote: false } }
I20260713 09:08:12.003924 18653 raft_consensus.cc:993] T 3c43cc8c99a24c65b5ef9add333fecf0 P d0b4a03ed5f343e6b858a0d7645c715f: : Instructing follower ab896b497ec24756a0835298f69ec00b to start an election
I20260713 09:08:12.004834 18658 raft_consensus.cc:1081] T 3c43cc8c99a24c65b5ef9add333fecf0 P d0b4a03ed5f343e6b858a0d7645c715f [term 1 LEADER]: Signalling peer ab896b497ec24756a0835298f69ec00b to start an election
I20260713 09:08:12.006393 18306 tablet_service.cc:2044] Received Run Leader Election RPC: tablet_id: "3c43cc8c99a24c65b5ef9add333fecf0"
dest_uuid: "ab896b497ec24756a0835298f69ec00b"
 from {username='slave'} at 127.0.0.1:40326
I20260713 09:08:12.008136 18306 raft_consensus.cc:493] T 3c43cc8c99a24c65b5ef9add333fecf0 P ab896b497ec24756a0835298f69ec00b [term 1 FOLLOWER]: Starting forced leader election (received explicit request)
I20260713 09:08:12.008564 18306 raft_consensus.cc:3060] T 3c43cc8c99a24c65b5ef9add333fecf0 P ab896b497ec24756a0835298f69ec00b [term 1 FOLLOWER]: Advancing to term 2
I20260713 09:08:12.011839 17777 catalog_manager.cc:5697] T 8b717922154e450a9002ab55364c9f6d P ab896b497ec24756a0835298f69ec00b reported cstate change: term changed from 1 to 2, leader changed from d9bb7a2b23474a0fa0e24c07f096eb70 (127.16.94.195) to ab896b497ec24756a0835298f69ec00b (127.16.94.196). New cstate: current_term: 2 leader_uuid: "ab896b497ec24756a0835298f69ec00b" committed_config { opid_index: 4 OBSOLETE_local: false peers { permanent_uuid: "d0b4a03ed5f343e6b858a0d7645c715f" member_type: VOTER last_known_addr { host: "127.16.94.194" port: 34827 } health_report { overall_health: UNKNOWN } } peers { permanent_uuid: "d9bb7a2b23474a0fa0e24c07f096eb70" member_type: VOTER last_known_addr { host: "127.16.94.195" port: 42277 } health_report { overall_health: UNKNOWN } } peers { permanent_uuid: "ab896b497ec24756a0835298f69ec00b" member_type: VOTER last_known_addr { host: "127.16.94.196" port: 32863 } attrs { promote: false } health_report { overall_health: HEALTHY } } }
I20260713 09:08:12.013451 18306 raft_consensus.cc:515] T 3c43cc8c99a24c65b5ef9add333fecf0 P ab896b497ec24756a0835298f69ec00b [term 2 FOLLOWER]: Starting forced leader election with config: opid_index: 4 OBSOLETE_local: false peers { permanent_uuid: "d0b4a03ed5f343e6b858a0d7645c715f" member_type: VOTER last_known_addr { host: "127.16.94.194" port: 34827 } } peers { permanent_uuid: "d9bb7a2b23474a0fa0e24c07f096eb70" member_type: VOTER last_known_addr { host: "127.16.94.195" port: 42277 } } peers { permanent_uuid: "ab896b497ec24756a0835298f69ec00b" member_type: VOTER last_known_addr { host: "127.16.94.196" port: 32863 } attrs { promote: false } }
I20260713 09:08:12.015092 18306 leader_election.cc:290] T 3c43cc8c99a24c65b5ef9add333fecf0 P ab896b497ec24756a0835298f69ec00b [CANDIDATE]: Term 2 election: Requested vote from peers d0b4a03ed5f343e6b858a0d7645c715f (127.16.94.194:34827), d9bb7a2b23474a0fa0e24c07f096eb70 (127.16.94.195:42277)
I20260713 09:08:12.015988 18032 tablet_service.cc:1917] Received RequestConsensusVote() RPC: tablet_id: "3c43cc8c99a24c65b5ef9add333fecf0" candidate_uuid: "ab896b497ec24756a0835298f69ec00b" candidate_term: 2 candidate_status { last_received { term: 1 index: 4 } } ignore_live_leader: true dest_uuid: "d9bb7a2b23474a0fa0e24c07f096eb70"
I20260713 09:08:12.016530 18032 raft_consensus.cc:3060] T 3c43cc8c99a24c65b5ef9add333fecf0 P d9bb7a2b23474a0fa0e24c07f096eb70 [term 1 FOLLOWER]: Advancing to term 2
I20260713 09:08:12.019812 17958 tablet_service.cc:1917] Received RequestConsensusVote() RPC: tablet_id: "3c43cc8c99a24c65b5ef9add333fecf0" candidate_uuid: "ab896b497ec24756a0835298f69ec00b" candidate_term: 2 candidate_status { last_received { term: 1 index: 4 } } ignore_live_leader: true dest_uuid: "d0b4a03ed5f343e6b858a0d7645c715f"
I20260713 09:08:12.020371 17958 raft_consensus.cc:3055] T 3c43cc8c99a24c65b5ef9add333fecf0 P d0b4a03ed5f343e6b858a0d7645c715f [term 1 LEADER]: Stepping down as leader of term 1
I20260713 09:08:12.020675 17958 raft_consensus.cc:740] T 3c43cc8c99a24c65b5ef9add333fecf0 P d0b4a03ed5f343e6b858a0d7645c715f [term 1 LEADER]: Becoming Follower/Learner. State: Replica: d0b4a03ed5f343e6b858a0d7645c715f, State: Running, Role: LEADER
I20260713 09:08:12.021459 17958 consensus_queue.cc:260] T 3c43cc8c99a24c65b5ef9add333fecf0 P d0b4a03ed5f343e6b858a0d7645c715f [NON_LEADER]: Queue going to NON_LEADER mode. State: All replicated index: 0, Majority replicated index: 4, Committed index: 4, Last appended: 1.4, Last appended by leader: 4, Current term: 1, Majority size: -1, State: 0, Mode: NON_LEADER, active raft config: opid_index: 4 OBSOLETE_local: false peers { permanent_uuid: "d0b4a03ed5f343e6b858a0d7645c715f" member_type: VOTER last_known_addr { host: "127.16.94.194" port: 34827 } } peers { permanent_uuid: "d9bb7a2b23474a0fa0e24c07f096eb70" member_type: VOTER last_known_addr { host: "127.16.94.195" port: 42277 } } peers { permanent_uuid: "ab896b497ec24756a0835298f69ec00b" member_type: VOTER last_known_addr { host: "127.16.94.196" port: 32863 } attrs { promote: false } }
I20260713 09:08:12.021944 18032 raft_consensus.cc:2468] T 3c43cc8c99a24c65b5ef9add333fecf0 P d9bb7a2b23474a0fa0e24c07f096eb70 [term 2 FOLLOWER]: Leader election vote request: Granting yes vote for candidate ab896b497ec24756a0835298f69ec00b in term 2.
I20260713 09:08:12.022657 17958 raft_consensus.cc:3060] T 3c43cc8c99a24c65b5ef9add333fecf0 P d0b4a03ed5f343e6b858a0d7645c715f [term 1 FOLLOWER]: Advancing to term 2
I20260713 09:08:12.022991 18272 leader_election.cc:304] T 3c43cc8c99a24c65b5ef9add333fecf0 P ab896b497ec24756a0835298f69ec00b [CANDIDATE]: Term 2 election: Election decided. Result: candidate won. Election summary: received 2 responses out of 3 voters: 2 yes votes; 0 no votes. yes voters: ab896b497ec24756a0835298f69ec00b, d9bb7a2b23474a0fa0e24c07f096eb70; no voters: 
I20260713 09:08:12.023880 18664 raft_consensus.cc:2804] T 3c43cc8c99a24c65b5ef9add333fecf0 P ab896b497ec24756a0835298f69ec00b [term 2 FOLLOWER]: Leader election won for term 2
I20260713 09:08:12.024309 18664 raft_consensus.cc:697] T 3c43cc8c99a24c65b5ef9add333fecf0 P ab896b497ec24756a0835298f69ec00b [term 2 LEADER]: Becoming Leader. State: Replica: ab896b497ec24756a0835298f69ec00b, State: Running, Role: LEADER
I20260713 09:08:12.025059 18664 consensus_queue.cc:237] T 3c43cc8c99a24c65b5ef9add333fecf0 P ab896b497ec24756a0835298f69ec00b [LEADER]: Queue going to LEADER mode. State: All replicated index: 0, Majority replicated index: 4, Committed index: 4, Last appended: 1.4, Last appended by leader: 4, Current term: 2, Majority size: 2, State: 0, Mode: LEADER, active raft config: opid_index: 4 OBSOLETE_local: false peers { permanent_uuid: "d0b4a03ed5f343e6b858a0d7645c715f" member_type: VOTER last_known_addr { host: "127.16.94.194" port: 34827 } } peers { permanent_uuid: "d9bb7a2b23474a0fa0e24c07f096eb70" member_type: VOTER last_known_addr { host: "127.16.94.195" port: 42277 } } peers { permanent_uuid: "ab896b497ec24756a0835298f69ec00b" member_type: VOTER last_known_addr { host: "127.16.94.196" port: 32863 } attrs { promote: false } }
I20260713 09:08:12.027356 17958 raft_consensus.cc:2468] T 3c43cc8c99a24c65b5ef9add333fecf0 P d0b4a03ed5f343e6b858a0d7645c715f [term 2 FOLLOWER]: Leader election vote request: Granting yes vote for candidate ab896b497ec24756a0835298f69ec00b in term 2.
I20260713 09:08:12.032716 17777 catalog_manager.cc:5697] T 3c43cc8c99a24c65b5ef9add333fecf0 P ab896b497ec24756a0835298f69ec00b reported cstate change: term changed from 1 to 2, leader changed from d0b4a03ed5f343e6b858a0d7645c715f (127.16.94.194) to ab896b497ec24756a0835298f69ec00b (127.16.94.196). New cstate: current_term: 2 leader_uuid: "ab896b497ec24756a0835298f69ec00b" committed_config { opid_index: 4 OBSOLETE_local: false peers { permanent_uuid: "d0b4a03ed5f343e6b858a0d7645c715f" member_type: VOTER last_known_addr { host: "127.16.94.194" port: 34827 } health_report { overall_health: UNKNOWN } } peers { permanent_uuid: "d9bb7a2b23474a0fa0e24c07f096eb70" member_type: VOTER last_known_addr { host: "127.16.94.195" port: 42277 } health_report { overall_health: UNKNOWN } } peers { permanent_uuid: "ab896b497ec24756a0835298f69ec00b" member_type: VOTER last_known_addr { host: "127.16.94.196" port: 32863 } attrs { promote: false } health_report { overall_health: HEALTHY } } }
I20260713 09:08:12.064704 18663 raft_consensus.cc:993] T 248eda317db841d8b0a8282fde7b3205 P d9bb7a2b23474a0fa0e24c07f096eb70: : Instructing follower 8db1195fd750461f9a92ada74d33d924 to start an election
I20260713 09:08:12.065202 18663 raft_consensus.cc:1081] T 248eda317db841d8b0a8282fde7b3205 P d9bb7a2b23474a0fa0e24c07f096eb70 [term 1 LEADER]: Signalling peer 8db1195fd750461f9a92ada74d33d924 to start an election
I20260713 09:08:12.066891 17881 tablet_service.cc:2044] Received Run Leader Election RPC: tablet_id: "248eda317db841d8b0a8282fde7b3205"
dest_uuid: "8db1195fd750461f9a92ada74d33d924"
 from {username='slave'} at 127.0.0.1:37666
I20260713 09:08:12.067378 17881 raft_consensus.cc:493] T 248eda317db841d8b0a8282fde7b3205 P 8db1195fd750461f9a92ada74d33d924 [term 1 FOLLOWER]: Starting forced leader election (received explicit request)
I20260713 09:08:12.067740 17881 raft_consensus.cc:3060] T 248eda317db841d8b0a8282fde7b3205 P 8db1195fd750461f9a92ada74d33d924 [term 1 FOLLOWER]: Advancing to term 2
I20260713 09:08:12.072870 17881 raft_consensus.cc:515] T 248eda317db841d8b0a8282fde7b3205 P 8db1195fd750461f9a92ada74d33d924 [term 2 FOLLOWER]: Starting forced leader election with config: opid_index: -1 OBSOLETE_local: false peers { permanent_uuid: "8db1195fd750461f9a92ada74d33d924" member_type: VOTER last_known_addr { host: "127.16.94.193" port: 32821 } } peers { permanent_uuid: "d0b4a03ed5f343e6b858a0d7645c715f" member_type: VOTER last_known_addr { host: "127.16.94.194" port: 34827 } } peers { permanent_uuid: "d9bb7a2b23474a0fa0e24c07f096eb70" member_type: VOTER last_known_addr { host: "127.16.94.195" port: 42277 } }
I20260713 09:08:12.075001 17881 leader_election.cc:290] T 248eda317db841d8b0a8282fde7b3205 P 8db1195fd750461f9a92ada74d33d924 [CANDIDATE]: Term 2 election: Requested vote from peers d0b4a03ed5f343e6b858a0d7645c715f (127.16.94.194:34827), d9bb7a2b23474a0fa0e24c07f096eb70 (127.16.94.195:42277)
I20260713 09:08:12.075776 17958 tablet_service.cc:1917] Received RequestConsensusVote() RPC: tablet_id: "248eda317db841d8b0a8282fde7b3205" candidate_uuid: "8db1195fd750461f9a92ada74d33d924" candidate_term: 2 candidate_status { last_received { term: 1 index: 1 } } ignore_live_leader: true dest_uuid: "d0b4a03ed5f343e6b858a0d7645c715f"
I20260713 09:08:12.076088 18032 tablet_service.cc:1917] Received RequestConsensusVote() RPC: tablet_id: "248eda317db841d8b0a8282fde7b3205" candidate_uuid: "8db1195fd750461f9a92ada74d33d924" candidate_term: 2 candidate_status { last_received { term: 1 index: 1 } } ignore_live_leader: true dest_uuid: "d9bb7a2b23474a0fa0e24c07f096eb70"
I20260713 09:08:12.076465 17958 raft_consensus.cc:3060] T 248eda317db841d8b0a8282fde7b3205 P d0b4a03ed5f343e6b858a0d7645c715f [term 1 FOLLOWER]: Advancing to term 2
I20260713 09:08:12.076639 18032 raft_consensus.cc:3055] T 248eda317db841d8b0a8282fde7b3205 P d9bb7a2b23474a0fa0e24c07f096eb70 [term 1 LEADER]: Stepping down as leader of term 1
I20260713 09:08:12.077061 18032 raft_consensus.cc:740] T 248eda317db841d8b0a8282fde7b3205 P d9bb7a2b23474a0fa0e24c07f096eb70 [term 1 LEADER]: Becoming Follower/Learner. State: Replica: d9bb7a2b23474a0fa0e24c07f096eb70, State: Running, Role: LEADER
I20260713 09:08:12.077837 18032 consensus_queue.cc:260] T 248eda317db841d8b0a8282fde7b3205 P d9bb7a2b23474a0fa0e24c07f096eb70 [NON_LEADER]: Queue going to NON_LEADER mode. State: All replicated index: 0, Majority replicated index: 1, Committed index: 1, Last appended: 1.1, Last appended by leader: 1, Current term: 1, Majority size: -1, State: 0, Mode: NON_LEADER, active raft config: opid_index: -1 OBSOLETE_local: false peers { permanent_uuid: "8db1195fd750461f9a92ada74d33d924" member_type: VOTER last_known_addr { host: "127.16.94.193" port: 32821 } } peers { permanent_uuid: "d0b4a03ed5f343e6b858a0d7645c715f" member_type: VOTER last_known_addr { host: "127.16.94.194" port: 34827 } } peers { permanent_uuid: "d9bb7a2b23474a0fa0e24c07f096eb70" member_type: VOTER last_known_addr { host: "127.16.94.195" port: 42277 } }
I20260713 09:08:12.078776 18032 raft_consensus.cc:3060] T 248eda317db841d8b0a8282fde7b3205 P d9bb7a2b23474a0fa0e24c07f096eb70 [term 1 FOLLOWER]: Advancing to term 2
I20260713 09:08:12.081538 17958 raft_consensus.cc:2468] T 248eda317db841d8b0a8282fde7b3205 P d0b4a03ed5f343e6b858a0d7645c715f [term 2 FOLLOWER]: Leader election vote request: Granting yes vote for candidate 8db1195fd750461f9a92ada74d33d924 in term 2.
I20260713 09:08:12.082738 17849 leader_election.cc:304] T 248eda317db841d8b0a8282fde7b3205 P 8db1195fd750461f9a92ada74d33d924 [CANDIDATE]: Term 2 election: Election decided. Result: candidate won. Election summary: received 2 responses out of 3 voters: 2 yes votes; 0 no votes. yes voters: 8db1195fd750461f9a92ada74d33d924, d0b4a03ed5f343e6b858a0d7645c715f; no voters: 
I20260713 09:08:12.083443 18659 raft_consensus.cc:2804] T 248eda317db841d8b0a8282fde7b3205 P 8db1195fd750461f9a92ada74d33d924 [term 2 FOLLOWER]: Leader election won for term 2
I20260713 09:08:12.083400 18032 raft_consensus.cc:2468] T 248eda317db841d8b0a8282fde7b3205 P d9bb7a2b23474a0fa0e24c07f096eb70 [term 2 FOLLOWER]: Leader election vote request: Granting yes vote for candidate 8db1195fd750461f9a92ada74d33d924 in term 2.
I20260713 09:08:12.084029 18659 raft_consensus.cc:697] T 248eda317db841d8b0a8282fde7b3205 P 8db1195fd750461f9a92ada74d33d924 [term 2 LEADER]: Becoming Leader. State: Replica: 8db1195fd750461f9a92ada74d33d924, State: Running, Role: LEADER
