I20260713 09:08:00.924886 18234 consensus_queue.cc:1048] T df3849176b3042f5923408a56e38068f P 43039b42e55641db961f8b0225c55d07 [LEADER]: Connected to new peer: Peer: permanent_uuid: "2a8ab21176044bfa93bc7e023e5a59e4" member_type: VOTER last_known_addr { host: "127.16.20.193" port: 35553 } attrs { replace: true }, Status: LMP_MISMATCH, Last received: 0.0, Next index: 2, Last known committed idx: 1, Time since last communication: 0.000s
W20260713 09:08:00.925726 17614 consensus_peers.cc:597] T df3849176b3042f5923408a56e38068f P 43039b42e55641db961f8b0225c55d07 -> Peer 5eec69af3b824d49a3a6b88d98c65947 (127.16.20.196:45605): Couldn't send request to peer 5eec69af3b824d49a3a6b88d98c65947. Error code: TABLET_NOT_FOUND (6). Status: Not found: Tablet not found: df3849176b3042f5923408a56e38068f. This is attempt 1: this message will repeat every 5th retry.
I20260713 09:08:00.937225 18183 raft_consensus.cc:2955] T df3849176b3042f5923408a56e38068f P 43039b42e55641db961f8b0225c55d07 [term 1 LEADER]: Committing config change with OpId 1.2: config changed from index -1 to 2, NON_VOTER 5eec69af3b824d49a3a6b88d98c65947 (127.16.20.196) added. New config: { opid_index: 2 OBSOLETE_local: false peers { permanent_uuid: "2a8ab21176044bfa93bc7e023e5a59e4" member_type: VOTER last_known_addr { host: "127.16.20.193" port: 35553 } attrs { replace: true } } peers { permanent_uuid: "43039b42e55641db961f8b0225c55d07" member_type: VOTER last_known_addr { host: "127.16.20.194" port: 45183 } } peers { permanent_uuid: "c1eda0bcb8524781870730189a74fda8" member_type: VOTER last_known_addr { host: "127.16.20.195" port: 44481 } } peers { permanent_uuid: "5eec69af3b824d49a3a6b88d98c65947" member_type: NON_VOTER last_known_addr { host: "127.16.20.196" port: 45605 } attrs { promote: true } } }
I20260713 09:08:00.940789 17573 raft_consensus.cc:2955] T df3849176b3042f5923408a56e38068f P 2a8ab21176044bfa93bc7e023e5a59e4 [term 1 FOLLOWER]: Committing config change with OpId 1.2: config changed from index -1 to 2, NON_VOTER 5eec69af3b824d49a3a6b88d98c65947 (127.16.20.196) added. New config: { opid_index: 2 OBSOLETE_local: false peers { permanent_uuid: "2a8ab21176044bfa93bc7e023e5a59e4" member_type: VOTER last_known_addr { host: "127.16.20.193" port: 35553 } attrs { replace: true } } peers { permanent_uuid: "43039b42e55641db961f8b0225c55d07" member_type: VOTER last_known_addr { host: "127.16.20.194" port: 45183 } } peers { permanent_uuid: "c1eda0bcb8524781870730189a74fda8" member_type: VOTER last_known_addr { host: "127.16.20.195" port: 44481 } } peers { permanent_uuid: "5eec69af3b824d49a3a6b88d98c65947" member_type: NON_VOTER last_known_addr { host: "127.16.20.196" port: 45605 } attrs { promote: true } } }
I20260713 09:08:00.944353 17724 raft_consensus.cc:2955] T df3849176b3042f5923408a56e38068f P c1eda0bcb8524781870730189a74fda8 [term 1 FOLLOWER]: Committing config change with OpId 1.2: config changed from index -1 to 2, NON_VOTER 5eec69af3b824d49a3a6b88d98c65947 (127.16.20.196) added. New config: { opid_index: 2 OBSOLETE_local: false peers { permanent_uuid: "2a8ab21176044bfa93bc7e023e5a59e4" member_type: VOTER last_known_addr { host: "127.16.20.193" port: 35553 } attrs { replace: true } } peers { permanent_uuid: "43039b42e55641db961f8b0225c55d07" member_type: VOTER last_known_addr { host: "127.16.20.194" port: 45183 } } peers { permanent_uuid: "c1eda0bcb8524781870730189a74fda8" member_type: VOTER last_known_addr { host: "127.16.20.195" port: 44481 } } peers { permanent_uuid: "5eec69af3b824d49a3a6b88d98c65947" member_type: NON_VOTER last_known_addr { host: "127.16.20.196" port: 45605 } attrs { promote: true } } }
I20260713 09:08:00.952631 17473 catalog_manager.cc:5697] T df3849176b3042f5923408a56e38068f P 43039b42e55641db961f8b0225c55d07 reported cstate change: config changed from index -1 to 2, NON_VOTER 5eec69af3b824d49a3a6b88d98c65947 (127.16.20.196) added. New cstate: current_term: 1 leader_uuid: "43039b42e55641db961f8b0225c55d07" committed_config { opid_index: 2 OBSOLETE_local: false peers { permanent_uuid: "2a8ab21176044bfa93bc7e023e5a59e4" member_type: VOTER last_known_addr { host: "127.16.20.193" port: 35553 } attrs { replace: true } health_report { overall_health: HEALTHY } } peers { permanent_uuid: "43039b42e55641db961f8b0225c55d07" member_type: VOTER last_known_addr { host: "127.16.20.194" port: 45183 } health_report { overall_health: HEALTHY } } peers { permanent_uuid: "c1eda0bcb8524781870730189a74fda8" member_type: VOTER last_known_addr { host: "127.16.20.195" port: 44481 } health_report { overall_health: HEALTHY } } peers { permanent_uuid: "5eec69af3b824d49a3a6b88d98c65947" member_type: NON_VOTER last_known_addr { host: "127.16.20.196" port: 45605 } attrs { promote: true } health_report { overall_health: UNKNOWN } } }
I20260713 09:08:00.952587 17650 consensus_queue.cc:237] T 312b22039b924f8eab10fe05cfd148b0 P 43039b42e55641db961f8b0225c55d07 [LEADER]: Queue going to LEADER mode. State: All replicated index: 0, Majority replicated index: 1, Committed index: 1, Last appended: 1.1, Last appended by leader: 0, Current term: 1, Majority size: 2, State: 0, Mode: LEADER, active raft config: opid_index: 2 OBSOLETE_local: false peers { permanent_uuid: "2a8ab21176044bfa93bc7e023e5a59e4" member_type: VOTER last_known_addr { host: "127.16.20.193" port: 35553 } attrs { replace: true } } peers { permanent_uuid: "43039b42e55641db961f8b0225c55d07" member_type: VOTER last_known_addr { host: "127.16.20.194" port: 45183 } } peers { permanent_uuid: "c1eda0bcb8524781870730189a74fda8" member_type: VOTER last_known_addr { host: "127.16.20.195" port: 44481 } } peers { permanent_uuid: "5eec69af3b824d49a3a6b88d98c65947" member_type: NON_VOTER last_known_addr { host: "127.16.20.196" port: 45605 } attrs { promote: true } }
I20260713 09:08:00.966537 17724 raft_consensus.cc:1275] T 312b22039b924f8eab10fe05cfd148b0 P c1eda0bcb8524781870730189a74fda8 [term 1 FOLLOWER]: Refusing update from remote peer 43039b42e55641db961f8b0225c55d07: Log matching property violated. Preceding OpId in replica: term: 1 index: 1. Preceding OpId from leader: term: 1 index: 2. (index mismatch)
W20260713 09:08:00.966598 17614 consensus_peers.cc:597] T 312b22039b924f8eab10fe05cfd148b0 P 43039b42e55641db961f8b0225c55d07 -> Peer 5eec69af3b824d49a3a6b88d98c65947 (127.16.20.196:45605): Couldn't send request to peer 5eec69af3b824d49a3a6b88d98c65947. Error code: TABLET_NOT_FOUND (6). Status: Not found: Tablet not found: 312b22039b924f8eab10fe05cfd148b0. This is attempt 1: this message will repeat every 5th retry.
I20260713 09:08:00.967572 17573 raft_consensus.cc:1275] T 312b22039b924f8eab10fe05cfd148b0 P 2a8ab21176044bfa93bc7e023e5a59e4 [term 1 FOLLOWER]: Refusing update from remote peer 43039b42e55641db961f8b0225c55d07: Log matching property violated. Preceding OpId in replica: term: 1 index: 1. Preceding OpId from leader: term: 1 index: 2. (index mismatch)
I20260713 09:08:00.967733 18234 consensus_queue.cc:1048] T 312b22039b924f8eab10fe05cfd148b0 P 43039b42e55641db961f8b0225c55d07 [LEADER]: Connected to new peer: Peer: permanent_uuid: "c1eda0bcb8524781870730189a74fda8" member_type: VOTER last_known_addr { host: "127.16.20.195" port: 44481 }, Status: LMP_MISMATCH, Last received: 0.0, Next index: 2, Last known committed idx: 1, Time since last communication: 0.000s
I20260713 09:08:00.969107 18221 consensus_queue.cc:1048] T 312b22039b924f8eab10fe05cfd148b0 P 43039b42e55641db961f8b0225c55d07 [LEADER]: Connected to new peer: Peer: permanent_uuid: "2a8ab21176044bfa93bc7e023e5a59e4" member_type: VOTER last_known_addr { host: "127.16.20.193" port: 35553 } attrs { replace: true }, Status: LMP_MISMATCH, Last received: 0.0, Next index: 2, Last known committed idx: 1, Time since last communication: 0.000s
I20260713 09:08:00.974571 18234 raft_consensus.cc:2955] T 312b22039b924f8eab10fe05cfd148b0 P 43039b42e55641db961f8b0225c55d07 [term 1 LEADER]: Committing config change with OpId 1.2: config changed from index -1 to 2, NON_VOTER 5eec69af3b824d49a3a6b88d98c65947 (127.16.20.196) added. New config: { opid_index: 2 OBSOLETE_local: false peers { permanent_uuid: "2a8ab21176044bfa93bc7e023e5a59e4" member_type: VOTER last_known_addr { host: "127.16.20.193" port: 35553 } attrs { replace: true } } peers { permanent_uuid: "43039b42e55641db961f8b0225c55d07" member_type: VOTER last_known_addr { host: "127.16.20.194" port: 45183 } } peers { permanent_uuid: "c1eda0bcb8524781870730189a74fda8" member_type: VOTER last_known_addr { host: "127.16.20.195" port: 44481 } } peers { permanent_uuid: "5eec69af3b824d49a3a6b88d98c65947" member_type: NON_VOTER last_known_addr { host: "127.16.20.196" port: 45605 } attrs { promote: true } } }
I20260713 09:08:00.975986 17724 raft_consensus.cc:2955] T 312b22039b924f8eab10fe05cfd148b0 P c1eda0bcb8524781870730189a74fda8 [term 1 FOLLOWER]: Committing config change with OpId 1.2: config changed from index -1 to 2, NON_VOTER 5eec69af3b824d49a3a6b88d98c65947 (127.16.20.196) added. New config: { opid_index: 2 OBSOLETE_local: false peers { permanent_uuid: "2a8ab21176044bfa93bc7e023e5a59e4" member_type: VOTER last_known_addr { host: "127.16.20.193" port: 35553 } attrs { replace: true } } peers { permanent_uuid: "43039b42e55641db961f8b0225c55d07" member_type: VOTER last_known_addr { host: "127.16.20.194" port: 45183 } } peers { permanent_uuid: "c1eda0bcb8524781870730189a74fda8" member_type: VOTER last_known_addr { host: "127.16.20.195" port: 44481 } } peers { permanent_uuid: "5eec69af3b824d49a3a6b88d98c65947" member_type: NON_VOTER last_known_addr { host: "127.16.20.196" port: 45605 } attrs { promote: true } } }
I20260713 09:08:00.977236 17573 raft_consensus.cc:2955] T 312b22039b924f8eab10fe05cfd148b0 P 2a8ab21176044bfa93bc7e023e5a59e4 [term 1 FOLLOWER]: Committing config change with OpId 1.2: config changed from index -1 to 2, NON_VOTER 5eec69af3b824d49a3a6b88d98c65947 (127.16.20.196) added. New config: { opid_index: 2 OBSOLETE_local: false peers { permanent_uuid: "2a8ab21176044bfa93bc7e023e5a59e4" member_type: VOTER last_known_addr { host: "127.16.20.193" port: 35553 } attrs { replace: true } } peers { permanent_uuid: "43039b42e55641db961f8b0225c55d07" member_type: VOTER last_known_addr { host: "127.16.20.194" port: 45183 } } peers { permanent_uuid: "c1eda0bcb8524781870730189a74fda8" member_type: VOTER last_known_addr { host: "127.16.20.195" port: 44481 } } peers { permanent_uuid: "5eec69af3b824d49a3a6b88d98c65947" member_type: NON_VOTER last_known_addr { host: "127.16.20.196" port: 45605 } attrs { promote: true } } }
I20260713 09:08:00.987548 17474 catalog_manager.cc:5697] T 312b22039b924f8eab10fe05cfd148b0 P 43039b42e55641db961f8b0225c55d07 reported cstate change: config changed from index -1 to 2, NON_VOTER 5eec69af3b824d49a3a6b88d98c65947 (127.16.20.196) added. New cstate: current_term: 1 leader_uuid: "43039b42e55641db961f8b0225c55d07" committed_config { opid_index: 2 OBSOLETE_local: false peers { permanent_uuid: "2a8ab21176044bfa93bc7e023e5a59e4" member_type: VOTER last_known_addr { host: "127.16.20.193" port: 35553 } attrs { replace: true } health_report { overall_health: HEALTHY } } peers { permanent_uuid: "43039b42e55641db961f8b0225c55d07" member_type: VOTER last_known_addr { host: "127.16.20.194" port: 45183 } health_report { overall_health: HEALTHY } } peers { permanent_uuid: "c1eda0bcb8524781870730189a74fda8" member_type: VOTER last_known_addr { host: "127.16.20.195" port: 44481 } health_report { overall_health: HEALTHY } } peers { permanent_uuid: "5eec69af3b824d49a3a6b88d98c65947" member_type: NON_VOTER last_known_addr { host: "127.16.20.196" port: 45605 } attrs { promote: true } health_report { overall_health: UNKNOWN } } }
I20260713 09:08:01.276780 18241 ts_tablet_manager.cc:933] T b389b7b42b9347f7a996d36050fd50da P 5eec69af3b824d49a3a6b88d98c65947: Initiating tablet copy from peer 2a8ab21176044bfa93bc7e023e5a59e4 (127.16.20.193:35553)
I20260713 09:08:01.278450 18241 tablet_copy_client.cc:323] T b389b7b42b9347f7a996d36050fd50da P 5eec69af3b824d49a3a6b88d98c65947: tablet copy: Beginning tablet copy session from remote peer at address 127.16.20.193:35553
I20260713 09:08:01.279812 17586 tablet_copy_service.cc:140] P 2a8ab21176044bfa93bc7e023e5a59e4: Received BeginTabletCopySession request for tablet b389b7b42b9347f7a996d36050fd50da from peer 5eec69af3b824d49a3a6b88d98c65947 ({username='slave'} at 127.0.0.1:46082)
I20260713 09:08:01.280232 17586 tablet_copy_service.cc:161] P 2a8ab21176044bfa93bc7e023e5a59e4: Beginning new tablet copy session on tablet b389b7b42b9347f7a996d36050fd50da from peer 5eec69af3b824d49a3a6b88d98c65947 at {username='slave'} at 127.0.0.1:46082: session id = 5eec69af3b824d49a3a6b88d98c65947-b389b7b42b9347f7a996d36050fd50da
I20260713 09:08:01.285629 17586 tablet_copy_source_session.cc:215] T b389b7b42b9347f7a996d36050fd50da P 2a8ab21176044bfa93bc7e023e5a59e4: Tablet Copy: opened 0 blocks and 1 log segments
I20260713 09:08:01.287905 18241 data_dirs.cc:400] Could only allocate 1 dirs of requested 3 for tablet b389b7b42b9347f7a996d36050fd50da. 1 dirs total, 0 dirs full, 0 dirs failed
I20260713 09:08:01.297470 18241 tablet_copy_client.cc:806] T b389b7b42b9347f7a996d36050fd50da P 5eec69af3b824d49a3a6b88d98c65947: tablet copy: Starting download of 0 data blocks...
I20260713 09:08:01.297927 18241 tablet_copy_client.cc:670] T b389b7b42b9347f7a996d36050fd50da P 5eec69af3b824d49a3a6b88d98c65947: tablet copy: Starting download of 1 WAL segments...
I20260713 09:08:01.300793 18241 tablet_copy_client.cc:538] T b389b7b42b9347f7a996d36050fd50da P 5eec69af3b824d49a3a6b88d98c65947: tablet copy: Tablet Copy complete. Replacing tablet superblock.
I20260713 09:08:01.306206 18241 tablet_bootstrap.cc:492] T b389b7b42b9347f7a996d36050fd50da P 5eec69af3b824d49a3a6b88d98c65947: Bootstrap starting.
I20260713 09:08:01.320272 18244 ts_tablet_manager.cc:933] T df3849176b3042f5923408a56e38068f P 5eec69af3b824d49a3a6b88d98c65947: Initiating tablet copy from peer 43039b42e55641db961f8b0225c55d07 (127.16.20.194:45183)
I20260713 09:08:01.321760 18241 tablet_bootstrap.cc:492] T b389b7b42b9347f7a996d36050fd50da P 5eec69af3b824d49a3a6b88d98c65947: Bootstrap replayed 1/1 log segments. Stats: ops{read=2 overwritten=0 applied=2 ignored=0} inserts{seen=0 ignored=0} mutations{seen=0 ignored=0} orphaned_commits=0. Pending: 0 replicates
I20260713 09:08:01.322100 18244 tablet_copy_client.cc:323] T df3849176b3042f5923408a56e38068f P 5eec69af3b824d49a3a6b88d98c65947: tablet copy: Beginning tablet copy session from remote peer at address 127.16.20.194:45183
I20260713 09:08:01.322643 18241 tablet_bootstrap.cc:492] T b389b7b42b9347f7a996d36050fd50da P 5eec69af3b824d49a3a6b88d98c65947: Bootstrap complete.
I20260713 09:08:01.323242 18241 ts_tablet_manager.cc:1403] T b389b7b42b9347f7a996d36050fd50da P 5eec69af3b824d49a3a6b88d98c65947: Time spent bootstrapping tablet: real 0.017s	user 0.011s	sys 0.004s
I20260713 09:08:01.323773 17661 tablet_copy_service.cc:140] P 43039b42e55641db961f8b0225c55d07: Received BeginTabletCopySession request for tablet df3849176b3042f5923408a56e38068f from peer 5eec69af3b824d49a3a6b88d98c65947 ({username='slave'} at 127.0.0.1:53724)
I20260713 09:08:01.324278 17661 tablet_copy_service.cc:161] P 43039b42e55641db961f8b0225c55d07: Beginning new tablet copy session on tablet df3849176b3042f5923408a56e38068f from peer 5eec69af3b824d49a3a6b88d98c65947 at {username='slave'} at 127.0.0.1:53724: session id = 5eec69af3b824d49a3a6b88d98c65947-df3849176b3042f5923408a56e38068f
I20260713 09:08:01.325522 18241 raft_consensus.cc:359] T b389b7b42b9347f7a996d36050fd50da P 5eec69af3b824d49a3a6b88d98c65947 [term 1 LEARNER]: Replica starting. Triggering 0 pending ops. Active config: opid_index: 2 OBSOLETE_local: false peers { permanent_uuid: "2a8ab21176044bfa93bc7e023e5a59e4" member_type: VOTER last_known_addr { host: "127.16.20.193" port: 35553 } } peers { permanent_uuid: "43039b42e55641db961f8b0225c55d07" member_type: VOTER last_known_addr { host: "127.16.20.194" port: 45183 } } peers { permanent_uuid: "c1eda0bcb8524781870730189a74fda8" member_type: VOTER last_known_addr { host: "127.16.20.195" port: 44481 } attrs { replace: true } } peers { permanent_uuid: "5eec69af3b824d49a3a6b88d98c65947" member_type: NON_VOTER last_known_addr { host: "127.16.20.196" port: 45605 } attrs { promote: true } }
I20260713 09:08:01.326093 18241 raft_consensus.cc:740] T b389b7b42b9347f7a996d36050fd50da P 5eec69af3b824d49a3a6b88d98c65947 [term 1 LEARNER]: Becoming Follower/Learner. State: Replica: 5eec69af3b824d49a3a6b88d98c65947, State: Initialized, Role: LEARNER
I20260713 09:08:01.326556 18241 consensus_queue.cc:260] T b389b7b42b9347f7a996d36050fd50da P 5eec69af3b824d49a3a6b88d98c65947 [NON_LEADER]: Queue going to NON_LEADER mode. State: All replicated index: 0, Majority replicated index: 0, Committed index: 2, Last appended: 1.2, Last appended by leader: 2, Current term: 0, Majority size: -1, State: 0, Mode: NON_LEADER, active raft config: opid_index: 2 OBSOLETE_local: false peers { permanent_uuid: "2a8ab21176044bfa93bc7e023e5a59e4" member_type: VOTER last_known_addr { host: "127.16.20.193" port: 35553 } } peers { permanent_uuid: "43039b42e55641db961f8b0225c55d07" member_type: VOTER last_known_addr { host: "127.16.20.194" port: 45183 } } peers { permanent_uuid: "c1eda0bcb8524781870730189a74fda8" member_type: VOTER last_known_addr { host: "127.16.20.195" port: 44481 } attrs { replace: true } } peers { permanent_uuid: "5eec69af3b824d49a3a6b88d98c65947" member_type: NON_VOTER last_known_addr { host: "127.16.20.196" port: 45605 } attrs { promote: true } }
I20260713 09:08:01.329348 18241 ts_tablet_manager.cc:1434] T b389b7b42b9347f7a996d36050fd50da P 5eec69af3b824d49a3a6b88d98c65947: Time spent starting tablet: real 0.006s	user 0.005s	sys 0.000s
I20260713 09:08:01.331542 17586 tablet_copy_service.cc:342] P 2a8ab21176044bfa93bc7e023e5a59e4: Request end of tablet copy session 5eec69af3b824d49a3a6b88d98c65947-b389b7b42b9347f7a996d36050fd50da received from {username='slave'} at 127.0.0.1:46082
I20260713 09:08:01.331852 17586 tablet_copy_service.cc:434] P 2a8ab21176044bfa93bc7e023e5a59e4: ending tablet copy session 5eec69af3b824d49a3a6b88d98c65947-b389b7b42b9347f7a996d36050fd50da on tablet b389b7b42b9347f7a996d36050fd50da with peer 5eec69af3b824d49a3a6b88d98c65947
I20260713 09:08:01.332526 17661 tablet_copy_source_session.cc:215] T df3849176b3042f5923408a56e38068f P 43039b42e55641db961f8b0225c55d07: Tablet Copy: opened 0 blocks and 1 log segments
I20260713 09:08:01.335423 18244 data_dirs.cc:400] Could only allocate 1 dirs of requested 3 for tablet df3849176b3042f5923408a56e38068f. 1 dirs total, 0 dirs full, 0 dirs failed
I20260713 09:08:01.348387 18244 tablet_copy_client.cc:806] T df3849176b3042f5923408a56e38068f P 5eec69af3b824d49a3a6b88d98c65947: tablet copy: Starting download of 0 data blocks...
I20260713 09:08:01.348922 18244 tablet_copy_client.cc:670] T df3849176b3042f5923408a56e38068f P 5eec69af3b824d49a3a6b88d98c65947: tablet copy: Starting download of 1 WAL segments...
I20260713 09:08:01.352843 18244 tablet_copy_client.cc:538] T df3849176b3042f5923408a56e38068f P 5eec69af3b824d49a3a6b88d98c65947: tablet copy: Tablet Copy complete. Replacing tablet superblock.
I20260713 09:08:01.358397 18244 tablet_bootstrap.cc:492] T df3849176b3042f5923408a56e38068f P 5eec69af3b824d49a3a6b88d98c65947: Bootstrap starting.
I20260713 09:08:01.372749 18241 ts_tablet_manager.cc:933] T 5b47dabdf79e4bfcb72cd10244d7095e P 5eec69af3b824d49a3a6b88d98c65947: Initiating tablet copy from peer 2a8ab21176044bfa93bc7e023e5a59e4 (127.16.20.193:35553)
I20260713 09:08:01.374284 18241 tablet_copy_client.cc:323] T 5b47dabdf79e4bfcb72cd10244d7095e P 5eec69af3b824d49a3a6b88d98c65947: tablet copy: Beginning tablet copy session from remote peer at address 127.16.20.193:35553
I20260713 09:08:01.374910 18244 tablet_bootstrap.cc:492] T df3849176b3042f5923408a56e38068f P 5eec69af3b824d49a3a6b88d98c65947: Bootstrap replayed 1/1 log segments. Stats: ops{read=2 overwritten=0 applied=2 ignored=0} inserts{seen=0 ignored=0} mutations{seen=0 ignored=0} orphaned_commits=0. Pending: 0 replicates
I20260713 09:08:01.375567 17586 tablet_copy_service.cc:140] P 2a8ab21176044bfa93bc7e023e5a59e4: Received BeginTabletCopySession request for tablet 5b47dabdf79e4bfcb72cd10244d7095e from peer 5eec69af3b824d49a3a6b88d98c65947 ({username='slave'} at 127.0.0.1:46082)
I20260713 09:08:01.375794 18244 tablet_bootstrap.cc:492] T df3849176b3042f5923408a56e38068f P 5eec69af3b824d49a3a6b88d98c65947: Bootstrap complete.
I20260713 09:08:01.376055 17586 tablet_copy_service.cc:161] P 2a8ab21176044bfa93bc7e023e5a59e4: Beginning new tablet copy session on tablet 5b47dabdf79e4bfcb72cd10244d7095e from peer 5eec69af3b824d49a3a6b88d98c65947 at {username='slave'} at 127.0.0.1:46082: session id = 5eec69af3b824d49a3a6b88d98c65947-5b47dabdf79e4bfcb72cd10244d7095e
I20260713 09:08:01.376484 18244 ts_tablet_manager.cc:1403] T df3849176b3042f5923408a56e38068f P 5eec69af3b824d49a3a6b88d98c65947: Time spent bootstrapping tablet: real 0.018s	user 0.015s	sys 0.004s
I20260713 09:08:01.379256 18244 raft_consensus.cc:359] T df3849176b3042f5923408a56e38068f P 5eec69af3b824d49a3a6b88d98c65947 [term 1 LEARNER]: Replica starting. Triggering 0 pending ops. Active config: opid_index: 2 OBSOLETE_local: false peers { permanent_uuid: "2a8ab21176044bfa93bc7e023e5a59e4" member_type: VOTER last_known_addr { host: "127.16.20.193" port: 35553 } attrs { replace: true } } peers { permanent_uuid: "43039b42e55641db961f8b0225c55d07" member_type: VOTER last_known_addr { host: "127.16.20.194" port: 45183 } } peers { permanent_uuid: "c1eda0bcb8524781870730189a74fda8" member_type: VOTER last_known_addr { host: "127.16.20.195" port: 44481 } } peers { permanent_uuid: "5eec69af3b824d49a3a6b88d98c65947" member_type: NON_VOTER last_known_addr { host: "127.16.20.196" port: 45605 } attrs { promote: true } }
I20260713 09:08:01.380072 18244 raft_consensus.cc:740] T df3849176b3042f5923408a56e38068f P 5eec69af3b824d49a3a6b88d98c65947 [term 1 LEARNER]: Becoming Follower/Learner. State: Replica: 5eec69af3b824d49a3a6b88d98c65947, State: Initialized, Role: LEARNER
I20260713 09:08:01.380796 17586 tablet_copy_source_session.cc:215] T 5b47dabdf79e4bfcb72cd10244d7095e P 2a8ab21176044bfa93bc7e023e5a59e4: Tablet Copy: opened 0 blocks and 1 log segments
I20260713 09:08:01.384495 18241 data_dirs.cc:400] Could only allocate 1 dirs of requested 3 for tablet 5b47dabdf79e4bfcb72cd10244d7095e. 1 dirs total, 0 dirs full, 0 dirs failed
I20260713 09:08:01.386003 18244 consensus_queue.cc:260] T df3849176b3042f5923408a56e38068f P 5eec69af3b824d49a3a6b88d98c65947 [NON_LEADER]: Queue going to NON_LEADER mode. State: All replicated index: 0, Majority replicated index: 0, Committed index: 2, Last appended: 1.2, Last appended by leader: 2, Current term: 0, Majority size: -1, State: 0, Mode: NON_LEADER, active raft config: opid_index: 2 OBSOLETE_local: false peers { permanent_uuid: "2a8ab21176044bfa93bc7e023e5a59e4" member_type: VOTER last_known_addr { host: "127.16.20.193" port: 35553 } attrs { replace: true } } peers { permanent_uuid: "43039b42e55641db961f8b0225c55d07" member_type: VOTER last_known_addr { host: "127.16.20.194" port: 45183 } } peers { permanent_uuid: "c1eda0bcb8524781870730189a74fda8" member_type: VOTER last_known_addr { host: "127.16.20.195" port: 44481 } } peers { permanent_uuid: "5eec69af3b824d49a3a6b88d98c65947" member_type: NON_VOTER last_known_addr { host: "127.16.20.196" port: 45605 } attrs { promote: true } }
I20260713 09:08:01.387780 18244 ts_tablet_manager.cc:1434] T df3849176b3042f5923408a56e38068f P 5eec69af3b824d49a3a6b88d98c65947: Time spent starting tablet: real 0.011s	user 0.001s	sys 0.005s
I20260713 09:08:01.391649 17661 tablet_copy_service.cc:342] P 43039b42e55641db961f8b0225c55d07: Request end of tablet copy session 5eec69af3b824d49a3a6b88d98c65947-df3849176b3042f5923408a56e38068f received from {username='slave'} at 127.0.0.1:53724
I20260713 09:08:01.392019 17661 tablet_copy_service.cc:434] P 43039b42e55641db961f8b0225c55d07: ending tablet copy session 5eec69af3b824d49a3a6b88d98c65947-df3849176b3042f5923408a56e38068f on tablet df3849176b3042f5923408a56e38068f with peer 5eec69af3b824d49a3a6b88d98c65947
I20260713 09:08:01.401881 18241 tablet_copy_client.cc:806] T 5b47dabdf79e4bfcb72cd10244d7095e P 5eec69af3b824d49a3a6b88d98c65947: tablet copy: Starting download of 0 data blocks...
I20260713 09:08:01.402364 18241 tablet_copy_client.cc:670] T 5b47dabdf79e4bfcb72cd10244d7095e P 5eec69af3b824d49a3a6b88d98c65947: tablet copy: Starting download of 1 WAL segments...
I20260713 09:08:01.406095 18241 tablet_copy_client.cc:538] T 5b47dabdf79e4bfcb72cd10244d7095e P 5eec69af3b824d49a3a6b88d98c65947: tablet copy: Tablet Copy complete. Replacing tablet superblock.
I20260713 09:08:01.414156 18241 tablet_bootstrap.cc:492] T 5b47dabdf79e4bfcb72cd10244d7095e P 5eec69af3b824d49a3a6b88d98c65947: Bootstrap starting.
I20260713 09:08:01.431802 18241 tablet_bootstrap.cc:492] T 5b47dabdf79e4bfcb72cd10244d7095e P 5eec69af3b824d49a3a6b88d98c65947: Bootstrap replayed 1/1 log segments. Stats: ops{read=2 overwritten=0 applied=2 ignored=0} inserts{seen=0 ignored=0} mutations{seen=0 ignored=0} orphaned_commits=0. Pending: 0 replicates
I20260713 09:08:01.432520 18241 tablet_bootstrap.cc:492] T 5b47dabdf79e4bfcb72cd10244d7095e P 5eec69af3b824d49a3a6b88d98c65947: Bootstrap complete.
I20260713 09:08:01.433143 18241 ts_tablet_manager.cc:1403] T 5b47dabdf79e4bfcb72cd10244d7095e P 5eec69af3b824d49a3a6b88d98c65947: Time spent bootstrapping tablet: real 0.019s	user 0.014s	sys 0.006s
I20260713 09:08:01.436069 18241 raft_consensus.cc:359] T 5b47dabdf79e4bfcb72cd10244d7095e P 5eec69af3b824d49a3a6b88d98c65947 [term 1 LEARNER]: Replica starting. Triggering 0 pending ops. Active config: opid_index: 2 OBSOLETE_local: false peers { permanent_uuid: "2a8ab21176044bfa93bc7e023e5a59e4" member_type: VOTER last_known_addr { host: "127.16.20.193" port: 35553 } } peers { permanent_uuid: "43039b42e55641db961f8b0225c55d07" member_type: VOTER last_known_addr { host: "127.16.20.194" port: 45183 } attrs { replace: true } } peers { permanent_uuid: "c1eda0bcb8524781870730189a74fda8" member_type: VOTER last_known_addr { host: "127.16.20.195" port: 44481 } } peers { permanent_uuid: "5eec69af3b824d49a3a6b88d98c65947" member_type: NON_VOTER last_known_addr { host: "127.16.20.196" port: 45605 } attrs { promote: true } }
I20260713 09:08:01.436607 18241 raft_consensus.cc:740] T 5b47dabdf79e4bfcb72cd10244d7095e P 5eec69af3b824d49a3a6b88d98c65947 [term 1 LEARNER]: Becoming Follower/Learner. State: Replica: 5eec69af3b824d49a3a6b88d98c65947, State: Initialized, Role: LEARNER
I20260713 09:08:01.437153 18241 consensus_queue.cc:260] T 5b47dabdf79e4bfcb72cd10244d7095e P 5eec69af3b824d49a3a6b88d98c65947 [NON_LEADER]: Queue going to NON_LEADER mode. State: All replicated index: 0, Majority replicated index: 0, Committed index: 2, Last appended: 1.2, Last appended by leader: 2, Current term: 0, Majority size: -1, State: 0, Mode: NON_LEADER, active raft config: opid_index: 2 OBSOLETE_local: false peers { permanent_uuid: "2a8ab21176044bfa93bc7e023e5a59e4" member_type: VOTER last_known_addr { host: "127.16.20.193" port: 35553 } } peers { permanent_uuid: "43039b42e55641db961f8b0225c55d07" member_type: VOTER last_known_addr { host: "127.16.20.194" port: 45183 } attrs { replace: true } } peers { permanent_uuid: "c1eda0bcb8524781870730189a74fda8" member_type: VOTER last_known_addr { host: "127.16.20.195" port: 44481 } } peers { permanent_uuid: "5eec69af3b824d49a3a6b88d98c65947" member_type: NON_VOTER last_known_addr { host: "127.16.20.196" port: 45605 } attrs { promote: true } }
I20260713 09:08:01.438616 18244 ts_tablet_manager.cc:933] T 312b22039b924f8eab10fe05cfd148b0 P 5eec69af3b824d49a3a6b88d98c65947: Initiating tablet copy from peer 43039b42e55641db961f8b0225c55d07 (127.16.20.194:45183)
I20260713 09:08:01.439339 18241 ts_tablet_manager.cc:1434] T 5b47dabdf79e4bfcb72cd10244d7095e P 5eec69af3b824d49a3a6b88d98c65947: Time spent starting tablet: real 0.006s	user 0.006s	sys 0.000s
I20260713 09:08:01.440843 17586 tablet_copy_service.cc:342] P 2a8ab21176044bfa93bc7e023e5a59e4: Request end of tablet copy session 5eec69af3b824d49a3a6b88d98c65947-5b47dabdf79e4bfcb72cd10244d7095e received from {username='slave'} at 127.0.0.1:46082
I20260713 09:08:01.441215 17586 tablet_copy_service.cc:434] P 2a8ab21176044bfa93bc7e023e5a59e4: ending tablet copy session 5eec69af3b824d49a3a6b88d98c65947-5b47dabdf79e4bfcb72cd10244d7095e on tablet 5b47dabdf79e4bfcb72cd10244d7095e with peer 5eec69af3b824d49a3a6b88d98c65947
I20260713 09:08:01.442370 18244 tablet_copy_client.cc:323] T 312b22039b924f8eab10fe05cfd148b0 P 5eec69af3b824d49a3a6b88d98c65947: tablet copy: Beginning tablet copy session from remote peer at address 127.16.20.194:45183
I20260713 09:08:01.443867 17661 tablet_copy_service.cc:140] P 43039b42e55641db961f8b0225c55d07: Received BeginTabletCopySession request for tablet 312b22039b924f8eab10fe05cfd148b0 from peer 5eec69af3b824d49a3a6b88d98c65947 ({username='slave'} at 127.0.0.1:53724)
I20260713 09:08:01.444372 17661 tablet_copy_service.cc:161] P 43039b42e55641db961f8b0225c55d07: Beginning new tablet copy session on tablet 312b22039b924f8eab10fe05cfd148b0 from peer 5eec69af3b824d49a3a6b88d98c65947 at {username='slave'} at 127.0.0.1:53724: session id = 5eec69af3b824d49a3a6b88d98c65947-312b22039b924f8eab10fe05cfd148b0
I20260713 09:08:01.451761 17661 tablet_copy_source_session.cc:215] T 312b22039b924f8eab10fe05cfd148b0 P 43039b42e55641db961f8b0225c55d07: Tablet Copy: opened 0 blocks and 1 log segments
I20260713 09:08:01.454211 18244 data_dirs.cc:400] Could only allocate 1 dirs of requested 3 for tablet 312b22039b924f8eab10fe05cfd148b0. 1 dirs total, 0 dirs full, 0 dirs failed
I20260713 09:08:01.463307 18244 tablet_copy_client.cc:806] T 312b22039b924f8eab10fe05cfd148b0 P 5eec69af3b824d49a3a6b88d98c65947: tablet copy: Starting download of 0 data blocks...
I20260713 09:08:01.463769 18244 tablet_copy_client.cc:670] T 312b22039b924f8eab10fe05cfd148b0 P 5eec69af3b824d49a3a6b88d98c65947: tablet copy: Starting download of 1 WAL segments...
I20260713 09:08:01.466869 18244 tablet_copy_client.cc:538] T 312b22039b924f8eab10fe05cfd148b0 P 5eec69af3b824d49a3a6b88d98c65947: tablet copy: Tablet Copy complete. Replacing tablet superblock.
I20260713 09:08:01.474696 18244 tablet_bootstrap.cc:492] T 312b22039b924f8eab10fe05cfd148b0 P 5eec69af3b824d49a3a6b88d98c65947: Bootstrap starting.
I20260713 09:08:01.493778 18244 tablet_bootstrap.cc:492] T 312b22039b924f8eab10fe05cfd148b0 P 5eec69af3b824d49a3a6b88d98c65947: Bootstrap replayed 1/1 log segments. Stats: ops{read=2 overwritten=0 applied=2 ignored=0} inserts{seen=0 ignored=0} mutations{seen=0 ignored=0} orphaned_commits=0. Pending: 0 replicates
I20260713 09:08:01.494563 18244 tablet_bootstrap.cc:492] T 312b22039b924f8eab10fe05cfd148b0 P 5eec69af3b824d49a3a6b88d98c65947: Bootstrap complete.
I20260713 09:08:01.495177 18244 ts_tablet_manager.cc:1403] T 312b22039b924f8eab10fe05cfd148b0 P 5eec69af3b824d49a3a6b88d98c65947: Time spent bootstrapping tablet: real 0.021s	user 0.013s	sys 0.003s
I20260713 09:08:01.497892 18244 raft_consensus.cc:359] T 312b22039b924f8eab10fe05cfd148b0 P 5eec69af3b824d49a3a6b88d98c65947 [term 1 LEARNER]: Replica starting. Triggering 0 pending ops. Active config: opid_index: 2 OBSOLETE_local: false peers { permanent_uuid: "2a8ab21176044bfa93bc7e023e5a59e4" member_type: VOTER last_known_addr { host: "127.16.20.193" port: 35553 } attrs { replace: true } } peers { permanent_uuid: "43039b42e55641db961f8b0225c55d07" member_type: VOTER last_known_addr { host: "127.16.20.194" port: 45183 } } peers { permanent_uuid: "c1eda0bcb8524781870730189a74fda8" member_type: VOTER last_known_addr { host: "127.16.20.195" port: 44481 } } peers { permanent_uuid: "5eec69af3b824d49a3a6b88d98c65947" member_type: NON_VOTER last_known_addr { host: "127.16.20.196" port: 45605 } attrs { promote: true } }
I20260713 09:08:01.498660 18244 raft_consensus.cc:740] T 312b22039b924f8eab10fe05cfd148b0 P 5eec69af3b824d49a3a6b88d98c65947 [term 1 LEARNER]: Becoming Follower/Learner. State: Replica: 5eec69af3b824d49a3a6b88d98c65947, State: Initialized, Role: LEARNER
I20260713 09:08:01.499260 18244 consensus_queue.cc:260] T 312b22039b924f8eab10fe05cfd148b0 P 5eec69af3b824d49a3a6b88d98c65947 [NON_LEADER]: Queue going to NON_LEADER mode. State: All replicated index: 0, Majority replicated index: 0, Committed index: 2, Last appended: 1.2, Last appended by leader: 2, Current term: 0, Majority size: -1, State: 0, Mode: NON_LEADER, active raft config: opid_index: 2 OBSOLETE_local: false peers { permanent_uuid: "2a8ab21176044bfa93bc7e023e5a59e4" member_type: VOTER last_known_addr { host: "127.16.20.193" port: 35553 } attrs { replace: true } } peers { permanent_uuid: "43039b42e55641db961f8b0225c55d07" member_type: VOTER last_known_addr { host: "127.16.20.194" port: 45183 } } peers { permanent_uuid: "c1eda0bcb8524781870730189a74fda8" member_type: VOTER last_known_addr { host: "127.16.20.195" port: 44481 } } peers { permanent_uuid: "5eec69af3b824d49a3a6b88d98c65947" member_type: NON_VOTER last_known_addr { host: "127.16.20.196" port: 45605 } attrs { promote: true } }
I20260713 09:08:01.501564 18244 ts_tablet_manager.cc:1434] T 312b22039b924f8eab10fe05cfd148b0 P 5eec69af3b824d49a3a6b88d98c65947: Time spent starting tablet: real 0.006s	user 0.000s	sys 0.004s
I20260713 09:08:01.503026 17661 tablet_copy_service.cc:342] P 43039b42e55641db961f8b0225c55d07: Request end of tablet copy session 5eec69af3b824d49a3a6b88d98c65947-312b22039b924f8eab10fe05cfd148b0 received from {username='slave'} at 127.0.0.1:53724
I20260713 09:08:01.503432 17661 tablet_copy_service.cc:434] P 43039b42e55641db961f8b0225c55d07: ending tablet copy session 5eec69af3b824d49a3a6b88d98c65947-312b22039b924f8eab10fe05cfd148b0 on tablet 312b22039b924f8eab10fe05cfd148b0 with peer 5eec69af3b824d49a3a6b88d98c65947
I20260713 09:08:01.716691 17991 raft_consensus.cc:1217] T b389b7b42b9347f7a996d36050fd50da P 5eec69af3b824d49a3a6b88d98c65947 [term 1 LEARNER]: Deduplicated request from leader. Original: 1.1->[1.2-1.2]   Dedup: 1.2->[]
I20260713 09:08:01.734263 17991 raft_consensus.cc:1217] T df3849176b3042f5923408a56e38068f P 5eec69af3b824d49a3a6b88d98c65947 [term 1 LEARNER]: Deduplicated request from leader. Original: 1.1->[1.2-1.2]   Dedup: 1.2->[]
I20260713 09:08:01.935329 17991 raft_consensus.cc:1217] T 312b22039b924f8eab10fe05cfd148b0 P 5eec69af3b824d49a3a6b88d98c65947 [term 1 LEARNER]: Deduplicated request from leader. Original: 1.1->[1.2-1.2]   Dedup: 1.2->[]
I20260713 09:08:01.953240 17991 raft_consensus.cc:1217] T 5b47dabdf79e4bfcb72cd10244d7095e P 5eec69af3b824d49a3a6b88d98c65947 [term 1 LEARNER]: Deduplicated request from leader. Original: 1.1->[1.2-1.2]   Dedup: 1.2->[]
I20260713 09:08:02.325434 18252 raft_consensus.cc:1064] T df3849176b3042f5923408a56e38068f P 43039b42e55641db961f8b0225c55d07: attempting to promote NON_VOTER 5eec69af3b824d49a3a6b88d98c65947 to VOTER
I20260713 09:08:02.327857 18252 consensus_queue.cc:237] T df3849176b3042f5923408a56e38068f P 43039b42e55641db961f8b0225c55d07 [LEADER]: Queue going to LEADER mode. State: All replicated index: 0, Majority replicated index: 2, Committed index: 2, Last appended: 1.2, Last appended by leader: 0, Current term: 1, Majority size: 3, State: 0, Mode: LEADER, active raft config: opid_index: 3 OBSOLETE_local: false peers { permanent_uuid: "2a8ab21176044bfa93bc7e023e5a59e4" member_type: VOTER last_known_addr { host: "127.16.20.193" port: 35553 } attrs { replace: true } } peers { permanent_uuid: "43039b42e55641db961f8b0225c55d07" member_type: VOTER last_known_addr { host: "127.16.20.194" port: 45183 } } peers { permanent_uuid: "c1eda0bcb8524781870730189a74fda8" member_type: VOTER last_known_addr { host: "127.16.20.195" port: 44481 } } peers { permanent_uuid: "5eec69af3b824d49a3a6b88d98c65947" member_type: VOTER last_known_addr { host: "127.16.20.196" port: 45605 } attrs { promote: false } }
I20260713 09:08:02.333994 18223 raft_consensus.cc:1064] T b389b7b42b9347f7a996d36050fd50da P 2a8ab21176044bfa93bc7e023e5a59e4: attempting to promote NON_VOTER 5eec69af3b824d49a3a6b88d98c65947 to VOTER
I20260713 09:08:02.336195 17722 raft_consensus.cc:1275] T df3849176b3042f5923408a56e38068f P c1eda0bcb8524781870730189a74fda8 [term 1 FOLLOWER]: Refusing update from remote peer 43039b42e55641db961f8b0225c55d07: Log matching property violated. Preceding OpId in replica: term: 1 index: 2. Preceding OpId from leader: term: 1 index: 3. (index mismatch)
I20260713 09:08:02.336371 18223 consensus_queue.cc:237] T b389b7b42b9347f7a996d36050fd50da P 2a8ab21176044bfa93bc7e023e5a59e4 [LEADER]: Queue going to LEADER mode. State: All replicated index: 0, Majority replicated index: 2, Committed index: 2, Last appended: 1.2, Last appended by leader: 0, Current term: 1, Majority size: 3, State: 0, Mode: LEADER, active raft config: opid_index: 3 OBSOLETE_local: false peers { permanent_uuid: "2a8ab21176044bfa93bc7e023e5a59e4" member_type: VOTER last_known_addr { host: "127.16.20.193" port: 35553 } } peers { permanent_uuid: "43039b42e55641db961f8b0225c55d07" member_type: VOTER last_known_addr { host: "127.16.20.194" port: 45183 } } peers { permanent_uuid: "c1eda0bcb8524781870730189a74fda8" member_type: VOTER last_known_addr { host: "127.16.20.195" port: 44481 } attrs { replace: true } } peers { permanent_uuid: "5eec69af3b824d49a3a6b88d98c65947" member_type: VOTER last_known_addr { host: "127.16.20.196" port: 45605 } attrs { promote: false } }
I20260713 09:08:02.339035 18254 raft_consensus.cc:1064] T 312b22039b924f8eab10fe05cfd148b0 P 43039b42e55641db961f8b0225c55d07: attempting to promote NON_VOTER 5eec69af3b824d49a3a6b88d98c65947 to VOTER
I20260713 09:08:02.344247 17991 raft_consensus.cc:1275] T b389b7b42b9347f7a996d36050fd50da P 5eec69af3b824d49a3a6b88d98c65947 [term 1 LEARNER]: Refusing update from remote peer 2a8ab21176044bfa93bc7e023e5a59e4: Log matching property violated. Preceding OpId in replica: term: 1 index: 2. Preceding OpId from leader: term: 1 index: 3. (index mismatch)
I20260713 09:08:02.345361 17573 raft_consensus.cc:1275] T df3849176b3042f5923408a56e38068f P 2a8ab21176044bfa93bc7e023e5a59e4 [term 1 FOLLOWER]: Refusing update from remote peer 43039b42e55641db961f8b0225c55d07: Log matching property violated. Preceding OpId in replica: term: 1 index: 2. Preceding OpId from leader: term: 1 index: 3. (index mismatch)
I20260713 09:08:02.345449 17722 raft_consensus.cc:1275] T b389b7b42b9347f7a996d36050fd50da P c1eda0bcb8524781870730189a74fda8 [term 1 FOLLOWER]: Refusing update from remote peer 2a8ab21176044bfa93bc7e023e5a59e4: Log matching property violated. Preceding OpId in replica: term: 1 index: 2. Preceding OpId from leader: term: 1 index: 3. (index mismatch)
I20260713 09:08:02.346428 18254 consensus_queue.cc:237] T 312b22039b924f8eab10fe05cfd148b0 P 43039b42e55641db961f8b0225c55d07 [LEADER]: Queue going to LEADER mode. State: All replicated index: 0, Majority replicated index: 2, Committed index: 2, Last appended: 1.2, Last appended by leader: 0, Current term: 1, Majority size: 3, State: 0, Mode: LEADER, active raft config: opid_index: 3 OBSOLETE_local: false peers { permanent_uuid: "2a8ab21176044bfa93bc7e023e5a59e4" member_type: VOTER last_known_addr { host: "127.16.20.193" port: 35553 } attrs { replace: true } } peers { permanent_uuid: "43039b42e55641db961f8b0225c55d07" member_type: VOTER last_known_addr { host: "127.16.20.194" port: 45183 } } peers { permanent_uuid: "c1eda0bcb8524781870730189a74fda8" member_type: VOTER last_known_addr { host: "127.16.20.195" port: 44481 } } peers { permanent_uuid: "5eec69af3b824d49a3a6b88d98c65947" member_type: VOTER last_known_addr { host: "127.16.20.196" port: 45605 } attrs { promote: false } }
I20260713 09:08:02.346807 18255 consensus_queue.cc:1048] T df3849176b3042f5923408a56e38068f P 43039b42e55641db961f8b0225c55d07 [LEADER]: Connected to new peer: Peer: permanent_uuid: "2a8ab21176044bfa93bc7e023e5a59e4" member_type: VOTER last_known_addr { host: "127.16.20.193" port: 35553 } attrs { replace: true }, Status: LMP_MISMATCH, Last received: 0.0, Next index: 3, Last known committed idx: 2, Time since last communication: 0.001s
I20260713 09:08:02.350818 17991 raft_consensus.cc:1275] T df3849176b3042f5923408a56e38068f P 5eec69af3b824d49a3a6b88d98c65947 [term 1 LEARNER]: Refusing update from remote peer 43039b42e55641db961f8b0225c55d07: Log matching property violated. Preceding OpId in replica: term: 1 index: 2. Preceding OpId from leader: term: 1 index: 3. (index mismatch)
I20260713 09:08:02.352407 18183 consensus_queue.cc:1048] T df3849176b3042f5923408a56e38068f P 43039b42e55641db961f8b0225c55d07 [LEADER]: Connected to new peer: Peer: permanent_uuid: "c1eda0bcb8524781870730189a74fda8" member_type: VOTER last_known_addr { host: "127.16.20.195" port: 44481 }, Status: LMP_MISMATCH, Last received: 0.0, Next index: 3, Last known committed idx: 2, Time since last communication: 0.000s
I20260713 09:08:02.354496 18223 consensus_queue.cc:1048] T b389b7b42b9347f7a996d36050fd50da P 2a8ab21176044bfa93bc7e023e5a59e4 [LEADER]: Connected to new peer: Peer: permanent_uuid: "5eec69af3b824d49a3a6b88d98c65947" member_type: VOTER last_known_addr { host: "127.16.20.196" port: 45605 } attrs { promote: false }, Status: LMP_MISMATCH, Last received: 0.0, Next index: 3, Last known committed idx: 2, Time since last communication: 0.000s
I20260713 09:08:02.357720 18220 consensus_queue.cc:1048] T b389b7b42b9347f7a996d36050fd50da P 2a8ab21176044bfa93bc7e023e5a59e4 [LEADER]: Connected to new peer: Peer: permanent_uuid: "c1eda0bcb8524781870730189a74fda8" member_type: VOTER last_known_addr { host: "127.16.20.195" port: 44481 } attrs { replace: true }, Status: LMP_MISMATCH, Last received: 0.0, Next index: 3, Last known committed idx: 2, Time since last communication: 0.000s
I20260713 09:08:02.362056 18183 consensus_queue.cc:1048] T df3849176b3042f5923408a56e38068f P 43039b42e55641db961f8b0225c55d07 [LEADER]: Connected to new peer: Peer: permanent_uuid: "5eec69af3b824d49a3a6b88d98c65947" member_type: VOTER last_known_addr { host: "127.16.20.196" port: 45605 } attrs { promote: false }, Status: LMP_MISMATCH, Last received: 0.0, Next index: 3, Last known committed idx: 2, Time since last communication: 0.000s
I20260713 09:08:02.397490 17648 raft_consensus.cc:1275] T b389b7b42b9347f7a996d36050fd50da P 43039b42e55641db961f8b0225c55d07 [term 1 FOLLOWER]: Refusing update from remote peer 2a8ab21176044bfa93bc7e023e5a59e4: Log matching property violated. Preceding OpId in replica: term: 1 index: 2. Preceding OpId from leader: term: 1 index: 3. (index mismatch)
I20260713 09:08:02.399116 17574 raft_consensus.cc:1275] T 312b22039b924f8eab10fe05cfd148b0 P 2a8ab21176044bfa93bc7e023e5a59e4 [term 1 FOLLOWER]: Refusing update from remote peer 43039b42e55641db961f8b0225c55d07: Log matching property violated. Preceding OpId in replica: term: 1 index: 2. Preceding OpId from leader: term: 1 index: 3. (index mismatch)
I20260713 09:08:02.402702 18254 consensus_queue.cc:1048] T 312b22039b924f8eab10fe05cfd148b0 P 43039b42e55641db961f8b0225c55d07 [LEADER]: Connected to new peer: Peer: permanent_uuid: "2a8ab21176044bfa93bc7e023e5a59e4" member_type: VOTER last_known_addr { host: "127.16.20.193" port: 35553 } attrs { replace: true }, Status: LMP_MISMATCH, Last received: 0.0, Next index: 3, Last known committed idx: 2, Time since last communication: 0.000s
I20260713 09:08:02.413166 17724 raft_consensus.cc:1275] T 312b22039b924f8eab10fe05cfd148b0 P c1eda0bcb8524781870730189a74fda8 [term 1 FOLLOWER]: Refusing update from remote peer 43039b42e55641db961f8b0225c55d07: Log matching property violated. Preceding OpId in replica: term: 1 index: 2. Preceding OpId from leader: term: 1 index: 3. (index mismatch)
I20260713 09:08:02.413502 17989 raft_consensus.cc:1275] T 312b22039b924f8eab10fe05cfd148b0 P 5eec69af3b824d49a3a6b88d98c65947 [term 1 LEARNER]: Refusing update from remote peer 43039b42e55641db961f8b0225c55d07: Log matching property violated. Preceding OpId in replica: term: 1 index: 2. Preceding OpId from leader: term: 1 index: 3. (index mismatch)
I20260713 09:08:02.414256 18257 consensus_queue.cc:1048] T b389b7b42b9347f7a996d36050fd50da P 2a8ab21176044bfa93bc7e023e5a59e4 [LEADER]: Connected to new peer: Peer: permanent_uuid: "43039b42e55641db961f8b0225c55d07" member_type: VOTER last_known_addr { host: "127.16.20.194" port: 45183 }, Status: LMP_MISMATCH, Last received: 0.0, Next index: 3, Last known committed idx: 2, Time since last communication: 0.000s
I20260713 09:08:02.418511 18223 raft_consensus.cc:2955] T b389b7b42b9347f7a996d36050fd50da P 2a8ab21176044bfa93bc7e023e5a59e4 [term 1 LEADER]: Committing config change with OpId 1.3: config changed from index 2 to 3, 5eec69af3b824d49a3a6b88d98c65947 (127.16.20.196) changed from NON_VOTER to VOTER. New config: { opid_index: 3 OBSOLETE_local: false peers { permanent_uuid: "2a8ab21176044bfa93bc7e023e5a59e4" member_type: VOTER last_known_addr { host: "127.16.20.193" port: 35553 } } peers { permanent_uuid: "43039b42e55641db961f8b0225c55d07" member_type: VOTER last_known_addr { host: "127.16.20.194" port: 45183 } } peers { permanent_uuid: "c1eda0bcb8524781870730189a74fda8" member_type: VOTER last_known_addr { host: "127.16.20.195" port: 44481 } attrs { replace: true } } peers { permanent_uuid: "5eec69af3b824d49a3a6b88d98c65947" member_type: VOTER last_known_addr { host: "127.16.20.196" port: 45605 } attrs { promote: false } } }
I20260713 09:08:02.420630 18254 consensus_queue.cc:1048] T 312b22039b924f8eab10fe05cfd148b0 P 43039b42e55641db961f8b0225c55d07 [LEADER]: Connected to new peer: Peer: permanent_uuid: "c1eda0bcb8524781870730189a74fda8" member_type: VOTER last_known_addr { host: "127.16.20.195" port: 44481 }, Status: LMP_MISMATCH, Last received: 0.0, Next index: 3, Last known committed idx: 2, Time since last communication: 0.000s
I20260713 09:08:02.428388 17990 raft_consensus.cc:2955] T b389b7b42b9347f7a996d36050fd50da P 5eec69af3b824d49a3a6b88d98c65947 [term 1 FOLLOWER]: Committing config change with OpId 1.3: config changed from index 2 to 3, 5eec69af3b824d49a3a6b88d98c65947 (127.16.20.196) changed from NON_VOTER to VOTER. New config: { opid_index: 3 OBSOLETE_local: false peers { permanent_uuid: "2a8ab21176044bfa93bc7e023e5a59e4" member_type: VOTER last_known_addr { host: "127.16.20.193" port: 35553 } } peers { permanent_uuid: "43039b42e55641db961f8b0225c55d07" member_type: VOTER last_known_addr { host: "127.16.20.194" port: 45183 } } peers { permanent_uuid: "c1eda0bcb8524781870730189a74fda8" member_type: VOTER last_known_addr { host: "127.16.20.195" port: 44481 } attrs { replace: true } } peers { permanent_uuid: "5eec69af3b824d49a3a6b88d98c65947" member_type: VOTER last_known_addr { host: "127.16.20.196" port: 45605 } attrs { promote: false } } }
I20260713 09:08:02.431344 18183 raft_consensus.cc:2955] T df3849176b3042f5923408a56e38068f P 43039b42e55641db961f8b0225c55d07 [term 1 LEADER]: Committing config change with OpId 1.3: config changed from index 2 to 3, 5eec69af3b824d49a3a6b88d98c65947 (127.16.20.196) changed from NON_VOTER to VOTER. New config: { opid_index: 3 OBSOLETE_local: false peers { permanent_uuid: "2a8ab21176044bfa93bc7e023e5a59e4" member_type: VOTER last_known_addr { host: "127.16.20.193" port: 35553 } attrs { replace: true } } peers { permanent_uuid: "43039b42e55641db961f8b0225c55d07" member_type: VOTER last_known_addr { host: "127.16.20.194" port: 45183 } } peers { permanent_uuid: "c1eda0bcb8524781870730189a74fda8" member_type: VOTER last_known_addr { host: "127.16.20.195" port: 44481 } } peers { permanent_uuid: "5eec69af3b824d49a3a6b88d98c65947" member_type: VOTER last_known_addr { host: "127.16.20.196" port: 45605 } attrs { promote: false } } }
I20260713 09:08:02.432132 18237 consensus_queue.cc:1048] T 312b22039b924f8eab10fe05cfd148b0 P 43039b42e55641db961f8b0225c55d07 [LEADER]: Connected to new peer: Peer: permanent_uuid: "5eec69af3b824d49a3a6b88d98c65947" member_type: VOTER last_known_addr { host: "127.16.20.196" port: 45605 } attrs { promote: false }, Status: LMP_MISMATCH, Last received: 0.0, Next index: 3, Last known committed idx: 2, Time since last communication: 0.000s
I20260713 09:08:02.447988 17573 raft_consensus.cc:2955] T df3849176b3042f5923408a56e38068f P 2a8ab21176044bfa93bc7e023e5a59e4 [term 1 FOLLOWER]: Committing config change with OpId 1.3: config changed from index 2 to 3, 5eec69af3b824d49a3a6b88d98c65947 (127.16.20.196) changed from NON_VOTER to VOTER. New config: { opid_index: 3 OBSOLETE_local: false peers { permanent_uuid: "2a8ab21176044bfa93bc7e023e5a59e4" member_type: VOTER last_known_addr { host: "127.16.20.193" port: 35553 } attrs { replace: true } } peers { permanent_uuid: "43039b42e55641db961f8b0225c55d07" member_type: VOTER last_known_addr { host: "127.16.20.194" port: 45183 } } peers { permanent_uuid: "c1eda0bcb8524781870730189a74fda8" member_type: VOTER last_known_addr { host: "127.16.20.195" port: 44481 } } peers { permanent_uuid: "5eec69af3b824d49a3a6b88d98c65947" member_type: VOTER last_known_addr { host: "127.16.20.196" port: 45605 } attrs { promote: false } } }
