I20260713 09:07:45.815814 23059 consensus_queue.cc:260] T c90464bec6e8419eadf443527ecd6b71 P d3473b6a58074d1fa8acb1863c1fa6fc [NON_LEADER]: Queue going to NON_LEADER mode. State: All replicated index: 0, Majority replicated index: 0, Committed index: 0, Last appended: 0.0, Last appended by leader: 0, Current term: 0, Majority size: -1, State: 0, Mode: NON_LEADER, active raft config: opid_index: -1 OBSOLETE_local: false peers { permanent_uuid: "85d518306c014e8095e76cb48984ae5b" member_type: VOTER last_known_addr { host: "127.21.63.1" port: 46459 } } peers { permanent_uuid: "d3473b6a58074d1fa8acb1863c1fa6fc" member_type: VOTER last_known_addr { host: "127.21.63.2" port: 40175 } } peers { permanent_uuid: "6998e8ff7f1443fa94a22a2c625e6d34" member_type: VOTER last_known_addr { host: "127.21.63.3" port: 43567 } }
I20260713 09:07:45.793352 23156 leader_election.cc:290] T 4afef60f05e54cad861c2a6a60d79d6a P 6998e8ff7f1443fa94a22a2c625e6d34 [CANDIDATE]: Term 1 election: Requested vote from peers 85d518306c014e8095e76cb48984ae5b (127.21.63.1:46459), d3473b6a58074d1fa8acb1863c1fa6fc (127.21.63.2:40175)
I20260713 09:07:45.819046 22761 catalog_manager.cc:5697] T ff11350997a44bd0a06a5e06537e0567 P d3473b6a58074d1fa8acb1863c1fa6fc reported cstate change: term changed from 0 to 1, leader changed from <none> to d3473b6a58074d1fa8acb1863c1fa6fc (127.21.63.2). New cstate: current_term: 1 leader_uuid: "d3473b6a58074d1fa8acb1863c1fa6fc" committed_config { opid_index: -1 OBSOLETE_local: false peers { permanent_uuid: "85d518306c014e8095e76cb48984ae5b" member_type: VOTER last_known_addr { host: "127.21.63.1" port: 46459 } health_report { overall_health: UNKNOWN } } peers { permanent_uuid: "d3473b6a58074d1fa8acb1863c1fa6fc" member_type: VOTER last_known_addr { host: "127.21.63.2" port: 40175 } health_report { overall_health: HEALTHY } } peers { permanent_uuid: "6998e8ff7f1443fa94a22a2c625e6d34" member_type: VOTER last_known_addr { host: "127.21.63.3" port: 43567 } health_report { overall_health: UNKNOWN } } }
I20260713 09:07:45.820037 23146 raft_consensus.cc:515] T 4cd0f2e845534b578df7b921f1e54c0f P d3473b6a58074d1fa8acb1863c1fa6fc [term 1 FOLLOWER]: Starting leader election with config: opid_index: -1 OBSOLETE_local: false peers { permanent_uuid: "85d518306c014e8095e76cb48984ae5b" member_type: VOTER last_known_addr { host: "127.21.63.1" port: 46459 } } peers { permanent_uuid: "d3473b6a58074d1fa8acb1863c1fa6fc" member_type: VOTER last_known_addr { host: "127.21.63.2" port: 40175 } } peers { permanent_uuid: "6998e8ff7f1443fa94a22a2c625e6d34" member_type: VOTER last_known_addr { host: "127.21.63.3" port: 43567 } }
I20260713 09:07:45.814101 23203 raft_consensus.cc:2749] T 921fd74632e947ac8b172d3c514614c0 P d3473b6a58074d1fa8acb1863c1fa6fc [term 1 FOLLOWER]: Leader pre-election lost for term 2. Reason: could not achieve majority
I20260713 09:07:45.822111 23059 ts_tablet_manager.cc:1434] T c90464bec6e8419eadf443527ecd6b71 P d3473b6a58074d1fa8acb1863c1fa6fc: Time spent starting tablet: real 0.036s	user 0.006s	sys 0.001s
I20260713 09:07:45.821841 22761 catalog_manager.cc:5697] T e930c2255b604b7f8f73bc4de716fce0 P d3473b6a58074d1fa8acb1863c1fa6fc reported cstate change: term changed from 0 to 1, leader changed from <none> to d3473b6a58074d1fa8acb1863c1fa6fc (127.21.63.2). New cstate: current_term: 1 leader_uuid: "d3473b6a58074d1fa8acb1863c1fa6fc" committed_config { opid_index: -1 OBSOLETE_local: false peers { permanent_uuid: "85d518306c014e8095e76cb48984ae5b" member_type: VOTER last_known_addr { host: "127.21.63.1" port: 46459 } health_report { overall_health: UNKNOWN } } peers { permanent_uuid: "d3473b6a58074d1fa8acb1863c1fa6fc" member_type: VOTER last_known_addr { host: "127.21.63.2" port: 40175 } health_report { overall_health: HEALTHY } } peers { permanent_uuid: "6998e8ff7f1443fa94a22a2c625e6d34" member_type: VOTER last_known_addr { host: "127.21.63.3" port: 43567 } health_report { overall_health: UNKNOWN } } }
I20260713 09:07:45.826640 22937 raft_consensus.cc:2468] T 4afef60f05e54cad861c2a6a60d79d6a P d3473b6a58074d1fa8acb1863c1fa6fc [term 1 FOLLOWER]: Leader election vote request: Granting yes vote for candidate 6998e8ff7f1443fa94a22a2c625e6d34 in term 1.
I20260713 09:07:45.828227 22864 raft_consensus.cc:2468] T 4afef60f05e54cad861c2a6a60d79d6a P 85d518306c014e8095e76cb48984ae5b [term 1 FOLLOWER]: Leader election vote request: Granting yes vote for candidate 6998e8ff7f1443fa94a22a2c625e6d34 in term 1.
I20260713 09:07:45.828750 23078 raft_consensus.cc:493] T 6041c7201e8c4b1e8f149f29918167e0 P 85d518306c014e8095e76cb48984ae5b [term 0 FOLLOWER]: Starting pre-election (no leader contacted us within the election timeout)
I20260713 09:07:45.829191 23078 raft_consensus.cc:515] T 6041c7201e8c4b1e8f149f29918167e0 P 85d518306c014e8095e76cb48984ae5b [term 0 FOLLOWER]: Starting pre-election with config: opid_index: -1 OBSOLETE_local: false peers { permanent_uuid: "85d518306c014e8095e76cb48984ae5b" member_type: VOTER last_known_addr { host: "127.21.63.1" port: 46459 } } peers { permanent_uuid: "d3473b6a58074d1fa8acb1863c1fa6fc" member_type: VOTER last_known_addr { host: "127.21.63.2" port: 40175 } } peers { permanent_uuid: "6998e8ff7f1443fa94a22a2c625e6d34" member_type: VOTER last_known_addr { host: "127.21.63.3" port: 43567 } }
I20260713 09:07:45.829363 22978 leader_election.cc:304] T 4afef60f05e54cad861c2a6a60d79d6a P 6998e8ff7f1443fa94a22a2c625e6d34 [CANDIDATE]: Term 1 election: Election decided. Result: candidate won. Election summary: received 2 responses out of 3 voters: 2 yes votes; 0 no votes. yes voters: 6998e8ff7f1443fa94a22a2c625e6d34, 85d518306c014e8095e76cb48984ae5b; no voters: 
I20260713 09:07:45.836472 23104 raft_consensus.cc:2804] T 4afef60f05e54cad861c2a6a60d79d6a P 6998e8ff7f1443fa94a22a2c625e6d34 [term 1 FOLLOWER]: Leader election won for term 1
I20260713 09:07:45.836962 23104 raft_consensus.cc:697] T 4afef60f05e54cad861c2a6a60d79d6a P 6998e8ff7f1443fa94a22a2c625e6d34 [term 1 LEADER]: Becoming Leader. State: Replica: 6998e8ff7f1443fa94a22a2c625e6d34, State: Running, Role: LEADER
I20260713 09:07:45.829743 23156 consensus_queue.cc:1048] T 921fd74632e947ac8b172d3c514614c0 P 6998e8ff7f1443fa94a22a2c625e6d34 [LEADER]: Connected to new peer: Peer: permanent_uuid: "d3473b6a58074d1fa8acb1863c1fa6fc" member_type: VOTER last_known_addr { host: "127.21.63.2" port: 40175 }, Status: LMP_MISMATCH, Last received: 0.0, Next index: 1, Last known committed idx: 0, Time since last communication: 0.000s
I20260713 09:07:45.837759 23104 consensus_queue.cc:237] T 4afef60f05e54cad861c2a6a60d79d6a P 6998e8ff7f1443fa94a22a2c625e6d34 [LEADER]: Queue going to LEADER mode. State: All replicated index: 0, Majority replicated index: 0, Committed index: 0, Last appended: 0.0, Last appended by leader: 0, Current term: 1, Majority size: 2, State: 0, Mode: LEADER, active raft config: opid_index: -1 OBSOLETE_local: false peers { permanent_uuid: "85d518306c014e8095e76cb48984ae5b" member_type: VOTER last_known_addr { host: "127.21.63.1" port: 46459 } } peers { permanent_uuid: "d3473b6a58074d1fa8acb1863c1fa6fc" member_type: VOTER last_known_addr { host: "127.21.63.2" port: 40175 } } peers { permanent_uuid: "6998e8ff7f1443fa94a22a2c625e6d34" member_type: VOTER last_known_addr { host: "127.21.63.3" port: 43567 } }
I20260713 09:07:45.827065 22865 raft_consensus.cc:2468] T ff11350997a44bd0a06a5e06537e0567 P 85d518306c014e8095e76cb48984ae5b [term 2 FOLLOWER]: Leader election vote request: Granting yes vote for candidate 6998e8ff7f1443fa94a22a2c625e6d34 in term 2.
I20260713 09:07:45.830595 22864 tablet_service.cc:1917] Received RequestConsensusVote() RPC: tablet_id: "4cd0f2e845534b578df7b921f1e54c0f" candidate_uuid: "d3473b6a58074d1fa8acb1863c1fa6fc" candidate_term: 1 candidate_status { last_received { term: 0 index: 0 } } ignore_live_leader: false dest_uuid: "85d518306c014e8095e76cb48984ae5b"
I20260713 09:07:45.831530 23146 leader_election.cc:290] T 4cd0f2e845534b578df7b921f1e54c0f P d3473b6a58074d1fa8acb1863c1fa6fc [CANDIDATE]: Term 1 election: Requested vote from peers 85d518306c014e8095e76cb48984ae5b (127.21.63.1:46459), 6998e8ff7f1443fa94a22a2c625e6d34 (127.21.63.3:43567)
I20260713 09:07:45.833870 23012 tablet_service.cc:1917] Received RequestConsensusVote() RPC: tablet_id: "4cd0f2e845534b578df7b921f1e54c0f" candidate_uuid: "d3473b6a58074d1fa8acb1863c1fa6fc" candidate_term: 1 candidate_status { last_received { term: 0 index: 0 } } ignore_live_leader: false dest_uuid: "6998e8ff7f1443fa94a22a2c625e6d34"
I20260713 09:07:45.840287 22864 raft_consensus.cc:3060] T 4cd0f2e845534b578df7b921f1e54c0f P 85d518306c014e8095e76cb48984ae5b [term 0 FOLLOWER]: Advancing to term 1
W20260713 09:07:45.841305 22905 leader_election.cc:343] T 4cd0f2e845534b578df7b921f1e54c0f P d3473b6a58074d1fa8acb1863c1fa6fc [CANDIDATE]: Term 1 election: Tablet error from VoteRequest() call to peer 6998e8ff7f1443fa94a22a2c625e6d34 (127.21.63.3:43567): Illegal state: must be running to vote when last-logged opid is not known
I20260713 09:07:45.845270 23012 tablet_service.cc:1917] Received RequestConsensusVote() RPC: tablet_id: "6041c7201e8c4b1e8f149f29918167e0" candidate_uuid: "85d518306c014e8095e76cb48984ae5b" candidate_term: 1 candidate_status { last_received { term: 0 index: 0 } } ignore_live_leader: false dest_uuid: "6998e8ff7f1443fa94a22a2c625e6d34" is_pre_election: true
I20260713 09:07:45.845682 23155 raft_consensus.cc:493] T c90464bec6e8419eadf443527ecd6b71 P 6998e8ff7f1443fa94a22a2c625e6d34 [term 0 FOLLOWER]: Starting pre-election (no leader contacted us within the election timeout)
I20260713 09:07:45.845938 22978 leader_election.cc:304] T ff11350997a44bd0a06a5e06537e0567 P 6998e8ff7f1443fa94a22a2c625e6d34 [CANDIDATE]: Term 2 election: Election decided. Result: candidate won. Election summary: received 3 responses out of 3 voters: 2 yes votes; 1 no votes. yes voters: 6998e8ff7f1443fa94a22a2c625e6d34, 85d518306c014e8095e76cb48984ae5b; no voters: d3473b6a58074d1fa8acb1863c1fa6fc
I20260713 09:07:45.846120 23155 raft_consensus.cc:515] T c90464bec6e8419eadf443527ecd6b71 P 6998e8ff7f1443fa94a22a2c625e6d34 [term 0 FOLLOWER]: Starting pre-election with config: opid_index: -1 OBSOLETE_local: false peers { permanent_uuid: "85d518306c014e8095e76cb48984ae5b" member_type: VOTER last_known_addr { host: "127.21.63.1" port: 46459 } } peers { permanent_uuid: "d3473b6a58074d1fa8acb1863c1fa6fc" member_type: VOTER last_known_addr { host: "127.21.63.2" port: 40175 } } peers { permanent_uuid: "6998e8ff7f1443fa94a22a2c625e6d34" member_type: VOTER last_known_addr { host: "127.21.63.3" port: 43567 } }
W20260713 09:07:45.847308 22830 leader_election.cc:343] T 6041c7201e8c4b1e8f149f29918167e0 P 85d518306c014e8095e76cb48984ae5b [CANDIDATE]: Term 1 pre-election: Tablet error from VoteRequest() call to peer 6998e8ff7f1443fa94a22a2c625e6d34 (127.21.63.3:43567): Illegal state: must be running to vote when last-logged opid is not known
I20260713 09:07:45.847990 23155 leader_election.cc:290] T c90464bec6e8419eadf443527ecd6b71 P 6998e8ff7f1443fa94a22a2c625e6d34 [CANDIDATE]: Term 1 pre-election: Requested pre-vote from peers 85d518306c014e8095e76cb48984ae5b (127.21.63.1:46459), d3473b6a58074d1fa8acb1863c1fa6fc (127.21.63.2:40175)
I20260713 09:07:45.849361 23062 raft_consensus.cc:2804] T ff11350997a44bd0a06a5e06537e0567 P 6998e8ff7f1443fa94a22a2c625e6d34 [term 2 FOLLOWER]: Leader election won for term 2
I20260713 09:07:45.849593 22864 raft_consensus.cc:2468] T 4cd0f2e845534b578df7b921f1e54c0f P 85d518306c014e8095e76cb48984ae5b [term 1 FOLLOWER]: Leader election vote request: Granting yes vote for candidate d3473b6a58074d1fa8acb1863c1fa6fc in term 1.
I20260713 09:07:45.849850 23062 raft_consensus.cc:697] T ff11350997a44bd0a06a5e06537e0567 P 6998e8ff7f1443fa94a22a2c625e6d34 [term 2 LEADER]: Becoming Leader. State: Replica: 6998e8ff7f1443fa94a22a2c625e6d34, State: Running, Role: LEADER
I20260713 09:07:45.850768 22904 leader_election.cc:304] T 4cd0f2e845534b578df7b921f1e54c0f P d3473b6a58074d1fa8acb1863c1fa6fc [CANDIDATE]: Term 1 election: Election decided. Result: candidate won. Election summary: received 3 responses out of 3 voters: 2 yes votes; 1 no votes. yes voters: 85d518306c014e8095e76cb48984ae5b, d3473b6a58074d1fa8acb1863c1fa6fc; no voters: 6998e8ff7f1443fa94a22a2c625e6d34
I20260713 09:07:45.850693 23062 consensus_queue.cc:237] T ff11350997a44bd0a06a5e06537e0567 P 6998e8ff7f1443fa94a22a2c625e6d34 [LEADER]: Queue going to LEADER mode. State: All replicated index: 0, Majority replicated index: 0, Committed index: 0, Last appended: 0.0, Last appended by leader: 0, Current term: 2, Majority size: 2, State: 0, Mode: LEADER, active raft config: opid_index: -1 OBSOLETE_local: false peers { permanent_uuid: "85d518306c014e8095e76cb48984ae5b" member_type: VOTER last_known_addr { host: "127.21.63.1" port: 46459 } } peers { permanent_uuid: "d3473b6a58074d1fa8acb1863c1fa6fc" member_type: VOTER last_known_addr { host: "127.21.63.2" port: 40175 } } peers { permanent_uuid: "6998e8ff7f1443fa94a22a2c625e6d34" member_type: VOTER last_known_addr { host: "127.21.63.3" port: 43567 } }
I20260713 09:07:45.852002 23146 raft_consensus.cc:2804] T 4cd0f2e845534b578df7b921f1e54c0f P d3473b6a58074d1fa8acb1863c1fa6fc [term 1 FOLLOWER]: Leader election won for term 1
I20260713 09:07:45.852571 23146 raft_consensus.cc:697] T 4cd0f2e845534b578df7b921f1e54c0f P d3473b6a58074d1fa8acb1863c1fa6fc [term 1 LEADER]: Becoming Leader. State: Replica: d3473b6a58074d1fa8acb1863c1fa6fc, State: Running, Role: LEADER
I20260713 09:07:45.852938 22764 catalog_manager.cc:5697] T 4afef60f05e54cad861c2a6a60d79d6a P 6998e8ff7f1443fa94a22a2c625e6d34 reported cstate change: term changed from 0 to 1, leader changed from <none> to 6998e8ff7f1443fa94a22a2c625e6d34 (127.21.63.3). New cstate: current_term: 1 leader_uuid: "6998e8ff7f1443fa94a22a2c625e6d34" committed_config { opid_index: -1 OBSOLETE_local: false peers { permanent_uuid: "85d518306c014e8095e76cb48984ae5b" member_type: VOTER last_known_addr { host: "127.21.63.1" port: 46459 } health_report { overall_health: UNKNOWN } } peers { permanent_uuid: "d3473b6a58074d1fa8acb1863c1fa6fc" member_type: VOTER last_known_addr { host: "127.21.63.2" port: 40175 } health_report { overall_health: UNKNOWN } } peers { permanent_uuid: "6998e8ff7f1443fa94a22a2c625e6d34" member_type: VOTER last_known_addr { host: "127.21.63.3" port: 43567 } health_report { overall_health: HEALTHY } } }
I20260713 09:07:45.853387 23146 consensus_queue.cc:237] T 4cd0f2e845534b578df7b921f1e54c0f P d3473b6a58074d1fa8acb1863c1fa6fc [LEADER]: Queue going to LEADER mode. State: All replicated index: 0, Majority replicated index: 0, Committed index: 0, Last appended: 0.0, Last appended by leader: 0, Current term: 1, Majority size: 2, State: 0, Mode: LEADER, active raft config: opid_index: -1 OBSOLETE_local: false peers { permanent_uuid: "85d518306c014e8095e76cb48984ae5b" member_type: VOTER last_known_addr { host: "127.21.63.1" port: 46459 } } peers { permanent_uuid: "d3473b6a58074d1fa8acb1863c1fa6fc" member_type: VOTER last_known_addr { host: "127.21.63.2" port: 40175 } } peers { permanent_uuid: "6998e8ff7f1443fa94a22a2c625e6d34" member_type: VOTER last_known_addr { host: "127.21.63.3" port: 43567 } }
W20260713 09:07:45.855163 22812 auto_rebalancer.cc:288] Could not retrieve cluster info: Service unavailable: Tablet not running
I20260713 09:07:45.855036 22940 tablet_service.cc:1917] Received RequestConsensusVote() RPC: tablet_id: "c90464bec6e8419eadf443527ecd6b71" candidate_uuid: "6998e8ff7f1443fa94a22a2c625e6d34" candidate_term: 1 candidate_status { last_received { term: 0 index: 0 } } ignore_live_leader: false dest_uuid: "d3473b6a58074d1fa8acb1863c1fa6fc" is_pre_election: true
I20260713 09:07:45.846323 22939 tablet_service.cc:1917] Received RequestConsensusVote() RPC: tablet_id: "6041c7201e8c4b1e8f149f29918167e0" candidate_uuid: "85d518306c014e8095e76cb48984ae5b" candidate_term: 1 candidate_status { last_received { term: 0 index: 0 } } ignore_live_leader: false dest_uuid: "d3473b6a58074d1fa8acb1863c1fa6fc" is_pre_election: true
I20260713 09:07:45.855674 22940 raft_consensus.cc:2468] T c90464bec6e8419eadf443527ecd6b71 P d3473b6a58074d1fa8acb1863c1fa6fc [term 0 FOLLOWER]: Leader pre-election vote request: Granting yes vote for candidate 6998e8ff7f1443fa94a22a2c625e6d34 in term 0.
I20260713 09:07:45.855826 22939 raft_consensus.cc:2468] T 6041c7201e8c4b1e8f149f29918167e0 P d3473b6a58074d1fa8acb1863c1fa6fc [term 0 FOLLOWER]: Leader pre-election vote request: Granting yes vote for candidate 85d518306c014e8095e76cb48984ae5b in term 0.
I20260713 09:07:45.857002 22832 leader_election.cc:304] T 6041c7201e8c4b1e8f149f29918167e0 P 85d518306c014e8095e76cb48984ae5b [CANDIDATE]: Term 1 pre-election: Election decided. Result: candidate won. Election summary: received 3 responses out of 3 voters: 2 yes votes; 1 no votes. yes voters: 85d518306c014e8095e76cb48984ae5b, d3473b6a58074d1fa8acb1863c1fa6fc; no voters: 6998e8ff7f1443fa94a22a2c625e6d34
I20260713 09:07:45.857646 22981 leader_election.cc:304] T c90464bec6e8419eadf443527ecd6b71 P 6998e8ff7f1443fa94a22a2c625e6d34 [CANDIDATE]: Term 1 pre-election: Election decided. Result: candidate won. Election summary: received 2 responses out of 3 voters: 2 yes votes; 0 no votes. yes voters: 6998e8ff7f1443fa94a22a2c625e6d34, d3473b6a58074d1fa8acb1863c1fa6fc; no voters: 
I20260713 09:07:45.857774 23159 raft_consensus.cc:2804] T 6041c7201e8c4b1e8f149f29918167e0 P 85d518306c014e8095e76cb48984ae5b [term 0 FOLLOWER]: Leader pre-election won for term 1
I20260713 09:07:45.858260 23159 raft_consensus.cc:493] T 6041c7201e8c4b1e8f149f29918167e0 P 85d518306c014e8095e76cb48984ae5b [term 0 FOLLOWER]: Starting leader election (no leader contacted us within the election timeout)
I20260713 09:07:45.858500 23155 raft_consensus.cc:2804] T c90464bec6e8419eadf443527ecd6b71 P 6998e8ff7f1443fa94a22a2c625e6d34 [term 0 FOLLOWER]: Leader pre-election won for term 1
I20260713 09:07:45.858577 23159 raft_consensus.cc:3060] T 6041c7201e8c4b1e8f149f29918167e0 P 85d518306c014e8095e76cb48984ae5b [term 0 FOLLOWER]: Advancing to term 1
I20260713 09:07:45.858930 23155 raft_consensus.cc:493] T c90464bec6e8419eadf443527ecd6b71 P 6998e8ff7f1443fa94a22a2c625e6d34 [term 0 FOLLOWER]: Starting leader election (no leader contacted us within the election timeout)
I20260713 09:07:45.859294 23155 raft_consensus.cc:3060] T c90464bec6e8419eadf443527ecd6b71 P 6998e8ff7f1443fa94a22a2c625e6d34 [term 0 FOLLOWER]: Advancing to term 1
I20260713 09:07:45.865144 23159 raft_consensus.cc:515] T 6041c7201e8c4b1e8f149f29918167e0 P 85d518306c014e8095e76cb48984ae5b [term 1 FOLLOWER]: Starting leader election with config: opid_index: -1 OBSOLETE_local: false peers { permanent_uuid: "85d518306c014e8095e76cb48984ae5b" member_type: VOTER last_known_addr { host: "127.21.63.1" port: 46459 } } peers { permanent_uuid: "d3473b6a58074d1fa8acb1863c1fa6fc" member_type: VOTER last_known_addr { host: "127.21.63.2" port: 40175 } } peers { permanent_uuid: "6998e8ff7f1443fa94a22a2c625e6d34" member_type: VOTER last_known_addr { host: "127.21.63.3" port: 43567 } }
I20260713 09:07:45.867815 22939 tablet_service.cc:1917] Received RequestConsensusVote() RPC: tablet_id: "6041c7201e8c4b1e8f149f29918167e0" candidate_uuid: "85d518306c014e8095e76cb48984ae5b" candidate_term: 1 candidate_status { last_received { term: 0 index: 0 } } ignore_live_leader: false dest_uuid: "d3473b6a58074d1fa8acb1863c1fa6fc"
I20260713 09:07:45.868397 22939 raft_consensus.cc:3060] T 6041c7201e8c4b1e8f149f29918167e0 P d3473b6a58074d1fa8acb1863c1fa6fc [term 0 FOLLOWER]: Advancing to term 1
I20260713 09:07:45.868790 23078 leader_election.cc:290] T 6041c7201e8c4b1e8f149f29918167e0 P 85d518306c014e8095e76cb48984ae5b [CANDIDATE]: Term 1 pre-election: Requested pre-vote from peers d3473b6a58074d1fa8acb1863c1fa6fc (127.21.63.2:40175), 6998e8ff7f1443fa94a22a2c625e6d34 (127.21.63.3:43567)
I20260713 09:07:45.872361 22764 catalog_manager.cc:5697] T ff11350997a44bd0a06a5e06537e0567 P 6998e8ff7f1443fa94a22a2c625e6d34 reported cstate change: term changed from 1 to 2, leader changed from d3473b6a58074d1fa8acb1863c1fa6fc (127.21.63.2) to 6998e8ff7f1443fa94a22a2c625e6d34 (127.21.63.3). New cstate: current_term: 2 leader_uuid: "6998e8ff7f1443fa94a22a2c625e6d34" committed_config { opid_index: -1 OBSOLETE_local: false peers { permanent_uuid: "85d518306c014e8095e76cb48984ae5b" member_type: VOTER last_known_addr { host: "127.21.63.1" port: 46459 } health_report { overall_health: UNKNOWN } } peers { permanent_uuid: "d3473b6a58074d1fa8acb1863c1fa6fc" member_type: VOTER last_known_addr { host: "127.21.63.2" port: 40175 } health_report { overall_health: UNKNOWN } } peers { permanent_uuid: "6998e8ff7f1443fa94a22a2c625e6d34" member_type: VOTER last_known_addr { host: "127.21.63.3" port: 43567 } health_report { overall_health: HEALTHY } } }
I20260713 09:07:45.876025 23159 leader_election.cc:290] T 6041c7201e8c4b1e8f149f29918167e0 P 85d518306c014e8095e76cb48984ae5b [CANDIDATE]: Term 1 election: Requested vote from peers d3473b6a58074d1fa8acb1863c1fa6fc (127.21.63.2:40175), 6998e8ff7f1443fa94a22a2c625e6d34 (127.21.63.3:43567)
I20260713 09:07:45.876428 22939 raft_consensus.cc:2468] T 6041c7201e8c4b1e8f149f29918167e0 P d3473b6a58074d1fa8acb1863c1fa6fc [term 1 FOLLOWER]: Leader election vote request: Granting yes vote for candidate 85d518306c014e8095e76cb48984ae5b in term 1.
I20260713 09:07:45.877632 23012 tablet_service.cc:1917] Received RequestConsensusVote() RPC: tablet_id: "6041c7201e8c4b1e8f149f29918167e0" candidate_uuid: "85d518306c014e8095e76cb48984ae5b" candidate_term: 1 candidate_status { last_received { term: 0 index: 0 } } ignore_live_leader: false dest_uuid: "6998e8ff7f1443fa94a22a2c625e6d34"
W20260713 09:07:45.879015 22830 leader_election.cc:343] T 6041c7201e8c4b1e8f149f29918167e0 P 85d518306c014e8095e76cb48984ae5b [CANDIDATE]: Term 1 election: Tablet error from VoteRequest() call to peer 6998e8ff7f1443fa94a22a2c625e6d34 (127.21.63.3:43567): Illegal state: must be running to vote when last-logged opid is not known
I20260713 09:07:45.876698 22865 tablet_service.cc:1917] Received RequestConsensusVote() RPC: tablet_id: "c90464bec6e8419eadf443527ecd6b71" candidate_uuid: "6998e8ff7f1443fa94a22a2c625e6d34" candidate_term: 1 candidate_status { last_received { term: 0 index: 0 } } ignore_live_leader: false dest_uuid: "85d518306c014e8095e76cb48984ae5b" is_pre_election: true
I20260713 09:07:45.879845 22865 raft_consensus.cc:2468] T c90464bec6e8419eadf443527ecd6b71 P 85d518306c014e8095e76cb48984ae5b [term 0 FOLLOWER]: Leader pre-election vote request: Granting yes vote for candidate 6998e8ff7f1443fa94a22a2c625e6d34 in term 0.
I20260713 09:07:45.881633 22832 leader_election.cc:304] T 6041c7201e8c4b1e8f149f29918167e0 P 85d518306c014e8095e76cb48984ae5b [CANDIDATE]: Term 1 election: Election decided. Result: candidate won. Election summary: received 3 responses out of 3 voters: 2 yes votes; 1 no votes. yes voters: 85d518306c014e8095e76cb48984ae5b, d3473b6a58074d1fa8acb1863c1fa6fc; no voters: 6998e8ff7f1443fa94a22a2c625e6d34
I20260713 09:07:45.882311 23159 raft_consensus.cc:2804] T 6041c7201e8c4b1e8f149f29918167e0 P 85d518306c014e8095e76cb48984ae5b [term 1 FOLLOWER]: Leader election won for term 1
I20260713 09:07:45.867400 23155 raft_consensus.cc:515] T c90464bec6e8419eadf443527ecd6b71 P 6998e8ff7f1443fa94a22a2c625e6d34 [term 1 FOLLOWER]: Starting leader election with config: opid_index: -1 OBSOLETE_local: false peers { permanent_uuid: "85d518306c014e8095e76cb48984ae5b" member_type: VOTER last_known_addr { host: "127.21.63.1" port: 46459 } } peers { permanent_uuid: "d3473b6a58074d1fa8acb1863c1fa6fc" member_type: VOTER last_known_addr { host: "127.21.63.2" port: 40175 } } peers { permanent_uuid: "6998e8ff7f1443fa94a22a2c625e6d34" member_type: VOTER last_known_addr { host: "127.21.63.3" port: 43567 } }
I20260713 09:07:45.883005 23159 raft_consensus.cc:697] T 6041c7201e8c4b1e8f149f29918167e0 P 85d518306c014e8095e76cb48984ae5b [term 1 LEADER]: Becoming Leader. State: Replica: 85d518306c014e8095e76cb48984ae5b, State: Running, Role: LEADER
I20260713 09:07:45.883998 23159 consensus_queue.cc:237] T 6041c7201e8c4b1e8f149f29918167e0 P 85d518306c014e8095e76cb48984ae5b [LEADER]: Queue going to LEADER mode. State: All replicated index: 0, Majority replicated index: 0, Committed index: 0, Last appended: 0.0, Last appended by leader: 0, Current term: 1, Majority size: 2, State: 0, Mode: LEADER, active raft config: opid_index: -1 OBSOLETE_local: false peers { permanent_uuid: "85d518306c014e8095e76cb48984ae5b" member_type: VOTER last_known_addr { host: "127.21.63.1" port: 46459 } } peers { permanent_uuid: "d3473b6a58074d1fa8acb1863c1fa6fc" member_type: VOTER last_known_addr { host: "127.21.63.2" port: 40175 } } peers { permanent_uuid: "6998e8ff7f1443fa94a22a2c625e6d34" member_type: VOTER last_known_addr { host: "127.21.63.3" port: 43567 } }
I20260713 09:07:45.884941 23155 leader_election.cc:290] T c90464bec6e8419eadf443527ecd6b71 P 6998e8ff7f1443fa94a22a2c625e6d34 [CANDIDATE]: Term 1 election: Requested vote from peers 85d518306c014e8095e76cb48984ae5b (127.21.63.1:46459), d3473b6a58074d1fa8acb1863c1fa6fc (127.21.63.2:40175)
I20260713 09:07:45.886416 23057 tablet_bootstrap.cc:492] T 8a5ca0034b524c5cbb3297f6c1b9d56f P 6998e8ff7f1443fa94a22a2c625e6d34: No bootstrap required, opened a new log
I20260713 09:07:45.886826 23057 ts_tablet_manager.cc:1403] T 8a5ca0034b524c5cbb3297f6c1b9d56f P 6998e8ff7f1443fa94a22a2c625e6d34: Time spent bootstrapping tablet: real 0.199s	user 0.007s	sys 0.005s
I20260713 09:07:45.888839 22864 tablet_service.cc:1917] Received RequestConsensusVote() RPC: tablet_id: "c90464bec6e8419eadf443527ecd6b71" candidate_uuid: "6998e8ff7f1443fa94a22a2c625e6d34" candidate_term: 1 candidate_status { last_received { term: 0 index: 0 } } ignore_live_leader: false dest_uuid: "85d518306c014e8095e76cb48984ae5b"
I20260713 09:07:45.889392 22864 raft_consensus.cc:3060] T c90464bec6e8419eadf443527ecd6b71 P 85d518306c014e8095e76cb48984ae5b [term 0 FOLLOWER]: Advancing to term 1
I20260713 09:07:45.889259 23057 raft_consensus.cc:359] T 8a5ca0034b524c5cbb3297f6c1b9d56f P 6998e8ff7f1443fa94a22a2c625e6d34 [term 0 FOLLOWER]: Replica starting. Triggering 0 pending ops. Active config: opid_index: -1 OBSOLETE_local: false peers { permanent_uuid: "85d518306c014e8095e76cb48984ae5b" member_type: VOTER last_known_addr { host: "127.21.63.1" port: 46459 } } peers { permanent_uuid: "d3473b6a58074d1fa8acb1863c1fa6fc" member_type: VOTER last_known_addr { host: "127.21.63.2" port: 40175 } } peers { permanent_uuid: "6998e8ff7f1443fa94a22a2c625e6d34" member_type: VOTER last_known_addr { host: "127.21.63.3" port: 43567 } }
I20260713 09:07:45.889894 23057 raft_consensus.cc:385] T 8a5ca0034b524c5cbb3297f6c1b9d56f P 6998e8ff7f1443fa94a22a2c625e6d34 [term 0 FOLLOWER]: Consensus starting up: Expiring failure detector timer to make a prompt election more likely
I20260713 09:07:45.890166 23057 raft_consensus.cc:740] T 8a5ca0034b524c5cbb3297f6c1b9d56f P 6998e8ff7f1443fa94a22a2c625e6d34 [term 0 FOLLOWER]: Becoming Follower/Learner. State: Replica: 6998e8ff7f1443fa94a22a2c625e6d34, State: Initialized, Role: FOLLOWER
I20260713 09:07:45.890786 23057 consensus_queue.cc:260] T 8a5ca0034b524c5cbb3297f6c1b9d56f P 6998e8ff7f1443fa94a22a2c625e6d34 [NON_LEADER]: Queue going to NON_LEADER mode. State: All replicated index: 0, Majority replicated index: 0, Committed index: 0, Last appended: 0.0, Last appended by leader: 0, Current term: 0, Majority size: -1, State: 0, Mode: NON_LEADER, active raft config: opid_index: -1 OBSOLETE_local: false peers { permanent_uuid: "85d518306c014e8095e76cb48984ae5b" member_type: VOTER last_known_addr { host: "127.21.63.1" port: 46459 } } peers { permanent_uuid: "d3473b6a58074d1fa8acb1863c1fa6fc" member_type: VOTER last_known_addr { host: "127.21.63.2" port: 40175 } } peers { permanent_uuid: "6998e8ff7f1443fa94a22a2c625e6d34" member_type: VOTER last_known_addr { host: "127.21.63.3" port: 43567 } }
I20260713 09:07:45.893715 22939 tablet_service.cc:1917] Received RequestConsensusVote() RPC: tablet_id: "c90464bec6e8419eadf443527ecd6b71" candidate_uuid: "6998e8ff7f1443fa94a22a2c625e6d34" candidate_term: 1 candidate_status { last_received { term: 0 index: 0 } } ignore_live_leader: false dest_uuid: "d3473b6a58074d1fa8acb1863c1fa6fc"
I20260713 09:07:45.893599 22763 catalog_manager.cc:5697] T 4cd0f2e845534b578df7b921f1e54c0f P d3473b6a58074d1fa8acb1863c1fa6fc reported cstate change: term changed from 0 to 1, leader changed from <none> to d3473b6a58074d1fa8acb1863c1fa6fc (127.21.63.2). New cstate: current_term: 1 leader_uuid: "d3473b6a58074d1fa8acb1863c1fa6fc" committed_config { opid_index: -1 OBSOLETE_local: false peers { permanent_uuid: "85d518306c014e8095e76cb48984ae5b" member_type: VOTER last_known_addr { host: "127.21.63.1" port: 46459 } health_report { overall_health: UNKNOWN } } peers { permanent_uuid: "d3473b6a58074d1fa8acb1863c1fa6fc" member_type: VOTER last_known_addr { host: "127.21.63.2" port: 40175 } health_report { overall_health: HEALTHY } } peers { permanent_uuid: "6998e8ff7f1443fa94a22a2c625e6d34" member_type: VOTER last_known_addr { host: "127.21.63.3" port: 43567 } health_report { overall_health: UNKNOWN } } }
I20260713 09:07:45.894464 22939 raft_consensus.cc:3060] T c90464bec6e8419eadf443527ecd6b71 P d3473b6a58074d1fa8acb1863c1fa6fc [term 0 FOLLOWER]: Advancing to term 1
I20260713 09:07:45.896046 23057 ts_tablet_manager.cc:1434] T 8a5ca0034b524c5cbb3297f6c1b9d56f P 6998e8ff7f1443fa94a22a2c625e6d34: Time spent starting tablet: real 0.009s	user 0.007s	sys 0.000s
I20260713 09:07:45.896973 23057 tablet_bootstrap.cc:492] T e930c2255b604b7f8f73bc4de716fce0 P 6998e8ff7f1443fa94a22a2c625e6d34: Bootstrap starting.
I20260713 09:07:45.901362 22939 raft_consensus.cc:2468] T c90464bec6e8419eadf443527ecd6b71 P d3473b6a58074d1fa8acb1863c1fa6fc [term 1 FOLLOWER]: Leader election vote request: Granting yes vote for candidate 6998e8ff7f1443fa94a22a2c625e6d34 in term 1.
I20260713 09:07:45.905920 23057 tablet_bootstrap.cc:654] T e930c2255b604b7f8f73bc4de716fce0 P 6998e8ff7f1443fa94a22a2c625e6d34: Neither blocks nor log segments found. Creating new log.
I20260713 09:07:45.907490 22981 leader_election.cc:304] T c90464bec6e8419eadf443527ecd6b71 P 6998e8ff7f1443fa94a22a2c625e6d34 [CANDIDATE]: Term 1 election: Election decided. Result: candidate won. Election summary: received 2 responses out of 3 voters: 2 yes votes; 0 no votes. yes voters: 6998e8ff7f1443fa94a22a2c625e6d34, d3473b6a58074d1fa8acb1863c1fa6fc; no voters: 
I20260713 09:07:45.907613 22864 raft_consensus.cc:2468] T c90464bec6e8419eadf443527ecd6b71 P 85d518306c014e8095e76cb48984ae5b [term 1 FOLLOWER]: Leader election vote request: Granting yes vote for candidate 6998e8ff7f1443fa94a22a2c625e6d34 in term 1.
I20260713 09:07:45.908754 23155 raft_consensus.cc:2804] T c90464bec6e8419eadf443527ecd6b71 P 6998e8ff7f1443fa94a22a2c625e6d34 [term 1 FOLLOWER]: Leader election won for term 1
I20260713 09:07:45.912070 23155 raft_consensus.cc:697] T c90464bec6e8419eadf443527ecd6b71 P 6998e8ff7f1443fa94a22a2c625e6d34 [term 1 LEADER]: Becoming Leader. State: Replica: 6998e8ff7f1443fa94a22a2c625e6d34, State: Running, Role: LEADER
I20260713 09:07:45.912521 22764 catalog_manager.cc:5697] T 6041c7201e8c4b1e8f149f29918167e0 P 85d518306c014e8095e76cb48984ae5b reported cstate change: term changed from 0 to 1, leader changed from <none> to 85d518306c014e8095e76cb48984ae5b (127.21.63.1). New cstate: current_term: 1 leader_uuid: "85d518306c014e8095e76cb48984ae5b" committed_config { opid_index: -1 OBSOLETE_local: false peers { permanent_uuid: "85d518306c014e8095e76cb48984ae5b" member_type: VOTER last_known_addr { host: "127.21.63.1" port: 46459 } health_report { overall_health: HEALTHY } } peers { permanent_uuid: "d3473b6a58074d1fa8acb1863c1fa6fc" member_type: VOTER last_known_addr { host: "127.21.63.2" port: 40175 } health_report { overall_health: UNKNOWN } } peers { permanent_uuid: "6998e8ff7f1443fa94a22a2c625e6d34" member_type: VOTER last_known_addr { host: "127.21.63.3" port: 43567 } health_report { overall_health: UNKNOWN } } }
I20260713 09:07:45.912904 23155 consensus_queue.cc:237] T c90464bec6e8419eadf443527ecd6b71 P 6998e8ff7f1443fa94a22a2c625e6d34 [LEADER]: Queue going to LEADER mode. State: All replicated index: 0, Majority replicated index: 0, Committed index: 0, Last appended: 0.0, Last appended by leader: 0, Current term: 1, Majority size: 2, State: 0, Mode: LEADER, active raft config: opid_index: -1 OBSOLETE_local: false peers { permanent_uuid: "85d518306c014e8095e76cb48984ae5b" member_type: VOTER last_known_addr { host: "127.21.63.1" port: 46459 } } peers { permanent_uuid: "d3473b6a58074d1fa8acb1863c1fa6fc" member_type: VOTER last_known_addr { host: "127.21.63.2" port: 40175 } } peers { permanent_uuid: "6998e8ff7f1443fa94a22a2c625e6d34" member_type: VOTER last_known_addr { host: "127.21.63.3" port: 43567 } }
I20260713 09:07:45.929289 23057 tablet_bootstrap.cc:492] T e930c2255b604b7f8f73bc4de716fce0 P 6998e8ff7f1443fa94a22a2c625e6d34: No bootstrap required, opened a new log
I20260713 09:07:45.929659 23057 ts_tablet_manager.cc:1403] T e930c2255b604b7f8f73bc4de716fce0 P 6998e8ff7f1443fa94a22a2c625e6d34: Time spent bootstrapping tablet: real 0.033s	user 0.011s	sys 0.008s
I20260713 09:07:45.931895 23057 raft_consensus.cc:359] T e930c2255b604b7f8f73bc4de716fce0 P 6998e8ff7f1443fa94a22a2c625e6d34 [term 0 FOLLOWER]: Replica starting. Triggering 0 pending ops. Active config: opid_index: -1 OBSOLETE_local: false peers { permanent_uuid: "85d518306c014e8095e76cb48984ae5b" member_type: VOTER last_known_addr { host: "127.21.63.1" port: 46459 } } peers { permanent_uuid: "d3473b6a58074d1fa8acb1863c1fa6fc" member_type: VOTER last_known_addr { host: "127.21.63.2" port: 40175 } } peers { permanent_uuid: "6998e8ff7f1443fa94a22a2c625e6d34" member_type: VOTER last_known_addr { host: "127.21.63.3" port: 43567 } }
I20260713 09:07:45.932538 23057 raft_consensus.cc:385] T e930c2255b604b7f8f73bc4de716fce0 P 6998e8ff7f1443fa94a22a2c625e6d34 [term 0 FOLLOWER]: Consensus starting up: Expiring failure detector timer to make a prompt election more likely
I20260713 09:07:45.932924 23057 raft_consensus.cc:740] T e930c2255b604b7f8f73bc4de716fce0 P 6998e8ff7f1443fa94a22a2c625e6d34 [term 0 FOLLOWER]: Becoming Follower/Learner. State: Replica: 6998e8ff7f1443fa94a22a2c625e6d34, State: Initialized, Role: FOLLOWER
I20260713 09:07:45.932538 22764 catalog_manager.cc:5697] T c90464bec6e8419eadf443527ecd6b71 P 6998e8ff7f1443fa94a22a2c625e6d34 reported cstate change: term changed from 0 to 1, leader changed from <none> to 6998e8ff7f1443fa94a22a2c625e6d34 (127.21.63.3). New cstate: current_term: 1 leader_uuid: "6998e8ff7f1443fa94a22a2c625e6d34" committed_config { opid_index: -1 OBSOLETE_local: false peers { permanent_uuid: "85d518306c014e8095e76cb48984ae5b" member_type: VOTER last_known_addr { host: "127.21.63.1" port: 46459 } health_report { overall_health: UNKNOWN } } peers { permanent_uuid: "d3473b6a58074d1fa8acb1863c1fa6fc" member_type: VOTER last_known_addr { host: "127.21.63.2" port: 40175 } health_report { overall_health: UNKNOWN } } peers { permanent_uuid: "6998e8ff7f1443fa94a22a2c625e6d34" member_type: VOTER last_known_addr { host: "127.21.63.3" port: 43567 } health_report { overall_health: HEALTHY } } }
I20260713 09:07:45.933526 23057 consensus_queue.cc:260] T e930c2255b604b7f8f73bc4de716fce0 P 6998e8ff7f1443fa94a22a2c625e6d34 [NON_LEADER]: Queue going to NON_LEADER mode. State: All replicated index: 0, Majority replicated index: 0, Committed index: 0, Last appended: 0.0, Last appended by leader: 0, Current term: 0, Majority size: -1, State: 0, Mode: NON_LEADER, active raft config: opid_index: -1 OBSOLETE_local: false peers { permanent_uuid: "85d518306c014e8095e76cb48984ae5b" member_type: VOTER last_known_addr { host: "127.21.63.1" port: 46459 } } peers { permanent_uuid: "d3473b6a58074d1fa8acb1863c1fa6fc" member_type: VOTER last_known_addr { host: "127.21.63.2" port: 40175 } } peers { permanent_uuid: "6998e8ff7f1443fa94a22a2c625e6d34" member_type: VOTER last_known_addr { host: "127.21.63.3" port: 43567 } }
I20260713 09:07:45.935503 23057 ts_tablet_manager.cc:1434] T e930c2255b604b7f8f73bc4de716fce0 P 6998e8ff7f1443fa94a22a2c625e6d34: Time spent starting tablet: real 0.006s	user 0.007s	sys 0.000s
I20260713 09:07:45.936276 23057 tablet_bootstrap.cc:492] T 4cd0f2e845534b578df7b921f1e54c0f P 6998e8ff7f1443fa94a22a2c625e6d34: Bootstrap starting.
I20260713 09:07:45.941205 23057 tablet_bootstrap.cc:654] T 4cd0f2e845534b578df7b921f1e54c0f P 6998e8ff7f1443fa94a22a2c625e6d34: Neither blocks nor log segments found. Creating new log.
I20260713 09:07:45.946614 23057 tablet_bootstrap.cc:492] T 4cd0f2e845534b578df7b921f1e54c0f P 6998e8ff7f1443fa94a22a2c625e6d34: No bootstrap required, opened a new log
I20260713 09:07:45.946980 23057 ts_tablet_manager.cc:1403] T 4cd0f2e845534b578df7b921f1e54c0f P 6998e8ff7f1443fa94a22a2c625e6d34: Time spent bootstrapping tablet: real 0.011s	user 0.009s	sys 0.000s
I20260713 09:07:45.949226 23057 raft_consensus.cc:359] T 4cd0f2e845534b578df7b921f1e54c0f P 6998e8ff7f1443fa94a22a2c625e6d34 [term 0 FOLLOWER]: Replica starting. Triggering 0 pending ops. Active config: opid_index: -1 OBSOLETE_local: false peers { permanent_uuid: "85d518306c014e8095e76cb48984ae5b" member_type: VOTER last_known_addr { host: "127.21.63.1" port: 46459 } } peers { permanent_uuid: "d3473b6a58074d1fa8acb1863c1fa6fc" member_type: VOTER last_known_addr { host: "127.21.63.2" port: 40175 } } peers { permanent_uuid: "6998e8ff7f1443fa94a22a2c625e6d34" member_type: VOTER last_known_addr { host: "127.21.63.3" port: 43567 } }
I20260713 09:07:45.949754 23057 raft_consensus.cc:385] T 4cd0f2e845534b578df7b921f1e54c0f P 6998e8ff7f1443fa94a22a2c625e6d34 [term 0 FOLLOWER]: Consensus starting up: Expiring failure detector timer to make a prompt election more likely
I20260713 09:07:45.949999 23057 raft_consensus.cc:740] T 4cd0f2e845534b578df7b921f1e54c0f P 6998e8ff7f1443fa94a22a2c625e6d34 [term 0 FOLLOWER]: Becoming Follower/Learner. State: Replica: 6998e8ff7f1443fa94a22a2c625e6d34, State: Initialized, Role: FOLLOWER
I20260713 09:07:45.950433 23057 consensus_queue.cc:260] T 4cd0f2e845534b578df7b921f1e54c0f P 6998e8ff7f1443fa94a22a2c625e6d34 [NON_LEADER]: Queue going to NON_LEADER mode. State: All replicated index: 0, Majority replicated index: 0, Committed index: 0, Last appended: 0.0, Last appended by leader: 0, Current term: 0, Majority size: -1, State: 0, Mode: NON_LEADER, active raft config: opid_index: -1 OBSOLETE_local: false peers { permanent_uuid: "85d518306c014e8095e76cb48984ae5b" member_type: VOTER last_known_addr { host: "127.21.63.1" port: 46459 } } peers { permanent_uuid: "d3473b6a58074d1fa8acb1863c1fa6fc" member_type: VOTER last_known_addr { host: "127.21.63.2" port: 40175 } } peers { permanent_uuid: "6998e8ff7f1443fa94a22a2c625e6d34" member_type: VOTER last_known_addr { host: "127.21.63.3" port: 43567 } }
I20260713 09:07:45.951975 23057 ts_tablet_manager.cc:1434] T 4cd0f2e845534b578df7b921f1e54c0f P 6998e8ff7f1443fa94a22a2c625e6d34: Time spent starting tablet: real 0.005s	user 0.006s	sys 0.000s
I20260713 09:07:45.952961 23057 tablet_bootstrap.cc:492] T 6041c7201e8c4b1e8f149f29918167e0 P 6998e8ff7f1443fa94a22a2c625e6d34: Bootstrap starting.
I20260713 09:07:45.958055 23057 tablet_bootstrap.cc:654] T 6041c7201e8c4b1e8f149f29918167e0 P 6998e8ff7f1443fa94a22a2c625e6d34: Neither blocks nor log segments found. Creating new log.
I20260713 09:07:45.962078 23057 tablet_bootstrap.cc:492] T 6041c7201e8c4b1e8f149f29918167e0 P 6998e8ff7f1443fa94a22a2c625e6d34: No bootstrap required, opened a new log
I20260713 09:07:45.962462 23057 ts_tablet_manager.cc:1403] T 6041c7201e8c4b1e8f149f29918167e0 P 6998e8ff7f1443fa94a22a2c625e6d34: Time spent bootstrapping tablet: real 0.010s	user 0.004s	sys 0.003s
I20260713 09:07:45.964692 23057 raft_consensus.cc:359] T 6041c7201e8c4b1e8f149f29918167e0 P 6998e8ff7f1443fa94a22a2c625e6d34 [term 0 FOLLOWER]: Replica starting. Triggering 0 pending ops. Active config: opid_index: -1 OBSOLETE_local: false peers { permanent_uuid: "85d518306c014e8095e76cb48984ae5b" member_type: VOTER last_known_addr { host: "127.21.63.1" port: 46459 } } peers { permanent_uuid: "d3473b6a58074d1fa8acb1863c1fa6fc" member_type: VOTER last_known_addr { host: "127.21.63.2" port: 40175 } } peers { permanent_uuid: "6998e8ff7f1443fa94a22a2c625e6d34" member_type: VOTER last_known_addr { host: "127.21.63.3" port: 43567 } }
I20260713 09:07:45.965150 23057 raft_consensus.cc:385] T 6041c7201e8c4b1e8f149f29918167e0 P 6998e8ff7f1443fa94a22a2c625e6d34 [term 0 FOLLOWER]: Consensus starting up: Expiring failure detector timer to make a prompt election more likely
I20260713 09:07:45.965340 23057 raft_consensus.cc:740] T 6041c7201e8c4b1e8f149f29918167e0 P 6998e8ff7f1443fa94a22a2c625e6d34 [term 0 FOLLOWER]: Becoming Follower/Learner. State: Replica: 6998e8ff7f1443fa94a22a2c625e6d34, State: Initialized, Role: FOLLOWER
I20260713 09:07:45.965957 23057 consensus_queue.cc:260] T 6041c7201e8c4b1e8f149f29918167e0 P 6998e8ff7f1443fa94a22a2c625e6d34 [NON_LEADER]: Queue going to NON_LEADER mode. State: All replicated index: 0, Majority replicated index: 0, Committed index: 0, Last appended: 0.0, Last appended by leader: 0, Current term: 0, Majority size: -1, State: 0, Mode: NON_LEADER, active raft config: opid_index: -1 OBSOLETE_local: false peers { permanent_uuid: "85d518306c014e8095e76cb48984ae5b" member_type: VOTER last_known_addr { host: "127.21.63.1" port: 46459 } } peers { permanent_uuid: "d3473b6a58074d1fa8acb1863c1fa6fc" member_type: VOTER last_known_addr { host: "127.21.63.2" port: 40175 } } peers { permanent_uuid: "6998e8ff7f1443fa94a22a2c625e6d34" member_type: VOTER last_known_addr { host: "127.21.63.3" port: 43567 } }
I20260713 09:07:45.967640 23057 ts_tablet_manager.cc:1434] T 6041c7201e8c4b1e8f149f29918167e0 P 6998e8ff7f1443fa94a22a2c625e6d34: Time spent starting tablet: real 0.005s	user 0.007s	sys 0.000s
I20260713 09:07:45.976248 23159 consensus_queue.cc:1048] T caa94e52ab974d2e91373e1b66050bf4 P 85d518306c014e8095e76cb48984ae5b [LEADER]: Connected to new peer: Peer: permanent_uuid: "d3473b6a58074d1fa8acb1863c1fa6fc" member_type: VOTER last_known_addr { host: "127.21.63.2" port: 40175 }, Status: LMP_MISMATCH, Last received: 0.0, Next index: 1, Last known committed idx: 0, Time since last communication: 0.000s
I20260713 09:07:45.985827 23159 consensus_queue.cc:1048] T caa94e52ab974d2e91373e1b66050bf4 P 85d518306c014e8095e76cb48984ae5b [LEADER]: Connected to new peer: Peer: permanent_uuid: "6998e8ff7f1443fa94a22a2c625e6d34" member_type: VOTER last_known_addr { host: "127.21.63.3" port: 43567 }, Status: LMP_MISMATCH, Last received: 0.0, Next index: 1, Last known committed idx: 0, Time since last communication: 0.000s
I20260713 09:07:46.080084 23012 raft_consensus.cc:3060] T 8a5ca0034b524c5cbb3297f6c1b9d56f P 6998e8ff7f1443fa94a22a2c625e6d34 [term 0 FOLLOWER]: Advancing to term 1
I20260713 09:07:46.091481 23155 consensus_queue.cc:1048] T 5bb97de76a0146f29ff349c014f2cc12 P 6998e8ff7f1443fa94a22a2c625e6d34 [LEADER]: Connected to new peer: Peer: permanent_uuid: "d3473b6a58074d1fa8acb1863c1fa6fc" member_type: VOTER last_known_addr { host: "127.21.63.2" port: 40175 }, Status: LMP_MISMATCH, Last received: 0.0, Next index: 1, Last known committed idx: 0, Time since last communication: 0.000s
I20260713 09:07:46.098711 23012 raft_consensus.cc:1240] T ff11350997a44bd0a06a5e06537e0567 P 6998e8ff7f1443fa94a22a2c625e6d34 [term 2 LEADER]: Rejecting Update request from peer d3473b6a58074d1fa8acb1863c1fa6fc for earlier term 1. Current term is 2. Ops: []
I20260713 09:07:46.102420 23165 consensus_queue.cc:1059] T ff11350997a44bd0a06a5e06537e0567 P d3473b6a58074d1fa8acb1863c1fa6fc [LEADER]: Peer responded invalid term: Peer: permanent_uuid: "6998e8ff7f1443fa94a22a2c625e6d34" member_type: VOTER last_known_addr { host: "127.21.63.3" port: 43567 }, Status: INVALID_TERM, Last received: 0.0, Next index: 1, Last known committed idx: 0, Time since last communication: 0.000s
I20260713 09:07:46.102767 23104 consensus_queue.cc:1048] T 5bb97de76a0146f29ff349c014f2cc12 P 6998e8ff7f1443fa94a22a2c625e6d34 [LEADER]: Connected to new peer: Peer: permanent_uuid: "85d518306c014e8095e76cb48984ae5b" member_type: VOTER last_known_addr { host: "127.21.63.1" port: 46459 }, Status: LMP_MISMATCH, Last received: 0.0, Next index: 1, Last known committed idx: 0, Time since last communication: 0.000s
I20260713 09:07:46.103078 23165 consensus_queue.cc:1243] T ff11350997a44bd0a06a5e06537e0567 P d3473b6a58074d1fa8acb1863c1fa6fc [LEADER]: Peer 6998e8ff7f1443fa94a22a2c625e6d34 log is divergent from this leader: its last log entry 2.1 is not in this leader's log and it has not received anything from this leader yet. Falling back to committed index 0
I20260713 09:07:46.103870 23146 raft_consensus.cc:3055] T ff11350997a44bd0a06a5e06537e0567 P d3473b6a58074d1fa8acb1863c1fa6fc [term 1 LEADER]: Stepping down as leader of term 1
I20260713 09:07:46.104239 23146 raft_consensus.cc:740] T ff11350997a44bd0a06a5e06537e0567 P d3473b6a58074d1fa8acb1863c1fa6fc [term 1 LEADER]: Becoming Follower/Learner. State: Replica: d3473b6a58074d1fa8acb1863c1fa6fc, State: Running, Role: LEADER
I20260713 09:07:46.104982 23146 consensus_queue.cc:260] T ff11350997a44bd0a06a5e06537e0567 P d3473b6a58074d1fa8acb1863c1fa6fc [NON_LEADER]: Queue going to NON_LEADER mode. State: All replicated index: 0, Majority replicated index: 0, Committed index: 0, Last appended: 1.1, Last appended by leader: 1, Current term: 1, Majority size: -1, State: 0, Mode: NON_LEADER, active raft config: opid_index: -1 OBSOLETE_local: false peers { permanent_uuid: "85d518306c014e8095e76cb48984ae5b" member_type: VOTER last_known_addr { host: "127.21.63.1" port: 46459 } } peers { permanent_uuid: "d3473b6a58074d1fa8acb1863c1fa6fc" member_type: VOTER last_known_addr { host: "127.21.63.2" port: 40175 } } peers { permanent_uuid: "6998e8ff7f1443fa94a22a2c625e6d34" member_type: VOTER last_known_addr { host: "127.21.63.3" port: 43567 } }
I20260713 09:07:46.105990 23146 raft_consensus.cc:3060] T ff11350997a44bd0a06a5e06537e0567 P d3473b6a58074d1fa8acb1863c1fa6fc [term 1 FOLLOWER]: Advancing to term 2
I20260713 09:07:46.125413 23159 consensus_queue.cc:1048] T be695e30270a4d89839af975263cb631 P 85d518306c014e8095e76cb48984ae5b [LEADER]: Connected to new peer: Peer: permanent_uuid: "d3473b6a58074d1fa8acb1863c1fa6fc" member_type: VOTER last_known_addr { host: "127.21.63.2" port: 40175 }, Status: LMP_MISMATCH, Last received: 0.0, Next index: 1, Last known committed idx: 0, Time since last communication: 0.000s
I20260713 09:07:46.134488 23108 consensus_queue.cc:1048] T be695e30270a4d89839af975263cb631 P 85d518306c014e8095e76cb48984ae5b [LEADER]: Connected to new peer: Peer: permanent_uuid: "6998e8ff7f1443fa94a22a2c625e6d34" member_type: VOTER last_known_addr { host: "127.21.63.3" port: 43567 }, Status: LMP_MISMATCH, Last received: 0.0, Next index: 1, Last known committed idx: 0, Time since last communication: 0.000s
I20260713 09:07:46.153354 21756 file_cache.cc:504] Constructed file cache file cache with capacity 419430
W20260713 09:07:46.159093 23225 instance_detector.cc:116] could not retrieve AWS instance metadata: Network error: curl error: HTTP response code said error: The requested URL returned error: 404
W20260713 09:07:46.160493 23226 instance_detector.cc:116] could not retrieve Azure instance metadata: Network error: curl error: HTTP response code said error: The requested URL returned error: 404
I20260713 09:07:46.162405 21756 server_base.cc:1061] running on GCE node
W20260713 09:07:46.162513 23228 instance_detector.cc:116] could not retrieve OpenStack instance metadata: Network error: curl error: HTTP response code said error: The requested URL returned error: 404
I20260713 09:07:46.163517 21756 hybrid_clock.cc:584] initializing the hybrid clock with 'system_unsync' time source
W20260713 09:07:46.163705 21756 system_unsync_time.cc:38] NTP support is disabled. Clock error bounds will not be accurate. This configuration is not suitable for distributed clusters.
I20260713 09:07:46.163833 21756 hybrid_clock.cc:648] HybridClock initialized: now 1783933666163823 us; error 0 us; skew 500 ppm
I20260713 09:07:46.164324 21756 server_base.cc:861] Flag tcmalloc_max_total_thread_cache_bytes is not working since tcmalloc is not enabled.
I20260713 09:07:46.166373 21756 webserver.cc:533] Webserver started at http://127.21.63.4:36511/ using document root <none> and password file <none>
I20260713 09:07:46.166796 21756 fs_manager.cc:362] Metadata directory not provided
I20260713 09:07:46.166947 21756 fs_manager.cc:368] Using write-ahead log directory (fs_wal_dir) as metadata directory
I20260713 09:07:46.167155 21756 server_base.cc:909] This appears to be a new deployment of Kudu; creating new FS layout
I20260713 09:07:46.169025 21756 fs_manager.cc:1068] Generated new instance metadata in path /tmp/dist-test-taskH19TJI/test-tmp/auto_leader_rebalancer-test.0.LeaderRebalancerTest.AddTserver.1783933639459496-21756-0/minicluster-data/ts-3-root/instance:
uuid: "2e50e6be69fd4d72b0b334e3ab96de4d"
format_stamp: "Formatted at 2026-07-13 09:07:46 on dist-test-slave-8fmd"
I20260713 09:07:46.173595 21756 fs_manager.cc:696] Time spent creating directory manager: real 0.004s	user 0.005s	sys 0.000s
I20260713 09:07:46.176940 23233 log_block_manager.cc:4127] Time spent loading block containers with low live blocks: real 0.000s	user 0.000s	sys 0.000s
I20260713 09:07:46.178529 21756 fs_manager.cc:730] Time spent opening block manager: real 0.003s	user 0.001s	sys 0.000s
I20260713 09:07:46.178818 21756 fs_manager.cc:647] Opened local filesystem: /tmp/dist-test-taskH19TJI/test-tmp/auto_leader_rebalancer-test.0.LeaderRebalancerTest.AddTserver.1783933639459496-21756-0/minicluster-data/ts-3-root
uuid: "2e50e6be69fd4d72b0b334e3ab96de4d"
