I20260713 09:07:21.341419 22215 raft_consensus.cc:515] T 9dfe21ef09a0483bbe9c579ca8e1371c P 5f0d51dbce05478e9e35cb60ad2df8c1 [term 0 FOLLOWER]: Starting pre-election with config: opid_index: -1 OBSOLETE_local: false peers { permanent_uuid: "5a2d8ad8aa0545c69a5d282b518bea96" member_type: VOTER last_known_addr { host: "127.21.94.65" port: 33901 } } peers { permanent_uuid: "1de22a5f669e40f7b8c2d87a992a1aa0" member_type: VOTER last_known_addr { host: "127.21.94.66" port: 36367 } } peers { permanent_uuid: "5f0d51dbce05478e9e35cb60ad2df8c1" member_type: VOTER last_known_addr { host: "127.21.94.67" port: 36151 } }
I20260713 09:07:21.345319 22215 leader_election.cc:290] T 9dfe21ef09a0483bbe9c579ca8e1371c P 5f0d51dbce05478e9e35cb60ad2df8c1 [CANDIDATE]: Term 1 pre-election: Requested pre-vote from peers 5a2d8ad8aa0545c69a5d282b518bea96 (127.21.94.65:33901), 1de22a5f669e40f7b8c2d87a992a1aa0 (127.21.94.66:36367)
I20260713 09:07:21.347028 22209 tablet_bootstrap.cc:654] T 2b2a6117bd6b423ea1d680e657d14d1c P 5f0d51dbce05478e9e35cb60ad2df8c1: Neither blocks nor log segments found. Creating new log.
I20260713 09:07:21.358968 22209 tablet_bootstrap.cc:492] T 2b2a6117bd6b423ea1d680e657d14d1c P 5f0d51dbce05478e9e35cb60ad2df8c1: No bootstrap required, opened a new log
I20260713 09:07:21.359483 22209 ts_tablet_manager.cc:1403] T 2b2a6117bd6b423ea1d680e657d14d1c P 5f0d51dbce05478e9e35cb60ad2df8c1: Time spent bootstrapping tablet: real 0.029s	user 0.007s	sys 0.010s
I20260713 09:07:21.362169 22209 raft_consensus.cc:359] T 2b2a6117bd6b423ea1d680e657d14d1c P 5f0d51dbce05478e9e35cb60ad2df8c1 [term 0 FOLLOWER]: Replica starting. Triggering 0 pending ops. Active config: opid_index: -1 OBSOLETE_local: false peers { permanent_uuid: "5a2d8ad8aa0545c69a5d282b518bea96" member_type: VOTER last_known_addr { host: "127.21.94.65" port: 33901 } } peers { permanent_uuid: "1de22a5f669e40f7b8c2d87a992a1aa0" member_type: VOTER last_known_addr { host: "127.21.94.66" port: 36367 } } peers { permanent_uuid: "5f0d51dbce05478e9e35cb60ad2df8c1" member_type: VOTER last_known_addr { host: "127.21.94.67" port: 36151 } }
I20260713 09:07:21.362967 22209 raft_consensus.cc:385] T 2b2a6117bd6b423ea1d680e657d14d1c P 5f0d51dbce05478e9e35cb60ad2df8c1 [term 0 FOLLOWER]: Consensus starting up: Expiring failure detector timer to make a prompt election more likely
I20260713 09:07:21.363332 22209 raft_consensus.cc:740] T 2b2a6117bd6b423ea1d680e657d14d1c P 5f0d51dbce05478e9e35cb60ad2df8c1 [term 0 FOLLOWER]: Becoming Follower/Learner. State: Replica: 5f0d51dbce05478e9e35cb60ad2df8c1, State: Initialized, Role: FOLLOWER
I20260713 09:07:21.364068 22209 consensus_queue.cc:260] T 2b2a6117bd6b423ea1d680e657d14d1c P 5f0d51dbce05478e9e35cb60ad2df8c1 [NON_LEADER]: Queue going to NON_LEADER mode. State: All replicated index: 0, Majority replicated index: 0, Committed index: 0, Last appended: 0.0, Last appended by leader: 0, Current term: 0, Majority size: -1, State: 0, Mode: NON_LEADER, active raft config: opid_index: -1 OBSOLETE_local: false peers { permanent_uuid: "5a2d8ad8aa0545c69a5d282b518bea96" member_type: VOTER last_known_addr { host: "127.21.94.65" port: 33901 } } peers { permanent_uuid: "1de22a5f669e40f7b8c2d87a992a1aa0" member_type: VOTER last_known_addr { host: "127.21.94.66" port: 36367 } } peers { permanent_uuid: "5f0d51dbce05478e9e35cb60ad2df8c1" member_type: VOTER last_known_addr { host: "127.21.94.67" port: 36151 } }
I20260713 09:07:21.365763 22210 tablet_bootstrap.cc:492] T 2b2a6117bd6b423ea1d680e657d14d1c P 1de22a5f669e40f7b8c2d87a992a1aa0: No bootstrap required, opened a new log
I20260713 09:07:21.366329 22210 ts_tablet_manager.cc:1403] T 2b2a6117bd6b423ea1d680e657d14d1c P 1de22a5f669e40f7b8c2d87a992a1aa0: Time spent bootstrapping tablet: real 0.099s	user 0.010s	sys 0.006s
I20260713 09:07:21.366374 22209 ts_tablet_manager.cc:1434] T 2b2a6117bd6b423ea1d680e657d14d1c P 5f0d51dbce05478e9e35cb60ad2df8c1: Time spent starting tablet: real 0.007s	user 0.000s	sys 0.006s
I20260713 09:07:21.367491 22209 tablet_bootstrap.cc:492] T 222e4852fe184298b6719cc625b49e80 P 5f0d51dbce05478e9e35cb60ad2df8c1: Bootstrap starting.
I20260713 09:07:21.370100 22210 raft_consensus.cc:359] T 2b2a6117bd6b423ea1d680e657d14d1c P 1de22a5f669e40f7b8c2d87a992a1aa0 [term 0 FOLLOWER]: Replica starting. Triggering 0 pending ops. Active config: opid_index: -1 OBSOLETE_local: false peers { permanent_uuid: "5a2d8ad8aa0545c69a5d282b518bea96" member_type: VOTER last_known_addr { host: "127.21.94.65" port: 33901 } } peers { permanent_uuid: "1de22a5f669e40f7b8c2d87a992a1aa0" member_type: VOTER last_known_addr { host: "127.21.94.66" port: 36367 } } peers { permanent_uuid: "5f0d51dbce05478e9e35cb60ad2df8c1" member_type: VOTER last_known_addr { host: "127.21.94.67" port: 36151 } }
I20260713 09:07:21.373687 22209 tablet_bootstrap.cc:654] T 222e4852fe184298b6719cc625b49e80 P 5f0d51dbce05478e9e35cb60ad2df8c1: Neither blocks nor log segments found. Creating new log.
I20260713 09:07:21.371027 22210 raft_consensus.cc:385] T 2b2a6117bd6b423ea1d680e657d14d1c P 1de22a5f669e40f7b8c2d87a992a1aa0 [term 0 FOLLOWER]: Consensus starting up: Expiring failure detector timer to make a prompt election more likely
W20260713 09:07:21.374718 22042 tablet.cc:2406] T f417e3d655244a5f84990b5aadd9c218 P 5a2d8ad8aa0545c69a5d282b518bea96: Can't schedule compaction. Clean time has not been advanced past its initial value.
I20260713 09:07:21.375039 22210 raft_consensus.cc:740] T 2b2a6117bd6b423ea1d680e657d14d1c P 1de22a5f669e40f7b8c2d87a992a1aa0 [term 0 FOLLOWER]: Becoming Follower/Learner. State: Replica: 1de22a5f669e40f7b8c2d87a992a1aa0, State: Initialized, Role: FOLLOWER
I20260713 09:07:21.379051 22210 consensus_queue.cc:260] T 2b2a6117bd6b423ea1d680e657d14d1c P 1de22a5f669e40f7b8c2d87a992a1aa0 [NON_LEADER]: Queue going to NON_LEADER mode. State: All replicated index: 0, Majority replicated index: 0, Committed index: 0, Last appended: 0.0, Last appended by leader: 0, Current term: 0, Majority size: -1, State: 0, Mode: NON_LEADER, active raft config: opid_index: -1 OBSOLETE_local: false peers { permanent_uuid: "5a2d8ad8aa0545c69a5d282b518bea96" member_type: VOTER last_known_addr { host: "127.21.94.65" port: 33901 } } peers { permanent_uuid: "1de22a5f669e40f7b8c2d87a992a1aa0" member_type: VOTER last_known_addr { host: "127.21.94.66" port: 36367 } } peers { permanent_uuid: "5f0d51dbce05478e9e35cb60ad2df8c1" member_type: VOTER last_known_addr { host: "127.21.94.67" port: 36151 } }
I20260713 09:07:21.380894 22016 tablet_service.cc:1917] Received RequestConsensusVote() RPC: tablet_id: "9dfe21ef09a0483bbe9c579ca8e1371c" candidate_uuid: "5f0d51dbce05478e9e35cb60ad2df8c1" candidate_term: 1 candidate_status { last_received { term: 0 index: 0 } } ignore_live_leader: false dest_uuid: "5a2d8ad8aa0545c69a5d282b518bea96" is_pre_election: true
W20260713 09:07:21.384055 22130 leader_election.cc:343] T 9dfe21ef09a0483bbe9c579ca8e1371c P 5f0d51dbce05478e9e35cb60ad2df8c1 [CANDIDATE]: Term 1 pre-election: Tablet error from VoteRequest() call to peer 5a2d8ad8aa0545c69a5d282b518bea96 (127.21.94.65:33901): Illegal state: must be running to vote when last-logged opid is not known
I20260713 09:07:21.386894 22208 tablet_bootstrap.cc:492] T 3afbaebb914646b391a9714e71cf722e P 5a2d8ad8aa0545c69a5d282b518bea96: No bootstrap required, opened a new log
I20260713 09:07:21.387540 22208 ts_tablet_manager.cc:1403] T 3afbaebb914646b391a9714e71cf722e P 5a2d8ad8aa0545c69a5d282b518bea96: Time spent bootstrapping tablet: real 0.054s	user 0.020s	sys 0.024s
I20260713 09:07:21.391191 22208 raft_consensus.cc:359] T 3afbaebb914646b391a9714e71cf722e P 5a2d8ad8aa0545c69a5d282b518bea96 [term 0 FOLLOWER]: Replica starting. Triggering 0 pending ops. Active config: opid_index: -1 OBSOLETE_local: false peers { permanent_uuid: "5a2d8ad8aa0545c69a5d282b518bea96" member_type: VOTER last_known_addr { host: "127.21.94.65" port: 33901 } } peers { permanent_uuid: "1de22a5f669e40f7b8c2d87a992a1aa0" member_type: VOTER last_known_addr { host: "127.21.94.66" port: 36367 } } peers { permanent_uuid: "5f0d51dbce05478e9e35cb60ad2df8c1" member_type: VOTER last_known_addr { host: "127.21.94.67" port: 36151 } }
I20260713 09:07:21.392109 22208 raft_consensus.cc:385] T 3afbaebb914646b391a9714e71cf722e P 5a2d8ad8aa0545c69a5d282b518bea96 [term 0 FOLLOWER]: Consensus starting up: Expiring failure detector timer to make a prompt election more likely
I20260713 09:07:21.392464 22208 raft_consensus.cc:740] T 3afbaebb914646b391a9714e71cf722e P 5a2d8ad8aa0545c69a5d282b518bea96 [term 0 FOLLOWER]: Becoming Follower/Learner. State: Replica: 5a2d8ad8aa0545c69a5d282b518bea96, State: Initialized, Role: FOLLOWER
I20260713 09:07:21.393338 22208 consensus_queue.cc:260] T 3afbaebb914646b391a9714e71cf722e P 5a2d8ad8aa0545c69a5d282b518bea96 [NON_LEADER]: Queue going to NON_LEADER mode. State: All replicated index: 0, Majority replicated index: 0, Committed index: 0, Last appended: 0.0, Last appended by leader: 0, Current term: 0, Majority size: -1, State: 0, Mode: NON_LEADER, active raft config: opid_index: -1 OBSOLETE_local: false peers { permanent_uuid: "5a2d8ad8aa0545c69a5d282b518bea96" member_type: VOTER last_known_addr { host: "127.21.94.65" port: 33901 } } peers { permanent_uuid: "1de22a5f669e40f7b8c2d87a992a1aa0" member_type: VOTER last_known_addr { host: "127.21.94.66" port: 36367 } } peers { permanent_uuid: "5f0d51dbce05478e9e35cb60ad2df8c1" member_type: VOTER last_known_addr { host: "127.21.94.67" port: 36151 } }
I20260713 09:07:21.396315 22116 heartbeater.cc:499] Master 127.21.94.126:36969 was elected leader, sending a full tablet report...
I20260713 09:07:21.396842 22208 ts_tablet_manager.cc:1434] T 3afbaebb914646b391a9714e71cf722e P 5a2d8ad8aa0545c69a5d282b518bea96: Time spent starting tablet: real 0.009s	user 0.008s	sys 0.000s
I20260713 09:07:21.397740 22208 tablet_bootstrap.cc:492] T 9dfe21ef09a0483bbe9c579ca8e1371c P 5a2d8ad8aa0545c69a5d282b518bea96: Bootstrap starting.
I20260713 09:07:21.400446 22210 ts_tablet_manager.cc:1434] T 2b2a6117bd6b423ea1d680e657d14d1c P 1de22a5f669e40f7b8c2d87a992a1aa0: Time spent starting tablet: real 0.034s	user 0.009s	sys 0.015s
I20260713 09:07:21.401378 22210 tablet_bootstrap.cc:492] T 8c487810677f498ea1e5ca80422a254c P 1de22a5f669e40f7b8c2d87a992a1aa0: Bootstrap starting.
I20260713 09:07:21.404309 22208 tablet_bootstrap.cc:654] T 9dfe21ef09a0483bbe9c579ca8e1371c P 5a2d8ad8aa0545c69a5d282b518bea96: Neither blocks nor log segments found. Creating new log.
I20260713 09:07:21.407614 22213 raft_consensus.cc:493] T 3afbaebb914646b391a9714e71cf722e P 5a2d8ad8aa0545c69a5d282b518bea96 [term 0 FOLLOWER]: Starting pre-election (no leader contacted us within the election timeout)
I20260713 09:07:21.408421 22210 tablet_bootstrap.cc:654] T 8c487810677f498ea1e5ca80422a254c P 1de22a5f669e40f7b8c2d87a992a1aa0: Neither blocks nor log segments found. Creating new log.
I20260713 09:07:21.408073 22213 raft_consensus.cc:515] T 3afbaebb914646b391a9714e71cf722e P 5a2d8ad8aa0545c69a5d282b518bea96 [term 0 FOLLOWER]: Starting pre-election with config: opid_index: -1 OBSOLETE_local: false peers { permanent_uuid: "5a2d8ad8aa0545c69a5d282b518bea96" member_type: VOTER last_known_addr { host: "127.21.94.65" port: 33901 } } peers { permanent_uuid: "1de22a5f669e40f7b8c2d87a992a1aa0" member_type: VOTER last_known_addr { host: "127.21.94.66" port: 36367 } } peers { permanent_uuid: "5f0d51dbce05478e9e35cb60ad2df8c1" member_type: VOTER last_known_addr { host: "127.21.94.67" port: 36151 } }
I20260713 09:07:21.410746 22213 leader_election.cc:290] T 3afbaebb914646b391a9714e71cf722e P 5a2d8ad8aa0545c69a5d282b518bea96 [CANDIDATE]: Term 1 pre-election: Requested pre-vote from peers 1de22a5f669e40f7b8c2d87a992a1aa0 (127.21.94.66:36367), 5f0d51dbce05478e9e35cb60ad2df8c1 (127.21.94.67:36151)
I20260713 09:07:21.412955 22091 tablet_service.cc:1917] Received RequestConsensusVote() RPC: tablet_id: "9dfe21ef09a0483bbe9c579ca8e1371c" candidate_uuid: "5f0d51dbce05478e9e35cb60ad2df8c1" candidate_term: 1 candidate_status { last_received { term: 0 index: 0 } } ignore_live_leader: false dest_uuid: "1de22a5f669e40f7b8c2d87a992a1aa0" is_pre_election: true
W20260713 09:07:21.422442 22129 leader_election.cc:343] T 9dfe21ef09a0483bbe9c579ca8e1371c P 5f0d51dbce05478e9e35cb60ad2df8c1 [CANDIDATE]: Term 1 pre-election: Tablet error from VoteRequest() call to peer 1de22a5f669e40f7b8c2d87a992a1aa0 (127.21.94.66:36367): Illegal state: must be running to vote when last-logged opid is not known
I20260713 09:07:21.422972 22129 leader_election.cc:304] T 9dfe21ef09a0483bbe9c579ca8e1371c P 5f0d51dbce05478e9e35cb60ad2df8c1 [CANDIDATE]: Term 1 pre-election: Election decided. Result: candidate lost. Election summary: received 3 responses out of 3 voters: 1 yes votes; 2 no votes. yes voters: 5f0d51dbce05478e9e35cb60ad2df8c1; no voters: 1de22a5f669e40f7b8c2d87a992a1aa0, 5a2d8ad8aa0545c69a5d282b518bea96
I20260713 09:07:21.424472 22215 raft_consensus.cc:2749] T 9dfe21ef09a0483bbe9c579ca8e1371c P 5f0d51dbce05478e9e35cb60ad2df8c1 [term 0 FOLLOWER]: Leader pre-election lost for term 1. Reason: could not achieve majority
I20260713 09:07:21.443413 22209 tablet_bootstrap.cc:492] T 222e4852fe184298b6719cc625b49e80 P 5f0d51dbce05478e9e35cb60ad2df8c1: No bootstrap required, opened a new log
I20260713 09:07:21.443871 22209 ts_tablet_manager.cc:1403] T 222e4852fe184298b6719cc625b49e80 P 5f0d51dbce05478e9e35cb60ad2df8c1: Time spent bootstrapping tablet: real 0.077s	user 0.009s	sys 0.018s
I20260713 09:07:21.449823 22213 raft_consensus.cc:493] T f417e3d655244a5f84990b5aadd9c218 P 5a2d8ad8aa0545c69a5d282b518bea96 [term 0 FOLLOWER]: Starting pre-election (no leader contacted us within the election timeout)
I20260713 09:07:21.450269 22213 raft_consensus.cc:515] T f417e3d655244a5f84990b5aadd9c218 P 5a2d8ad8aa0545c69a5d282b518bea96 [term 0 FOLLOWER]: Starting pre-election with config: opid_index: -1 OBSOLETE_local: false peers { permanent_uuid: "5a2d8ad8aa0545c69a5d282b518bea96" member_type: VOTER last_known_addr { host: "127.21.94.65" port: 33901 } } peers { permanent_uuid: "1de22a5f669e40f7b8c2d87a992a1aa0" member_type: VOTER last_known_addr { host: "127.21.94.66" port: 36367 } } peers { permanent_uuid: "5f0d51dbce05478e9e35cb60ad2df8c1" member_type: VOTER last_known_addr { host: "127.21.94.67" port: 36151 } }
I20260713 09:07:21.452133 22213 leader_election.cc:290] T f417e3d655244a5f84990b5aadd9c218 P 5a2d8ad8aa0545c69a5d282b518bea96 [CANDIDATE]: Term 1 pre-election: Requested pre-vote from peers 1de22a5f669e40f7b8c2d87a992a1aa0 (127.21.94.66:36367), 5f0d51dbce05478e9e35cb60ad2df8c1 (127.21.94.67:36151)
I20260713 09:07:21.455325 22209 raft_consensus.cc:359] T 222e4852fe184298b6719cc625b49e80 P 5f0d51dbce05478e9e35cb60ad2df8c1 [term 0 FOLLOWER]: Replica starting. Triggering 0 pending ops. Active config: opid_index: -1 OBSOLETE_local: false peers { permanent_uuid: "5a2d8ad8aa0545c69a5d282b518bea96" member_type: VOTER last_known_addr { host: "127.21.94.65" port: 33901 } } peers { permanent_uuid: "1de22a5f669e40f7b8c2d87a992a1aa0" member_type: VOTER last_known_addr { host: "127.21.94.66" port: 36367 } } peers { permanent_uuid: "5f0d51dbce05478e9e35cb60ad2df8c1" member_type: VOTER last_known_addr { host: "127.21.94.67" port: 36151 } }
I20260713 09:07:21.456017 22209 raft_consensus.cc:385] T 222e4852fe184298b6719cc625b49e80 P 5f0d51dbce05478e9e35cb60ad2df8c1 [term 0 FOLLOWER]: Consensus starting up: Expiring failure detector timer to make a prompt election more likely
I20260713 09:07:21.456013 22091 tablet_service.cc:1917] Received RequestConsensusVote() RPC: tablet_id: "3afbaebb914646b391a9714e71cf722e" candidate_uuid: "5a2d8ad8aa0545c69a5d282b518bea96" candidate_term: 1 candidate_status { last_received { term: 0 index: 0 } } ignore_live_leader: false dest_uuid: "1de22a5f669e40f7b8c2d87a992a1aa0" is_pre_election: true
I20260713 09:07:21.456362 22209 raft_consensus.cc:740] T 222e4852fe184298b6719cc625b49e80 P 5f0d51dbce05478e9e35cb60ad2df8c1 [term 0 FOLLOWER]: Becoming Follower/Learner. State: Replica: 5f0d51dbce05478e9e35cb60ad2df8c1, State: Initialized, Role: FOLLOWER
I20260713 09:07:21.457104 22209 consensus_queue.cc:260] T 222e4852fe184298b6719cc625b49e80 P 5f0d51dbce05478e9e35cb60ad2df8c1 [NON_LEADER]: Queue going to NON_LEADER mode. State: All replicated index: 0, Majority replicated index: 0, Committed index: 0, Last appended: 0.0, Last appended by leader: 0, Current term: 0, Majority size: -1, State: 0, Mode: NON_LEADER, active raft config: opid_index: -1 OBSOLETE_local: false peers { permanent_uuid: "5a2d8ad8aa0545c69a5d282b518bea96" member_type: VOTER last_known_addr { host: "127.21.94.65" port: 33901 } } peers { permanent_uuid: "1de22a5f669e40f7b8c2d87a992a1aa0" member_type: VOTER last_known_addr { host: "127.21.94.66" port: 36367 } } peers { permanent_uuid: "5f0d51dbce05478e9e35cb60ad2df8c1" member_type: VOTER last_known_addr { host: "127.21.94.67" port: 36151 } }
I20260713 09:07:21.459108 22091 tablet_service.cc:1917] Received RequestConsensusVote() RPC: tablet_id: "f417e3d655244a5f84990b5aadd9c218" candidate_uuid: "5a2d8ad8aa0545c69a5d282b518bea96" candidate_term: 1 candidate_status { last_received { term: 0 index: 0 } } ignore_live_leader: false dest_uuid: "1de22a5f669e40f7b8c2d87a992a1aa0" is_pre_election: true
W20260713 09:07:21.459278 21980 leader_election.cc:343] T 3afbaebb914646b391a9714e71cf722e P 5a2d8ad8aa0545c69a5d282b518bea96 [CANDIDATE]: Term 1 pre-election: Tablet error from VoteRequest() call to peer 1de22a5f669e40f7b8c2d87a992a1aa0 (127.21.94.66:36367): Illegal state: must be running to vote when last-logged opid is not known
W20260713 09:07:21.461709 21980 leader_election.cc:343] T f417e3d655244a5f84990b5aadd9c218 P 5a2d8ad8aa0545c69a5d282b518bea96 [CANDIDATE]: Term 1 pre-election: Tablet error from VoteRequest() call to peer 1de22a5f669e40f7b8c2d87a992a1aa0 (127.21.94.66:36367): Illegal state: must be running to vote when last-logged opid is not known
I20260713 09:07:21.463263 22209 ts_tablet_manager.cc:1434] T 222e4852fe184298b6719cc625b49e80 P 5f0d51dbce05478e9e35cb60ad2df8c1: Time spent starting tablet: real 0.019s	user 0.008s	sys 0.000s
I20260713 09:07:21.464188 22209 tablet_bootstrap.cc:492] T f417e3d655244a5f84990b5aadd9c218 P 5f0d51dbce05478e9e35cb60ad2df8c1: Bootstrap starting.
I20260713 09:07:21.469624 22165 tablet_service.cc:1917] Received RequestConsensusVote() RPC: tablet_id: "3afbaebb914646b391a9714e71cf722e" candidate_uuid: "5a2d8ad8aa0545c69a5d282b518bea96" candidate_term: 1 candidate_status { last_received { term: 0 index: 0 } } ignore_live_leader: false dest_uuid: "5f0d51dbce05478e9e35cb60ad2df8c1" is_pre_election: true
I20260713 09:07:21.469911 22164 tablet_service.cc:1917] Received RequestConsensusVote() RPC: tablet_id: "f417e3d655244a5f84990b5aadd9c218" candidate_uuid: "5a2d8ad8aa0545c69a5d282b518bea96" candidate_term: 1 candidate_status { last_received { term: 0 index: 0 } } ignore_live_leader: false dest_uuid: "5f0d51dbce05478e9e35cb60ad2df8c1" is_pre_election: true
W20260713 09:07:21.471243 21980 leader_election.cc:343] T 3afbaebb914646b391a9714e71cf722e P 5a2d8ad8aa0545c69a5d282b518bea96 [CANDIDATE]: Term 1 pre-election: Tablet error from VoteRequest() call to peer 5f0d51dbce05478e9e35cb60ad2df8c1 (127.21.94.67:36151): Illegal state: must be running to vote when last-logged opid is not known
I20260713 09:07:21.471647 21980 leader_election.cc:304] T 3afbaebb914646b391a9714e71cf722e P 5a2d8ad8aa0545c69a5d282b518bea96 [CANDIDATE]: Term 1 pre-election: Election decided. Result: candidate lost. Election summary: received 3 responses out of 3 voters: 1 yes votes; 2 no votes. yes voters: 5a2d8ad8aa0545c69a5d282b518bea96; no voters: 1de22a5f669e40f7b8c2d87a992a1aa0, 5f0d51dbce05478e9e35cb60ad2df8c1
I20260713 09:07:21.472494 22213 raft_consensus.cc:2749] T 3afbaebb914646b391a9714e71cf722e P 5a2d8ad8aa0545c69a5d282b518bea96 [term 0 FOLLOWER]: Leader pre-election lost for term 1. Reason: could not achieve majority
W20260713 09:07:21.472740 21980 leader_election.cc:343] T f417e3d655244a5f84990b5aadd9c218 P 5a2d8ad8aa0545c69a5d282b518bea96 [CANDIDATE]: Term 1 pre-election: Tablet error from VoteRequest() call to peer 5f0d51dbce05478e9e35cb60ad2df8c1 (127.21.94.67:36151): Illegal state: must be running to vote when last-logged opid is not known
I20260713 09:07:21.473333 21980 leader_election.cc:304] T f417e3d655244a5f84990b5aadd9c218 P 5a2d8ad8aa0545c69a5d282b518bea96 [CANDIDATE]: Term 1 pre-election: Election decided. Result: candidate lost. Election summary: received 3 responses out of 3 voters: 1 yes votes; 2 no votes. yes voters: 5a2d8ad8aa0545c69a5d282b518bea96; no voters: 1de22a5f669e40f7b8c2d87a992a1aa0, 5f0d51dbce05478e9e35cb60ad2df8c1
I20260713 09:07:21.475252 22210 tablet_bootstrap.cc:492] T 8c487810677f498ea1e5ca80422a254c P 1de22a5f669e40f7b8c2d87a992a1aa0: No bootstrap required, opened a new log
I20260713 09:07:21.475263 22208 tablet_bootstrap.cc:492] T 9dfe21ef09a0483bbe9c579ca8e1371c P 5a2d8ad8aa0545c69a5d282b518bea96: No bootstrap required, opened a new log
I20260713 09:07:21.475384 22213 raft_consensus.cc:2749] T f417e3d655244a5f84990b5aadd9c218 P 5a2d8ad8aa0545c69a5d282b518bea96 [term 0 FOLLOWER]: Leader pre-election lost for term 1. Reason: could not achieve majority
I20260713 09:07:21.475854 22210 ts_tablet_manager.cc:1403] T 8c487810677f498ea1e5ca80422a254c P 1de22a5f669e40f7b8c2d87a992a1aa0: Time spent bootstrapping tablet: real 0.075s	user 0.014s	sys 0.030s
I20260713 09:07:21.475941 22208 ts_tablet_manager.cc:1403] T 9dfe21ef09a0483bbe9c579ca8e1371c P 5a2d8ad8aa0545c69a5d282b518bea96: Time spent bootstrapping tablet: real 0.078s	user 0.036s	sys 0.025s
I20260713 09:07:21.478760 22210 raft_consensus.cc:359] T 8c487810677f498ea1e5ca80422a254c P 1de22a5f669e40f7b8c2d87a992a1aa0 [term 0 FOLLOWER]: Replica starting. Triggering 0 pending ops. Active config: opid_index: -1 OBSOLETE_local: false peers { permanent_uuid: "5a2d8ad8aa0545c69a5d282b518bea96" member_type: VOTER last_known_addr { host: "127.21.94.65" port: 33901 } } peers { permanent_uuid: "1de22a5f669e40f7b8c2d87a992a1aa0" member_type: VOTER last_known_addr { host: "127.21.94.66" port: 36367 } } peers { permanent_uuid: "5f0d51dbce05478e9e35cb60ad2df8c1" member_type: VOTER last_known_addr { host: "127.21.94.67" port: 36151 } }
I20260713 09:07:21.478991 22208 raft_consensus.cc:359] T 9dfe21ef09a0483bbe9c579ca8e1371c P 5a2d8ad8aa0545c69a5d282b518bea96 [term 0 FOLLOWER]: Replica starting. Triggering 0 pending ops. Active config: opid_index: -1 OBSOLETE_local: false peers { permanent_uuid: "5a2d8ad8aa0545c69a5d282b518bea96" member_type: VOTER last_known_addr { host: "127.21.94.65" port: 33901 } } peers { permanent_uuid: "1de22a5f669e40f7b8c2d87a992a1aa0" member_type: VOTER last_known_addr { host: "127.21.94.66" port: 36367 } } peers { permanent_uuid: "5f0d51dbce05478e9e35cb60ad2df8c1" member_type: VOTER last_known_addr { host: "127.21.94.67" port: 36151 } }
I20260713 09:07:21.479507 22210 raft_consensus.cc:385] T 8c487810677f498ea1e5ca80422a254c P 1de22a5f669e40f7b8c2d87a992a1aa0 [term 0 FOLLOWER]: Consensus starting up: Expiring failure detector timer to make a prompt election more likely
I20260713 09:07:21.479903 22208 raft_consensus.cc:385] T 9dfe21ef09a0483bbe9c579ca8e1371c P 5a2d8ad8aa0545c69a5d282b518bea96 [term 0 FOLLOWER]: Consensus starting up: Expiring failure detector timer to make a prompt election more likely
I20260713 09:07:21.479900 22210 raft_consensus.cc:740] T 8c487810677f498ea1e5ca80422a254c P 1de22a5f669e40f7b8c2d87a992a1aa0 [term 0 FOLLOWER]: Becoming Follower/Learner. State: Replica: 1de22a5f669e40f7b8c2d87a992a1aa0, State: Initialized, Role: FOLLOWER
I20260713 09:07:21.480469 22208 raft_consensus.cc:740] T 9dfe21ef09a0483bbe9c579ca8e1371c P 5a2d8ad8aa0545c69a5d282b518bea96 [term 0 FOLLOWER]: Becoming Follower/Learner. State: Replica: 5a2d8ad8aa0545c69a5d282b518bea96, State: Initialized, Role: FOLLOWER
I20260713 09:07:21.480834 22210 consensus_queue.cc:260] T 8c487810677f498ea1e5ca80422a254c P 1de22a5f669e40f7b8c2d87a992a1aa0 [NON_LEADER]: Queue going to NON_LEADER mode. State: All replicated index: 0, Majority replicated index: 0, Committed index: 0, Last appended: 0.0, Last appended by leader: 0, Current term: 0, Majority size: -1, State: 0, Mode: NON_LEADER, active raft config: opid_index: -1 OBSOLETE_local: false peers { permanent_uuid: "5a2d8ad8aa0545c69a5d282b518bea96" member_type: VOTER last_known_addr { host: "127.21.94.65" port: 33901 } } peers { permanent_uuid: "1de22a5f669e40f7b8c2d87a992a1aa0" member_type: VOTER last_known_addr { host: "127.21.94.66" port: 36367 } } peers { permanent_uuid: "5f0d51dbce05478e9e35cb60ad2df8c1" member_type: VOTER last_known_addr { host: "127.21.94.67" port: 36151 } }
I20260713 09:07:21.481381 22208 consensus_queue.cc:260] T 9dfe21ef09a0483bbe9c579ca8e1371c P 5a2d8ad8aa0545c69a5d282b518bea96 [NON_LEADER]: Queue going to NON_LEADER mode. State: All replicated index: 0, Majority replicated index: 0, Committed index: 0, Last appended: 0.0, Last appended by leader: 0, Current term: 0, Majority size: -1, State: 0, Mode: NON_LEADER, active raft config: opid_index: -1 OBSOLETE_local: false peers { permanent_uuid: "5a2d8ad8aa0545c69a5d282b518bea96" member_type: VOTER last_known_addr { host: "127.21.94.65" port: 33901 } } peers { permanent_uuid: "1de22a5f669e40f7b8c2d87a992a1aa0" member_type: VOTER last_known_addr { host: "127.21.94.66" port: 36367 } } peers { permanent_uuid: "5f0d51dbce05478e9e35cb60ad2df8c1" member_type: VOTER last_known_addr { host: "127.21.94.67" port: 36151 } }
I20260713 09:07:21.482540 22209 tablet_bootstrap.cc:654] T f417e3d655244a5f84990b5aadd9c218 P 5f0d51dbce05478e9e35cb60ad2df8c1: Neither blocks nor log segments found. Creating new log.
I20260713 09:07:21.487459 22210 ts_tablet_manager.cc:1434] T 8c487810677f498ea1e5ca80422a254c P 1de22a5f669e40f7b8c2d87a992a1aa0: Time spent starting tablet: real 0.011s	user 0.007s	sys 0.000s
I20260713 09:07:21.491047 22208 ts_tablet_manager.cc:1434] T 9dfe21ef09a0483bbe9c579ca8e1371c P 5a2d8ad8aa0545c69a5d282b518bea96: Time spent starting tablet: real 0.015s	user 0.006s	sys 0.000s
I20260713 09:07:21.493577 22209 tablet_bootstrap.cc:492] T f417e3d655244a5f84990b5aadd9c218 P 5f0d51dbce05478e9e35cb60ad2df8c1: No bootstrap required, opened a new log
I20260713 09:07:21.494014 22209 ts_tablet_manager.cc:1403] T f417e3d655244a5f84990b5aadd9c218 P 5f0d51dbce05478e9e35cb60ad2df8c1: Time spent bootstrapping tablet: real 0.030s	user 0.013s	sys 0.002s
I20260713 09:07:21.495762 22210 tablet_bootstrap.cc:492] T 3afbaebb914646b391a9714e71cf722e P 1de22a5f669e40f7b8c2d87a992a1aa0: Bootstrap starting.
I20260713 09:07:21.497138 22209 raft_consensus.cc:359] T f417e3d655244a5f84990b5aadd9c218 P 5f0d51dbce05478e9e35cb60ad2df8c1 [term 0 FOLLOWER]: Replica starting. Triggering 0 pending ops. Active config: opid_index: -1 OBSOLETE_local: false peers { permanent_uuid: "5a2d8ad8aa0545c69a5d282b518bea96" member_type: VOTER last_known_addr { host: "127.21.94.65" port: 33901 } } peers { permanent_uuid: "1de22a5f669e40f7b8c2d87a992a1aa0" member_type: VOTER last_known_addr { host: "127.21.94.66" port: 36367 } } peers { permanent_uuid: "5f0d51dbce05478e9e35cb60ad2df8c1" member_type: VOTER last_known_addr { host: "127.21.94.67" port: 36151 } }
I20260713 09:07:21.497783 22209 raft_consensus.cc:385] T f417e3d655244a5f84990b5aadd9c218 P 5f0d51dbce05478e9e35cb60ad2df8c1 [term 0 FOLLOWER]: Consensus starting up: Expiring failure detector timer to make a prompt election more likely
I20260713 09:07:21.498224 22209 raft_consensus.cc:740] T f417e3d655244a5f84990b5aadd9c218 P 5f0d51dbce05478e9e35cb60ad2df8c1 [term 0 FOLLOWER]: Becoming Follower/Learner. State: Replica: 5f0d51dbce05478e9e35cb60ad2df8c1, State: Initialized, Role: FOLLOWER
I20260713 09:07:21.498385 22208 tablet_bootstrap.cc:492] T 8c487810677f498ea1e5ca80422a254c P 5a2d8ad8aa0545c69a5d282b518bea96: Bootstrap starting.
I20260713 09:07:21.498988 22209 consensus_queue.cc:260] T f417e3d655244a5f84990b5aadd9c218 P 5f0d51dbce05478e9e35cb60ad2df8c1 [NON_LEADER]: Queue going to NON_LEADER mode. State: All replicated index: 0, Majority replicated index: 0, Committed index: 0, Last appended: 0.0, Last appended by leader: 0, Current term: 0, Majority size: -1, State: 0, Mode: NON_LEADER, active raft config: opid_index: -1 OBSOLETE_local: false peers { permanent_uuid: "5a2d8ad8aa0545c69a5d282b518bea96" member_type: VOTER last_known_addr { host: "127.21.94.65" port: 33901 } } peers { permanent_uuid: "1de22a5f669e40f7b8c2d87a992a1aa0" member_type: VOTER last_known_addr { host: "127.21.94.66" port: 36367 } } peers { permanent_uuid: "5f0d51dbce05478e9e35cb60ad2df8c1" member_type: VOTER last_known_addr { host: "127.21.94.67" port: 36151 } }
I20260713 09:07:21.501387 22209 ts_tablet_manager.cc:1434] T f417e3d655244a5f84990b5aadd9c218 P 5f0d51dbce05478e9e35cb60ad2df8c1: Time spent starting tablet: real 0.007s	user 0.008s	sys 0.000s
I20260713 09:07:21.505427 22210 tablet_bootstrap.cc:654] T 3afbaebb914646b391a9714e71cf722e P 1de22a5f669e40f7b8c2d87a992a1aa0: Neither blocks nor log segments found. Creating new log.
I20260713 09:07:21.505544 22208 tablet_bootstrap.cc:654] T 8c487810677f498ea1e5ca80422a254c P 5a2d8ad8aa0545c69a5d282b518bea96: Neither blocks nor log segments found. Creating new log.
I20260713 09:07:21.513882 22209 tablet_bootstrap.cc:492] T 57d7c44fd74048f4bc3c9336a25aca9b P 5f0d51dbce05478e9e35cb60ad2df8c1: Bootstrap starting.
I20260713 09:07:21.518081 22208 tablet_bootstrap.cc:492] T 8c487810677f498ea1e5ca80422a254c P 5a2d8ad8aa0545c69a5d282b518bea96: No bootstrap required, opened a new log
I20260713 09:07:21.518597 22208 ts_tablet_manager.cc:1403] T 8c487810677f498ea1e5ca80422a254c P 5a2d8ad8aa0545c69a5d282b518bea96: Time spent bootstrapping tablet: real 0.020s	user 0.017s	sys 0.000s
I20260713 09:07:21.518682 22210 tablet_bootstrap.cc:492] T 3afbaebb914646b391a9714e71cf722e P 1de22a5f669e40f7b8c2d87a992a1aa0: No bootstrap required, opened a new log
I20260713 09:07:21.519539 22210 ts_tablet_manager.cc:1403] T 3afbaebb914646b391a9714e71cf722e P 1de22a5f669e40f7b8c2d87a992a1aa0: Time spent bootstrapping tablet: real 0.024s	user 0.013s	sys 0.005s
I20260713 09:07:21.521181 22209 tablet_bootstrap.cc:654] T 57d7c44fd74048f4bc3c9336a25aca9b P 5f0d51dbce05478e9e35cb60ad2df8c1: Neither blocks nor log segments found. Creating new log.
I20260713 09:07:21.521628 22208 raft_consensus.cc:359] T 8c487810677f498ea1e5ca80422a254c P 5a2d8ad8aa0545c69a5d282b518bea96 [term 0 FOLLOWER]: Replica starting. Triggering 0 pending ops. Active config: opid_index: -1 OBSOLETE_local: false peers { permanent_uuid: "5a2d8ad8aa0545c69a5d282b518bea96" member_type: VOTER last_known_addr { host: "127.21.94.65" port: 33901 } } peers { permanent_uuid: "1de22a5f669e40f7b8c2d87a992a1aa0" member_type: VOTER last_known_addr { host: "127.21.94.66" port: 36367 } } peers { permanent_uuid: "5f0d51dbce05478e9e35cb60ad2df8c1" member_type: VOTER last_known_addr { host: "127.21.94.67" port: 36151 } }
I20260713 09:07:21.522367 22208 raft_consensus.cc:385] T 8c487810677f498ea1e5ca80422a254c P 5a2d8ad8aa0545c69a5d282b518bea96 [term 0 FOLLOWER]: Consensus starting up: Expiring failure detector timer to make a prompt election more likely
I20260713 09:07:21.522709 22208 raft_consensus.cc:740] T 8c487810677f498ea1e5ca80422a254c P 5a2d8ad8aa0545c69a5d282b518bea96 [term 0 FOLLOWER]: Becoming Follower/Learner. State: Replica: 5a2d8ad8aa0545c69a5d282b518bea96, State: Initialized, Role: FOLLOWER
I20260713 09:07:21.522501 22210 raft_consensus.cc:359] T 3afbaebb914646b391a9714e71cf722e P 1de22a5f669e40f7b8c2d87a992a1aa0 [term 0 FOLLOWER]: Replica starting. Triggering 0 pending ops. Active config: opid_index: -1 OBSOLETE_local: false peers { permanent_uuid: "5a2d8ad8aa0545c69a5d282b518bea96" member_type: VOTER last_known_addr { host: "127.21.94.65" port: 33901 } } peers { permanent_uuid: "1de22a5f669e40f7b8c2d87a992a1aa0" member_type: VOTER last_known_addr { host: "127.21.94.66" port: 36367 } } peers { permanent_uuid: "5f0d51dbce05478e9e35cb60ad2df8c1" member_type: VOTER last_known_addr { host: "127.21.94.67" port: 36151 } }
I20260713 09:07:21.523298 22210 raft_consensus.cc:385] T 3afbaebb914646b391a9714e71cf722e P 1de22a5f669e40f7b8c2d87a992a1aa0 [term 0 FOLLOWER]: Consensus starting up: Expiring failure detector timer to make a prompt election more likely
I20260713 09:07:21.523612 22210 raft_consensus.cc:740] T 3afbaebb914646b391a9714e71cf722e P 1de22a5f669e40f7b8c2d87a992a1aa0 [term 0 FOLLOWER]: Becoming Follower/Learner. State: Replica: 1de22a5f669e40f7b8c2d87a992a1aa0, State: Initialized, Role: FOLLOWER
I20260713 09:07:21.523537 22208 consensus_queue.cc:260] T 8c487810677f498ea1e5ca80422a254c P 5a2d8ad8aa0545c69a5d282b518bea96 [NON_LEADER]: Queue going to NON_LEADER mode. State: All replicated index: 0, Majority replicated index: 0, Committed index: 0, Last appended: 0.0, Last appended by leader: 0, Current term: 0, Majority size: -1, State: 0, Mode: NON_LEADER, active raft config: opid_index: -1 OBSOLETE_local: false peers { permanent_uuid: "5a2d8ad8aa0545c69a5d282b518bea96" member_type: VOTER last_known_addr { host: "127.21.94.65" port: 33901 } } peers { permanent_uuid: "1de22a5f669e40f7b8c2d87a992a1aa0" member_type: VOTER last_known_addr { host: "127.21.94.66" port: 36367 } } peers { permanent_uuid: "5f0d51dbce05478e9e35cb60ad2df8c1" member_type: VOTER last_known_addr { host: "127.21.94.67" port: 36151 } }
I20260713 09:07:21.524787 22210 consensus_queue.cc:260] T 3afbaebb914646b391a9714e71cf722e P 1de22a5f669e40f7b8c2d87a992a1aa0 [NON_LEADER]: Queue going to NON_LEADER mode. State: All replicated index: 0, Majority replicated index: 0, Committed index: 0, Last appended: 0.0, Last appended by leader: 0, Current term: 0, Majority size: -1, State: 0, Mode: NON_LEADER, active raft config: opid_index: -1 OBSOLETE_local: false peers { permanent_uuid: "5a2d8ad8aa0545c69a5d282b518bea96" member_type: VOTER last_known_addr { host: "127.21.94.65" port: 33901 } } peers { permanent_uuid: "1de22a5f669e40f7b8c2d87a992a1aa0" member_type: VOTER last_known_addr { host: "127.21.94.66" port: 36367 } } peers { permanent_uuid: "5f0d51dbce05478e9e35cb60ad2df8c1" member_type: VOTER last_known_addr { host: "127.21.94.67" port: 36151 } }
I20260713 09:07:21.528340 22208 ts_tablet_manager.cc:1434] T 8c487810677f498ea1e5ca80422a254c P 5a2d8ad8aa0545c69a5d282b518bea96: Time spent starting tablet: real 0.009s	user 0.000s	sys 0.005s
I20260713 09:07:21.529263 22208 tablet_bootstrap.cc:492] T 222e4852fe184298b6719cc625b49e80 P 5a2d8ad8aa0545c69a5d282b518bea96: Bootstrap starting.
I20260713 09:07:21.532279 22215 raft_consensus.cc:493] T 222e4852fe184298b6719cc625b49e80 P 5f0d51dbce05478e9e35cb60ad2df8c1 [term 0 FOLLOWER]: Starting pre-election (no leader contacted us within the election timeout)
I20260713 09:07:21.532729 22215 raft_consensus.cc:515] T 222e4852fe184298b6719cc625b49e80 P 5f0d51dbce05478e9e35cb60ad2df8c1 [term 0 FOLLOWER]: Starting pre-election with config: opid_index: -1 OBSOLETE_local: false peers { permanent_uuid: "5a2d8ad8aa0545c69a5d282b518bea96" member_type: VOTER last_known_addr { host: "127.21.94.65" port: 33901 } } peers { permanent_uuid: "1de22a5f669e40f7b8c2d87a992a1aa0" member_type: VOTER last_known_addr { host: "127.21.94.66" port: 36367 } } peers { permanent_uuid: "5f0d51dbce05478e9e35cb60ad2df8c1" member_type: VOTER last_known_addr { host: "127.21.94.67" port: 36151 } }
I20260713 09:07:21.533368 22210 ts_tablet_manager.cc:1434] T 3afbaebb914646b391a9714e71cf722e P 1de22a5f669e40f7b8c2d87a992a1aa0: Time spent starting tablet: real 0.014s	user 0.005s	sys 0.002s
I20260713 09:07:21.534715 22215 leader_election.cc:290] T 222e4852fe184298b6719cc625b49e80 P 5f0d51dbce05478e9e35cb60ad2df8c1 [CANDIDATE]: Term 1 pre-election: Requested pre-vote from peers 5a2d8ad8aa0545c69a5d282b518bea96 (127.21.94.65:33901), 1de22a5f669e40f7b8c2d87a992a1aa0 (127.21.94.66:36367)
I20260713 09:07:21.535602 22208 tablet_bootstrap.cc:654] T 222e4852fe184298b6719cc625b49e80 P 5a2d8ad8aa0545c69a5d282b518bea96: Neither blocks nor log segments found. Creating new log.
I20260713 09:07:21.536217 22016 tablet_service.cc:1917] Received RequestConsensusVote() RPC: tablet_id: "222e4852fe184298b6719cc625b49e80" candidate_uuid: "5f0d51dbce05478e9e35cb60ad2df8c1" candidate_term: 1 candidate_status { last_received { term: 0 index: 0 } } ignore_live_leader: false dest_uuid: "5a2d8ad8aa0545c69a5d282b518bea96" is_pre_election: true
I20260713 09:07:21.537274 22091 tablet_service.cc:1917] Received RequestConsensusVote() RPC: tablet_id: "222e4852fe184298b6719cc625b49e80" candidate_uuid: "5f0d51dbce05478e9e35cb60ad2df8c1" candidate_term: 1 candidate_status { last_received { term: 0 index: 0 } } ignore_live_leader: false dest_uuid: "1de22a5f669e40f7b8c2d87a992a1aa0" is_pre_election: true
W20260713 09:07:21.539057 22129 leader_election.cc:343] T 222e4852fe184298b6719cc625b49e80 P 5f0d51dbce05478e9e35cb60ad2df8c1 [CANDIDATE]: Term 1 pre-election: Tablet error from VoteRequest() call to peer 1de22a5f669e40f7b8c2d87a992a1aa0 (127.21.94.66:36367): Illegal state: must be running to vote when last-logged opid is not known
W20260713 09:07:21.540078 22130 leader_election.cc:343] T 222e4852fe184298b6719cc625b49e80 P 5f0d51dbce05478e9e35cb60ad2df8c1 [CANDIDATE]: Term 1 pre-election: Tablet error from VoteRequest() call to peer 5a2d8ad8aa0545c69a5d282b518bea96 (127.21.94.65:33901): Illegal state: must be running to vote when last-logged opid is not known
I20260713 09:07:21.540510 22210 tablet_bootstrap.cc:492] T 222e4852fe184298b6719cc625b49e80 P 1de22a5f669e40f7b8c2d87a992a1aa0: Bootstrap starting.
I20260713 09:07:21.540474 22130 leader_election.cc:304] T 222e4852fe184298b6719cc625b49e80 P 5f0d51dbce05478e9e35cb60ad2df8c1 [CANDIDATE]: Term 1 pre-election: Election decided. Result: candidate lost. Election summary: received 3 responses out of 3 voters: 1 yes votes; 2 no votes. yes voters: 5f0d51dbce05478e9e35cb60ad2df8c1; no voters: 1de22a5f669e40f7b8c2d87a992a1aa0, 5a2d8ad8aa0545c69a5d282b518bea96
I20260713 09:07:21.541759 22220 raft_consensus.cc:493] T 2b2a6117bd6b423ea1d680e657d14d1c P 1de22a5f669e40f7b8c2d87a992a1aa0 [term 0 FOLLOWER]: Starting pre-election (no leader contacted us within the election timeout)
I20260713 09:07:21.542212 22220 raft_consensus.cc:515] T 2b2a6117bd6b423ea1d680e657d14d1c P 1de22a5f669e40f7b8c2d87a992a1aa0 [term 0 FOLLOWER]: Starting pre-election with config: opid_index: -1 OBSOLETE_local: false peers { permanent_uuid: "5a2d8ad8aa0545c69a5d282b518bea96" member_type: VOTER last_known_addr { host: "127.21.94.65" port: 33901 } } peers { permanent_uuid: "1de22a5f669e40f7b8c2d87a992a1aa0" member_type: VOTER last_known_addr { host: "127.21.94.66" port: 36367 } } peers { permanent_uuid: "5f0d51dbce05478e9e35cb60ad2df8c1" member_type: VOTER last_known_addr { host: "127.21.94.67" port: 36151 } }
I20260713 09:07:21.544754 22220 leader_election.cc:290] T 2b2a6117bd6b423ea1d680e657d14d1c P 1de22a5f669e40f7b8c2d87a992a1aa0 [CANDIDATE]: Term 1 pre-election: Requested pre-vote from peers 5a2d8ad8aa0545c69a5d282b518bea96 (127.21.94.65:33901), 5f0d51dbce05478e9e35cb60ad2df8c1 (127.21.94.67:36151)
I20260713 09:07:21.542212 22215 raft_consensus.cc:2749] T 222e4852fe184298b6719cc625b49e80 P 5f0d51dbce05478e9e35cb60ad2df8c1 [term 0 FOLLOWER]: Leader pre-election lost for term 1. Reason: could not achieve majority
I20260713 09:07:21.551828 22210 tablet_bootstrap.cc:654] T 222e4852fe184298b6719cc625b49e80 P 1de22a5f669e40f7b8c2d87a992a1aa0: Neither blocks nor log segments found. Creating new log.
I20260713 09:07:21.564734 22210 tablet_bootstrap.cc:492] T 222e4852fe184298b6719cc625b49e80 P 1de22a5f669e40f7b8c2d87a992a1aa0: No bootstrap required, opened a new log
I20260713 09:07:21.565127 22210 ts_tablet_manager.cc:1403] T 222e4852fe184298b6719cc625b49e80 P 1de22a5f669e40f7b8c2d87a992a1aa0: Time spent bootstrapping tablet: real 0.025s	user 0.013s	sys 0.005s
I20260713 09:07:21.567852 22210 raft_consensus.cc:359] T 222e4852fe184298b6719cc625b49e80 P 1de22a5f669e40f7b8c2d87a992a1aa0 [term 0 FOLLOWER]: Replica starting. Triggering 0 pending ops. Active config: opid_index: -1 OBSOLETE_local: false peers { permanent_uuid: "5a2d8ad8aa0545c69a5d282b518bea96" member_type: VOTER last_known_addr { host: "127.21.94.65" port: 33901 } } peers { permanent_uuid: "1de22a5f669e40f7b8c2d87a992a1aa0" member_type: VOTER last_known_addr { host: "127.21.94.66" port: 36367 } } peers { permanent_uuid: "5f0d51dbce05478e9e35cb60ad2df8c1" member_type: VOTER last_known_addr { host: "127.21.94.67" port: 36151 } }
I20260713 09:07:21.568567 22210 raft_consensus.cc:385] T 222e4852fe184298b6719cc625b49e80 P 1de22a5f669e40f7b8c2d87a992a1aa0 [term 0 FOLLOWER]: Consensus starting up: Expiring failure detector timer to make a prompt election more likely
I20260713 09:07:21.568921 22210 raft_consensus.cc:740] T 222e4852fe184298b6719cc625b49e80 P 1de22a5f669e40f7b8c2d87a992a1aa0 [term 0 FOLLOWER]: Becoming Follower/Learner. State: Replica: 1de22a5f669e40f7b8c2d87a992a1aa0, State: Initialized, Role: FOLLOWER
I20260713 09:07:21.569662 22210 consensus_queue.cc:260] T 222e4852fe184298b6719cc625b49e80 P 1de22a5f669e40f7b8c2d87a992a1aa0 [NON_LEADER]: Queue going to NON_LEADER mode. State: All replicated index: 0, Majority replicated index: 0, Committed index: 0, Last appended: 0.0, Last appended by leader: 0, Current term: 0, Majority size: -1, State: 0, Mode: NON_LEADER, active raft config: opid_index: -1 OBSOLETE_local: false peers { permanent_uuid: "5a2d8ad8aa0545c69a5d282b518bea96" member_type: VOTER last_known_addr { host: "127.21.94.65" port: 33901 } } peers { permanent_uuid: "1de22a5f669e40f7b8c2d87a992a1aa0" member_type: VOTER last_known_addr { host: "127.21.94.66" port: 36367 } } peers { permanent_uuid: "5f0d51dbce05478e9e35cb60ad2df8c1" member_type: VOTER last_known_addr { host: "127.21.94.67" port: 36151 } }
I20260713 09:07:21.571296 22209 tablet_bootstrap.cc:492] T 57d7c44fd74048f4bc3c9336a25aca9b P 5f0d51dbce05478e9e35cb60ad2df8c1: No bootstrap required, opened a new log
I20260713 09:07:21.574275 22016 tablet_service.cc:1917] Received RequestConsensusVote() RPC: tablet_id: "2b2a6117bd6b423ea1d680e657d14d1c" candidate_uuid: "1de22a5f669e40f7b8c2d87a992a1aa0" candidate_term: 1 candidate_status { last_received { term: 0 index: 0 } } ignore_live_leader: false dest_uuid: "5a2d8ad8aa0545c69a5d282b518bea96" is_pre_election: true
I20260713 09:07:21.574761 22210 ts_tablet_manager.cc:1434] T 222e4852fe184298b6719cc625b49e80 P 1de22a5f669e40f7b8c2d87a992a1aa0: Time spent starting tablet: real 0.009s	user 0.007s	sys 0.000s
I20260713 09:07:21.575706 22210 tablet_bootstrap.cc:492] T 80665e0fcc084cbf8915ab6179c2a0f5 P 1de22a5f669e40f7b8c2d87a992a1aa0: Bootstrap starting.
W20260713 09:07:21.576313 22056 leader_election.cc:343] T 2b2a6117bd6b423ea1d680e657d14d1c P 1de22a5f669e40f7b8c2d87a992a1aa0 [CANDIDATE]: Term 1 pre-election: Tablet error from VoteRequest() call to peer 5a2d8ad8aa0545c69a5d282b518bea96 (127.21.94.65:33901): Illegal state: must be running to vote when last-logged opid is not known
I20260713 09:07:21.581938 22210 tablet_bootstrap.cc:654] T 80665e0fcc084cbf8915ab6179c2a0f5 P 1de22a5f669e40f7b8c2d87a992a1aa0: Neither blocks nor log segments found. Creating new log.
I20260713 09:07:21.583146 22209 ts_tablet_manager.cc:1403] T 57d7c44fd74048f4bc3c9336a25aca9b P 5f0d51dbce05478e9e35cb60ad2df8c1: Time spent bootstrapping tablet: real 0.070s	user 0.013s	sys 0.006s
I20260713 09:07:21.586371 22209 raft_consensus.cc:359] T 57d7c44fd74048f4bc3c9336a25aca9b P 5f0d51dbce05478e9e35cb60ad2df8c1 [term 0 FOLLOWER]: Replica starting. Triggering 0 pending ops. Active config: opid_index: -1 OBSOLETE_local: false peers { permanent_uuid: "5a2d8ad8aa0545c69a5d282b518bea96" member_type: VOTER last_known_addr { host: "127.21.94.65" port: 33901 } } peers { permanent_uuid: "1de22a5f669e40f7b8c2d87a992a1aa0" member_type: VOTER last_known_addr { host: "127.21.94.66" port: 36367 } } peers { permanent_uuid: "5f0d51dbce05478e9e35cb60ad2df8c1" member_type: VOTER last_known_addr { host: "127.21.94.67" port: 36151 } }
I20260713 09:07:21.587280 22209 raft_consensus.cc:385] T 57d7c44fd74048f4bc3c9336a25aca9b P 5f0d51dbce05478e9e35cb60ad2df8c1 [term 0 FOLLOWER]: Consensus starting up: Expiring failure detector timer to make a prompt election more likely
I20260713 09:07:21.587639 22209 raft_consensus.cc:740] T 57d7c44fd74048f4bc3c9336a25aca9b P 5f0d51dbce05478e9e35cb60ad2df8c1 [term 0 FOLLOWER]: Becoming Follower/Learner. State: Replica: 5f0d51dbce05478e9e35cb60ad2df8c1, State: Initialized, Role: FOLLOWER
I20260713 09:07:21.588511 22209 consensus_queue.cc:260] T 57d7c44fd74048f4bc3c9336a25aca9b P 5f0d51dbce05478e9e35cb60ad2df8c1 [NON_LEADER]: Queue going to NON_LEADER mode. State: All replicated index: 0, Majority replicated index: 0, Committed index: 0, Last appended: 0.0, Last appended by leader: 0, Current term: 0, Majority size: -1, State: 0, Mode: NON_LEADER, active raft config: opid_index: -1 OBSOLETE_local: false peers { permanent_uuid: "5a2d8ad8aa0545c69a5d282b518bea96" member_type: VOTER last_known_addr { host: "127.21.94.65" port: 33901 } } peers { permanent_uuid: "1de22a5f669e40f7b8c2d87a992a1aa0" member_type: VOTER last_known_addr { host: "127.21.94.66" port: 36367 } } peers { permanent_uuid: "5f0d51dbce05478e9e35cb60ad2df8c1" member_type: VOTER last_known_addr { host: "127.21.94.67" port: 36151 } }
I20260713 09:07:21.593546 22210 tablet_bootstrap.cc:492] T 80665e0fcc084cbf8915ab6179c2a0f5 P 1de22a5f669e40f7b8c2d87a992a1aa0: No bootstrap required, opened a new log
I20260713 09:07:21.593979 22210 ts_tablet_manager.cc:1403] T 80665e0fcc084cbf8915ab6179c2a0f5 P 1de22a5f669e40f7b8c2d87a992a1aa0: Time spent bootstrapping tablet: real 0.018s	user 0.007s	sys 0.008s
I20260713 09:07:21.596678 22210 raft_consensus.cc:359] T 80665e0fcc084cbf8915ab6179c2a0f5 P 1de22a5f669e40f7b8c2d87a992a1aa0 [term 0 FOLLOWER]: Replica starting. Triggering 0 pending ops. Active config: opid_index: -1 OBSOLETE_local: false peers { permanent_uuid: "5f0d51dbce05478e9e35cb60ad2df8c1" member_type: VOTER last_known_addr { host: "127.21.94.67" port: 36151 } } peers { permanent_uuid: "5a2d8ad8aa0545c69a5d282b518bea96" member_type: VOTER last_known_addr { host: "127.21.94.65" port: 33901 } } peers { permanent_uuid: "1de22a5f669e40f7b8c2d87a992a1aa0" member_type: VOTER last_known_addr { host: "127.21.94.66" port: 36367 } }
I20260713 09:07:21.597358 22210 raft_consensus.cc:385] T 80665e0fcc084cbf8915ab6179c2a0f5 P 1de22a5f669e40f7b8c2d87a992a1aa0 [term 0 FOLLOWER]: Consensus starting up: Expiring failure detector timer to make a prompt election more likely
I20260713 09:07:21.597648 22210 raft_consensus.cc:740] T 80665e0fcc084cbf8915ab6179c2a0f5 P 1de22a5f669e40f7b8c2d87a992a1aa0 [term 0 FOLLOWER]: Becoming Follower/Learner. State: Replica: 1de22a5f669e40f7b8c2d87a992a1aa0, State: Initialized, Role: FOLLOWER
I20260713 09:07:21.598492 22164 tablet_service.cc:1917] Received RequestConsensusVote() RPC: tablet_id: "2b2a6117bd6b423ea1d680e657d14d1c" candidate_uuid: "1de22a5f669e40f7b8c2d87a992a1aa0" candidate_term: 1 candidate_status { last_received { term: 0 index: 0 } } ignore_live_leader: false dest_uuid: "5f0d51dbce05478e9e35cb60ad2df8c1" is_pre_election: true
I20260713 09:07:21.599192 22164 raft_consensus.cc:2468] T 2b2a6117bd6b423ea1d680e657d14d1c P 5f0d51dbce05478e9e35cb60ad2df8c1 [term 0 FOLLOWER]: Leader pre-election vote request: Granting yes vote for candidate 1de22a5f669e40f7b8c2d87a992a1aa0 in term 0.
I20260713 09:07:21.600449 22209 ts_tablet_manager.cc:1434] T 57d7c44fd74048f4bc3c9336a25aca9b P 5f0d51dbce05478e9e35cb60ad2df8c1: Time spent starting tablet: real 0.017s	user 0.007s	sys 0.000s
I20260713 09:07:21.600581 22055 leader_election.cc:304] T 2b2a6117bd6b423ea1d680e657d14d1c P 1de22a5f669e40f7b8c2d87a992a1aa0 [CANDIDATE]: Term 1 pre-election: Election decided. Result: candidate won. Election summary: received 3 responses out of 3 voters: 2 yes votes; 1 no votes. yes voters: 1de22a5f669e40f7b8c2d87a992a1aa0, 5f0d51dbce05478e9e35cb60ad2df8c1; no voters: 5a2d8ad8aa0545c69a5d282b518bea96
I20260713 09:07:21.601399 22209 tablet_bootstrap.cc:492] T 80665e0fcc084cbf8915ab6179c2a0f5 P 5f0d51dbce05478e9e35cb60ad2df8c1: Bootstrap starting.
I20260713 09:07:21.601490 22220 raft_consensus.cc:2804] T 2b2a6117bd6b423ea1d680e657d14d1c P 1de22a5f669e40f7b8c2d87a992a1aa0 [term 0 FOLLOWER]: Leader pre-election won for term 1
I20260713 09:07:21.601877 22220 raft_consensus.cc:493] T 2b2a6117bd6b423ea1d680e657d14d1c P 1de22a5f669e40f7b8c2d87a992a1aa0 [term 0 FOLLOWER]: Starting leader election (no leader contacted us within the election timeout)
I20260713 09:07:21.602193 22220 raft_consensus.cc:3060] T 2b2a6117bd6b423ea1d680e657d14d1c P 1de22a5f669e40f7b8c2d87a992a1aa0 [term 0 FOLLOWER]: Advancing to term 1
I20260713 09:07:21.604077 22208 tablet_bootstrap.cc:492] T 222e4852fe184298b6719cc625b49e80 P 5a2d8ad8aa0545c69a5d282b518bea96: No bootstrap required, opened a new log
I20260713 09:07:21.604503 22208 ts_tablet_manager.cc:1403] T 222e4852fe184298b6719cc625b49e80 P 5a2d8ad8aa0545c69a5d282b518bea96: Time spent bootstrapping tablet: real 0.075s	user 0.005s	sys 0.055s
I20260713 09:07:21.607112 22208 raft_consensus.cc:359] T 222e4852fe184298b6719cc625b49e80 P 5a2d8ad8aa0545c69a5d282b518bea96 [term 0 FOLLOWER]: Replica starting. Triggering 0 pending ops. Active config: opid_index: -1 OBSOLETE_local: false peers { permanent_uuid: "5a2d8ad8aa0545c69a5d282b518bea96" member_type: VOTER last_known_addr { host: "127.21.94.65" port: 33901 } } peers { permanent_uuid: "1de22a5f669e40f7b8c2d87a992a1aa0" member_type: VOTER last_known_addr { host: "127.21.94.66" port: 36367 } } peers { permanent_uuid: "5f0d51dbce05478e9e35cb60ad2df8c1" member_type: VOTER last_known_addr { host: "127.21.94.67" port: 36151 } }
