I20260713 09:07:22.322540 21895 catalog_manager.cc:5697] T 166a2eef73224c5abb57592bd913fbf2 P 7871dfcfb4e746e3b161271a32f5e928 reported cstate change: term changed from 2 to 3, leader changed from 99c6279bcc4c42e89059e4a3c24231bb (127.21.90.65) to 7871dfcfb4e746e3b161271a32f5e928 (127.21.90.66). New cstate: current_term: 3 leader_uuid: "7871dfcfb4e746e3b161271a32f5e928" committed_config { opid_index: -1 OBSOLETE_local: false peers { permanent_uuid: "99c6279bcc4c42e89059e4a3c24231bb" member_type: VOTER last_known_addr { host: "127.21.90.65" port: 46191 } health_report { overall_health: UNKNOWN } } peers { permanent_uuid: "7871dfcfb4e746e3b161271a32f5e928" member_type: VOTER last_known_addr { host: "127.21.90.66" port: 35575 } health_report { overall_health: HEALTHY } } peers { permanent_uuid: "667953f19eb240faab50580132857b10" member_type: VOTER last_known_addr { host: "127.21.90.67" port: 41719 } health_report { overall_health: UNKNOWN } } }
I20260713 09:07:22.522671 22000 raft_consensus.cc:1275] T b5da3c9fbce845148e79b8945ce75dcb P 99c6279bcc4c42e89059e4a3c24231bb [term 3 FOLLOWER]: Refusing update from remote peer 7871dfcfb4e746e3b161271a32f5e928: Log matching property violated. Preceding OpId in replica: term: 2 index: 2. Preceding OpId from leader: term: 3 index: 3. (index mismatch)
I20260713 09:07:22.524103 22311 consensus_queue.cc:1048] T b5da3c9fbce845148e79b8945ce75dcb P 7871dfcfb4e746e3b161271a32f5e928 [LEADER]: Connected to new peer: Peer: permanent_uuid: "99c6279bcc4c42e89059e4a3c24231bb" member_type: VOTER last_known_addr { host: "127.21.90.65" port: 46191 }, Status: LMP_MISMATCH, Last received: 0.0, Next index: 3, Last known committed idx: 2, Time since last communication: 0.000s
I20260713 09:07:22.537581 22147 raft_consensus.cc:1275] T b5da3c9fbce845148e79b8945ce75dcb P 667953f19eb240faab50580132857b10 [term 3 FOLLOWER]: Refusing update from remote peer 7871dfcfb4e746e3b161271a32f5e928: Log matching property violated. Preceding OpId in replica: term: 2 index: 2. Preceding OpId from leader: term: 3 index: 3. (index mismatch)
I20260713 09:07:22.542423 22228 consensus_queue.cc:1048] T b5da3c9fbce845148e79b8945ce75dcb P 7871dfcfb4e746e3b161271a32f5e928 [LEADER]: Connected to new peer: Peer: permanent_uuid: "667953f19eb240faab50580132857b10" member_type: VOTER last_known_addr { host: "127.21.90.67" port: 41719 }, Status: LMP_MISMATCH, Last received: 0.0, Next index: 3, Last known committed idx: 2, Time since last communication: 0.000s
I20260713 09:07:22.619583 22147 raft_consensus.cc:1275] T 0bdb44d073cc403f8dab9f8877835fe3 P 667953f19eb240faab50580132857b10 [term 3 FOLLOWER]: Refusing update from remote peer 7871dfcfb4e746e3b161271a32f5e928: Log matching property violated. Preceding OpId in replica: term: 2 index: 2. Preceding OpId from leader: term: 3 index: 3. (index mismatch)
I20260713 09:07:22.620767 22228 consensus_queue.cc:1048] T 0bdb44d073cc403f8dab9f8877835fe3 P 7871dfcfb4e746e3b161271a32f5e928 [LEADER]: Connected to new peer: Peer: permanent_uuid: "667953f19eb240faab50580132857b10" member_type: VOTER last_known_addr { host: "127.21.90.67" port: 41719 }, Status: LMP_MISMATCH, Last received: 0.0, Next index: 3, Last known committed idx: 2, Time since last communication: 0.000s
I20260713 09:07:22.624837 22290 raft_consensus.cc:993] T dd586a45c2954b8fa5f8316eb65a0aac P 667953f19eb240faab50580132857b10: : Instructing follower 7871dfcfb4e746e3b161271a32f5e928 to start an election
I20260713 09:07:22.625272 22308 raft_consensus.cc:1081] T dd586a45c2954b8fa5f8316eb65a0aac P 667953f19eb240faab50580132857b10 [term 3 LEADER]: Signalling peer 7871dfcfb4e746e3b161271a32f5e928 to start an election
I20260713 09:07:22.627430 22071 tablet_service.cc:2044] Received Run Leader Election RPC: tablet_id: "dd586a45c2954b8fa5f8316eb65a0aac"
dest_uuid: "7871dfcfb4e746e3b161271a32f5e928"
 from {username='slave'} at 127.0.0.1:60154
I20260713 09:07:22.627882 21999 raft_consensus.cc:1275] T 0bdb44d073cc403f8dab9f8877835fe3 P 99c6279bcc4c42e89059e4a3c24231bb [term 3 FOLLOWER]: Refusing update from remote peer 7871dfcfb4e746e3b161271a32f5e928: Log matching property violated. Preceding OpId in replica: term: 2 index: 2. Preceding OpId from leader: term: 3 index: 3. (index mismatch)
I20260713 09:07:22.627914 22071 raft_consensus.cc:493] T dd586a45c2954b8fa5f8316eb65a0aac P 7871dfcfb4e746e3b161271a32f5e928 [term 3 FOLLOWER]: Starting forced leader election (received explicit request)
I20260713 09:07:22.629575 22071 raft_consensus.cc:3060] T dd586a45c2954b8fa5f8316eb65a0aac P 7871dfcfb4e746e3b161271a32f5e928 [term 3 FOLLOWER]: Advancing to term 4
I20260713 09:07:22.632709 22322 consensus_queue.cc:1048] T 0bdb44d073cc403f8dab9f8877835fe3 P 7871dfcfb4e746e3b161271a32f5e928 [LEADER]: Connected to new peer: Peer: permanent_uuid: "99c6279bcc4c42e89059e4a3c24231bb" member_type: VOTER last_known_addr { host: "127.21.90.65" port: 46191 }, Status: LMP_MISMATCH, Last received: 0.0, Next index: 3, Last known committed idx: 2, Time since last communication: 0.000s
I20260713 09:07:22.634380 22071 raft_consensus.cc:515] T dd586a45c2954b8fa5f8316eb65a0aac P 7871dfcfb4e746e3b161271a32f5e928 [term 4 FOLLOWER]: Starting forced leader election with config: opid_index: -1 OBSOLETE_local: false peers { permanent_uuid: "99c6279bcc4c42e89059e4a3c24231bb" member_type: VOTER last_known_addr { host: "127.21.90.65" port: 46191 } } peers { permanent_uuid: "7871dfcfb4e746e3b161271a32f5e928" member_type: VOTER last_known_addr { host: "127.21.90.66" port: 35575 } } peers { permanent_uuid: "667953f19eb240faab50580132857b10" member_type: VOTER last_known_addr { host: "127.21.90.67" port: 41719 } }
I20260713 09:07:22.636099 22071 leader_election.cc:290] T dd586a45c2954b8fa5f8316eb65a0aac P 7871dfcfb4e746e3b161271a32f5e928 [CANDIDATE]: Term 4 election: Requested vote from peers 99c6279bcc4c42e89059e4a3c24231bb (127.21.90.65:46191), 667953f19eb240faab50580132857b10 (127.21.90.67:41719)
I20260713 09:07:22.636751 22000 tablet_service.cc:1917] Received RequestConsensusVote() RPC: tablet_id: "dd586a45c2954b8fa5f8316eb65a0aac" candidate_uuid: "7871dfcfb4e746e3b161271a32f5e928" candidate_term: 4 candidate_status { last_received { term: 3 index: 3 } } ignore_live_leader: true dest_uuid: "99c6279bcc4c42e89059e4a3c24231bb"
I20260713 09:07:22.637253 22000 raft_consensus.cc:3060] T dd586a45c2954b8fa5f8316eb65a0aac P 99c6279bcc4c42e89059e4a3c24231bb [term 3 FOLLOWER]: Advancing to term 4
I20260713 09:07:22.638408 22147 tablet_service.cc:1917] Received RequestConsensusVote() RPC: tablet_id: "dd586a45c2954b8fa5f8316eb65a0aac" candidate_uuid: "7871dfcfb4e746e3b161271a32f5e928" candidate_term: 4 candidate_status { last_received { term: 3 index: 3 } } ignore_live_leader: true dest_uuid: "667953f19eb240faab50580132857b10"
I20260713 09:07:22.638959 22147 raft_consensus.cc:3055] T dd586a45c2954b8fa5f8316eb65a0aac P 667953f19eb240faab50580132857b10 [term 3 LEADER]: Stepping down as leader of term 3
I20260713 09:07:22.639374 22147 raft_consensus.cc:740] T dd586a45c2954b8fa5f8316eb65a0aac P 667953f19eb240faab50580132857b10 [term 3 LEADER]: Becoming Follower/Learner. State: Replica: 667953f19eb240faab50580132857b10, State: Running, Role: LEADER
I20260713 09:07:22.640041 22147 consensus_queue.cc:260] T dd586a45c2954b8fa5f8316eb65a0aac P 667953f19eb240faab50580132857b10 [NON_LEADER]: Queue going to NON_LEADER mode. State: All replicated index: 0, Majority replicated index: 3, Committed index: 3, Last appended: 3.3, Last appended by leader: 3, Current term: 3, Majority size: -1, State: 0, Mode: NON_LEADER, active raft config: opid_index: -1 OBSOLETE_local: false peers { permanent_uuid: "99c6279bcc4c42e89059e4a3c24231bb" member_type: VOTER last_known_addr { host: "127.21.90.65" port: 46191 } } peers { permanent_uuid: "7871dfcfb4e746e3b161271a32f5e928" member_type: VOTER last_known_addr { host: "127.21.90.66" port: 35575 } } peers { permanent_uuid: "667953f19eb240faab50580132857b10" member_type: VOTER last_known_addr { host: "127.21.90.67" port: 41719 } }
I20260713 09:07:22.641108 22147 raft_consensus.cc:3060] T dd586a45c2954b8fa5f8316eb65a0aac P 667953f19eb240faab50580132857b10 [term 3 FOLLOWER]: Advancing to term 4
I20260713 09:07:22.642688 22000 raft_consensus.cc:2468] T dd586a45c2954b8fa5f8316eb65a0aac P 99c6279bcc4c42e89059e4a3c24231bb [term 4 FOLLOWER]: Leader election vote request: Granting yes vote for candidate 7871dfcfb4e746e3b161271a32f5e928 in term 4.
I20260713 09:07:22.643872 22040 leader_election.cc:304] T dd586a45c2954b8fa5f8316eb65a0aac P 7871dfcfb4e746e3b161271a32f5e928 [CANDIDATE]: Term 4 election: Election decided. Result: candidate won. Election summary: received 2 responses out of 3 voters: 2 yes votes; 0 no votes. yes voters: 7871dfcfb4e746e3b161271a32f5e928, 99c6279bcc4c42e89059e4a3c24231bb; no voters: 
I20260713 09:07:22.644762 22322 raft_consensus.cc:2804] T dd586a45c2954b8fa5f8316eb65a0aac P 7871dfcfb4e746e3b161271a32f5e928 [term 4 FOLLOWER]: Leader election won for term 4
I20260713 09:07:22.645200 22322 raft_consensus.cc:697] T dd586a45c2954b8fa5f8316eb65a0aac P 7871dfcfb4e746e3b161271a32f5e928 [term 4 LEADER]: Becoming Leader. State: Replica: 7871dfcfb4e746e3b161271a32f5e928, State: Running, Role: LEADER
I20260713 09:07:22.645951 22322 consensus_queue.cc:237] T dd586a45c2954b8fa5f8316eb65a0aac P 7871dfcfb4e746e3b161271a32f5e928 [LEADER]: Queue going to LEADER mode. State: All replicated index: 0, Majority replicated index: 3, Committed index: 3, Last appended: 3.3, Last appended by leader: 3, Current term: 4, Majority size: 2, State: 0, Mode: LEADER, active raft config: opid_index: -1 OBSOLETE_local: false peers { permanent_uuid: "99c6279bcc4c42e89059e4a3c24231bb" member_type: VOTER last_known_addr { host: "127.21.90.65" port: 46191 } } peers { permanent_uuid: "7871dfcfb4e746e3b161271a32f5e928" member_type: VOTER last_known_addr { host: "127.21.90.66" port: 35575 } } peers { permanent_uuid: "667953f19eb240faab50580132857b10" member_type: VOTER last_known_addr { host: "127.21.90.67" port: 41719 } }
I20260713 09:07:22.646832 22147 raft_consensus.cc:2468] T dd586a45c2954b8fa5f8316eb65a0aac P 667953f19eb240faab50580132857b10 [term 4 FOLLOWER]: Leader election vote request: Granting yes vote for candidate 7871dfcfb4e746e3b161271a32f5e928 in term 4.
I20260713 09:07:22.652343 21896 catalog_manager.cc:5697] T dd586a45c2954b8fa5f8316eb65a0aac P 7871dfcfb4e746e3b161271a32f5e928 reported cstate change: term changed from 3 to 4, leader changed from 667953f19eb240faab50580132857b10 (127.21.90.67) to 7871dfcfb4e746e3b161271a32f5e928 (127.21.90.66). New cstate: current_term: 4 leader_uuid: "7871dfcfb4e746e3b161271a32f5e928" committed_config { opid_index: -1 OBSOLETE_local: false peers { permanent_uuid: "99c6279bcc4c42e89059e4a3c24231bb" member_type: VOTER last_known_addr { host: "127.21.90.65" port: 46191 } health_report { overall_health: UNKNOWN } } peers { permanent_uuid: "7871dfcfb4e746e3b161271a32f5e928" member_type: VOTER last_known_addr { host: "127.21.90.66" port: 35575 } health_report { overall_health: HEALTHY } } peers { permanent_uuid: "667953f19eb240faab50580132857b10" member_type: VOTER last_known_addr { host: "127.21.90.67" port: 41719 } health_report { overall_health: UNKNOWN } } }
I20260713 09:07:22.697263 22147 raft_consensus.cc:1275] T 166a2eef73224c5abb57592bd913fbf2 P 667953f19eb240faab50580132857b10 [term 3 FOLLOWER]: Refusing update from remote peer 7871dfcfb4e746e3b161271a32f5e928: Log matching property violated. Preceding OpId in replica: term: 2 index: 2. Preceding OpId from leader: term: 3 index: 3. (index mismatch)
I20260713 09:07:22.698354 22322 consensus_queue.cc:1048] T 166a2eef73224c5abb57592bd913fbf2 P 7871dfcfb4e746e3b161271a32f5e928 [LEADER]: Connected to new peer: Peer: permanent_uuid: "667953f19eb240faab50580132857b10" member_type: VOTER last_known_addr { host: "127.21.90.67" port: 41719 }, Status: LMP_MISMATCH, Last received: 0.0, Next index: 3, Last known committed idx: 2, Time since last communication: 0.000s
I20260713 09:07:22.709206 22000 raft_consensus.cc:1275] T 166a2eef73224c5abb57592bd913fbf2 P 99c6279bcc4c42e89059e4a3c24231bb [term 3 FOLLOWER]: Refusing update from remote peer 7871dfcfb4e746e3b161271a32f5e928: Log matching property violated. Preceding OpId in replica: term: 2 index: 2. Preceding OpId from leader: term: 3 index: 3. (index mismatch)
I20260713 09:07:22.710836 22322 consensus_queue.cc:1048] T 166a2eef73224c5abb57592bd913fbf2 P 7871dfcfb4e746e3b161271a32f5e928 [LEADER]: Connected to new peer: Peer: permanent_uuid: "99c6279bcc4c42e89059e4a3c24231bb" member_type: VOTER last_known_addr { host: "127.21.90.65" port: 46191 }, Status: LMP_MISMATCH, Last received: 0.0, Next index: 3, Last known committed idx: 2, Time since last communication: 0.001s
I20260713 09:07:22.740949 22000 raft_consensus.cc:1275] T 4ff26b9e0a9b4ea28a24522b221a3201 P 99c6279bcc4c42e89059e4a3c24231bb [term 3 FOLLOWER]: Refusing update from remote peer 7871dfcfb4e746e3b161271a32f5e928: Log matching property violated. Preceding OpId in replica: term: 2 index: 2. Preceding OpId from leader: term: 3 index: 3. (index mismatch)
I20260713 09:07:22.742118 22322 consensus_queue.cc:1048] T 4ff26b9e0a9b4ea28a24522b221a3201 P 7871dfcfb4e746e3b161271a32f5e928 [LEADER]: Connected to new peer: Peer: permanent_uuid: "99c6279bcc4c42e89059e4a3c24231bb" member_type: VOTER last_known_addr { host: "127.21.90.65" port: 46191 }, Status: LMP_MISMATCH, Last received: 0.0, Next index: 3, Last known committed idx: 2, Time since last communication: 0.000s
I20260713 09:07:22.750458 22147 raft_consensus.cc:1275] T 4ff26b9e0a9b4ea28a24522b221a3201 P 667953f19eb240faab50580132857b10 [term 3 FOLLOWER]: Refusing update from remote peer 7871dfcfb4e746e3b161271a32f5e928: Log matching property violated. Preceding OpId in replica: term: 2 index: 2. Preceding OpId from leader: term: 3 index: 3. (index mismatch)
I20260713 09:07:22.752308 22228 consensus_queue.cc:1048] T 4ff26b9e0a9b4ea28a24522b221a3201 P 7871dfcfb4e746e3b161271a32f5e928 [LEADER]: Connected to new peer: Peer: permanent_uuid: "667953f19eb240faab50580132857b10" member_type: VOTER last_known_addr { host: "127.21.90.67" port: 41719 }, Status: LMP_MISMATCH, Last received: 0.0, Next index: 3, Last known committed idx: 2, Time since last communication: 0.001s
I20260713 09:07:23.113395 22147 raft_consensus.cc:1275] T dd586a45c2954b8fa5f8316eb65a0aac P 667953f19eb240faab50580132857b10 [term 4 FOLLOWER]: Refusing update from remote peer 7871dfcfb4e746e3b161271a32f5e928: Log matching property violated. Preceding OpId in replica: term: 3 index: 3. Preceding OpId from leader: term: 4 index: 4. (index mismatch)
I20260713 09:07:23.114639 22321 consensus_queue.cc:1048] T dd586a45c2954b8fa5f8316eb65a0aac P 7871dfcfb4e746e3b161271a32f5e928 [LEADER]: Connected to new peer: Peer: permanent_uuid: "667953f19eb240faab50580132857b10" member_type: VOTER last_known_addr { host: "127.21.90.67" port: 41719 }, Status: LMP_MISMATCH, Last received: 0.0, Next index: 4, Last known committed idx: 3, Time since last communication: 0.000s
I20260713 09:07:23.122686 22000 raft_consensus.cc:1275] T dd586a45c2954b8fa5f8316eb65a0aac P 99c6279bcc4c42e89059e4a3c24231bb [term 4 FOLLOWER]: Refusing update from remote peer 7871dfcfb4e746e3b161271a32f5e928: Log matching property violated. Preceding OpId in replica: term: 3 index: 3. Preceding OpId from leader: term: 4 index: 4. (index mismatch)
I20260713 09:07:23.123797 22322 consensus_queue.cc:1048] T dd586a45c2954b8fa5f8316eb65a0aac P 7871dfcfb4e746e3b161271a32f5e928 [LEADER]: Connected to new peer: Peer: permanent_uuid: "99c6279bcc4c42e89059e4a3c24231bb" member_type: VOTER last_known_addr { host: "127.21.90.65" port: 46191 }, Status: LMP_MISMATCH, Last received: 0.0, Next index: 4, Last known committed idx: 3, Time since last communication: 0.000s
I20260713 09:07:25.079785 21865 auto_leader_rebalancer.cc:141] leader rebalance for table test-workload
I20260713 09:07:25.087020 22071 tablet_service.cc:2072] Received LeaderStepDown RPC: tablet_id: "0bdb44d073cc403f8dab9f8877835fe3"
dest_uuid: "7871dfcfb4e746e3b161271a32f5e928"
mode: GRACEFUL
new_leader_uuid: "667953f19eb240faab50580132857b10"
 from {username='slave'} at 127.0.0.1:44210
I20260713 09:07:25.087610 22071 raft_consensus.cc:606] T 0bdb44d073cc403f8dab9f8877835fe3 P 7871dfcfb4e746e3b161271a32f5e928 [term 3 LEADER]: Received request to transfer leadership to TS 667953f19eb240faab50580132857b10
I20260713 09:07:25.090137 22071 tablet_service.cc:2072] Received LeaderStepDown RPC: tablet_id: "166a2eef73224c5abb57592bd913fbf2"
dest_uuid: "7871dfcfb4e746e3b161271a32f5e928"
mode: GRACEFUL
new_leader_uuid: "99c6279bcc4c42e89059e4a3c24231bb"
 from {username='slave'} at 127.0.0.1:44210
I20260713 09:07:25.090520 22071 raft_consensus.cc:606] T 166a2eef73224c5abb57592bd913fbf2 P 7871dfcfb4e746e3b161271a32f5e928 [term 3 LEADER]: Received request to transfer leadership to TS 99c6279bcc4c42e89059e4a3c24231bb
I20260713 09:07:25.092656 22071 tablet_service.cc:2072] Received LeaderStepDown RPC: tablet_id: "4ff26b9e0a9b4ea28a24522b221a3201"
dest_uuid: "7871dfcfb4e746e3b161271a32f5e928"
mode: GRACEFUL
new_leader_uuid: "99c6279bcc4c42e89059e4a3c24231bb"
 from {username='slave'} at 127.0.0.1:44210
I20260713 09:07:25.093001 22071 raft_consensus.cc:606] T 4ff26b9e0a9b4ea28a24522b221a3201 P 7871dfcfb4e746e3b161271a32f5e928 [term 3 LEADER]: Received request to transfer leadership to TS 99c6279bcc4c42e89059e4a3c24231bb
I20260713 09:07:25.095459 22071 tablet_service.cc:2072] Received LeaderStepDown RPC: tablet_id: "7cd1d915c5964c55826abf7ac579ee85"
dest_uuid: "7871dfcfb4e746e3b161271a32f5e928"
mode: GRACEFUL
new_leader_uuid: "667953f19eb240faab50580132857b10"
 from {username='slave'} at 127.0.0.1:44210
I20260713 09:07:25.095834 22071 raft_consensus.cc:606] T 7cd1d915c5964c55826abf7ac579ee85 P 7871dfcfb4e746e3b161271a32f5e928 [term 2 LEADER]: Received request to transfer leadership to TS 667953f19eb240faab50580132857b10
I20260713 09:07:25.097870 22071 tablet_service.cc:2072] Received LeaderStepDown RPC: tablet_id: "b5da3c9fbce845148e79b8945ce75dcb"
dest_uuid: "7871dfcfb4e746e3b161271a32f5e928"
mode: GRACEFUL
new_leader_uuid: "99c6279bcc4c42e89059e4a3c24231bb"
 from {username='slave'} at 127.0.0.1:44210
I20260713 09:07:25.098210 22071 raft_consensus.cc:606] T b5da3c9fbce845148e79b8945ce75dcb P 7871dfcfb4e746e3b161271a32f5e928 [term 3 LEADER]: Received request to transfer leadership to TS 99c6279bcc4c42e89059e4a3c24231bb
I20260713 09:07:25.099191 21865 auto_leader_rebalancer.cc:479] table: test-workload, leader rebalance finish, leader transfer count: 5
I20260713 09:07:25.099623 21865 auto_leader_rebalancer.cc:554] All tables' leader rebalancing finished this round
I20260713 09:07:25.247614 22228 raft_consensus.cc:993] T b5da3c9fbce845148e79b8945ce75dcb P 7871dfcfb4e746e3b161271a32f5e928: : Instructing follower 99c6279bcc4c42e89059e4a3c24231bb to start an election
I20260713 09:07:25.248028 22228 raft_consensus.cc:1081] T b5da3c9fbce845148e79b8945ce75dcb P 7871dfcfb4e746e3b161271a32f5e928 [term 3 LEADER]: Signalling peer 99c6279bcc4c42e89059e4a3c24231bb to start an election
I20260713 09:07:25.249480 21999 tablet_service.cc:2044] Received Run Leader Election RPC: tablet_id: "b5da3c9fbce845148e79b8945ce75dcb"
dest_uuid: "99c6279bcc4c42e89059e4a3c24231bb"
 from {username='slave'} at 127.0.0.1:55860
I20260713 09:07:25.249972 21999 raft_consensus.cc:493] T b5da3c9fbce845148e79b8945ce75dcb P 99c6279bcc4c42e89059e4a3c24231bb [term 3 FOLLOWER]: Starting forced leader election (received explicit request)
I20260713 09:07:25.250313 21999 raft_consensus.cc:3060] T b5da3c9fbce845148e79b8945ce75dcb P 99c6279bcc4c42e89059e4a3c24231bb [term 3 FOLLOWER]: Advancing to term 4
I20260713 09:07:25.255337 21999 raft_consensus.cc:515] T b5da3c9fbce845148e79b8945ce75dcb P 99c6279bcc4c42e89059e4a3c24231bb [term 4 FOLLOWER]: Starting forced leader election with config: opid_index: -1 OBSOLETE_local: false peers { permanent_uuid: "667953f19eb240faab50580132857b10" member_type: VOTER last_known_addr { host: "127.21.90.67" port: 41719 } } peers { permanent_uuid: "7871dfcfb4e746e3b161271a32f5e928" member_type: VOTER last_known_addr { host: "127.21.90.66" port: 35575 } } peers { permanent_uuid: "99c6279bcc4c42e89059e4a3c24231bb" member_type: VOTER last_known_addr { host: "127.21.90.65" port: 46191 } }
I20260713 09:07:25.257126 21999 leader_election.cc:290] T b5da3c9fbce845148e79b8945ce75dcb P 99c6279bcc4c42e89059e4a3c24231bb [CANDIDATE]: Term 4 election: Requested vote from peers 667953f19eb240faab50580132857b10 (127.21.90.67:41719), 7871dfcfb4e746e3b161271a32f5e928 (127.21.90.66:35575)
I20260713 09:07:25.258379 22071 tablet_service.cc:1917] Received RequestConsensusVote() RPC: tablet_id: "b5da3c9fbce845148e79b8945ce75dcb" candidate_uuid: "99c6279bcc4c42e89059e4a3c24231bb" candidate_term: 4 candidate_status { last_received { term: 3 index: 3 } } ignore_live_leader: true dest_uuid: "7871dfcfb4e746e3b161271a32f5e928"
I20260713 09:07:25.258255 22149 tablet_service.cc:1917] Received RequestConsensusVote() RPC: tablet_id: "b5da3c9fbce845148e79b8945ce75dcb" candidate_uuid: "99c6279bcc4c42e89059e4a3c24231bb" candidate_term: 4 candidate_status { last_received { term: 3 index: 3 } } ignore_live_leader: true dest_uuid: "667953f19eb240faab50580132857b10"
I20260713 09:07:25.258965 22071 raft_consensus.cc:3055] T b5da3c9fbce845148e79b8945ce75dcb P 7871dfcfb4e746e3b161271a32f5e928 [term 3 LEADER]: Stepping down as leader of term 3
I20260713 09:07:25.259083 22149 raft_consensus.cc:3060] T b5da3c9fbce845148e79b8945ce75dcb P 667953f19eb240faab50580132857b10 [term 3 FOLLOWER]: Advancing to term 4
I20260713 09:07:25.259305 22071 raft_consensus.cc:740] T b5da3c9fbce845148e79b8945ce75dcb P 7871dfcfb4e746e3b161271a32f5e928 [term 3 LEADER]: Becoming Follower/Learner. State: Replica: 7871dfcfb4e746e3b161271a32f5e928, State: Running, Role: LEADER
I20260713 09:07:25.260146 22071 consensus_queue.cc:260] T b5da3c9fbce845148e79b8945ce75dcb P 7871dfcfb4e746e3b161271a32f5e928 [NON_LEADER]: Queue going to NON_LEADER mode. State: All replicated index: 0, Majority replicated index: 3, Committed index: 3, Last appended: 3.3, Last appended by leader: 3, Current term: 3, Majority size: -1, State: 0, Mode: NON_LEADER, active raft config: opid_index: -1 OBSOLETE_local: false peers { permanent_uuid: "667953f19eb240faab50580132857b10" member_type: VOTER last_known_addr { host: "127.21.90.67" port: 41719 } } peers { permanent_uuid: "7871dfcfb4e746e3b161271a32f5e928" member_type: VOTER last_known_addr { host: "127.21.90.66" port: 35575 } } peers { permanent_uuid: "99c6279bcc4c42e89059e4a3c24231bb" member_type: VOTER last_known_addr { host: "127.21.90.65" port: 46191 } }
I20260713 09:07:25.261389 22071 raft_consensus.cc:3060] T b5da3c9fbce845148e79b8945ce75dcb P 7871dfcfb4e746e3b161271a32f5e928 [term 3 FOLLOWER]: Advancing to term 4
I20260713 09:07:25.263723 22149 raft_consensus.cc:2468] T b5da3c9fbce845148e79b8945ce75dcb P 667953f19eb240faab50580132857b10 [term 4 FOLLOWER]: Leader election vote request: Granting yes vote for candidate 99c6279bcc4c42e89059e4a3c24231bb in term 4.
I20260713 09:07:25.264914 21963 leader_election.cc:304] T b5da3c9fbce845148e79b8945ce75dcb P 99c6279bcc4c42e89059e4a3c24231bb [CANDIDATE]: Term 4 election: Election decided. Result: candidate won. Election summary: received 2 responses out of 3 voters: 2 yes votes; 0 no votes. yes voters: 667953f19eb240faab50580132857b10, 99c6279bcc4c42e89059e4a3c24231bb; no voters: 
I20260713 09:07:25.265961 22071 raft_consensus.cc:2468] T b5da3c9fbce845148e79b8945ce75dcb P 7871dfcfb4e746e3b161271a32f5e928 [term 4 FOLLOWER]: Leader election vote request: Granting yes vote for candidate 99c6279bcc4c42e89059e4a3c24231bb in term 4.
I20260713 09:07:25.266557 22332 raft_consensus.cc:2804] T b5da3c9fbce845148e79b8945ce75dcb P 99c6279bcc4c42e89059e4a3c24231bb [term 4 FOLLOWER]: Leader election won for term 4
I20260713 09:07:25.267536 22332 raft_consensus.cc:697] T b5da3c9fbce845148e79b8945ce75dcb P 99c6279bcc4c42e89059e4a3c24231bb [term 4 LEADER]: Becoming Leader. State: Replica: 99c6279bcc4c42e89059e4a3c24231bb, State: Running, Role: LEADER
I20260713 09:07:25.268483 22332 consensus_queue.cc:237] T b5da3c9fbce845148e79b8945ce75dcb P 99c6279bcc4c42e89059e4a3c24231bb [LEADER]: Queue going to LEADER mode. State: All replicated index: 0, Majority replicated index: 3, Committed index: 3, Last appended: 3.3, Last appended by leader: 3, Current term: 4, Majority size: 2, State: 0, Mode: LEADER, active raft config: opid_index: -1 OBSOLETE_local: false peers { permanent_uuid: "667953f19eb240faab50580132857b10" member_type: VOTER last_known_addr { host: "127.21.90.67" port: 41719 } } peers { permanent_uuid: "7871dfcfb4e746e3b161271a32f5e928" member_type: VOTER last_known_addr { host: "127.21.90.66" port: 35575 } } peers { permanent_uuid: "99c6279bcc4c42e89059e4a3c24231bb" member_type: VOTER last_known_addr { host: "127.21.90.65" port: 46191 } }
I20260713 09:07:25.274909 21895 catalog_manager.cc:5697] T b5da3c9fbce845148e79b8945ce75dcb P 99c6279bcc4c42e89059e4a3c24231bb reported cstate change: term changed from 3 to 4, leader changed from 7871dfcfb4e746e3b161271a32f5e928 (127.21.90.66) to 99c6279bcc4c42e89059e4a3c24231bb (127.21.90.65). New cstate: current_term: 4 leader_uuid: "99c6279bcc4c42e89059e4a3c24231bb" committed_config { opid_index: -1 OBSOLETE_local: false peers { permanent_uuid: "667953f19eb240faab50580132857b10" member_type: VOTER last_known_addr { host: "127.21.90.67" port: 41719 } health_report { overall_health: UNKNOWN } } peers { permanent_uuid: "7871dfcfb4e746e3b161271a32f5e928" member_type: VOTER last_known_addr { host: "127.21.90.66" port: 35575 } health_report { overall_health: UNKNOWN } } peers { permanent_uuid: "99c6279bcc4c42e89059e4a3c24231bb" member_type: VOTER last_known_addr { host: "127.21.90.65" port: 46191 } health_report { overall_health: HEALTHY } } }
I20260713 09:07:25.355623 22311 raft_consensus.cc:993] T 7cd1d915c5964c55826abf7ac579ee85 P 7871dfcfb4e746e3b161271a32f5e928: : Instructing follower 667953f19eb240faab50580132857b10 to start an election
I20260713 09:07:25.356118 22228 raft_consensus.cc:1081] T 7cd1d915c5964c55826abf7ac579ee85 P 7871dfcfb4e746e3b161271a32f5e928 [term 2 LEADER]: Signalling peer 667953f19eb240faab50580132857b10 to start an election
I20260713 09:07:25.357475 22149 tablet_service.cc:2044] Received Run Leader Election RPC: tablet_id: "7cd1d915c5964c55826abf7ac579ee85"
dest_uuid: "667953f19eb240faab50580132857b10"
 from {username='slave'} at 127.0.0.1:38094
I20260713 09:07:25.357892 22149 raft_consensus.cc:493] T 7cd1d915c5964c55826abf7ac579ee85 P 667953f19eb240faab50580132857b10 [term 2 FOLLOWER]: Starting forced leader election (received explicit request)
I20260713 09:07:25.358163 22149 raft_consensus.cc:3060] T 7cd1d915c5964c55826abf7ac579ee85 P 667953f19eb240faab50580132857b10 [term 2 FOLLOWER]: Advancing to term 3
I20260713 09:07:25.362021 22149 raft_consensus.cc:515] T 7cd1d915c5964c55826abf7ac579ee85 P 667953f19eb240faab50580132857b10 [term 3 FOLLOWER]: Starting forced leader election with config: opid_index: -1 OBSOLETE_local: false peers { permanent_uuid: "99c6279bcc4c42e89059e4a3c24231bb" member_type: VOTER last_known_addr { host: "127.21.90.65" port: 46191 } } peers { permanent_uuid: "7871dfcfb4e746e3b161271a32f5e928" member_type: VOTER last_known_addr { host: "127.21.90.66" port: 35575 } } peers { permanent_uuid: "667953f19eb240faab50580132857b10" member_type: VOTER last_known_addr { host: "127.21.90.67" port: 41719 } }
I20260713 09:07:25.363335 22149 leader_election.cc:290] T 7cd1d915c5964c55826abf7ac579ee85 P 667953f19eb240faab50580132857b10 [CANDIDATE]: Term 3 election: Requested vote from peers 99c6279bcc4c42e89059e4a3c24231bb (127.21.90.65:46191), 7871dfcfb4e746e3b161271a32f5e928 (127.21.90.66:35575)
I20260713 09:07:25.364295 22071 tablet_service.cc:1917] Received RequestConsensusVote() RPC: tablet_id: "7cd1d915c5964c55826abf7ac579ee85" candidate_uuid: "667953f19eb240faab50580132857b10" candidate_term: 3 candidate_status { last_received { term: 2 index: 2 } } ignore_live_leader: true dest_uuid: "7871dfcfb4e746e3b161271a32f5e928"
I20260713 09:07:25.364656 21999 tablet_service.cc:1917] Received RequestConsensusVote() RPC: tablet_id: "7cd1d915c5964c55826abf7ac579ee85" candidate_uuid: "667953f19eb240faab50580132857b10" candidate_term: 3 candidate_status { last_received { term: 2 index: 2 } } ignore_live_leader: true dest_uuid: "99c6279bcc4c42e89059e4a3c24231bb"
I20260713 09:07:25.364866 22071 raft_consensus.cc:3055] T 7cd1d915c5964c55826abf7ac579ee85 P 7871dfcfb4e746e3b161271a32f5e928 [term 2 LEADER]: Stepping down as leader of term 2
I20260713 09:07:25.365180 22071 raft_consensus.cc:740] T 7cd1d915c5964c55826abf7ac579ee85 P 7871dfcfb4e746e3b161271a32f5e928 [term 2 LEADER]: Becoming Follower/Learner. State: Replica: 7871dfcfb4e746e3b161271a32f5e928, State: Running, Role: LEADER
I20260713 09:07:25.365185 21999 raft_consensus.cc:3060] T 7cd1d915c5964c55826abf7ac579ee85 P 99c6279bcc4c42e89059e4a3c24231bb [term 2 FOLLOWER]: Advancing to term 3
I20260713 09:07:25.365957 22071 consensus_queue.cc:260] T 7cd1d915c5964c55826abf7ac579ee85 P 7871dfcfb4e746e3b161271a32f5e928 [NON_LEADER]: Queue going to NON_LEADER mode. State: All replicated index: 0, Majority replicated index: 2, Committed index: 2, Last appended: 2.2, Last appended by leader: 2, Current term: 2, Majority size: -1, State: 0, Mode: NON_LEADER, active raft config: opid_index: -1 OBSOLETE_local: false peers { permanent_uuid: "99c6279bcc4c42e89059e4a3c24231bb" member_type: VOTER last_known_addr { host: "127.21.90.65" port: 46191 } } peers { permanent_uuid: "7871dfcfb4e746e3b161271a32f5e928" member_type: VOTER last_known_addr { host: "127.21.90.66" port: 35575 } } peers { permanent_uuid: "667953f19eb240faab50580132857b10" member_type: VOTER last_known_addr { host: "127.21.90.67" port: 41719 } }
I20260713 09:07:25.366786 22071 raft_consensus.cc:3060] T 7cd1d915c5964c55826abf7ac579ee85 P 7871dfcfb4e746e3b161271a32f5e928 [term 2 FOLLOWER]: Advancing to term 3
I20260713 09:07:25.369928 21999 raft_consensus.cc:2468] T 7cd1d915c5964c55826abf7ac579ee85 P 99c6279bcc4c42e89059e4a3c24231bb [term 3 FOLLOWER]: Leader election vote request: Granting yes vote for candidate 667953f19eb240faab50580132857b10 in term 3.
I20260713 09:07:25.370566 22071 raft_consensus.cc:2468] T 7cd1d915c5964c55826abf7ac579ee85 P 7871dfcfb4e746e3b161271a32f5e928 [term 3 FOLLOWER]: Leader election vote request: Granting yes vote for candidate 667953f19eb240faab50580132857b10 in term 3.
I20260713 09:07:25.371187 22114 leader_election.cc:304] T 7cd1d915c5964c55826abf7ac579ee85 P 667953f19eb240faab50580132857b10 [CANDIDATE]: Term 3 election: Election decided. Result: candidate won. Election summary: received 2 responses out of 3 voters: 2 yes votes; 0 no votes. yes voters: 667953f19eb240faab50580132857b10, 99c6279bcc4c42e89059e4a3c24231bb; no voters: 
I20260713 09:07:25.371924 22308 raft_consensus.cc:2804] T 7cd1d915c5964c55826abf7ac579ee85 P 667953f19eb240faab50580132857b10 [term 3 FOLLOWER]: Leader election won for term 3
I20260713 09:07:25.372941 22308 raft_consensus.cc:697] T 7cd1d915c5964c55826abf7ac579ee85 P 667953f19eb240faab50580132857b10 [term 3 LEADER]: Becoming Leader. State: Replica: 667953f19eb240faab50580132857b10, State: Running, Role: LEADER
I20260713 09:07:25.373669 22308 consensus_queue.cc:237] T 7cd1d915c5964c55826abf7ac579ee85 P 667953f19eb240faab50580132857b10 [LEADER]: Queue going to LEADER mode. State: All replicated index: 0, Majority replicated index: 2, Committed index: 2, Last appended: 2.2, Last appended by leader: 2, Current term: 3, Majority size: 2, State: 0, Mode: LEADER, active raft config: opid_index: -1 OBSOLETE_local: false peers { permanent_uuid: "99c6279bcc4c42e89059e4a3c24231bb" member_type: VOTER last_known_addr { host: "127.21.90.65" port: 46191 } } peers { permanent_uuid: "7871dfcfb4e746e3b161271a32f5e928" member_type: VOTER last_known_addr { host: "127.21.90.66" port: 35575 } } peers { permanent_uuid: "667953f19eb240faab50580132857b10" member_type: VOTER last_known_addr { host: "127.21.90.67" port: 41719 } }
I20260713 09:07:25.379855 21895 catalog_manager.cc:5697] T 7cd1d915c5964c55826abf7ac579ee85 P 667953f19eb240faab50580132857b10 reported cstate change: term changed from 2 to 3, leader changed from 7871dfcfb4e746e3b161271a32f5e928 (127.21.90.66) to 667953f19eb240faab50580132857b10 (127.21.90.67). New cstate: current_term: 3 leader_uuid: "667953f19eb240faab50580132857b10" committed_config { opid_index: -1 OBSOLETE_local: false peers { permanent_uuid: "99c6279bcc4c42e89059e4a3c24231bb" member_type: VOTER last_known_addr { host: "127.21.90.65" port: 46191 } health_report { overall_health: UNKNOWN } } peers { permanent_uuid: "7871dfcfb4e746e3b161271a32f5e928" member_type: VOTER last_known_addr { host: "127.21.90.66" port: 35575 } health_report { overall_health: UNKNOWN } } peers { permanent_uuid: "667953f19eb240faab50580132857b10" member_type: VOTER last_known_addr { host: "127.21.90.67" port: 41719 } health_report { overall_health: HEALTHY } } }
I20260713 09:07:25.389024 22311 raft_consensus.cc:993] T 0bdb44d073cc403f8dab9f8877835fe3 P 7871dfcfb4e746e3b161271a32f5e928: : Instructing follower 667953f19eb240faab50580132857b10 to start an election
I20260713 09:07:25.389392 22228 raft_consensus.cc:1081] T 0bdb44d073cc403f8dab9f8877835fe3 P 7871dfcfb4e746e3b161271a32f5e928 [term 3 LEADER]: Signalling peer 667953f19eb240faab50580132857b10 to start an election
I20260713 09:07:25.390570 22149 tablet_service.cc:2044] Received Run Leader Election RPC: tablet_id: "0bdb44d073cc403f8dab9f8877835fe3"
dest_uuid: "667953f19eb240faab50580132857b10"
 from {username='slave'} at 127.0.0.1:38094
I20260713 09:07:25.390970 22149 raft_consensus.cc:493] T 0bdb44d073cc403f8dab9f8877835fe3 P 667953f19eb240faab50580132857b10 [term 3 FOLLOWER]: Starting forced leader election (received explicit request)
I20260713 09:07:25.391233 22149 raft_consensus.cc:3060] T 0bdb44d073cc403f8dab9f8877835fe3 P 667953f19eb240faab50580132857b10 [term 3 FOLLOWER]: Advancing to term 4
I20260713 09:07:25.395130 22149 raft_consensus.cc:515] T 0bdb44d073cc403f8dab9f8877835fe3 P 667953f19eb240faab50580132857b10 [term 4 FOLLOWER]: Starting forced leader election with config: opid_index: -1 OBSOLETE_local: false peers { permanent_uuid: "99c6279bcc4c42e89059e4a3c24231bb" member_type: VOTER last_known_addr { host: "127.21.90.65" port: 46191 } } peers { permanent_uuid: "7871dfcfb4e746e3b161271a32f5e928" member_type: VOTER last_known_addr { host: "127.21.90.66" port: 35575 } } peers { permanent_uuid: "667953f19eb240faab50580132857b10" member_type: VOTER last_known_addr { host: "127.21.90.67" port: 41719 } }
I20260713 09:07:25.396497 22149 leader_election.cc:290] T 0bdb44d073cc403f8dab9f8877835fe3 P 667953f19eb240faab50580132857b10 [CANDIDATE]: Term 4 election: Requested vote from peers 99c6279bcc4c42e89059e4a3c24231bb (127.21.90.65:46191), 7871dfcfb4e746e3b161271a32f5e928 (127.21.90.66:35575)
I20260713 09:07:25.397462 22071 tablet_service.cc:1917] Received RequestConsensusVote() RPC: tablet_id: "0bdb44d073cc403f8dab9f8877835fe3" candidate_uuid: "667953f19eb240faab50580132857b10" candidate_term: 4 candidate_status { last_received { term: 3 index: 3 } } ignore_live_leader: true dest_uuid: "7871dfcfb4e746e3b161271a32f5e928"
I20260713 09:07:25.397419 21999 tablet_service.cc:1917] Received RequestConsensusVote() RPC: tablet_id: "0bdb44d073cc403f8dab9f8877835fe3" candidate_uuid: "667953f19eb240faab50580132857b10" candidate_term: 4 candidate_status { last_received { term: 3 index: 3 } } ignore_live_leader: true dest_uuid: "99c6279bcc4c42e89059e4a3c24231bb"
I20260713 09:07:25.398001 22071 raft_consensus.cc:3055] T 0bdb44d073cc403f8dab9f8877835fe3 P 7871dfcfb4e746e3b161271a32f5e928 [term 3 LEADER]: Stepping down as leader of term 3
I20260713 09:07:25.398072 21999 raft_consensus.cc:3060] T 0bdb44d073cc403f8dab9f8877835fe3 P 99c6279bcc4c42e89059e4a3c24231bb [term 3 FOLLOWER]: Advancing to term 4
I20260713 09:07:25.398272 22071 raft_consensus.cc:740] T 0bdb44d073cc403f8dab9f8877835fe3 P 7871dfcfb4e746e3b161271a32f5e928 [term 3 LEADER]: Becoming Follower/Learner. State: Replica: 7871dfcfb4e746e3b161271a32f5e928, State: Running, Role: LEADER
I20260713 09:07:25.399044 22071 consensus_queue.cc:260] T 0bdb44d073cc403f8dab9f8877835fe3 P 7871dfcfb4e746e3b161271a32f5e928 [NON_LEADER]: Queue going to NON_LEADER mode. State: All replicated index: 0, Majority replicated index: 3, Committed index: 3, Last appended: 3.3, Last appended by leader: 3, Current term: 3, Majority size: -1, State: 0, Mode: NON_LEADER, active raft config: opid_index: -1 OBSOLETE_local: false peers { permanent_uuid: "99c6279bcc4c42e89059e4a3c24231bb" member_type: VOTER last_known_addr { host: "127.21.90.65" port: 46191 } } peers { permanent_uuid: "7871dfcfb4e746e3b161271a32f5e928" member_type: VOTER last_known_addr { host: "127.21.90.66" port: 35575 } } peers { permanent_uuid: "667953f19eb240faab50580132857b10" member_type: VOTER last_known_addr { host: "127.21.90.67" port: 41719 } }
I20260713 09:07:25.399870 22071 raft_consensus.cc:3060] T 0bdb44d073cc403f8dab9f8877835fe3 P 7871dfcfb4e746e3b161271a32f5e928 [term 3 FOLLOWER]: Advancing to term 4
I20260713 09:07:25.402534 21999 raft_consensus.cc:2468] T 0bdb44d073cc403f8dab9f8877835fe3 P 99c6279bcc4c42e89059e4a3c24231bb [term 4 FOLLOWER]: Leader election vote request: Granting yes vote for candidate 667953f19eb240faab50580132857b10 in term 4.
I20260713 09:07:25.403460 22114 leader_election.cc:304] T 0bdb44d073cc403f8dab9f8877835fe3 P 667953f19eb240faab50580132857b10 [CANDIDATE]: Term 4 election: Election decided. Result: candidate won. Election summary: received 2 responses out of 3 voters: 2 yes votes; 0 no votes. yes voters: 667953f19eb240faab50580132857b10, 99c6279bcc4c42e89059e4a3c24231bb; no voters: 
I20260713 09:07:25.403930 22071 raft_consensus.cc:2468] T 0bdb44d073cc403f8dab9f8877835fe3 P 7871dfcfb4e746e3b161271a32f5e928 [term 4 FOLLOWER]: Leader election vote request: Granting yes vote for candidate 667953f19eb240faab50580132857b10 in term 4.
I20260713 09:07:25.404392 22308 raft_consensus.cc:2804] T 0bdb44d073cc403f8dab9f8877835fe3 P 667953f19eb240faab50580132857b10 [term 4 FOLLOWER]: Leader election won for term 4
I20260713 09:07:25.404922 22308 raft_consensus.cc:697] T 0bdb44d073cc403f8dab9f8877835fe3 P 667953f19eb240faab50580132857b10 [term 4 LEADER]: Becoming Leader. State: Replica: 667953f19eb240faab50580132857b10, State: Running, Role: LEADER
I20260713 09:07:25.405652 22308 consensus_queue.cc:237] T 0bdb44d073cc403f8dab9f8877835fe3 P 667953f19eb240faab50580132857b10 [LEADER]: Queue going to LEADER mode. State: All replicated index: 0, Majority replicated index: 3, Committed index: 3, Last appended: 3.3, Last appended by leader: 3, Current term: 4, Majority size: 2, State: 0, Mode: LEADER, active raft config: opid_index: -1 OBSOLETE_local: false peers { permanent_uuid: "99c6279bcc4c42e89059e4a3c24231bb" member_type: VOTER last_known_addr { host: "127.21.90.65" port: 46191 } } peers { permanent_uuid: "7871dfcfb4e746e3b161271a32f5e928" member_type: VOTER last_known_addr { host: "127.21.90.66" port: 35575 } } peers { permanent_uuid: "667953f19eb240faab50580132857b10" member_type: VOTER last_known_addr { host: "127.21.90.67" port: 41719 } }
I20260713 09:07:25.412191 22311 raft_consensus.cc:993] T 166a2eef73224c5abb57592bd913fbf2 P 7871dfcfb4e746e3b161271a32f5e928: : Instructing follower 99c6279bcc4c42e89059e4a3c24231bb to start an election
I20260713 09:07:25.412762 22311 raft_consensus.cc:1081] T 166a2eef73224c5abb57592bd913fbf2 P 7871dfcfb4e746e3b161271a32f5e928 [term 3 LEADER]: Signalling peer 99c6279bcc4c42e89059e4a3c24231bb to start an election
I20260713 09:07:25.412283 21895 catalog_manager.cc:5697] T 0bdb44d073cc403f8dab9f8877835fe3 P 667953f19eb240faab50580132857b10 reported cstate change: term changed from 3 to 4, leader changed from 7871dfcfb4e746e3b161271a32f5e928 (127.21.90.66) to 667953f19eb240faab50580132857b10 (127.21.90.67). New cstate: current_term: 4 leader_uuid: "667953f19eb240faab50580132857b10" committed_config { opid_index: -1 OBSOLETE_local: false peers { permanent_uuid: "99c6279bcc4c42e89059e4a3c24231bb" member_type: VOTER last_known_addr { host: "127.21.90.65" port: 46191 } health_report { overall_health: UNKNOWN } } peers { permanent_uuid: "7871dfcfb4e746e3b161271a32f5e928" member_type: VOTER last_known_addr { host: "127.21.90.66" port: 35575 } health_report { overall_health: UNKNOWN } } peers { permanent_uuid: "667953f19eb240faab50580132857b10" member_type: VOTER last_known_addr { host: "127.21.90.67" port: 41719 } health_report { overall_health: HEALTHY } } }
I20260713 09:07:25.414412 21999 tablet_service.cc:2044] Received Run Leader Election RPC: tablet_id: "166a2eef73224c5abb57592bd913fbf2"
dest_uuid: "99c6279bcc4c42e89059e4a3c24231bb"
 from {username='slave'} at 127.0.0.1:55860
I20260713 09:07:25.414932 21999 raft_consensus.cc:493] T 166a2eef73224c5abb57592bd913fbf2 P 99c6279bcc4c42e89059e4a3c24231bb [term 3 FOLLOWER]: Starting forced leader election (received explicit request)
I20260713 09:07:25.415211 21999 raft_consensus.cc:3060] T 166a2eef73224c5abb57592bd913fbf2 P 99c6279bcc4c42e89059e4a3c24231bb [term 3 FOLLOWER]: Advancing to term 4
I20260713 09:07:25.420861 21999 raft_consensus.cc:515] T 166a2eef73224c5abb57592bd913fbf2 P 99c6279bcc4c42e89059e4a3c24231bb [term 4 FOLLOWER]: Starting forced leader election with config: opid_index: -1 OBSOLETE_local: false peers { permanent_uuid: "99c6279bcc4c42e89059e4a3c24231bb" member_type: VOTER last_known_addr { host: "127.21.90.65" port: 46191 } } peers { permanent_uuid: "7871dfcfb4e746e3b161271a32f5e928" member_type: VOTER last_known_addr { host: "127.21.90.66" port: 35575 } } peers { permanent_uuid: "667953f19eb240faab50580132857b10" member_type: VOTER last_known_addr { host: "127.21.90.67" port: 41719 } }
I20260713 09:07:25.422420 21999 leader_election.cc:290] T 166a2eef73224c5abb57592bd913fbf2 P 99c6279bcc4c42e89059e4a3c24231bb [CANDIDATE]: Term 4 election: Requested vote from peers 7871dfcfb4e746e3b161271a32f5e928 (127.21.90.66:35575), 667953f19eb240faab50580132857b10 (127.21.90.67:41719)
I20260713 09:07:25.423156 22071 tablet_service.cc:1917] Received RequestConsensusVote() RPC: tablet_id: "166a2eef73224c5abb57592bd913fbf2" candidate_uuid: "99c6279bcc4c42e89059e4a3c24231bb" candidate_term: 4 candidate_status { last_received { term: 3 index: 3 } } ignore_live_leader: true dest_uuid: "7871dfcfb4e746e3b161271a32f5e928"
I20260713 09:07:25.423327 22149 tablet_service.cc:1917] Received RequestConsensusVote() RPC: tablet_id: "166a2eef73224c5abb57592bd913fbf2" candidate_uuid: "99c6279bcc4c42e89059e4a3c24231bb" candidate_term: 4 candidate_status { last_received { term: 3 index: 3 } } ignore_live_leader: true dest_uuid: "667953f19eb240faab50580132857b10"
I20260713 09:07:25.423693 22071 raft_consensus.cc:3055] T 166a2eef73224c5abb57592bd913fbf2 P 7871dfcfb4e746e3b161271a32f5e928 [term 3 LEADER]: Stepping down as leader of term 3
I20260713 09:07:25.423837 22149 raft_consensus.cc:3060] T 166a2eef73224c5abb57592bd913fbf2 P 667953f19eb240faab50580132857b10 [term 3 FOLLOWER]: Advancing to term 4
I20260713 09:07:25.424002 22071 raft_consensus.cc:740] T 166a2eef73224c5abb57592bd913fbf2 P 7871dfcfb4e746e3b161271a32f5e928 [term 3 LEADER]: Becoming Follower/Learner. State: Replica: 7871dfcfb4e746e3b161271a32f5e928, State: Running, Role: LEADER
I20260713 09:07:25.424752 22071 consensus_queue.cc:260] T 166a2eef73224c5abb57592bd913fbf2 P 7871dfcfb4e746e3b161271a32f5e928 [NON_LEADER]: Queue going to NON_LEADER mode. State: All replicated index: 0, Majority replicated index: 3, Committed index: 3, Last appended: 3.3, Last appended by leader: 3, Current term: 3, Majority size: -1, State: 0, Mode: NON_LEADER, active raft config: opid_index: -1 OBSOLETE_local: false peers { permanent_uuid: "99c6279bcc4c42e89059e4a3c24231bb" member_type: VOTER last_known_addr { host: "127.21.90.65" port: 46191 } } peers { permanent_uuid: "7871dfcfb4e746e3b161271a32f5e928" member_type: VOTER last_known_addr { host: "127.21.90.66" port: 35575 } } peers { permanent_uuid: "667953f19eb240faab50580132857b10" member_type: VOTER last_known_addr { host: "127.21.90.67" port: 41719 } }
I20260713 09:07:25.425563 22071 raft_consensus.cc:3060] T 166a2eef73224c5abb57592bd913fbf2 P 7871dfcfb4e746e3b161271a32f5e928 [term 3 FOLLOWER]: Advancing to term 4
I20260713 09:07:25.427927 22149 raft_consensus.cc:2468] T 166a2eef73224c5abb57592bd913fbf2 P 667953f19eb240faab50580132857b10 [term 4 FOLLOWER]: Leader election vote request: Granting yes vote for candidate 99c6279bcc4c42e89059e4a3c24231bb in term 4.
I20260713 09:07:25.429003 21963 leader_election.cc:304] T 166a2eef73224c5abb57592bd913fbf2 P 99c6279bcc4c42e89059e4a3c24231bb [CANDIDATE]: Term 4 election: Election decided. Result: candidate won. Election summary: received 2 responses out of 3 voters: 2 yes votes; 0 no votes. yes voters: 667953f19eb240faab50580132857b10, 99c6279bcc4c42e89059e4a3c24231bb; no voters: 
I20260713 09:07:25.430302 22332 raft_consensus.cc:2804] T 166a2eef73224c5abb57592bd913fbf2 P 99c6279bcc4c42e89059e4a3c24231bb [term 4 FOLLOWER]: Leader election won for term 4
I20260713 09:07:25.430769 22332 raft_consensus.cc:697] T 166a2eef73224c5abb57592bd913fbf2 P 99c6279bcc4c42e89059e4a3c24231bb [term 4 LEADER]: Becoming Leader. State: Replica: 99c6279bcc4c42e89059e4a3c24231bb, State: Running, Role: LEADER
I20260713 09:07:25.430751 22071 raft_consensus.cc:2468] T 166a2eef73224c5abb57592bd913fbf2 P 7871dfcfb4e746e3b161271a32f5e928 [term 4 FOLLOWER]: Leader election vote request: Granting yes vote for candidate 99c6279bcc4c42e89059e4a3c24231bb in term 4.
I20260713 09:07:25.431824 22332 consensus_queue.cc:237] T 166a2eef73224c5abb57592bd913fbf2 P 99c6279bcc4c42e89059e4a3c24231bb [LEADER]: Queue going to LEADER mode. State: All replicated index: 0, Majority replicated index: 3, Committed index: 3, Last appended: 3.3, Last appended by leader: 3, Current term: 4, Majority size: 2, State: 0, Mode: LEADER, active raft config: opid_index: -1 OBSOLETE_local: false peers { permanent_uuid: "99c6279bcc4c42e89059e4a3c24231bb" member_type: VOTER last_known_addr { host: "127.21.90.65" port: 46191 } } peers { permanent_uuid: "7871dfcfb4e746e3b161271a32f5e928" member_type: VOTER last_known_addr { host: "127.21.90.66" port: 35575 } } peers { permanent_uuid: "667953f19eb240faab50580132857b10" member_type: VOTER last_known_addr { host: "127.21.90.67" port: 41719 } }
I20260713 09:07:25.438984 21895 catalog_manager.cc:5697] T 166a2eef73224c5abb57592bd913fbf2 P 99c6279bcc4c42e89059e4a3c24231bb reported cstate change: term changed from 3 to 4, leader changed from 7871dfcfb4e746e3b161271a32f5e928 (127.21.90.66) to 99c6279bcc4c42e89059e4a3c24231bb (127.21.90.65). New cstate: current_term: 4 leader_uuid: "99c6279bcc4c42e89059e4a3c24231bb" committed_config { opid_index: -1 OBSOLETE_local: false peers { permanent_uuid: "99c6279bcc4c42e89059e4a3c24231bb" member_type: VOTER last_known_addr { host: "127.21.90.65" port: 46191 } health_report { overall_health: HEALTHY } } peers { permanent_uuid: "7871dfcfb4e746e3b161271a32f5e928" member_type: VOTER last_known_addr { host: "127.21.90.66" port: 35575 } health_report { overall_health: UNKNOWN } } peers { permanent_uuid: "667953f19eb240faab50580132857b10" member_type: VOTER last_known_addr { host: "127.21.90.67" port: 41719 } health_report { overall_health: UNKNOWN } } }
I20260713 09:07:25.641146 22228 raft_consensus.cc:993] T 4ff26b9e0a9b4ea28a24522b221a3201 P 7871dfcfb4e746e3b161271a32f5e928: : Instructing follower 99c6279bcc4c42e89059e4a3c24231bb to start an election
I20260713 09:07:25.641566 22311 raft_consensus.cc:1081] T 4ff26b9e0a9b4ea28a24522b221a3201 P 7871dfcfb4e746e3b161271a32f5e928 [term 3 LEADER]: Signalling peer 99c6279bcc4c42e89059e4a3c24231bb to start an election
I20260713 09:07:25.642911 21999 tablet_service.cc:2044] Received Run Leader Election RPC: tablet_id: "4ff26b9e0a9b4ea28a24522b221a3201"
dest_uuid: "99c6279bcc4c42e89059e4a3c24231bb"
 from {username='slave'} at 127.0.0.1:55860
I20260713 09:07:25.643342 21999 raft_consensus.cc:493] T 4ff26b9e0a9b4ea28a24522b221a3201 P 99c6279bcc4c42e89059e4a3c24231bb [term 3 FOLLOWER]: Starting forced leader election (received explicit request)
I20260713 09:07:25.643649 21999 raft_consensus.cc:3060] T 4ff26b9e0a9b4ea28a24522b221a3201 P 99c6279bcc4c42e89059e4a3c24231bb [term 3 FOLLOWER]: Advancing to term 4
I20260713 09:07:25.647356 21999 raft_consensus.cc:515] T 4ff26b9e0a9b4ea28a24522b221a3201 P 99c6279bcc4c42e89059e4a3c24231bb [term 4 FOLLOWER]: Starting forced leader election with config: opid_index: -1 OBSOLETE_local: false peers { permanent_uuid: "99c6279bcc4c42e89059e4a3c24231bb" member_type: VOTER last_known_addr { host: "127.21.90.65" port: 46191 } } peers { permanent_uuid: "7871dfcfb4e746e3b161271a32f5e928" member_type: VOTER last_known_addr { host: "127.21.90.66" port: 35575 } } peers { permanent_uuid: "667953f19eb240faab50580132857b10" member_type: VOTER last_known_addr { host: "127.21.90.67" port: 41719 } }
I20260713 09:07:25.648777 21999 leader_election.cc:290] T 4ff26b9e0a9b4ea28a24522b221a3201 P 99c6279bcc4c42e89059e4a3c24231bb [CANDIDATE]: Term 4 election: Requested vote from peers 7871dfcfb4e746e3b161271a32f5e928 (127.21.90.66:35575), 667953f19eb240faab50580132857b10 (127.21.90.67:41719)
I20260713 09:07:25.649488 22071 tablet_service.cc:1917] Received RequestConsensusVote() RPC: tablet_id: "4ff26b9e0a9b4ea28a24522b221a3201" candidate_uuid: "99c6279bcc4c42e89059e4a3c24231bb" candidate_term: 4 candidate_status { last_received { term: 3 index: 3 } } ignore_live_leader: true dest_uuid: "7871dfcfb4e746e3b161271a32f5e928"
