I20260713 09:07:17.952670 16796 consensus_queue.cc:237] T 32e00aee81f04c3688b877525fc3a2fe P 7eea329d48e545b58377b699d18df44d [LEADER]: Queue going to LEADER mode. State: All replicated index: 0, Majority replicated index: 2, Committed index: 2, Last appended: 2.2, Last appended by leader: 2, Current term: 3, Majority size: 2, State: 0, Mode: LEADER, active raft config: opid_index: -1 OBSOLETE_local: false peers { permanent_uuid: "93553bbddaf04c3daaa16e2b4b8fe9ca" member_type: VOTER last_known_addr { host: "127.15.252.193" port: 41255 } } peers { permanent_uuid: "7eea329d48e545b58377b699d18df44d" member_type: VOTER last_known_addr { host: "127.15.252.194" port: 36371 } } peers { permanent_uuid: "5846d62d79c347d5b6cd07c493917d18" member_type: VOTER last_known_addr { host: "127.15.252.195" port: 37267 } }
I20260713 09:07:17.958788 16402 catalog_manager.cc:5697] T 32e00aee81f04c3688b877525fc3a2fe P 7eea329d48e545b58377b699d18df44d reported cstate change: term changed from 2 to 3, leader changed from 93553bbddaf04c3daaa16e2b4b8fe9ca (127.15.252.193) to 7eea329d48e545b58377b699d18df44d (127.15.252.194). New cstate: current_term: 3 leader_uuid: "7eea329d48e545b58377b699d18df44d" committed_config { opid_index: -1 OBSOLETE_local: false peers { permanent_uuid: "93553bbddaf04c3daaa16e2b4b8fe9ca" member_type: VOTER last_known_addr { host: "127.15.252.193" port: 41255 } health_report { overall_health: UNKNOWN } } peers { permanent_uuid: "7eea329d48e545b58377b699d18df44d" member_type: VOTER last_known_addr { host: "127.15.252.194" port: 36371 } health_report { overall_health: HEALTHY } } peers { permanent_uuid: "5846d62d79c347d5b6cd07c493917d18" member_type: VOTER last_known_addr { host: "127.15.252.195" port: 37267 } health_report { overall_health: UNKNOWN } } }
I20260713 09:07:17.965075 16703 raft_consensus.cc:993] T 083101fd690b43f59b8791d06fa7530c P 93553bbddaf04c3daaa16e2b4b8fe9ca: : Instructing follower 7eea329d48e545b58377b699d18df44d to start an election
I20260713 09:07:17.965440 16807 raft_consensus.cc:1081] T 083101fd690b43f59b8791d06fa7530c P 93553bbddaf04c3daaa16e2b4b8fe9ca [term 1 LEADER]: Signalling peer 7eea329d48e545b58377b699d18df44d to start an election
I20260713 09:07:17.966866 16580 tablet_service.cc:2044] Received Run Leader Election RPC: tablet_id: "083101fd690b43f59b8791d06fa7530c"
dest_uuid: "7eea329d48e545b58377b699d18df44d"
 from {username='slave'} at 127.0.0.1:36588
I20260713 09:07:17.967429 16580 raft_consensus.cc:493] T 083101fd690b43f59b8791d06fa7530c P 7eea329d48e545b58377b699d18df44d [term 1 FOLLOWER]: Starting forced leader election (received explicit request)
I20260713 09:07:17.967770 16580 raft_consensus.cc:3060] T 083101fd690b43f59b8791d06fa7530c P 7eea329d48e545b58377b699d18df44d [term 1 FOLLOWER]: Advancing to term 2
I20260713 09:07:17.971766 16580 raft_consensus.cc:515] T 083101fd690b43f59b8791d06fa7530c P 7eea329d48e545b58377b699d18df44d [term 2 FOLLOWER]: Starting forced leader election with config: opid_index: -1 OBSOLETE_local: false peers { permanent_uuid: "93553bbddaf04c3daaa16e2b4b8fe9ca" member_type: VOTER last_known_addr { host: "127.15.252.193" port: 41255 } } peers { permanent_uuid: "7eea329d48e545b58377b699d18df44d" member_type: VOTER last_known_addr { host: "127.15.252.194" port: 36371 } } peers { permanent_uuid: "5846d62d79c347d5b6cd07c493917d18" member_type: VOTER last_known_addr { host: "127.15.252.195" port: 37267 } }
I20260713 09:07:17.973162 16580 leader_election.cc:290] T 083101fd690b43f59b8791d06fa7530c P 7eea329d48e545b58377b699d18df44d [CANDIDATE]: Term 2 election: Requested vote from peers 93553bbddaf04c3daaa16e2b4b8fe9ca (127.15.252.193:41255), 5846d62d79c347d5b6cd07c493917d18 (127.15.252.195:37267)
I20260713 09:07:17.973835 16506 tablet_service.cc:1917] Received RequestConsensusVote() RPC: tablet_id: "083101fd690b43f59b8791d06fa7530c" candidate_uuid: "7eea329d48e545b58377b699d18df44d" candidate_term: 2 candidate_status { last_received { term: 1 index: 1 } } ignore_live_leader: true dest_uuid: "93553bbddaf04c3daaa16e2b4b8fe9ca"
I20260713 09:07:17.974356 16506 raft_consensus.cc:3055] T 083101fd690b43f59b8791d06fa7530c P 93553bbddaf04c3daaa16e2b4b8fe9ca [term 1 LEADER]: Stepping down as leader of term 1
I20260713 09:07:17.974282 16653 tablet_service.cc:1917] Received RequestConsensusVote() RPC: tablet_id: "083101fd690b43f59b8791d06fa7530c" candidate_uuid: "7eea329d48e545b58377b699d18df44d" candidate_term: 2 candidate_status { last_received { term: 1 index: 1 } } ignore_live_leader: true dest_uuid: "5846d62d79c347d5b6cd07c493917d18"
I20260713 09:07:17.974710 16506 raft_consensus.cc:740] T 083101fd690b43f59b8791d06fa7530c P 93553bbddaf04c3daaa16e2b4b8fe9ca [term 1 LEADER]: Becoming Follower/Learner. State: Replica: 93553bbddaf04c3daaa16e2b4b8fe9ca, State: Running, Role: LEADER
I20260713 09:07:17.974854 16653 raft_consensus.cc:3060] T 083101fd690b43f59b8791d06fa7530c P 5846d62d79c347d5b6cd07c493917d18 [term 1 FOLLOWER]: Advancing to term 2
I20260713 09:07:17.975437 16506 consensus_queue.cc:260] T 083101fd690b43f59b8791d06fa7530c P 93553bbddaf04c3daaa16e2b4b8fe9ca [NON_LEADER]: Queue going to NON_LEADER mode. State: All replicated index: 0, Majority replicated index: 1, Committed index: 1, Last appended: 1.1, Last appended by leader: 1, Current term: 1, Majority size: -1, State: 0, Mode: NON_LEADER, active raft config: opid_index: -1 OBSOLETE_local: false peers { permanent_uuid: "93553bbddaf04c3daaa16e2b4b8fe9ca" member_type: VOTER last_known_addr { host: "127.15.252.193" port: 41255 } } peers { permanent_uuid: "7eea329d48e545b58377b699d18df44d" member_type: VOTER last_known_addr { host: "127.15.252.194" port: 36371 } } peers { permanent_uuid: "5846d62d79c347d5b6cd07c493917d18" member_type: VOTER last_known_addr { host: "127.15.252.195" port: 37267 } }
I20260713 09:07:17.976492 16506 raft_consensus.cc:3060] T 083101fd690b43f59b8791d06fa7530c P 93553bbddaf04c3daaa16e2b4b8fe9ca [term 1 FOLLOWER]: Advancing to term 2
I20260713 09:07:17.981112 16653 raft_consensus.cc:2468] T 083101fd690b43f59b8791d06fa7530c P 5846d62d79c347d5b6cd07c493917d18 [term 2 FOLLOWER]: Leader election vote request: Granting yes vote for candidate 7eea329d48e545b58377b699d18df44d in term 2.
I20260713 09:07:17.982029 16506 raft_consensus.cc:2468] T 083101fd690b43f59b8791d06fa7530c P 93553bbddaf04c3daaa16e2b4b8fe9ca [term 2 FOLLOWER]: Leader election vote request: Granting yes vote for candidate 7eea329d48e545b58377b699d18df44d in term 2.
I20260713 09:07:17.982240 16544 leader_election.cc:304] T 083101fd690b43f59b8791d06fa7530c P 7eea329d48e545b58377b699d18df44d [CANDIDATE]: Term 2 election: Election decided. Result: candidate won. Election summary: received 2 responses out of 3 voters: 2 yes votes; 0 no votes. yes voters: 5846d62d79c347d5b6cd07c493917d18, 7eea329d48e545b58377b699d18df44d; no voters: 
I20260713 09:07:17.982976 16796 raft_consensus.cc:2804] T 083101fd690b43f59b8791d06fa7530c P 7eea329d48e545b58377b699d18df44d [term 2 FOLLOWER]: Leader election won for term 2
I20260713 09:07:17.983454 16796 raft_consensus.cc:697] T 083101fd690b43f59b8791d06fa7530c P 7eea329d48e545b58377b699d18df44d [term 2 LEADER]: Becoming Leader. State: Replica: 7eea329d48e545b58377b699d18df44d, State: Running, Role: LEADER
I20260713 09:07:17.984162 16796 consensus_queue.cc:237] T 083101fd690b43f59b8791d06fa7530c P 7eea329d48e545b58377b699d18df44d [LEADER]: Queue going to LEADER mode. State: All replicated index: 0, Majority replicated index: 1, Committed index: 1, Last appended: 1.1, Last appended by leader: 1, Current term: 2, Majority size: 2, State: 0, Mode: LEADER, active raft config: opid_index: -1 OBSOLETE_local: false peers { permanent_uuid: "93553bbddaf04c3daaa16e2b4b8fe9ca" member_type: VOTER last_known_addr { host: "127.15.252.193" port: 41255 } } peers { permanent_uuid: "7eea329d48e545b58377b699d18df44d" member_type: VOTER last_known_addr { host: "127.15.252.194" port: 36371 } } peers { permanent_uuid: "5846d62d79c347d5b6cd07c493917d18" member_type: VOTER last_known_addr { host: "127.15.252.195" port: 37267 } }
I20260713 09:07:17.990072 16402 catalog_manager.cc:5697] T 083101fd690b43f59b8791d06fa7530c P 7eea329d48e545b58377b699d18df44d reported cstate change: term changed from 1 to 2, leader changed from 93553bbddaf04c3daaa16e2b4b8fe9ca (127.15.252.193) to 7eea329d48e545b58377b699d18df44d (127.15.252.194). New cstate: current_term: 2 leader_uuid: "7eea329d48e545b58377b699d18df44d" committed_config { opid_index: -1 OBSOLETE_local: false peers { permanent_uuid: "93553bbddaf04c3daaa16e2b4b8fe9ca" member_type: VOTER last_known_addr { host: "127.15.252.193" port: 41255 } health_report { overall_health: UNKNOWN } } peers { permanent_uuid: "7eea329d48e545b58377b699d18df44d" member_type: VOTER last_known_addr { host: "127.15.252.194" port: 36371 } health_report { overall_health: HEALTHY } } peers { permanent_uuid: "5846d62d79c347d5b6cd07c493917d18" member_type: VOTER last_known_addr { host: "127.15.252.195" port: 37267 } health_report { overall_health: UNKNOWN } } }
I20260713 09:07:18.049566 16703 raft_consensus.cc:993] T d9ec793e0497468f9085b9c003ae6fbb P 93553bbddaf04c3daaa16e2b4b8fe9ca: : Instructing follower 7eea329d48e545b58377b699d18df44d to start an election
I20260713 09:07:18.049933 16807 raft_consensus.cc:1081] T d9ec793e0497468f9085b9c003ae6fbb P 93553bbddaf04c3daaa16e2b4b8fe9ca [term 1 LEADER]: Signalling peer 7eea329d48e545b58377b699d18df44d to start an election
I20260713 09:07:18.051119 16580 tablet_service.cc:2044] Received Run Leader Election RPC: tablet_id: "d9ec793e0497468f9085b9c003ae6fbb"
dest_uuid: "7eea329d48e545b58377b699d18df44d"
 from {username='slave'} at 127.0.0.1:36588
I20260713 09:07:18.051609 16580 raft_consensus.cc:493] T d9ec793e0497468f9085b9c003ae6fbb P 7eea329d48e545b58377b699d18df44d [term 1 FOLLOWER]: Starting forced leader election (received explicit request)
I20260713 09:07:18.051833 16580 raft_consensus.cc:3060] T d9ec793e0497468f9085b9c003ae6fbb P 7eea329d48e545b58377b699d18df44d [term 1 FOLLOWER]: Advancing to term 2
I20260713 09:07:18.055325 16580 raft_consensus.cc:515] T d9ec793e0497468f9085b9c003ae6fbb P 7eea329d48e545b58377b699d18df44d [term 2 FOLLOWER]: Starting forced leader election with config: opid_index: -1 OBSOLETE_local: false peers { permanent_uuid: "7eea329d48e545b58377b699d18df44d" member_type: VOTER last_known_addr { host: "127.15.252.194" port: 36371 } } peers { permanent_uuid: "93553bbddaf04c3daaa16e2b4b8fe9ca" member_type: VOTER last_known_addr { host: "127.15.252.193" port: 41255 } } peers { permanent_uuid: "5846d62d79c347d5b6cd07c493917d18" member_type: VOTER last_known_addr { host: "127.15.252.195" port: 37267 } }
I20260713 09:07:18.056625 16580 leader_election.cc:290] T d9ec793e0497468f9085b9c003ae6fbb P 7eea329d48e545b58377b699d18df44d [CANDIDATE]: Term 2 election: Requested vote from peers 93553bbddaf04c3daaa16e2b4b8fe9ca (127.15.252.193:41255), 5846d62d79c347d5b6cd07c493917d18 (127.15.252.195:37267)
I20260713 09:07:18.057211 16506 tablet_service.cc:1917] Received RequestConsensusVote() RPC: tablet_id: "d9ec793e0497468f9085b9c003ae6fbb" candidate_uuid: "7eea329d48e545b58377b699d18df44d" candidate_term: 2 candidate_status { last_received { term: 1 index: 1 } } ignore_live_leader: true dest_uuid: "93553bbddaf04c3daaa16e2b4b8fe9ca"
I20260713 09:07:18.057701 16506 raft_consensus.cc:3055] T d9ec793e0497468f9085b9c003ae6fbb P 93553bbddaf04c3daaa16e2b4b8fe9ca [term 1 LEADER]: Stepping down as leader of term 1
I20260713 09:07:18.057634 16653 tablet_service.cc:1917] Received RequestConsensusVote() RPC: tablet_id: "d9ec793e0497468f9085b9c003ae6fbb" candidate_uuid: "7eea329d48e545b58377b699d18df44d" candidate_term: 2 candidate_status { last_received { term: 1 index: 1 } } ignore_live_leader: true dest_uuid: "5846d62d79c347d5b6cd07c493917d18"
I20260713 09:07:18.058079 16506 raft_consensus.cc:740] T d9ec793e0497468f9085b9c003ae6fbb P 93553bbddaf04c3daaa16e2b4b8fe9ca [term 1 LEADER]: Becoming Follower/Learner. State: Replica: 93553bbddaf04c3daaa16e2b4b8fe9ca, State: Running, Role: LEADER
I20260713 09:07:18.058230 16653 raft_consensus.cc:3060] T d9ec793e0497468f9085b9c003ae6fbb P 5846d62d79c347d5b6cd07c493917d18 [term 1 FOLLOWER]: Advancing to term 2
I20260713 09:07:18.058764 16506 consensus_queue.cc:260] T d9ec793e0497468f9085b9c003ae6fbb P 93553bbddaf04c3daaa16e2b4b8fe9ca [NON_LEADER]: Queue going to NON_LEADER mode. State: All replicated index: 0, Majority replicated index: 1, Committed index: 1, Last appended: 1.1, Last appended by leader: 1, Current term: 1, Majority size: -1, State: 0, Mode: NON_LEADER, active raft config: opid_index: -1 OBSOLETE_local: false peers { permanent_uuid: "7eea329d48e545b58377b699d18df44d" member_type: VOTER last_known_addr { host: "127.15.252.194" port: 36371 } } peers { permanent_uuid: "93553bbddaf04c3daaa16e2b4b8fe9ca" member_type: VOTER last_known_addr { host: "127.15.252.193" port: 41255 } } peers { permanent_uuid: "5846d62d79c347d5b6cd07c493917d18" member_type: VOTER last_known_addr { host: "127.15.252.195" port: 37267 } }
I20260713 09:07:18.059815 16506 raft_consensus.cc:3060] T d9ec793e0497468f9085b9c003ae6fbb P 93553bbddaf04c3daaa16e2b4b8fe9ca [term 1 FOLLOWER]: Advancing to term 2
I20260713 09:07:18.064172 16653 raft_consensus.cc:2468] T d9ec793e0497468f9085b9c003ae6fbb P 5846d62d79c347d5b6cd07c493917d18 [term 2 FOLLOWER]: Leader election vote request: Granting yes vote for candidate 7eea329d48e545b58377b699d18df44d in term 2.
I20260713 09:07:18.065184 16506 raft_consensus.cc:2468] T d9ec793e0497468f9085b9c003ae6fbb P 93553bbddaf04c3daaa16e2b4b8fe9ca [term 2 FOLLOWER]: Leader election vote request: Granting yes vote for candidate 7eea329d48e545b58377b699d18df44d in term 2.
I20260713 09:07:18.065176 16544 leader_election.cc:304] T d9ec793e0497468f9085b9c003ae6fbb P 7eea329d48e545b58377b699d18df44d [CANDIDATE]: Term 2 election: Election decided. Result: candidate won. Election summary: received 2 responses out of 3 voters: 2 yes votes; 0 no votes. yes voters: 5846d62d79c347d5b6cd07c493917d18, 7eea329d48e545b58377b699d18df44d; no voters: 
I20260713 09:07:18.065982 16796 raft_consensus.cc:2804] T d9ec793e0497468f9085b9c003ae6fbb P 7eea329d48e545b58377b699d18df44d [term 2 FOLLOWER]: Leader election won for term 2
I20260713 09:07:18.066398 16796 raft_consensus.cc:697] T d9ec793e0497468f9085b9c003ae6fbb P 7eea329d48e545b58377b699d18df44d [term 2 LEADER]: Becoming Leader. State: Replica: 7eea329d48e545b58377b699d18df44d, State: Running, Role: LEADER
I20260713 09:07:18.067077 16796 consensus_queue.cc:237] T d9ec793e0497468f9085b9c003ae6fbb P 7eea329d48e545b58377b699d18df44d [LEADER]: Queue going to LEADER mode. State: All replicated index: 0, Majority replicated index: 1, Committed index: 1, Last appended: 1.1, Last appended by leader: 1, Current term: 2, Majority size: 2, State: 0, Mode: LEADER, active raft config: opid_index: -1 OBSOLETE_local: false peers { permanent_uuid: "7eea329d48e545b58377b699d18df44d" member_type: VOTER last_known_addr { host: "127.15.252.194" port: 36371 } } peers { permanent_uuid: "93553bbddaf04c3daaa16e2b4b8fe9ca" member_type: VOTER last_known_addr { host: "127.15.252.193" port: 41255 } } peers { permanent_uuid: "5846d62d79c347d5b6cd07c493917d18" member_type: VOTER last_known_addr { host: "127.15.252.195" port: 37267 } }
I20260713 09:07:18.072542 16402 catalog_manager.cc:5697] T d9ec793e0497468f9085b9c003ae6fbb P 7eea329d48e545b58377b699d18df44d reported cstate change: term changed from 1 to 2, leader changed from 93553bbddaf04c3daaa16e2b4b8fe9ca (127.15.252.193) to 7eea329d48e545b58377b699d18df44d (127.15.252.194). New cstate: current_term: 2 leader_uuid: "7eea329d48e545b58377b699d18df44d" committed_config { opid_index: -1 OBSOLETE_local: false peers { permanent_uuid: "7eea329d48e545b58377b699d18df44d" member_type: VOTER last_known_addr { host: "127.15.252.194" port: 36371 } health_report { overall_health: HEALTHY } } peers { permanent_uuid: "93553bbddaf04c3daaa16e2b4b8fe9ca" member_type: VOTER last_known_addr { host: "127.15.252.193" port: 41255 } health_report { overall_health: UNKNOWN } } peers { permanent_uuid: "5846d62d79c347d5b6cd07c493917d18" member_type: VOTER last_known_addr { host: "127.15.252.195" port: 37267 } health_report { overall_health: UNKNOWN } } }
I20260713 09:07:18.081292 16789 raft_consensus.cc:993] T da853d05c64f43faa3ac7c0e17d81c97 P 5846d62d79c347d5b6cd07c493917d18: : Instructing follower 7eea329d48e545b58377b699d18df44d to start an election
I20260713 09:07:18.081700 16801 raft_consensus.cc:1081] T da853d05c64f43faa3ac7c0e17d81c97 P 5846d62d79c347d5b6cd07c493917d18 [term 3 LEADER]: Signalling peer 7eea329d48e545b58377b699d18df44d to start an election
I20260713 09:07:18.082901 16580 tablet_service.cc:2044] Received Run Leader Election RPC: tablet_id: "da853d05c64f43faa3ac7c0e17d81c97"
dest_uuid: "7eea329d48e545b58377b699d18df44d"
 from {username='slave'} at 127.0.0.1:36582
I20260713 09:07:18.083273 16580 raft_consensus.cc:493] T da853d05c64f43faa3ac7c0e17d81c97 P 7eea329d48e545b58377b699d18df44d [term 3 FOLLOWER]: Starting forced leader election (received explicit request)
I20260713 09:07:18.083537 16580 raft_consensus.cc:3060] T da853d05c64f43faa3ac7c0e17d81c97 P 7eea329d48e545b58377b699d18df44d [term 3 FOLLOWER]: Advancing to term 4
I20260713 09:07:18.087107 16580 raft_consensus.cc:515] T da853d05c64f43faa3ac7c0e17d81c97 P 7eea329d48e545b58377b699d18df44d [term 4 FOLLOWER]: Starting forced leader election with config: opid_index: -1 OBSOLETE_local: false peers { permanent_uuid: "93553bbddaf04c3daaa16e2b4b8fe9ca" member_type: VOTER last_known_addr { host: "127.15.252.193" port: 41255 } } peers { permanent_uuid: "7eea329d48e545b58377b699d18df44d" member_type: VOTER last_known_addr { host: "127.15.252.194" port: 36371 } } peers { permanent_uuid: "5846d62d79c347d5b6cd07c493917d18" member_type: VOTER last_known_addr { host: "127.15.252.195" port: 37267 } }
I20260713 09:07:18.088452 16580 leader_election.cc:290] T da853d05c64f43faa3ac7c0e17d81c97 P 7eea329d48e545b58377b699d18df44d [CANDIDATE]: Term 4 election: Requested vote from peers 93553bbddaf04c3daaa16e2b4b8fe9ca (127.15.252.193:41255), 5846d62d79c347d5b6cd07c493917d18 (127.15.252.195:37267)
I20260713 09:07:18.089143 16506 tablet_service.cc:1917] Received RequestConsensusVote() RPC: tablet_id: "da853d05c64f43faa3ac7c0e17d81c97" candidate_uuid: "7eea329d48e545b58377b699d18df44d" candidate_term: 4 candidate_status { last_received { term: 3 index: 3 } } ignore_live_leader: true dest_uuid: "93553bbddaf04c3daaa16e2b4b8fe9ca"
I20260713 09:07:18.089610 16506 raft_consensus.cc:3060] T da853d05c64f43faa3ac7c0e17d81c97 P 93553bbddaf04c3daaa16e2b4b8fe9ca [term 3 FOLLOWER]: Advancing to term 4
I20260713 09:07:18.089819 16653 tablet_service.cc:1917] Received RequestConsensusVote() RPC: tablet_id: "da853d05c64f43faa3ac7c0e17d81c97" candidate_uuid: "7eea329d48e545b58377b699d18df44d" candidate_term: 4 candidate_status { last_received { term: 3 index: 3 } } ignore_live_leader: true dest_uuid: "5846d62d79c347d5b6cd07c493917d18"
I20260713 09:07:18.090250 16653 raft_consensus.cc:3055] T da853d05c64f43faa3ac7c0e17d81c97 P 5846d62d79c347d5b6cd07c493917d18 [term 3 LEADER]: Stepping down as leader of term 3
I20260713 09:07:18.090484 16653 raft_consensus.cc:740] T da853d05c64f43faa3ac7c0e17d81c97 P 5846d62d79c347d5b6cd07c493917d18 [term 3 LEADER]: Becoming Follower/Learner. State: Replica: 5846d62d79c347d5b6cd07c493917d18, State: Running, Role: LEADER
I20260713 09:07:18.091056 16653 consensus_queue.cc:260] T da853d05c64f43faa3ac7c0e17d81c97 P 5846d62d79c347d5b6cd07c493917d18 [NON_LEADER]: Queue going to NON_LEADER mode. State: All replicated index: 0, Majority replicated index: 3, Committed index: 3, Last appended: 3.3, Last appended by leader: 3, Current term: 3, Majority size: -1, State: 0, Mode: NON_LEADER, active raft config: opid_index: -1 OBSOLETE_local: false peers { permanent_uuid: "93553bbddaf04c3daaa16e2b4b8fe9ca" member_type: VOTER last_known_addr { host: "127.15.252.193" port: 41255 } } peers { permanent_uuid: "7eea329d48e545b58377b699d18df44d" member_type: VOTER last_known_addr { host: "127.15.252.194" port: 36371 } } peers { permanent_uuid: "5846d62d79c347d5b6cd07c493917d18" member_type: VOTER last_known_addr { host: "127.15.252.195" port: 37267 } }
I20260713 09:07:18.091974 16653 raft_consensus.cc:3060] T da853d05c64f43faa3ac7c0e17d81c97 P 5846d62d79c347d5b6cd07c493917d18 [term 3 FOLLOWER]: Advancing to term 4
I20260713 09:07:18.093525 16506 raft_consensus.cc:2468] T da853d05c64f43faa3ac7c0e17d81c97 P 93553bbddaf04c3daaa16e2b4b8fe9ca [term 4 FOLLOWER]: Leader election vote request: Granting yes vote for candidate 7eea329d48e545b58377b699d18df44d in term 4.
I20260713 09:07:18.094506 16544 leader_election.cc:304] T da853d05c64f43faa3ac7c0e17d81c97 P 7eea329d48e545b58377b699d18df44d [CANDIDATE]: Term 4 election: Election decided. Result: candidate won. Election summary: received 2 responses out of 3 voters: 2 yes votes; 0 no votes. yes voters: 7eea329d48e545b58377b699d18df44d, 93553bbddaf04c3daaa16e2b4b8fe9ca; no voters: 
I20260713 09:07:18.095259 16796 raft_consensus.cc:2804] T da853d05c64f43faa3ac7c0e17d81c97 P 7eea329d48e545b58377b699d18df44d [term 4 FOLLOWER]: Leader election won for term 4
I20260713 09:07:18.095649 16796 raft_consensus.cc:697] T da853d05c64f43faa3ac7c0e17d81c97 P 7eea329d48e545b58377b699d18df44d [term 4 LEADER]: Becoming Leader. State: Replica: 7eea329d48e545b58377b699d18df44d, State: Running, Role: LEADER
I20260713 09:07:18.096292 16796 consensus_queue.cc:237] T da853d05c64f43faa3ac7c0e17d81c97 P 7eea329d48e545b58377b699d18df44d [LEADER]: Queue going to LEADER mode. State: All replicated index: 0, Majority replicated index: 3, Committed index: 3, Last appended: 3.3, Last appended by leader: 3, Current term: 4, Majority size: 2, State: 0, Mode: LEADER, active raft config: opid_index: -1 OBSOLETE_local: false peers { permanent_uuid: "93553bbddaf04c3daaa16e2b4b8fe9ca" member_type: VOTER last_known_addr { host: "127.15.252.193" port: 41255 } } peers { permanent_uuid: "7eea329d48e545b58377b699d18df44d" member_type: VOTER last_known_addr { host: "127.15.252.194" port: 36371 } } peers { permanent_uuid: "5846d62d79c347d5b6cd07c493917d18" member_type: VOTER last_known_addr { host: "127.15.252.195" port: 37267 } }
I20260713 09:07:18.096954 16653 raft_consensus.cc:2468] T da853d05c64f43faa3ac7c0e17d81c97 P 5846d62d79c347d5b6cd07c493917d18 [term 4 FOLLOWER]: Leader election vote request: Granting yes vote for candidate 7eea329d48e545b58377b699d18df44d in term 4.
I20260713 09:07:18.101270 16402 catalog_manager.cc:5697] T da853d05c64f43faa3ac7c0e17d81c97 P 7eea329d48e545b58377b699d18df44d reported cstate change: term changed from 3 to 4, leader changed from 5846d62d79c347d5b6cd07c493917d18 (127.15.252.195) to 7eea329d48e545b58377b699d18df44d (127.15.252.194). New cstate: current_term: 4 leader_uuid: "7eea329d48e545b58377b699d18df44d" committed_config { opid_index: -1 OBSOLETE_local: false peers { permanent_uuid: "93553bbddaf04c3daaa16e2b4b8fe9ca" member_type: VOTER last_known_addr { host: "127.15.252.193" port: 41255 } health_report { overall_health: UNKNOWN } } peers { permanent_uuid: "7eea329d48e545b58377b699d18df44d" member_type: VOTER last_known_addr { host: "127.15.252.194" port: 36371 } health_report { overall_health: HEALTHY } } peers { permanent_uuid: "5846d62d79c347d5b6cd07c493917d18" member_type: VOTER last_known_addr { host: "127.15.252.195" port: 37267 } health_report { overall_health: UNKNOWN } } }
I20260713 09:07:18.236210 16801 raft_consensus.cc:993] T a8703d19293149e9b1814909477cef4b P 5846d62d79c347d5b6cd07c493917d18: : Instructing follower 7eea329d48e545b58377b699d18df44d to start an election
I20260713 09:07:18.236604 16815 raft_consensus.cc:1081] T a8703d19293149e9b1814909477cef4b P 5846d62d79c347d5b6cd07c493917d18 [term 3 LEADER]: Signalling peer 7eea329d48e545b58377b699d18df44d to start an election
I20260713 09:07:18.237923 16580 tablet_service.cc:2044] Received Run Leader Election RPC: tablet_id: "a8703d19293149e9b1814909477cef4b"
dest_uuid: "7eea329d48e545b58377b699d18df44d"
 from {username='slave'} at 127.0.0.1:36582
I20260713 09:07:18.238408 16580 raft_consensus.cc:493] T a8703d19293149e9b1814909477cef4b P 7eea329d48e545b58377b699d18df44d [term 3 FOLLOWER]: Starting forced leader election (received explicit request)
I20260713 09:07:18.238729 16580 raft_consensus.cc:3060] T a8703d19293149e9b1814909477cef4b P 7eea329d48e545b58377b699d18df44d [term 3 FOLLOWER]: Advancing to term 4
I20260713 09:07:18.242789 16580 raft_consensus.cc:515] T a8703d19293149e9b1814909477cef4b P 7eea329d48e545b58377b699d18df44d [term 4 FOLLOWER]: Starting forced leader election with config: opid_index: -1 OBSOLETE_local: false peers { permanent_uuid: "93553bbddaf04c3daaa16e2b4b8fe9ca" member_type: VOTER last_known_addr { host: "127.15.252.193" port: 41255 } } peers { permanent_uuid: "7eea329d48e545b58377b699d18df44d" member_type: VOTER last_known_addr { host: "127.15.252.194" port: 36371 } } peers { permanent_uuid: "5846d62d79c347d5b6cd07c493917d18" member_type: VOTER last_known_addr { host: "127.15.252.195" port: 37267 } }
I20260713 09:07:18.244088 16580 leader_election.cc:290] T a8703d19293149e9b1814909477cef4b P 7eea329d48e545b58377b699d18df44d [CANDIDATE]: Term 4 election: Requested vote from peers 93553bbddaf04c3daaa16e2b4b8fe9ca (127.15.252.193:41255), 5846d62d79c347d5b6cd07c493917d18 (127.15.252.195:37267)
I20260713 09:07:18.244767 16506 tablet_service.cc:1917] Received RequestConsensusVote() RPC: tablet_id: "a8703d19293149e9b1814909477cef4b" candidate_uuid: "7eea329d48e545b58377b699d18df44d" candidate_term: 4 candidate_status { last_received { term: 3 index: 3 } } ignore_live_leader: true dest_uuid: "93553bbddaf04c3daaa16e2b4b8fe9ca"
I20260713 09:07:18.244989 16653 tablet_service.cc:1917] Received RequestConsensusVote() RPC: tablet_id: "a8703d19293149e9b1814909477cef4b" candidate_uuid: "7eea329d48e545b58377b699d18df44d" candidate_term: 4 candidate_status { last_received { term: 3 index: 3 } } ignore_live_leader: true dest_uuid: "5846d62d79c347d5b6cd07c493917d18"
I20260713 09:07:18.245448 16653 raft_consensus.cc:3055] T a8703d19293149e9b1814909477cef4b P 5846d62d79c347d5b6cd07c493917d18 [term 3 LEADER]: Stepping down as leader of term 3
I20260713 09:07:18.245482 16506 raft_consensus.cc:3060] T a8703d19293149e9b1814909477cef4b P 93553bbddaf04c3daaa16e2b4b8fe9ca [term 3 FOLLOWER]: Advancing to term 4
I20260713 09:07:18.245723 16653 raft_consensus.cc:740] T a8703d19293149e9b1814909477cef4b P 5846d62d79c347d5b6cd07c493917d18 [term 3 LEADER]: Becoming Follower/Learner. State: Replica: 5846d62d79c347d5b6cd07c493917d18, State: Running, Role: LEADER
I20260713 09:07:18.246328 16653 consensus_queue.cc:260] T a8703d19293149e9b1814909477cef4b P 5846d62d79c347d5b6cd07c493917d18 [NON_LEADER]: Queue going to NON_LEADER mode. State: All replicated index: 0, Majority replicated index: 3, Committed index: 3, Last appended: 3.3, Last appended by leader: 3, Current term: 3, Majority size: -1, State: 0, Mode: NON_LEADER, active raft config: opid_index: -1 OBSOLETE_local: false peers { permanent_uuid: "93553bbddaf04c3daaa16e2b4b8fe9ca" member_type: VOTER last_known_addr { host: "127.15.252.193" port: 41255 } } peers { permanent_uuid: "7eea329d48e545b58377b699d18df44d" member_type: VOTER last_known_addr { host: "127.15.252.194" port: 36371 } } peers { permanent_uuid: "5846d62d79c347d5b6cd07c493917d18" member_type: VOTER last_known_addr { host: "127.15.252.195" port: 37267 } }
I20260713 09:07:18.247077 16653 raft_consensus.cc:3060] T a8703d19293149e9b1814909477cef4b P 5846d62d79c347d5b6cd07c493917d18 [term 3 FOLLOWER]: Advancing to term 4
I20260713 09:07:18.249240 16506 raft_consensus.cc:2468] T a8703d19293149e9b1814909477cef4b P 93553bbddaf04c3daaa16e2b4b8fe9ca [term 4 FOLLOWER]: Leader election vote request: Granting yes vote for candidate 7eea329d48e545b58377b699d18df44d in term 4.
I20260713 09:07:18.250142 16544 leader_election.cc:304] T a8703d19293149e9b1814909477cef4b P 7eea329d48e545b58377b699d18df44d [CANDIDATE]: Term 4 election: Election decided. Result: candidate won. Election summary: received 2 responses out of 3 voters: 2 yes votes; 0 no votes. yes voters: 7eea329d48e545b58377b699d18df44d, 93553bbddaf04c3daaa16e2b4b8fe9ca; no voters: 
I20260713 09:07:18.250844 16796 raft_consensus.cc:2804] T a8703d19293149e9b1814909477cef4b P 7eea329d48e545b58377b699d18df44d [term 4 FOLLOWER]: Leader election won for term 4
I20260713 09:07:18.251151 16653 raft_consensus.cc:2468] T a8703d19293149e9b1814909477cef4b P 5846d62d79c347d5b6cd07c493917d18 [term 4 FOLLOWER]: Leader election vote request: Granting yes vote for candidate 7eea329d48e545b58377b699d18df44d in term 4.
I20260713 09:07:18.251207 16796 raft_consensus.cc:697] T a8703d19293149e9b1814909477cef4b P 7eea329d48e545b58377b699d18df44d [term 4 LEADER]: Becoming Leader. State: Replica: 7eea329d48e545b58377b699d18df44d, State: Running, Role: LEADER
I20260713 09:07:18.252354 16796 consensus_queue.cc:237] T a8703d19293149e9b1814909477cef4b P 7eea329d48e545b58377b699d18df44d [LEADER]: Queue going to LEADER mode. State: All replicated index: 0, Majority replicated index: 3, Committed index: 3, Last appended: 3.3, Last appended by leader: 3, Current term: 4, Majority size: 2, State: 0, Mode: LEADER, active raft config: opid_index: -1 OBSOLETE_local: false peers { permanent_uuid: "93553bbddaf04c3daaa16e2b4b8fe9ca" member_type: VOTER last_known_addr { host: "127.15.252.193" port: 41255 } } peers { permanent_uuid: "7eea329d48e545b58377b699d18df44d" member_type: VOTER last_known_addr { host: "127.15.252.194" port: 36371 } } peers { permanent_uuid: "5846d62d79c347d5b6cd07c493917d18" member_type: VOTER last_known_addr { host: "127.15.252.195" port: 37267 } }
I20260713 09:07:18.257426 16402 catalog_manager.cc:5697] T a8703d19293149e9b1814909477cef4b P 7eea329d48e545b58377b699d18df44d reported cstate change: term changed from 3 to 4, leader changed from 5846d62d79c347d5b6cd07c493917d18 (127.15.252.195) to 7eea329d48e545b58377b699d18df44d (127.15.252.194). New cstate: current_term: 4 leader_uuid: "7eea329d48e545b58377b699d18df44d" committed_config { opid_index: -1 OBSOLETE_local: false peers { permanent_uuid: "93553bbddaf04c3daaa16e2b4b8fe9ca" member_type: VOTER last_known_addr { host: "127.15.252.193" port: 41255 } health_report { overall_health: UNKNOWN } } peers { permanent_uuid: "7eea329d48e545b58377b699d18df44d" member_type: VOTER last_known_addr { host: "127.15.252.194" port: 36371 } health_report { overall_health: HEALTHY } } peers { permanent_uuid: "5846d62d79c347d5b6cd07c493917d18" member_type: VOTER last_known_addr { host: "127.15.252.195" port: 37267 } health_report { overall_health: UNKNOWN } } }
I20260713 09:07:18.379534 16506 raft_consensus.cc:1275] T 083101fd690b43f59b8791d06fa7530c P 93553bbddaf04c3daaa16e2b4b8fe9ca [term 2 FOLLOWER]: Refusing update from remote peer 7eea329d48e545b58377b699d18df44d: Log matching property violated. Preceding OpId in replica: term: 1 index: 1. Preceding OpId from leader: term: 2 index: 2. (index mismatch)
I20260713 09:07:18.380611 16796 consensus_queue.cc:1048] T 083101fd690b43f59b8791d06fa7530c P 7eea329d48e545b58377b699d18df44d [LEADER]: Connected to new peer: Peer: permanent_uuid: "93553bbddaf04c3daaa16e2b4b8fe9ca" member_type: VOTER last_known_addr { host: "127.15.252.193" port: 41255 }, Status: LMP_MISMATCH, Last received: 0.0, Next index: 2, Last known committed idx: 1, Time since last communication: 0.000s
I20260713 09:07:18.389348 16653 raft_consensus.cc:1275] T 083101fd690b43f59b8791d06fa7530c P 5846d62d79c347d5b6cd07c493917d18 [term 2 FOLLOWER]: Refusing update from remote peer 7eea329d48e545b58377b699d18df44d: Log matching property violated. Preceding OpId in replica: term: 1 index: 1. Preceding OpId from leader: term: 2 index: 2. (index mismatch)
I20260713 09:07:18.391003 16818 consensus_queue.cc:1048] T 083101fd690b43f59b8791d06fa7530c P 7eea329d48e545b58377b699d18df44d [LEADER]: Connected to new peer: Peer: permanent_uuid: "5846d62d79c347d5b6cd07c493917d18" member_type: VOTER last_known_addr { host: "127.15.252.195" port: 37267 }, Status: LMP_MISMATCH, Last received: 0.0, Next index: 2, Last known committed idx: 1, Time since last communication: 0.000s
I20260713 09:07:18.442927 16506 raft_consensus.cc:1275] T 32e00aee81f04c3688b877525fc3a2fe P 93553bbddaf04c3daaa16e2b4b8fe9ca [term 3 FOLLOWER]: Refusing update from remote peer 7eea329d48e545b58377b699d18df44d: Log matching property violated. Preceding OpId in replica: term: 2 index: 2. Preceding OpId from leader: term: 3 index: 3. (index mismatch)
I20260713 09:07:18.444077 16818 consensus_queue.cc:1048] T 32e00aee81f04c3688b877525fc3a2fe P 7eea329d48e545b58377b699d18df44d [LEADER]: Connected to new peer: Peer: permanent_uuid: "93553bbddaf04c3daaa16e2b4b8fe9ca" member_type: VOTER last_known_addr { host: "127.15.252.193" port: 41255 }, Status: LMP_MISMATCH, Last received: 0.0, Next index: 3, Last known committed idx: 2, Time since last communication: 0.000s
I20260713 09:07:18.451534 16653 raft_consensus.cc:1275] T 32e00aee81f04c3688b877525fc3a2fe P 5846d62d79c347d5b6cd07c493917d18 [term 3 FOLLOWER]: Refusing update from remote peer 7eea329d48e545b58377b699d18df44d: Log matching property violated. Preceding OpId in replica: term: 2 index: 2. Preceding OpId from leader: term: 3 index: 3. (index mismatch)
I20260713 09:07:18.453342 16818 consensus_queue.cc:1048] T 32e00aee81f04c3688b877525fc3a2fe P 7eea329d48e545b58377b699d18df44d [LEADER]: Connected to new peer: Peer: permanent_uuid: "5846d62d79c347d5b6cd07c493917d18" member_type: VOTER last_known_addr { host: "127.15.252.195" port: 37267 }, Status: LMP_MISMATCH, Last received: 0.0, Next index: 3, Last known committed idx: 2, Time since last communication: 0.000s
I20260713 09:07:18.509546 16653 raft_consensus.cc:1275] T d9ec793e0497468f9085b9c003ae6fbb P 5846d62d79c347d5b6cd07c493917d18 [term 2 FOLLOWER]: Refusing update from remote peer 7eea329d48e545b58377b699d18df44d: Log matching property violated. Preceding OpId in replica: term: 1 index: 1. Preceding OpId from leader: term: 2 index: 2. (index mismatch)
I20260713 09:07:18.510756 16818 consensus_queue.cc:1048] T d9ec793e0497468f9085b9c003ae6fbb P 7eea329d48e545b58377b699d18df44d [LEADER]: Connected to new peer: Peer: permanent_uuid: "5846d62d79c347d5b6cd07c493917d18" member_type: VOTER last_known_addr { host: "127.15.252.195" port: 37267 }, Status: LMP_MISMATCH, Last received: 0.0, Next index: 2, Last known committed idx: 1, Time since last communication: 0.000s
I20260713 09:07:18.520274 16506 raft_consensus.cc:1275] T da853d05c64f43faa3ac7c0e17d81c97 P 93553bbddaf04c3daaa16e2b4b8fe9ca [term 4 FOLLOWER]: Refusing update from remote peer 7eea329d48e545b58377b699d18df44d: Log matching property violated. Preceding OpId in replica: term: 3 index: 3. Preceding OpId from leader: term: 4 index: 4. (index mismatch)
I20260713 09:07:18.522485 16506 raft_consensus.cc:1275] T d9ec793e0497468f9085b9c003ae6fbb P 93553bbddaf04c3daaa16e2b4b8fe9ca [term 2 FOLLOWER]: Refusing update from remote peer 7eea329d48e545b58377b699d18df44d: Log matching property violated. Preceding OpId in replica: term: 1 index: 1. Preceding OpId from leader: term: 2 index: 2. (index mismatch)
I20260713 09:07:18.522822 16808 consensus_queue.cc:1048] T da853d05c64f43faa3ac7c0e17d81c97 P 7eea329d48e545b58377b699d18df44d [LEADER]: Connected to new peer: Peer: permanent_uuid: "93553bbddaf04c3daaa16e2b4b8fe9ca" member_type: VOTER last_known_addr { host: "127.15.252.193" port: 41255 }, Status: LMP_MISMATCH, Last received: 0.0, Next index: 4, Last known committed idx: 3, Time since last communication: 0.000s
I20260713 09:07:18.523584 16796 consensus_queue.cc:1048] T d9ec793e0497468f9085b9c003ae6fbb P 7eea329d48e545b58377b699d18df44d [LEADER]: Connected to new peer: Peer: permanent_uuid: "93553bbddaf04c3daaa16e2b4b8fe9ca" member_type: VOTER last_known_addr { host: "127.15.252.193" port: 41255 }, Status: LMP_MISMATCH, Last received: 0.0, Next index: 2, Last known committed idx: 1, Time since last communication: 0.000s
I20260713 09:07:18.531706 16653 raft_consensus.cc:1275] T da853d05c64f43faa3ac7c0e17d81c97 P 5846d62d79c347d5b6cd07c493917d18 [term 4 FOLLOWER]: Refusing update from remote peer 7eea329d48e545b58377b699d18df44d: Log matching property violated. Preceding OpId in replica: term: 3 index: 3. Preceding OpId from leader: term: 4 index: 4. (index mismatch)
I20260713 09:07:18.533572 16825 consensus_queue.cc:1048] T da853d05c64f43faa3ac7c0e17d81c97 P 7eea329d48e545b58377b699d18df44d [LEADER]: Connected to new peer: Peer: permanent_uuid: "5846d62d79c347d5b6cd07c493917d18" member_type: VOTER last_known_addr { host: "127.15.252.195" port: 37267 }, Status: LMP_MISMATCH, Last received: 0.0, Next index: 4, Last known committed idx: 3, Time since last communication: 0.000s
I20260713 09:07:18.673484 16653 raft_consensus.cc:1275] T a8703d19293149e9b1814909477cef4b P 5846d62d79c347d5b6cd07c493917d18 [term 4 FOLLOWER]: Refusing update from remote peer 7eea329d48e545b58377b699d18df44d: Log matching property violated. Preceding OpId in replica: term: 3 index: 3. Preceding OpId from leader: term: 4 index: 4. (index mismatch)
I20260713 09:07:18.674494 16825 consensus_queue.cc:1048] T a8703d19293149e9b1814909477cef4b P 7eea329d48e545b58377b699d18df44d [LEADER]: Connected to new peer: Peer: permanent_uuid: "5846d62d79c347d5b6cd07c493917d18" member_type: VOTER last_known_addr { host: "127.15.252.195" port: 37267 }, Status: LMP_MISMATCH, Last received: 0.0, Next index: 4, Last known committed idx: 3, Time since last communication: 0.000s
I20260713 09:07:18.681545 16504 raft_consensus.cc:1275] T a8703d19293149e9b1814909477cef4b P 93553bbddaf04c3daaa16e2b4b8fe9ca [term 4 FOLLOWER]: Refusing update from remote peer 7eea329d48e545b58377b699d18df44d: Log matching property violated. Preceding OpId in replica: term: 3 index: 3. Preceding OpId from leader: term: 4 index: 4. (index mismatch)
I20260713 09:07:18.682777 16796 consensus_queue.cc:1048] T a8703d19293149e9b1814909477cef4b P 7eea329d48e545b58377b699d18df44d [LEADER]: Connected to new peer: Peer: permanent_uuid: "93553bbddaf04c3daaa16e2b4b8fe9ca" member_type: VOTER last_known_addr { host: "127.15.252.193" port: 41255 }, Status: LMP_MISMATCH, Last received: 0.0, Next index: 4, Last known committed idx: 3, Time since last communication: 0.000s
I20260713 09:07:20.877292 16371 auto_leader_rebalancer.cc:141] leader rebalance for table test-workload
I20260713 09:07:20.884146 16580 tablet_service.cc:2072] Received LeaderStepDown RPC: tablet_id: "083101fd690b43f59b8791d06fa7530c"
dest_uuid: "7eea329d48e545b58377b699d18df44d"
mode: GRACEFUL
new_leader_uuid: "93553bbddaf04c3daaa16e2b4b8fe9ca"
 from {username='slave'} at 127.0.0.1:36594
I20260713 09:07:20.884752 16580 raft_consensus.cc:606] T 083101fd690b43f59b8791d06fa7530c P 7eea329d48e545b58377b699d18df44d [term 2 LEADER]: Received request to transfer leadership to TS 93553bbddaf04c3daaa16e2b4b8fe9ca
I20260713 09:07:20.886981 16580 tablet_service.cc:2072] Received LeaderStepDown RPC: tablet_id: "a8703d19293149e9b1814909477cef4b"
dest_uuid: "7eea329d48e545b58377b699d18df44d"
mode: GRACEFUL
new_leader_uuid: "5846d62d79c347d5b6cd07c493917d18"
 from {username='slave'} at 127.0.0.1:36594
I20260713 09:07:20.887377 16580 raft_consensus.cc:606] T a8703d19293149e9b1814909477cef4b P 7eea329d48e545b58377b699d18df44d [term 4 LEADER]: Received request to transfer leadership to TS 5846d62d79c347d5b6cd07c493917d18
I20260713 09:07:20.889221 16580 tablet_service.cc:2072] Received LeaderStepDown RPC: tablet_id: "a9fda6440cb14fef8eb015d0ade5b096"
dest_uuid: "7eea329d48e545b58377b699d18df44d"
mode: GRACEFUL
new_leader_uuid: "93553bbddaf04c3daaa16e2b4b8fe9ca"
 from {username='slave'} at 127.0.0.1:36594
I20260713 09:07:20.889582 16580 raft_consensus.cc:606] T a9fda6440cb14fef8eb015d0ade5b096 P 7eea329d48e545b58377b699d18df44d [term 2 LEADER]: Received request to transfer leadership to TS 93553bbddaf04c3daaa16e2b4b8fe9ca
I20260713 09:07:20.891405 16580 tablet_service.cc:2072] Received LeaderStepDown RPC: tablet_id: "d9ec793e0497468f9085b9c003ae6fbb"
dest_uuid: "7eea329d48e545b58377b699d18df44d"
mode: GRACEFUL
new_leader_uuid: "93553bbddaf04c3daaa16e2b4b8fe9ca"
 from {username='slave'} at 127.0.0.1:36594
I20260713 09:07:20.891796 16580 raft_consensus.cc:606] T d9ec793e0497468f9085b9c003ae6fbb P 7eea329d48e545b58377b699d18df44d [term 2 LEADER]: Received request to transfer leadership to TS 93553bbddaf04c3daaa16e2b4b8fe9ca
I20260713 09:07:20.893584 16580 tablet_service.cc:2072] Received LeaderStepDown RPC: tablet_id: "da853d05c64f43faa3ac7c0e17d81c97"
dest_uuid: "7eea329d48e545b58377b699d18df44d"
mode: GRACEFUL
new_leader_uuid: "5846d62d79c347d5b6cd07c493917d18"
 from {username='slave'} at 127.0.0.1:36594
I20260713 09:07:20.893934 16580 raft_consensus.cc:606] T da853d05c64f43faa3ac7c0e17d81c97 P 7eea329d48e545b58377b699d18df44d [term 4 LEADER]: Received request to transfer leadership to TS 5846d62d79c347d5b6cd07c493917d18
I20260713 09:07:20.894804 16371 auto_leader_rebalancer.cc:479] table: test-workload, leader rebalance finish, leader transfer count: 5
I20260713 09:07:20.895174 16371 auto_leader_rebalancer.cc:554] All tables' leader rebalancing finished this round
I20260713 09:07:20.983664 16808 raft_consensus.cc:993] T da853d05c64f43faa3ac7c0e17d81c97 P 7eea329d48e545b58377b699d18df44d: : Instructing follower 5846d62d79c347d5b6cd07c493917d18 to start an election
I20260713 09:07:20.984258 16830 raft_consensus.cc:1081] T da853d05c64f43faa3ac7c0e17d81c97 P 7eea329d48e545b58377b699d18df44d [term 4 LEADER]: Signalling peer 5846d62d79c347d5b6cd07c493917d18 to start an election
I20260713 09:07:20.985827 16655 tablet_service.cc:2044] Received Run Leader Election RPC: tablet_id: "da853d05c64f43faa3ac7c0e17d81c97"
dest_uuid: "5846d62d79c347d5b6cd07c493917d18"
 from {username='slave'} at 127.0.0.1:38050
I20260713 09:07:20.986280 16655 raft_consensus.cc:493] T da853d05c64f43faa3ac7c0e17d81c97 P 5846d62d79c347d5b6cd07c493917d18 [term 4 FOLLOWER]: Starting forced leader election (received explicit request)
I20260713 09:07:20.986711 16655 raft_consensus.cc:3060] T da853d05c64f43faa3ac7c0e17d81c97 P 5846d62d79c347d5b6cd07c493917d18 [term 4 FOLLOWER]: Advancing to term 5
I20260713 09:07:20.992828 16655 raft_consensus.cc:515] T da853d05c64f43faa3ac7c0e17d81c97 P 5846d62d79c347d5b6cd07c493917d18 [term 5 FOLLOWER]: Starting forced leader election with config: opid_index: -1 OBSOLETE_local: false peers { permanent_uuid: "93553bbddaf04c3daaa16e2b4b8fe9ca" member_type: VOTER last_known_addr { host: "127.15.252.193" port: 41255 } } peers { permanent_uuid: "7eea329d48e545b58377b699d18df44d" member_type: VOTER last_known_addr { host: "127.15.252.194" port: 36371 } } peers { permanent_uuid: "5846d62d79c347d5b6cd07c493917d18" member_type: VOTER last_known_addr { host: "127.15.252.195" port: 37267 } }
I20260713 09:07:20.994553 16655 leader_election.cc:290] T da853d05c64f43faa3ac7c0e17d81c97 P 5846d62d79c347d5b6cd07c493917d18 [CANDIDATE]: Term 5 election: Requested vote from peers 93553bbddaf04c3daaa16e2b4b8fe9ca (127.15.252.193:41255), 7eea329d48e545b58377b699d18df44d (127.15.252.194:36371)
I20260713 09:07:20.995407 16504 tablet_service.cc:1917] Received RequestConsensusVote() RPC: tablet_id: "da853d05c64f43faa3ac7c0e17d81c97" candidate_uuid: "5846d62d79c347d5b6cd07c493917d18" candidate_term: 5 candidate_status { last_received { term: 4 index: 4 } } ignore_live_leader: true dest_uuid: "93553bbddaf04c3daaa16e2b4b8fe9ca"
I20260713 09:07:20.995592 16580 tablet_service.cc:1917] Received RequestConsensusVote() RPC: tablet_id: "da853d05c64f43faa3ac7c0e17d81c97" candidate_uuid: "5846d62d79c347d5b6cd07c493917d18" candidate_term: 5 candidate_status { last_received { term: 4 index: 4 } } ignore_live_leader: true dest_uuid: "7eea329d48e545b58377b699d18df44d"
I20260713 09:07:20.996068 16504 raft_consensus.cc:3060] T da853d05c64f43faa3ac7c0e17d81c97 P 93553bbddaf04c3daaa16e2b4b8fe9ca [term 4 FOLLOWER]: Advancing to term 5
I20260713 09:07:20.996141 16580 raft_consensus.cc:3055] T da853d05c64f43faa3ac7c0e17d81c97 P 7eea329d48e545b58377b699d18df44d [term 4 LEADER]: Stepping down as leader of term 4
I20260713 09:07:20.996420 16580 raft_consensus.cc:740] T da853d05c64f43faa3ac7c0e17d81c97 P 7eea329d48e545b58377b699d18df44d [term 4 LEADER]: Becoming Follower/Learner. State: Replica: 7eea329d48e545b58377b699d18df44d, State: Running, Role: LEADER
I20260713 09:07:20.997000 16580 consensus_queue.cc:260] T da853d05c64f43faa3ac7c0e17d81c97 P 7eea329d48e545b58377b699d18df44d [NON_LEADER]: Queue going to NON_LEADER mode. State: All replicated index: 0, Majority replicated index: 4, Committed index: 4, Last appended: 4.4, Last appended by leader: 4, Current term: 4, Majority size: -1, State: 0, Mode: NON_LEADER, active raft config: opid_index: -1 OBSOLETE_local: false peers { permanent_uuid: "93553bbddaf04c3daaa16e2b4b8fe9ca" member_type: VOTER last_known_addr { host: "127.15.252.193" port: 41255 } } peers { permanent_uuid: "7eea329d48e545b58377b699d18df44d" member_type: VOTER last_known_addr { host: "127.15.252.194" port: 36371 } } peers { permanent_uuid: "5846d62d79c347d5b6cd07c493917d18" member_type: VOTER last_known_addr { host: "127.15.252.195" port: 37267 } }
I20260713 09:07:20.997830 16580 raft_consensus.cc:3060] T da853d05c64f43faa3ac7c0e17d81c97 P 7eea329d48e545b58377b699d18df44d [term 4 FOLLOWER]: Advancing to term 5
I20260713 09:07:21.000676 16504 raft_consensus.cc:2468] T da853d05c64f43faa3ac7c0e17d81c97 P 93553bbddaf04c3daaa16e2b4b8fe9ca [term 5 FOLLOWER]: Leader election vote request: Granting yes vote for candidate 5846d62d79c347d5b6cd07c493917d18 in term 5.
I20260713 09:07:21.001765 16618 leader_election.cc:304] T da853d05c64f43faa3ac7c0e17d81c97 P 5846d62d79c347d5b6cd07c493917d18 [CANDIDATE]: Term 5 election: Election decided. Result: candidate won. Election summary: received 2 responses out of 3 voters: 2 yes votes; 0 no votes. yes voters: 5846d62d79c347d5b6cd07c493917d18, 93553bbddaf04c3daaa16e2b4b8fe9ca; no voters: 
I20260713 09:07:21.001978 16580 raft_consensus.cc:2468] T da853d05c64f43faa3ac7c0e17d81c97 P 7eea329d48e545b58377b699d18df44d [term 5 FOLLOWER]: Leader election vote request: Granting yes vote for candidate 5846d62d79c347d5b6cd07c493917d18 in term 5.
I20260713 09:07:21.002490 16815 raft_consensus.cc:2804] T da853d05c64f43faa3ac7c0e17d81c97 P 5846d62d79c347d5b6cd07c493917d18 [term 5 FOLLOWER]: Leader election won for term 5
I20260713 09:07:21.003544 16815 raft_consensus.cc:697] T da853d05c64f43faa3ac7c0e17d81c97 P 5846d62d79c347d5b6cd07c493917d18 [term 5 LEADER]: Becoming Leader. State: Replica: 5846d62d79c347d5b6cd07c493917d18, State: Running, Role: LEADER
I20260713 09:07:21.004344 16815 consensus_queue.cc:237] T da853d05c64f43faa3ac7c0e17d81c97 P 5846d62d79c347d5b6cd07c493917d18 [LEADER]: Queue going to LEADER mode. State: All replicated index: 0, Majority replicated index: 4, Committed index: 4, Last appended: 4.4, Last appended by leader: 4, Current term: 5, Majority size: 2, State: 0, Mode: LEADER, active raft config: opid_index: -1 OBSOLETE_local: false peers { permanent_uuid: "93553bbddaf04c3daaa16e2b4b8fe9ca" member_type: VOTER last_known_addr { host: "127.15.252.193" port: 41255 } } peers { permanent_uuid: "7eea329d48e545b58377b699d18df44d" member_type: VOTER last_known_addr { host: "127.15.252.194" port: 36371 } } peers { permanent_uuid: "5846d62d79c347d5b6cd07c493917d18" member_type: VOTER last_known_addr { host: "127.15.252.195" port: 37267 } }
I20260713 09:07:21.010507 16403 catalog_manager.cc:5697] T da853d05c64f43faa3ac7c0e17d81c97 P 5846d62d79c347d5b6cd07c493917d18 reported cstate change: term changed from 4 to 5, leader changed from 7eea329d48e545b58377b699d18df44d (127.15.252.194) to 5846d62d79c347d5b6cd07c493917d18 (127.15.252.195). New cstate: current_term: 5 leader_uuid: "5846d62d79c347d5b6cd07c493917d18" committed_config { opid_index: -1 OBSOLETE_local: false peers { permanent_uuid: "93553bbddaf04c3daaa16e2b4b8fe9ca" member_type: VOTER last_known_addr { host: "127.15.252.193" port: 41255 } health_report { overall_health: UNKNOWN } } peers { permanent_uuid: "7eea329d48e545b58377b699d18df44d" member_type: VOTER last_known_addr { host: "127.15.252.194" port: 36371 } health_report { overall_health: UNKNOWN } } peers { permanent_uuid: "5846d62d79c347d5b6cd07c493917d18" member_type: VOTER last_known_addr { host: "127.15.252.195" port: 37267 } health_report { overall_health: HEALTHY } } }
I20260713 09:07:21.124210 16808 raft_consensus.cc:993] T 083101fd690b43f59b8791d06fa7530c P 7eea329d48e545b58377b699d18df44d: : Instructing follower 93553bbddaf04c3daaa16e2b4b8fe9ca to start an election
I20260713 09:07:21.124578 16830 raft_consensus.cc:1081] T 083101fd690b43f59b8791d06fa7530c P 7eea329d48e545b58377b699d18df44d [term 2 LEADER]: Signalling peer 93553bbddaf04c3daaa16e2b4b8fe9ca to start an election
I20260713 09:07:21.125835 16504 tablet_service.cc:2044] Received Run Leader Election RPC: tablet_id: "083101fd690b43f59b8791d06fa7530c"
dest_uuid: "93553bbddaf04c3daaa16e2b4b8fe9ca"
 from {username='slave'} at 127.0.0.1:43184
I20260713 09:07:21.126264 16504 raft_consensus.cc:493] T 083101fd690b43f59b8791d06fa7530c P 93553bbddaf04c3daaa16e2b4b8fe9ca [term 2 FOLLOWER]: Starting forced leader election (received explicit request)
I20260713 09:07:21.126530 16504 raft_consensus.cc:3060] T 083101fd690b43f59b8791d06fa7530c P 93553bbddaf04c3daaa16e2b4b8fe9ca [term 2 FOLLOWER]: Advancing to term 3
