I20260713 09:07:11.988730 22600 raft_consensus.cc:385] T e2429852a7ee45d1b483a073dc779376 P 6745967a9ec14502882a376701c8ff7f [term 0 FOLLOWER]: Consensus starting up: Expiring failure detector timer to make a prompt election more likely
I20260713 09:07:11.989015 22600 raft_consensus.cc:740] T e2429852a7ee45d1b483a073dc779376 P 6745967a9ec14502882a376701c8ff7f [term 0 FOLLOWER]: Becoming Follower/Learner. State: Replica: 6745967a9ec14502882a376701c8ff7f, State: Initialized, Role: FOLLOWER
I20260713 09:07:11.991446 22602 raft_consensus.cc:359] T 442561a29130437eb0dd81c208c1cc80 P 35c3d9d8148341ea94195169c3fb5961 [term 0 FOLLOWER]: Replica starting. Triggering 0 pending ops. Active config: opid_index: -1 OBSOLETE_local: false peers { permanent_uuid: "6745967a9ec14502882a376701c8ff7f" member_type: VOTER last_known_addr { host: "127.21.192.65" port: 43749 } } peers { permanent_uuid: "da7e36702fd4409789506caba0ee8ae9" member_type: VOTER last_known_addr { host: "127.21.192.66" port: 38655 } } peers { permanent_uuid: "35c3d9d8148341ea94195169c3fb5961" member_type: VOTER last_known_addr { host: "127.21.192.67" port: 39179 } }
I20260713 09:07:11.992237 22602 raft_consensus.cc:385] T 442561a29130437eb0dd81c208c1cc80 P 35c3d9d8148341ea94195169c3fb5961 [term 0 FOLLOWER]: Consensus starting up: Expiring failure detector timer to make a prompt election more likely
I20260713 09:07:11.992545 22602 raft_consensus.cc:740] T 442561a29130437eb0dd81c208c1cc80 P 35c3d9d8148341ea94195169c3fb5961 [term 0 FOLLOWER]: Becoming Follower/Learner. State: Replica: 35c3d9d8148341ea94195169c3fb5961, State: Initialized, Role: FOLLOWER
I20260713 09:07:11.989768 22600 consensus_queue.cc:260] T e2429852a7ee45d1b483a073dc779376 P 6745967a9ec14502882a376701c8ff7f [NON_LEADER]: Queue going to NON_LEADER mode. State: All replicated index: 0, Majority replicated index: 0, Committed index: 0, Last appended: 0.0, Last appended by leader: 0, Current term: 0, Majority size: -1, State: 0, Mode: NON_LEADER, active raft config: opid_index: -1 OBSOLETE_local: false peers { permanent_uuid: "6745967a9ec14502882a376701c8ff7f" member_type: VOTER last_known_addr { host: "127.21.192.65" port: 43749 } } peers { permanent_uuid: "da7e36702fd4409789506caba0ee8ae9" member_type: VOTER last_known_addr { host: "127.21.192.66" port: 38655 } } peers { permanent_uuid: "35c3d9d8148341ea94195169c3fb5961" member_type: VOTER last_known_addr { host: "127.21.192.67" port: 39179 } }
I20260713 09:07:11.993844 22602 consensus_queue.cc:260] T 442561a29130437eb0dd81c208c1cc80 P 35c3d9d8148341ea94195169c3fb5961 [NON_LEADER]: Queue going to NON_LEADER mode. State: All replicated index: 0, Majority replicated index: 0, Committed index: 0, Last appended: 0.0, Last appended by leader: 0, Current term: 0, Majority size: -1, State: 0, Mode: NON_LEADER, active raft config: opid_index: -1 OBSOLETE_local: false peers { permanent_uuid: "6745967a9ec14502882a376701c8ff7f" member_type: VOTER last_known_addr { host: "127.21.192.65" port: 43749 } } peers { permanent_uuid: "da7e36702fd4409789506caba0ee8ae9" member_type: VOTER last_known_addr { host: "127.21.192.66" port: 38655 } } peers { permanent_uuid: "35c3d9d8148341ea94195169c3fb5961" member_type: VOTER last_known_addr { host: "127.21.192.67" port: 39179 } }
I20260713 09:07:11.996531 22602 ts_tablet_manager.cc:1434] T 442561a29130437eb0dd81c208c1cc80 P 35c3d9d8148341ea94195169c3fb5961: Time spent starting tablet: real 0.013s	user 0.003s	sys 0.004s
I20260713 09:07:11.997458 22601 tablet_bootstrap.cc:654] T eabdc935cece41d599a204f452ff6dd3 P da7e36702fd4409789506caba0ee8ae9: Neither blocks nor log segments found. Creating new log.
I20260713 09:07:11.997555 22602 tablet_bootstrap.cc:492] T eabdc935cece41d599a204f452ff6dd3 P 35c3d9d8148341ea94195169c3fb5961: Bootstrap starting.
I20260713 09:07:12.000546 22600 ts_tablet_manager.cc:1434] T e2429852a7ee45d1b483a073dc779376 P 6745967a9ec14502882a376701c8ff7f: Time spent starting tablet: real 0.025s	user 0.006s	sys 0.000s
I20260713 09:07:12.001802 22600 tablet_bootstrap.cc:492] T 442561a29130437eb0dd81c208c1cc80 P 6745967a9ec14502882a376701c8ff7f: Bootstrap starting.
I20260713 09:07:12.020134 22602 tablet_bootstrap.cc:654] T eabdc935cece41d599a204f452ff6dd3 P 35c3d9d8148341ea94195169c3fb5961: Neither blocks nor log segments found. Creating new log.
I20260713 09:07:12.020484 22600 tablet_bootstrap.cc:654] T 442561a29130437eb0dd81c208c1cc80 P 6745967a9ec14502882a376701c8ff7f: Neither blocks nor log segments found. Creating new log.
I20260713 09:07:12.021731 22601 tablet_bootstrap.cc:492] T eabdc935cece41d599a204f452ff6dd3 P da7e36702fd4409789506caba0ee8ae9: No bootstrap required, opened a new log
I20260713 09:07:12.022454 22601 ts_tablet_manager.cc:1403] T eabdc935cece41d599a204f452ff6dd3 P da7e36702fd4409789506caba0ee8ae9: Time spent bootstrapping tablet: real 0.035s	user 0.020s	sys 0.008s
I20260713 09:07:12.025849 22611 raft_consensus.cc:493] T 442561a29130437eb0dd81c208c1cc80 P 35c3d9d8148341ea94195169c3fb5961 [term 0 FOLLOWER]: Starting pre-election (no leader contacted us within the election timeout)
I20260713 09:07:12.026590 22611 raft_consensus.cc:515] T 442561a29130437eb0dd81c208c1cc80 P 35c3d9d8148341ea94195169c3fb5961 [term 0 FOLLOWER]: Starting pre-election with config: opid_index: -1 OBSOLETE_local: false peers { permanent_uuid: "6745967a9ec14502882a376701c8ff7f" member_type: VOTER last_known_addr { host: "127.21.192.65" port: 43749 } } peers { permanent_uuid: "da7e36702fd4409789506caba0ee8ae9" member_type: VOTER last_known_addr { host: "127.21.192.66" port: 38655 } } peers { permanent_uuid: "35c3d9d8148341ea94195169c3fb5961" member_type: VOTER last_known_addr { host: "127.21.192.67" port: 39179 } }
I20260713 09:07:12.027026 22601 raft_consensus.cc:359] T eabdc935cece41d599a204f452ff6dd3 P da7e36702fd4409789506caba0ee8ae9 [term 0 FOLLOWER]: Replica starting. Triggering 0 pending ops. Active config: opid_index: -1 OBSOLETE_local: false peers { permanent_uuid: "6745967a9ec14502882a376701c8ff7f" member_type: VOTER last_known_addr { host: "127.21.192.65" port: 43749 } } peers { permanent_uuid: "da7e36702fd4409789506caba0ee8ae9" member_type: VOTER last_known_addr { host: "127.21.192.66" port: 38655 } } peers { permanent_uuid: "35c3d9d8148341ea94195169c3fb5961" member_type: VOTER last_known_addr { host: "127.21.192.67" port: 39179 } }
I20260713 09:07:12.027801 22601 raft_consensus.cc:385] T eabdc935cece41d599a204f452ff6dd3 P da7e36702fd4409789506caba0ee8ae9 [term 0 FOLLOWER]: Consensus starting up: Expiring failure detector timer to make a prompt election more likely
I20260713 09:07:12.028188 22601 raft_consensus.cc:740] T eabdc935cece41d599a204f452ff6dd3 P da7e36702fd4409789506caba0ee8ae9 [term 0 FOLLOWER]: Becoming Follower/Learner. State: Replica: da7e36702fd4409789506caba0ee8ae9, State: Initialized, Role: FOLLOWER
I20260713 09:07:12.029910 22611 leader_election.cc:290] T 442561a29130437eb0dd81c208c1cc80 P 35c3d9d8148341ea94195169c3fb5961 [CANDIDATE]: Term 1 pre-election: Requested pre-vote from peers 6745967a9ec14502882a376701c8ff7f (127.21.192.65:43749), da7e36702fd4409789506caba0ee8ae9 (127.21.192.66:38655)
I20260713 09:07:12.029945 22601 consensus_queue.cc:260] T eabdc935cece41d599a204f452ff6dd3 P da7e36702fd4409789506caba0ee8ae9 [NON_LEADER]: Queue going to NON_LEADER mode. State: All replicated index: 0, Majority replicated index: 0, Committed index: 0, Last appended: 0.0, Last appended by leader: 0, Current term: 0, Majority size: -1, State: 0, Mode: NON_LEADER, active raft config: opid_index: -1 OBSOLETE_local: false peers { permanent_uuid: "6745967a9ec14502882a376701c8ff7f" member_type: VOTER last_known_addr { host: "127.21.192.65" port: 43749 } } peers { permanent_uuid: "da7e36702fd4409789506caba0ee8ae9" member_type: VOTER last_known_addr { host: "127.21.192.66" port: 38655 } } peers { permanent_uuid: "35c3d9d8148341ea94195169c3fb5961" member_type: VOTER last_known_addr { host: "127.21.192.67" port: 39179 } }
I20260713 09:07:12.031931 22407 tablet_service.cc:1917] Received RequestConsensusVote() RPC: tablet_id: "442561a29130437eb0dd81c208c1cc80" candidate_uuid: "35c3d9d8148341ea94195169c3fb5961" candidate_term: 1 candidate_status { last_received { term: 0 index: 0 } } ignore_live_leader: false dest_uuid: "6745967a9ec14502882a376701c8ff7f" is_pre_election: true
I20260713 09:07:12.035059 22483 tablet_service.cc:1917] Received RequestConsensusVote() RPC: tablet_id: "442561a29130437eb0dd81c208c1cc80" candidate_uuid: "35c3d9d8148341ea94195169c3fb5961" candidate_term: 1 candidate_status { last_received { term: 0 index: 0 } } ignore_live_leader: false dest_uuid: "da7e36702fd4409789506caba0ee8ae9" is_pre_election: true
I20260713 09:07:12.037283 22625 raft_consensus.cc:493] T e2429852a7ee45d1b483a073dc779376 P 6745967a9ec14502882a376701c8ff7f [term 0 FOLLOWER]: Starting pre-election (no leader contacted us within the election timeout)
I20260713 09:07:12.037835 22625 raft_consensus.cc:515] T e2429852a7ee45d1b483a073dc779376 P 6745967a9ec14502882a376701c8ff7f [term 0 FOLLOWER]: Starting pre-election with config: opid_index: -1 OBSOLETE_local: false peers { permanent_uuid: "6745967a9ec14502882a376701c8ff7f" member_type: VOTER last_known_addr { host: "127.21.192.65" port: 43749 } } peers { permanent_uuid: "da7e36702fd4409789506caba0ee8ae9" member_type: VOTER last_known_addr { host: "127.21.192.66" port: 38655 } } peers { permanent_uuid: "35c3d9d8148341ea94195169c3fb5961" member_type: VOTER last_known_addr { host: "127.21.192.67" port: 39179 } }
W20260713 09:07:12.038112 22521 leader_election.cc:343] T 442561a29130437eb0dd81c208c1cc80 P 35c3d9d8148341ea94195169c3fb5961 [CANDIDATE]: Term 1 pre-election: Tablet error from VoteRequest() call to peer 6745967a9ec14502882a376701c8ff7f (127.21.192.65:43749): Illegal state: must be running to vote when last-logged opid is not known
I20260713 09:07:12.039811 22601 ts_tablet_manager.cc:1434] T eabdc935cece41d599a204f452ff6dd3 P da7e36702fd4409789506caba0ee8ae9: Time spent starting tablet: real 0.017s	user 0.004s	sys 0.004s
I20260713 09:07:12.040088 22625 leader_election.cc:290] T e2429852a7ee45d1b483a073dc779376 P 6745967a9ec14502882a376701c8ff7f [CANDIDATE]: Term 1 pre-election: Requested pre-vote from peers da7e36702fd4409789506caba0ee8ae9 (127.21.192.66:38655), 35c3d9d8148341ea94195169c3fb5961 (127.21.192.67:39179)
I20260713 09:07:12.036933 22483 raft_consensus.cc:2468] T 442561a29130437eb0dd81c208c1cc80 P da7e36702fd4409789506caba0ee8ae9 [term 0 FOLLOWER]: Leader pre-election vote request: Granting yes vote for candidate 35c3d9d8148341ea94195169c3fb5961 in term 0.
I20260713 09:07:12.042785 22557 tablet_service.cc:1917] Received RequestConsensusVote() RPC: tablet_id: "e2429852a7ee45d1b483a073dc779376" candidate_uuid: "6745967a9ec14502882a376701c8ff7f" candidate_term: 1 candidate_status { last_received { term: 0 index: 0 } } ignore_live_leader: false dest_uuid: "35c3d9d8148341ea94195169c3fb5961" is_pre_election: true
I20260713 09:07:12.042799 22482 tablet_service.cc:1917] Received RequestConsensusVote() RPC: tablet_id: "e2429852a7ee45d1b483a073dc779376" candidate_uuid: "6745967a9ec14502882a376701c8ff7f" candidate_term: 1 candidate_status { last_received { term: 0 index: 0 } } ignore_live_leader: false dest_uuid: "da7e36702fd4409789506caba0ee8ae9" is_pre_election: true
I20260713 09:07:12.044957 22482 raft_consensus.cc:2468] T e2429852a7ee45d1b483a073dc779376 P da7e36702fd4409789506caba0ee8ae9 [term 0 FOLLOWER]: Leader pre-election vote request: Granting yes vote for candidate 6745967a9ec14502882a376701c8ff7f in term 0.
I20260713 09:07:12.045446 22605 raft_consensus.cc:493] T eabdc935cece41d599a204f452ff6dd3 P da7e36702fd4409789506caba0ee8ae9 [term 0 FOLLOWER]: Starting pre-election (no leader contacted us within the election timeout)
I20260713 09:07:12.046615 22602 tablet_bootstrap.cc:492] T eabdc935cece41d599a204f452ff6dd3 P 35c3d9d8148341ea94195169c3fb5961: No bootstrap required, opened a new log
I20260713 09:07:12.046132 22605 raft_consensus.cc:515] T eabdc935cece41d599a204f452ff6dd3 P da7e36702fd4409789506caba0ee8ae9 [term 0 FOLLOWER]: Starting pre-election with config: opid_index: -1 OBSOLETE_local: false peers { permanent_uuid: "6745967a9ec14502882a376701c8ff7f" member_type: VOTER last_known_addr { host: "127.21.192.65" port: 43749 } } peers { permanent_uuid: "da7e36702fd4409789506caba0ee8ae9" member_type: VOTER last_known_addr { host: "127.21.192.66" port: 38655 } } peers { permanent_uuid: "35c3d9d8148341ea94195169c3fb5961" member_type: VOTER last_known_addr { host: "127.21.192.67" port: 39179 } }
I20260713 09:07:12.047153 22602 ts_tablet_manager.cc:1403] T eabdc935cece41d599a204f452ff6dd3 P 35c3d9d8148341ea94195169c3fb5961: Time spent bootstrapping tablet: real 0.050s	user 0.011s	sys 0.009s
I20260713 09:07:12.046482 22374 leader_election.cc:304] T e2429852a7ee45d1b483a073dc779376 P 6745967a9ec14502882a376701c8ff7f [CANDIDATE]: Term 1 pre-election: Election decided. Result: candidate won. Election summary: received 2 responses out of 3 voters: 2 yes votes; 0 no votes. yes voters: 6745967a9ec14502882a376701c8ff7f, da7e36702fd4409789506caba0ee8ae9; no voters: 
I20260713 09:07:12.048317 22625 raft_consensus.cc:2804] T e2429852a7ee45d1b483a073dc779376 P 6745967a9ec14502882a376701c8ff7f [term 0 FOLLOWER]: Leader pre-election won for term 1
I20260713 09:07:12.048839 22625 raft_consensus.cc:493] T e2429852a7ee45d1b483a073dc779376 P 6745967a9ec14502882a376701c8ff7f [term 0 FOLLOWER]: Starting leader election (no leader contacted us within the election timeout)
I20260713 09:07:12.049189 22625 raft_consensus.cc:3060] T e2429852a7ee45d1b483a073dc779376 P 6745967a9ec14502882a376701c8ff7f [term 0 FOLLOWER]: Advancing to term 1
I20260713 09:07:12.049259 22605 leader_election.cc:290] T eabdc935cece41d599a204f452ff6dd3 P da7e36702fd4409789506caba0ee8ae9 [CANDIDATE]: Term 1 pre-election: Requested pre-vote from peers 6745967a9ec14502882a376701c8ff7f (127.21.192.65:43749), 35c3d9d8148341ea94195169c3fb5961 (127.21.192.67:39179)
W20260713 09:07:12.048354 22372 leader_election.cc:343] T e2429852a7ee45d1b483a073dc779376 P 6745967a9ec14502882a376701c8ff7f [CANDIDATE]: Term 1 pre-election: Tablet error from VoteRequest() call to peer 35c3d9d8148341ea94195169c3fb5961 (127.21.192.67:39179): Illegal state: must be running to vote when last-logged opid is not known
I20260713 09:07:12.053663 22407 tablet_service.cc:1917] Received RequestConsensusVote() RPC: tablet_id: "eabdc935cece41d599a204f452ff6dd3" candidate_uuid: "da7e36702fd4409789506caba0ee8ae9" candidate_term: 1 candidate_status { last_received { term: 0 index: 0 } } ignore_live_leader: false dest_uuid: "6745967a9ec14502882a376701c8ff7f" is_pre_election: true
I20260713 09:07:12.054399 22407 raft_consensus.cc:2468] T eabdc935cece41d599a204f452ff6dd3 P 6745967a9ec14502882a376701c8ff7f [term 0 FOLLOWER]: Leader pre-election vote request: Granting yes vote for candidate da7e36702fd4409789506caba0ee8ae9 in term 0.
I20260713 09:07:12.052471 22523 leader_election.cc:304] T 442561a29130437eb0dd81c208c1cc80 P 35c3d9d8148341ea94195169c3fb5961 [CANDIDATE]: Term 1 pre-election: Election decided. Result: candidate won. Election summary: received 3 responses out of 3 voters: 2 yes votes; 1 no votes. yes voters: 35c3d9d8148341ea94195169c3fb5961, da7e36702fd4409789506caba0ee8ae9; no voters: 6745967a9ec14502882a376701c8ff7f
I20260713 09:07:12.056344 22611 raft_consensus.cc:2804] T 442561a29130437eb0dd81c208c1cc80 P 35c3d9d8148341ea94195169c3fb5961 [term 0 FOLLOWER]: Leader pre-election won for term 1
I20260713 09:07:12.056092 22602 raft_consensus.cc:359] T eabdc935cece41d599a204f452ff6dd3 P 35c3d9d8148341ea94195169c3fb5961 [term 0 FOLLOWER]: Replica starting. Triggering 0 pending ops. Active config: opid_index: -1 OBSOLETE_local: false peers { permanent_uuid: "6745967a9ec14502882a376701c8ff7f" member_type: VOTER last_known_addr { host: "127.21.192.65" port: 43749 } } peers { permanent_uuid: "da7e36702fd4409789506caba0ee8ae9" member_type: VOTER last_known_addr { host: "127.21.192.66" port: 38655 } } peers { permanent_uuid: "35c3d9d8148341ea94195169c3fb5961" member_type: VOTER last_known_addr { host: "127.21.192.67" port: 39179 } }
I20260713 09:07:12.056699 22611 raft_consensus.cc:493] T 442561a29130437eb0dd81c208c1cc80 P 35c3d9d8148341ea94195169c3fb5961 [term 0 FOLLOWER]: Starting leader election (no leader contacted us within the election timeout)
I20260713 09:07:12.056957 22602 raft_consensus.cc:385] T eabdc935cece41d599a204f452ff6dd3 P 35c3d9d8148341ea94195169c3fb5961 [term 0 FOLLOWER]: Consensus starting up: Expiring failure detector timer to make a prompt election more likely
I20260713 09:07:12.057080 22611 raft_consensus.cc:3060] T 442561a29130437eb0dd81c208c1cc80 P 35c3d9d8148341ea94195169c3fb5961 [term 0 FOLLOWER]: Advancing to term 1
I20260713 09:07:12.057621 22602 raft_consensus.cc:740] T eabdc935cece41d599a204f452ff6dd3 P 35c3d9d8148341ea94195169c3fb5961 [term 0 FOLLOWER]: Becoming Follower/Learner. State: Replica: 35c3d9d8148341ea94195169c3fb5961, State: Initialized, Role: FOLLOWER
I20260713 09:07:12.052495 22557 tablet_service.cc:1917] Received RequestConsensusVote() RPC: tablet_id: "eabdc935cece41d599a204f452ff6dd3" candidate_uuid: "da7e36702fd4409789506caba0ee8ae9" candidate_term: 1 candidate_status { last_received { term: 0 index: 0 } } ignore_live_leader: false dest_uuid: "35c3d9d8148341ea94195169c3fb5961" is_pre_election: true
I20260713 09:07:12.058173 22447 leader_election.cc:304] T eabdc935cece41d599a204f452ff6dd3 P da7e36702fd4409789506caba0ee8ae9 [CANDIDATE]: Term 1 pre-election: Election decided. Result: candidate won. Election summary: received 2 responses out of 3 voters: 2 yes votes; 0 no votes. yes voters: 6745967a9ec14502882a376701c8ff7f, da7e36702fd4409789506caba0ee8ae9; no voters: 
I20260713 09:07:12.059581 22602 consensus_queue.cc:260] T eabdc935cece41d599a204f452ff6dd3 P 35c3d9d8148341ea94195169c3fb5961 [NON_LEADER]: Queue going to NON_LEADER mode. State: All replicated index: 0, Majority replicated index: 0, Committed index: 0, Last appended: 0.0, Last appended by leader: 0, Current term: 0, Majority size: -1, State: 0, Mode: NON_LEADER, active raft config: opid_index: -1 OBSOLETE_local: false peers { permanent_uuid: "6745967a9ec14502882a376701c8ff7f" member_type: VOTER last_known_addr { host: "127.21.192.65" port: 43749 } } peers { permanent_uuid: "da7e36702fd4409789506caba0ee8ae9" member_type: VOTER last_known_addr { host: "127.21.192.66" port: 38655 } } peers { permanent_uuid: "35c3d9d8148341ea94195169c3fb5961" member_type: VOTER last_known_addr { host: "127.21.192.67" port: 39179 } }
I20260713 09:07:12.058542 22601 tablet_bootstrap.cc:492] T 0bc329f260c24146bf162d5d1dfdb8a5 P da7e36702fd4409789506caba0ee8ae9: Bootstrap starting.
I20260713 09:07:12.061039 22605 raft_consensus.cc:2804] T eabdc935cece41d599a204f452ff6dd3 P da7e36702fd4409789506caba0ee8ae9 [term 0 FOLLOWER]: Leader pre-election won for term 1
I20260713 09:07:12.060972 22557 raft_consensus.cc:2468] T eabdc935cece41d599a204f452ff6dd3 P 35c3d9d8148341ea94195169c3fb5961 [term 0 FOLLOWER]: Leader pre-election vote request: Granting yes vote for candidate da7e36702fd4409789506caba0ee8ae9 in term 0.
I20260713 09:07:12.063196 22605 raft_consensus.cc:493] T eabdc935cece41d599a204f452ff6dd3 P da7e36702fd4409789506caba0ee8ae9 [term 0 FOLLOWER]: Starting leader election (no leader contacted us within the election timeout)
I20260713 09:07:12.064448 22605 raft_consensus.cc:3060] T eabdc935cece41d599a204f452ff6dd3 P da7e36702fd4409789506caba0ee8ae9 [term 0 FOLLOWER]: Advancing to term 1
I20260713 09:07:12.067198 22602 ts_tablet_manager.cc:1434] T eabdc935cece41d599a204f452ff6dd3 P 35c3d9d8148341ea94195169c3fb5961: Time spent starting tablet: real 0.020s	user 0.006s	sys 0.003s
I20260713 09:07:12.068374 22602 tablet_bootstrap.cc:492] T e2429852a7ee45d1b483a073dc779376 P 35c3d9d8148341ea94195169c3fb5961: Bootstrap starting.
I20260713 09:07:12.070148 22625 raft_consensus.cc:515] T e2429852a7ee45d1b483a073dc779376 P 6745967a9ec14502882a376701c8ff7f [term 1 FOLLOWER]: Starting leader election with config: opid_index: -1 OBSOLETE_local: false peers { permanent_uuid: "6745967a9ec14502882a376701c8ff7f" member_type: VOTER last_known_addr { host: "127.21.192.65" port: 43749 } } peers { permanent_uuid: "da7e36702fd4409789506caba0ee8ae9" member_type: VOTER last_known_addr { host: "127.21.192.66" port: 38655 } } peers { permanent_uuid: "35c3d9d8148341ea94195169c3fb5961" member_type: VOTER last_known_addr { host: "127.21.192.67" port: 39179 } }
I20260713 09:07:12.074175 22483 tablet_service.cc:1917] Received RequestConsensusVote() RPC: tablet_id: "e2429852a7ee45d1b483a073dc779376" candidate_uuid: "6745967a9ec14502882a376701c8ff7f" candidate_term: 1 candidate_status { last_received { term: 0 index: 0 } } ignore_live_leader: false dest_uuid: "da7e36702fd4409789506caba0ee8ae9"
I20260713 09:07:12.074916 22483 raft_consensus.cc:3060] T e2429852a7ee45d1b483a073dc779376 P da7e36702fd4409789506caba0ee8ae9 [term 0 FOLLOWER]: Advancing to term 1
I20260713 09:07:12.083544 22625 leader_election.cc:290] T e2429852a7ee45d1b483a073dc779376 P 6745967a9ec14502882a376701c8ff7f [CANDIDATE]: Term 1 election: Requested vote from peers da7e36702fd4409789506caba0ee8ae9 (127.21.192.66:38655), 35c3d9d8148341ea94195169c3fb5961 (127.21.192.67:39179)
I20260713 09:07:12.084513 22557 tablet_service.cc:1917] Received RequestConsensusVote() RPC: tablet_id: "e2429852a7ee45d1b483a073dc779376" candidate_uuid: "6745967a9ec14502882a376701c8ff7f" candidate_term: 1 candidate_status { last_received { term: 0 index: 0 } } ignore_live_leader: false dest_uuid: "35c3d9d8148341ea94195169c3fb5961"
W20260713 09:07:12.088361 22372 leader_election.cc:343] T e2429852a7ee45d1b483a073dc779376 P 6745967a9ec14502882a376701c8ff7f [CANDIDATE]: Term 1 election: Tablet error from VoteRequest() call to peer 35c3d9d8148341ea94195169c3fb5961 (127.21.192.67:39179): Illegal state: must be running to vote when last-logged opid is not known
I20260713 09:07:12.090515 22483 raft_consensus.cc:2468] T e2429852a7ee45d1b483a073dc779376 P da7e36702fd4409789506caba0ee8ae9 [term 1 FOLLOWER]: Leader election vote request: Granting yes vote for candidate 6745967a9ec14502882a376701c8ff7f in term 1.
I20260713 09:07:12.093333 22600 tablet_bootstrap.cc:492] T 442561a29130437eb0dd81c208c1cc80 P 6745967a9ec14502882a376701c8ff7f: No bootstrap required, opened a new log
I20260713 09:07:12.093818 22600 ts_tablet_manager.cc:1403] T 442561a29130437eb0dd81c208c1cc80 P 6745967a9ec14502882a376701c8ff7f: Time spent bootstrapping tablet: real 0.092s	user 0.024s	sys 0.020s
I20260713 09:07:12.093520 22374 leader_election.cc:304] T e2429852a7ee45d1b483a073dc779376 P 6745967a9ec14502882a376701c8ff7f [CANDIDATE]: Term 1 election: Election decided. Result: candidate won. Election summary: received 3 responses out of 3 voters: 2 yes votes; 1 no votes. yes voters: 6745967a9ec14502882a376701c8ff7f, da7e36702fd4409789506caba0ee8ae9; no voters: 35c3d9d8148341ea94195169c3fb5961
I20260713 09:07:12.096148 22625 raft_consensus.cc:2804] T e2429852a7ee45d1b483a073dc779376 P 6745967a9ec14502882a376701c8ff7f [term 1 FOLLOWER]: Leader election won for term 1
I20260713 09:07:12.096690 22625 raft_consensus.cc:697] T e2429852a7ee45d1b483a073dc779376 P 6745967a9ec14502882a376701c8ff7f [term 1 LEADER]: Becoming Leader. State: Replica: 6745967a9ec14502882a376701c8ff7f, State: Running, Role: LEADER
I20260713 09:07:12.098661 22625 consensus_queue.cc:237] T e2429852a7ee45d1b483a073dc779376 P 6745967a9ec14502882a376701c8ff7f [LEADER]: Queue going to LEADER mode. State: All replicated index: 0, Majority replicated index: 0, Committed index: 0, Last appended: 0.0, Last appended by leader: 0, Current term: 1, Majority size: 2, State: 0, Mode: LEADER, active raft config: opid_index: -1 OBSOLETE_local: false peers { permanent_uuid: "6745967a9ec14502882a376701c8ff7f" member_type: VOTER last_known_addr { host: "127.21.192.65" port: 43749 } } peers { permanent_uuid: "da7e36702fd4409789506caba0ee8ae9" member_type: VOTER last_known_addr { host: "127.21.192.66" port: 38655 } } peers { permanent_uuid: "35c3d9d8148341ea94195169c3fb5961" member_type: VOTER last_known_addr { host: "127.21.192.67" port: 39179 } }
I20260713 09:07:12.101240 22600 raft_consensus.cc:359] T 442561a29130437eb0dd81c208c1cc80 P 6745967a9ec14502882a376701c8ff7f [term 0 FOLLOWER]: Replica starting. Triggering 0 pending ops. Active config: opid_index: -1 OBSOLETE_local: false peers { permanent_uuid: "6745967a9ec14502882a376701c8ff7f" member_type: VOTER last_known_addr { host: "127.21.192.65" port: 43749 } } peers { permanent_uuid: "da7e36702fd4409789506caba0ee8ae9" member_type: VOTER last_known_addr { host: "127.21.192.66" port: 38655 } } peers { permanent_uuid: "35c3d9d8148341ea94195169c3fb5961" member_type: VOTER last_known_addr { host: "127.21.192.67" port: 39179 } }
I20260713 09:07:12.101943 22600 raft_consensus.cc:385] T 442561a29130437eb0dd81c208c1cc80 P 6745967a9ec14502882a376701c8ff7f [term 0 FOLLOWER]: Consensus starting up: Expiring failure detector timer to make a prompt election more likely
I20260713 09:07:12.093349 22611 raft_consensus.cc:515] T 442561a29130437eb0dd81c208c1cc80 P 35c3d9d8148341ea94195169c3fb5961 [term 1 FOLLOWER]: Starting leader election with config: opid_index: -1 OBSOLETE_local: false peers { permanent_uuid: "6745967a9ec14502882a376701c8ff7f" member_type: VOTER last_known_addr { host: "127.21.192.65" port: 43749 } } peers { permanent_uuid: "da7e36702fd4409789506caba0ee8ae9" member_type: VOTER last_known_addr { host: "127.21.192.66" port: 38655 } } peers { permanent_uuid: "35c3d9d8148341ea94195169c3fb5961" member_type: VOTER last_known_addr { host: "127.21.192.67" port: 39179 } }
I20260713 09:07:12.102277 22600 raft_consensus.cc:740] T 442561a29130437eb0dd81c208c1cc80 P 6745967a9ec14502882a376701c8ff7f [term 0 FOLLOWER]: Becoming Follower/Learner. State: Replica: 6745967a9ec14502882a376701c8ff7f, State: Initialized, Role: FOLLOWER
I20260713 09:07:12.104319 22611 leader_election.cc:290] T 442561a29130437eb0dd81c208c1cc80 P 35c3d9d8148341ea94195169c3fb5961 [CANDIDATE]: Term 1 election: Requested vote from peers 6745967a9ec14502882a376701c8ff7f (127.21.192.65:43749), da7e36702fd4409789506caba0ee8ae9 (127.21.192.66:38655)
I20260713 09:07:12.094177 22605 raft_consensus.cc:515] T eabdc935cece41d599a204f452ff6dd3 P da7e36702fd4409789506caba0ee8ae9 [term 1 FOLLOWER]: Starting leader election with config: opid_index: -1 OBSOLETE_local: false peers { permanent_uuid: "6745967a9ec14502882a376701c8ff7f" member_type: VOTER last_known_addr { host: "127.21.192.65" port: 43749 } } peers { permanent_uuid: "da7e36702fd4409789506caba0ee8ae9" member_type: VOTER last_known_addr { host: "127.21.192.66" port: 38655 } } peers { permanent_uuid: "35c3d9d8148341ea94195169c3fb5961" member_type: VOTER last_known_addr { host: "127.21.192.67" port: 39179 } }
I20260713 09:07:12.108013 22407 tablet_service.cc:1917] Received RequestConsensusVote() RPC: tablet_id: "442561a29130437eb0dd81c208c1cc80" candidate_uuid: "35c3d9d8148341ea94195169c3fb5961" candidate_term: 1 candidate_status { last_received { term: 0 index: 0 } } ignore_live_leader: false dest_uuid: "6745967a9ec14502882a376701c8ff7f"
I20260713 09:07:12.103817 22600 consensus_queue.cc:260] T 442561a29130437eb0dd81c208c1cc80 P 6745967a9ec14502882a376701c8ff7f [NON_LEADER]: Queue going to NON_LEADER mode. State: All replicated index: 0, Majority replicated index: 0, Committed index: 0, Last appended: 0.0, Last appended by leader: 0, Current term: 0, Majority size: -1, State: 0, Mode: NON_LEADER, active raft config: opid_index: -1 OBSOLETE_local: false peers { permanent_uuid: "6745967a9ec14502882a376701c8ff7f" member_type: VOTER last_known_addr { host: "127.21.192.65" port: 43749 } } peers { permanent_uuid: "da7e36702fd4409789506caba0ee8ae9" member_type: VOTER last_known_addr { host: "127.21.192.66" port: 38655 } } peers { permanent_uuid: "35c3d9d8148341ea94195169c3fb5961" member_type: VOTER last_known_addr { host: "127.21.192.67" port: 39179 } }
I20260713 09:07:12.110466 22407 raft_consensus.cc:3060] T 442561a29130437eb0dd81c208c1cc80 P 6745967a9ec14502882a376701c8ff7f [term 0 FOLLOWER]: Advancing to term 1
I20260713 09:07:12.113013 22605 leader_election.cc:290] T eabdc935cece41d599a204f452ff6dd3 P da7e36702fd4409789506caba0ee8ae9 [CANDIDATE]: Term 1 election: Requested vote from peers 6745967a9ec14502882a376701c8ff7f (127.21.192.65:43749), 35c3d9d8148341ea94195169c3fb5961 (127.21.192.67:39179)
I20260713 09:07:12.116295 22483 tablet_service.cc:1917] Received RequestConsensusVote() RPC: tablet_id: "442561a29130437eb0dd81c208c1cc80" candidate_uuid: "35c3d9d8148341ea94195169c3fb5961" candidate_term: 1 candidate_status { last_received { term: 0 index: 0 } } ignore_live_leader: false dest_uuid: "da7e36702fd4409789506caba0ee8ae9"
I20260713 09:07:12.116560 22557 tablet_service.cc:1917] Received RequestConsensusVote() RPC: tablet_id: "eabdc935cece41d599a204f452ff6dd3" candidate_uuid: "da7e36702fd4409789506caba0ee8ae9" candidate_term: 1 candidate_status { last_received { term: 0 index: 0 } } ignore_live_leader: false dest_uuid: "35c3d9d8148341ea94195169c3fb5961"
I20260713 09:07:12.117635 22483 raft_consensus.cc:3060] T 442561a29130437eb0dd81c208c1cc80 P da7e36702fd4409789506caba0ee8ae9 [term 0 FOLLOWER]: Advancing to term 1
I20260713 09:07:12.117714 22557 raft_consensus.cc:3060] T eabdc935cece41d599a204f452ff6dd3 P 35c3d9d8148341ea94195169c3fb5961 [term 0 FOLLOWER]: Advancing to term 1
I20260713 09:07:12.117894 22625 raft_consensus.cc:493] T 0bc329f260c24146bf162d5d1dfdb8a5 P 6745967a9ec14502882a376701c8ff7f [term 0 FOLLOWER]: Starting pre-election (no leader contacted us within the election timeout)
I20260713 09:07:12.116848 22408 tablet_service.cc:1917] Received RequestConsensusVote() RPC: tablet_id: "eabdc935cece41d599a204f452ff6dd3" candidate_uuid: "da7e36702fd4409789506caba0ee8ae9" candidate_term: 1 candidate_status { last_received { term: 0 index: 0 } } ignore_live_leader: false dest_uuid: "6745967a9ec14502882a376701c8ff7f"
I20260713 09:07:12.117225 22600 ts_tablet_manager.cc:1434] T 442561a29130437eb0dd81c208c1cc80 P 6745967a9ec14502882a376701c8ff7f: Time spent starting tablet: real 0.023s	user 0.007s	sys 0.002s
I20260713 09:07:12.119716 22408 raft_consensus.cc:3060] T eabdc935cece41d599a204f452ff6dd3 P 6745967a9ec14502882a376701c8ff7f [term 0 FOLLOWER]: Advancing to term 1
I20260713 09:07:12.119127 22625 raft_consensus.cc:515] T 0bc329f260c24146bf162d5d1dfdb8a5 P 6745967a9ec14502882a376701c8ff7f [term 0 FOLLOWER]: Starting pre-election with config: opid_index: -1 OBSOLETE_local: false peers { permanent_uuid: "6745967a9ec14502882a376701c8ff7f" member_type: VOTER last_known_addr { host: "127.21.192.65" port: 43749 } } peers { permanent_uuid: "35c3d9d8148341ea94195169c3fb5961" member_type: VOTER last_known_addr { host: "127.21.192.67" port: 39179 } } peers { permanent_uuid: "da7e36702fd4409789506caba0ee8ae9" member_type: VOTER last_known_addr { host: "127.21.192.66" port: 38655 } }
I20260713 09:07:12.123916 22602 tablet_bootstrap.cc:654] T e2429852a7ee45d1b483a073dc779376 P 35c3d9d8148341ea94195169c3fb5961: Neither blocks nor log segments found. Creating new log.
I20260713 09:07:12.125478 22304 catalog_manager.cc:5697] T e2429852a7ee45d1b483a073dc779376 P 6745967a9ec14502882a376701c8ff7f reported cstate change: term changed from 0 to 1, leader changed from <none> to 6745967a9ec14502882a376701c8ff7f (127.21.192.65). New cstate: current_term: 1 leader_uuid: "6745967a9ec14502882a376701c8ff7f" committed_config { opid_index: -1 OBSOLETE_local: false peers { permanent_uuid: "6745967a9ec14502882a376701c8ff7f" member_type: VOTER last_known_addr { host: "127.21.192.65" port: 43749 } health_report { overall_health: HEALTHY } } peers { permanent_uuid: "da7e36702fd4409789506caba0ee8ae9" member_type: VOTER last_known_addr { host: "127.21.192.66" port: 38655 } health_report { overall_health: UNKNOWN } } peers { permanent_uuid: "35c3d9d8148341ea94195169c3fb5961" member_type: VOTER last_known_addr { host: "127.21.192.67" port: 39179 } health_report { overall_health: UNKNOWN } } }
I20260713 09:07:12.124257 22601 tablet_bootstrap.cc:654] T 0bc329f260c24146bf162d5d1dfdb8a5 P da7e36702fd4409789506caba0ee8ae9: Neither blocks nor log segments found. Creating new log.
I20260713 09:07:12.129171 22556 tablet_service.cc:1917] Received RequestConsensusVote() RPC: tablet_id: "0bc329f260c24146bf162d5d1dfdb8a5" candidate_uuid: "6745967a9ec14502882a376701c8ff7f" candidate_term: 1 candidate_status { last_received { term: 0 index: 0 } } ignore_live_leader: false dest_uuid: "35c3d9d8148341ea94195169c3fb5961" is_pre_election: true
I20260713 09:07:12.130690 22482 tablet_service.cc:1917] Received RequestConsensusVote() RPC: tablet_id: "0bc329f260c24146bf162d5d1dfdb8a5" candidate_uuid: "6745967a9ec14502882a376701c8ff7f" candidate_term: 1 candidate_status { last_received { term: 0 index: 0 } } ignore_live_leader: false dest_uuid: "da7e36702fd4409789506caba0ee8ae9" is_pre_election: true
I20260713 09:07:12.128814 22600 tablet_bootstrap.cc:492] T 428aa3e892124479b732a43bd4c392cd P 6745967a9ec14502882a376701c8ff7f: Bootstrap starting.
W20260713 09:07:12.130708 22372 leader_election.cc:343] T 0bc329f260c24146bf162d5d1dfdb8a5 P 6745967a9ec14502882a376701c8ff7f [CANDIDATE]: Term 1 pre-election: Tablet error from VoteRequest() call to peer 35c3d9d8148341ea94195169c3fb5961 (127.21.192.67:39179): Illegal state: must be running to vote when last-logged opid is not known
W20260713 09:07:12.133160 22374 leader_election.cc:343] T 0bc329f260c24146bf162d5d1dfdb8a5 P 6745967a9ec14502882a376701c8ff7f [CANDIDATE]: Term 1 pre-election: Tablet error from VoteRequest() call to peer da7e36702fd4409789506caba0ee8ae9 (127.21.192.66:38655): Illegal state: must be running to vote when last-logged opid is not known
I20260713 09:07:12.133824 22374 leader_election.cc:304] T 0bc329f260c24146bf162d5d1dfdb8a5 P 6745967a9ec14502882a376701c8ff7f [CANDIDATE]: Term 1 pre-election: Election decided. Result: candidate lost. Election summary: received 3 responses out of 3 voters: 1 yes votes; 2 no votes. yes voters: 6745967a9ec14502882a376701c8ff7f; no voters: 35c3d9d8148341ea94195169c3fb5961, da7e36702fd4409789506caba0ee8ae9
I20260713 09:07:12.134675 22608 raft_consensus.cc:2749] T 0bc329f260c24146bf162d5d1dfdb8a5 P 6745967a9ec14502882a376701c8ff7f [term 0 FOLLOWER]: Leader pre-election lost for term 1. Reason: could not achieve majority
I20260713 09:07:12.133265 22625 leader_election.cc:290] T 0bc329f260c24146bf162d5d1dfdb8a5 P 6745967a9ec14502882a376701c8ff7f [CANDIDATE]: Term 1 pre-election: Requested pre-vote from peers 35c3d9d8148341ea94195169c3fb5961 (127.21.192.67:39179), da7e36702fd4409789506caba0ee8ae9 (127.21.192.66:38655)
I20260713 09:07:12.140432 22408 raft_consensus.cc:2468] T eabdc935cece41d599a204f452ff6dd3 P 6745967a9ec14502882a376701c8ff7f [term 1 FOLLOWER]: Leader election vote request: Granting yes vote for candidate da7e36702fd4409789506caba0ee8ae9 in term 1.
I20260713 09:07:12.147330 22447 leader_election.cc:304] T eabdc935cece41d599a204f452ff6dd3 P da7e36702fd4409789506caba0ee8ae9 [CANDIDATE]: Term 1 election: Election decided. Result: candidate won. Election summary: received 2 responses out of 3 voters: 2 yes votes; 0 no votes. yes voters: 6745967a9ec14502882a376701c8ff7f, da7e36702fd4409789506caba0ee8ae9; no voters: 
I20260713 09:07:12.148389 22605 raft_consensus.cc:2804] T eabdc935cece41d599a204f452ff6dd3 P da7e36702fd4409789506caba0ee8ae9 [term 1 FOLLOWER]: Leader election won for term 1
I20260713 09:07:12.148654 22601 tablet_bootstrap.cc:492] T 0bc329f260c24146bf162d5d1dfdb8a5 P da7e36702fd4409789506caba0ee8ae9: No bootstrap required, opened a new log
I20260713 09:07:12.148881 22407 raft_consensus.cc:2468] T 442561a29130437eb0dd81c208c1cc80 P 6745967a9ec14502882a376701c8ff7f [term 1 FOLLOWER]: Leader election vote request: Granting yes vote for candidate 35c3d9d8148341ea94195169c3fb5961 in term 1.
I20260713 09:07:12.150700 22601 ts_tablet_manager.cc:1403] T 0bc329f260c24146bf162d5d1dfdb8a5 P da7e36702fd4409789506caba0ee8ae9: Time spent bootstrapping tablet: real 0.098s	user 0.013s	sys 0.004s
I20260713 09:07:12.156354 22521 leader_election.cc:304] T 442561a29130437eb0dd81c208c1cc80 P 35c3d9d8148341ea94195169c3fb5961 [CANDIDATE]: Term 1 election: Election decided. Result: candidate won. Election summary: received 2 responses out of 3 voters: 2 yes votes; 0 no votes. yes voters: 35c3d9d8148341ea94195169c3fb5961, 6745967a9ec14502882a376701c8ff7f; no voters: 
I20260713 09:07:12.157171 22557 raft_consensus.cc:2468] T eabdc935cece41d599a204f452ff6dd3 P 35c3d9d8148341ea94195169c3fb5961 [term 1 FOLLOWER]: Leader election vote request: Granting yes vote for candidate da7e36702fd4409789506caba0ee8ae9 in term 1.
I20260713 09:07:12.157358 22611 raft_consensus.cc:2804] T 442561a29130437eb0dd81c208c1cc80 P 35c3d9d8148341ea94195169c3fb5961 [term 1 FOLLOWER]: Leader election won for term 1
I20260713 09:07:12.157816 22611 raft_consensus.cc:697] T 442561a29130437eb0dd81c208c1cc80 P 35c3d9d8148341ea94195169c3fb5961 [term 1 LEADER]: Becoming Leader. State: Replica: 35c3d9d8148341ea94195169c3fb5961, State: Running, Role: LEADER
I20260713 09:07:12.158730 22611 consensus_queue.cc:237] T 442561a29130437eb0dd81c208c1cc80 P 35c3d9d8148341ea94195169c3fb5961 [LEADER]: Queue going to LEADER mode. State: All replicated index: 0, Majority replicated index: 0, Committed index: 0, Last appended: 0.0, Last appended by leader: 0, Current term: 1, Majority size: 2, State: 0, Mode: LEADER, active raft config: opid_index: -1 OBSOLETE_local: false peers { permanent_uuid: "6745967a9ec14502882a376701c8ff7f" member_type: VOTER last_known_addr { host: "127.21.192.65" port: 43749 } } peers { permanent_uuid: "da7e36702fd4409789506caba0ee8ae9" member_type: VOTER last_known_addr { host: "127.21.192.66" port: 38655 } } peers { permanent_uuid: "35c3d9d8148341ea94195169c3fb5961" member_type: VOTER last_known_addr { host: "127.21.192.67" port: 39179 } }
I20260713 09:07:12.156463 22601 raft_consensus.cc:359] T 0bc329f260c24146bf162d5d1dfdb8a5 P da7e36702fd4409789506caba0ee8ae9 [term 0 FOLLOWER]: Replica starting. Triggering 0 pending ops. Active config: opid_index: -1 OBSOLETE_local: false peers { permanent_uuid: "6745967a9ec14502882a376701c8ff7f" member_type: VOTER last_known_addr { host: "127.21.192.65" port: 43749 } } peers { permanent_uuid: "35c3d9d8148341ea94195169c3fb5961" member_type: VOTER last_known_addr { host: "127.21.192.67" port: 39179 } } peers { permanent_uuid: "da7e36702fd4409789506caba0ee8ae9" member_type: VOTER last_known_addr { host: "127.21.192.66" port: 38655 } }
I20260713 09:07:12.162387 22602 tablet_bootstrap.cc:492] T e2429852a7ee45d1b483a073dc779376 P 35c3d9d8148341ea94195169c3fb5961: No bootstrap required, opened a new log
I20260713 09:07:12.162763 22601 raft_consensus.cc:385] T 0bc329f260c24146bf162d5d1dfdb8a5 P da7e36702fd4409789506caba0ee8ae9 [term 0 FOLLOWER]: Consensus starting up: Expiring failure detector timer to make a prompt election more likely
I20260713 09:07:12.163108 22602 ts_tablet_manager.cc:1403] T e2429852a7ee45d1b483a073dc779376 P 35c3d9d8148341ea94195169c3fb5961: Time spent bootstrapping tablet: real 0.095s	user 0.014s	sys 0.011s
I20260713 09:07:12.163295 22601 raft_consensus.cc:740] T 0bc329f260c24146bf162d5d1dfdb8a5 P da7e36702fd4409789506caba0ee8ae9 [term 0 FOLLOWER]: Becoming Follower/Learner. State: Replica: da7e36702fd4409789506caba0ee8ae9, State: Initialized, Role: FOLLOWER
I20260713 09:07:12.164921 22601 consensus_queue.cc:260] T 0bc329f260c24146bf162d5d1dfdb8a5 P da7e36702fd4409789506caba0ee8ae9 [NON_LEADER]: Queue going to NON_LEADER mode. State: All replicated index: 0, Majority replicated index: 0, Committed index: 0, Last appended: 0.0, Last appended by leader: 0, Current term: 0, Majority size: -1, State: 0, Mode: NON_LEADER, active raft config: opid_index: -1 OBSOLETE_local: false peers { permanent_uuid: "6745967a9ec14502882a376701c8ff7f" member_type: VOTER last_known_addr { host: "127.21.192.65" port: 43749 } } peers { permanent_uuid: "35c3d9d8148341ea94195169c3fb5961" member_type: VOTER last_known_addr { host: "127.21.192.67" port: 39179 } } peers { permanent_uuid: "da7e36702fd4409789506caba0ee8ae9" member_type: VOTER last_known_addr { host: "127.21.192.66" port: 38655 } }
I20260713 09:07:12.167092 22605 raft_consensus.cc:697] T eabdc935cece41d599a204f452ff6dd3 P da7e36702fd4409789506caba0ee8ae9 [term 1 LEADER]: Becoming Leader. State: Replica: da7e36702fd4409789506caba0ee8ae9, State: Running, Role: LEADER
I20260713 09:07:12.161514 22483 raft_consensus.cc:2468] T 442561a29130437eb0dd81c208c1cc80 P da7e36702fd4409789506caba0ee8ae9 [term 1 FOLLOWER]: Leader election vote request: Granting yes vote for candidate 35c3d9d8148341ea94195169c3fb5961 in term 1.
I20260713 09:07:12.168254 22605 consensus_queue.cc:237] T eabdc935cece41d599a204f452ff6dd3 P da7e36702fd4409789506caba0ee8ae9 [LEADER]: Queue going to LEADER mode. State: All replicated index: 0, Majority replicated index: 0, Committed index: 0, Last appended: 0.0, Last appended by leader: 0, Current term: 1, Majority size: 2, State: 0, Mode: LEADER, active raft config: opid_index: -1 OBSOLETE_local: false peers { permanent_uuid: "6745967a9ec14502882a376701c8ff7f" member_type: VOTER last_known_addr { host: "127.21.192.65" port: 43749 } } peers { permanent_uuid: "da7e36702fd4409789506caba0ee8ae9" member_type: VOTER last_known_addr { host: "127.21.192.66" port: 38655 } } peers { permanent_uuid: "35c3d9d8148341ea94195169c3fb5961" member_type: VOTER last_known_addr { host: "127.21.192.67" port: 39179 } }
I20260713 09:07:12.176527 22602 raft_consensus.cc:359] T e2429852a7ee45d1b483a073dc779376 P 35c3d9d8148341ea94195169c3fb5961 [term 0 FOLLOWER]: Replica starting. Triggering 0 pending ops. Active config: opid_index: -1 OBSOLETE_local: false peers { permanent_uuid: "6745967a9ec14502882a376701c8ff7f" member_type: VOTER last_known_addr { host: "127.21.192.65" port: 43749 } } peers { permanent_uuid: "da7e36702fd4409789506caba0ee8ae9" member_type: VOTER last_known_addr { host: "127.21.192.66" port: 38655 } } peers { permanent_uuid: "35c3d9d8148341ea94195169c3fb5961" member_type: VOTER last_known_addr { host: "127.21.192.67" port: 39179 } }
I20260713 09:07:12.177367 22602 raft_consensus.cc:385] T e2429852a7ee45d1b483a073dc779376 P 35c3d9d8148341ea94195169c3fb5961 [term 0 FOLLOWER]: Consensus starting up: Expiring failure detector timer to make a prompt election more likely
I20260713 09:07:12.177680 22602 raft_consensus.cc:740] T e2429852a7ee45d1b483a073dc779376 P 35c3d9d8148341ea94195169c3fb5961 [term 0 FOLLOWER]: Becoming Follower/Learner. State: Replica: 35c3d9d8148341ea94195169c3fb5961, State: Initialized, Role: FOLLOWER
I20260713 09:07:12.178989 22602 consensus_queue.cc:260] T e2429852a7ee45d1b483a073dc779376 P 35c3d9d8148341ea94195169c3fb5961 [NON_LEADER]: Queue going to NON_LEADER mode. State: All replicated index: 0, Majority replicated index: 0, Committed index: 0, Last appended: 0.0, Last appended by leader: 0, Current term: 0, Majority size: -1, State: 0, Mode: NON_LEADER, active raft config: opid_index: -1 OBSOLETE_local: false peers { permanent_uuid: "6745967a9ec14502882a376701c8ff7f" member_type: VOTER last_known_addr { host: "127.21.192.65" port: 43749 } } peers { permanent_uuid: "da7e36702fd4409789506caba0ee8ae9" member_type: VOTER last_known_addr { host: "127.21.192.66" port: 38655 } } peers { permanent_uuid: "35c3d9d8148341ea94195169c3fb5961" member_type: VOTER last_known_addr { host: "127.21.192.67" port: 39179 } }
I20260713 09:07:12.181598 22602 ts_tablet_manager.cc:1434] T e2429852a7ee45d1b483a073dc779376 P 35c3d9d8148341ea94195169c3fb5961: Time spent starting tablet: real 0.018s	user 0.007s	sys 0.001s
I20260713 09:07:12.182703 22602 tablet_bootstrap.cc:492] T 0bc329f260c24146bf162d5d1dfdb8a5 P 35c3d9d8148341ea94195169c3fb5961: Bootstrap starting.
I20260713 09:07:12.181979 22305 catalog_manager.cc:5697] T 442561a29130437eb0dd81c208c1cc80 P 35c3d9d8148341ea94195169c3fb5961 reported cstate change: term changed from 0 to 1, leader changed from <none> to 35c3d9d8148341ea94195169c3fb5961 (127.21.192.67). New cstate: current_term: 1 leader_uuid: "35c3d9d8148341ea94195169c3fb5961" committed_config { opid_index: -1 OBSOLETE_local: false peers { permanent_uuid: "6745967a9ec14502882a376701c8ff7f" member_type: VOTER last_known_addr { host: "127.21.192.65" port: 43749 } health_report { overall_health: UNKNOWN } } peers { permanent_uuid: "da7e36702fd4409789506caba0ee8ae9" member_type: VOTER last_known_addr { host: "127.21.192.66" port: 38655 } health_report { overall_health: UNKNOWN } } peers { permanent_uuid: "35c3d9d8148341ea94195169c3fb5961" member_type: VOTER last_known_addr { host: "127.21.192.67" port: 39179 } health_report { overall_health: HEALTHY } } }
I20260713 09:07:12.187923 22601 ts_tablet_manager.cc:1434] T 0bc329f260c24146bf162d5d1dfdb8a5 P da7e36702fd4409789506caba0ee8ae9: Time spent starting tablet: real 0.037s	user 0.003s	sys 0.006s
I20260713 09:07:12.189072 22601 tablet_bootstrap.cc:492] T 396378d89b3a462ea4197f4ef5a7a419 P da7e36702fd4409789506caba0ee8ae9: Bootstrap starting.
I20260713 09:07:12.194872 22304 catalog_manager.cc:5697] T eabdc935cece41d599a204f452ff6dd3 P da7e36702fd4409789506caba0ee8ae9 reported cstate change: term changed from 0 to 1, leader changed from <none> to da7e36702fd4409789506caba0ee8ae9 (127.21.192.66). New cstate: current_term: 1 leader_uuid: "da7e36702fd4409789506caba0ee8ae9" committed_config { opid_index: -1 OBSOLETE_local: false peers { permanent_uuid: "6745967a9ec14502882a376701c8ff7f" member_type: VOTER last_known_addr { host: "127.21.192.65" port: 43749 } health_report { overall_health: UNKNOWN } } peers { permanent_uuid: "da7e36702fd4409789506caba0ee8ae9" member_type: VOTER last_known_addr { host: "127.21.192.66" port: 38655 } health_report { overall_health: HEALTHY } } peers { permanent_uuid: "35c3d9d8148341ea94195169c3fb5961" member_type: VOTER last_known_addr { host: "127.21.192.67" port: 39179 } health_report { overall_health: UNKNOWN } } }
I20260713 09:07:12.196137 22601 tablet_bootstrap.cc:654] T 396378d89b3a462ea4197f4ef5a7a419 P da7e36702fd4409789506caba0ee8ae9: Neither blocks nor log segments found. Creating new log.
I20260713 09:07:12.200289 22600 tablet_bootstrap.cc:654] T 428aa3e892124479b732a43bd4c392cd P 6745967a9ec14502882a376701c8ff7f: Neither blocks nor log segments found. Creating new log.
I20260713 09:07:12.203289 22602 tablet_bootstrap.cc:654] T 0bc329f260c24146bf162d5d1dfdb8a5 P 35c3d9d8148341ea94195169c3fb5961: Neither blocks nor log segments found. Creating new log.
I20260713 09:07:12.213094 22601 tablet_bootstrap.cc:492] T 396378d89b3a462ea4197f4ef5a7a419 P da7e36702fd4409789506caba0ee8ae9: No bootstrap required, opened a new log
I20260713 09:07:12.213613 22601 ts_tablet_manager.cc:1403] T 396378d89b3a462ea4197f4ef5a7a419 P da7e36702fd4409789506caba0ee8ae9: Time spent bootstrapping tablet: real 0.025s	user 0.015s	sys 0.000s
I20260713 09:07:12.216360 22601 raft_consensus.cc:359] T 396378d89b3a462ea4197f4ef5a7a419 P da7e36702fd4409789506caba0ee8ae9 [term 0 FOLLOWER]: Replica starting. Triggering 0 pending ops. Active config: opid_index: -1 OBSOLETE_local: false peers { permanent_uuid: "6745967a9ec14502882a376701c8ff7f" member_type: VOTER last_known_addr { host: "127.21.192.65" port: 43749 } } peers { permanent_uuid: "da7e36702fd4409789506caba0ee8ae9" member_type: VOTER last_known_addr { host: "127.21.192.66" port: 38655 } } peers { permanent_uuid: "35c3d9d8148341ea94195169c3fb5961" member_type: VOTER last_known_addr { host: "127.21.192.67" port: 39179 } }
I20260713 09:07:12.217111 22601 raft_consensus.cc:385] T 396378d89b3a462ea4197f4ef5a7a419 P da7e36702fd4409789506caba0ee8ae9 [term 0 FOLLOWER]: Consensus starting up: Expiring failure detector timer to make a prompt election more likely
I20260713 09:07:12.217403 22601 raft_consensus.cc:740] T 396378d89b3a462ea4197f4ef5a7a419 P da7e36702fd4409789506caba0ee8ae9 [term 0 FOLLOWER]: Becoming Follower/Learner. State: Replica: da7e36702fd4409789506caba0ee8ae9, State: Initialized, Role: FOLLOWER
I20260713 09:07:12.218099 22601 consensus_queue.cc:260] T 396378d89b3a462ea4197f4ef5a7a419 P da7e36702fd4409789506caba0ee8ae9 [NON_LEADER]: Queue going to NON_LEADER mode. State: All replicated index: 0, Majority replicated index: 0, Committed index: 0, Last appended: 0.0, Last appended by leader: 0, Current term: 0, Majority size: -1, State: 0, Mode: NON_LEADER, active raft config: opid_index: -1 OBSOLETE_local: false peers { permanent_uuid: "6745967a9ec14502882a376701c8ff7f" member_type: VOTER last_known_addr { host: "127.21.192.65" port: 43749 } } peers { permanent_uuid: "da7e36702fd4409789506caba0ee8ae9" member_type: VOTER last_known_addr { host: "127.21.192.66" port: 38655 } } peers { permanent_uuid: "35c3d9d8148341ea94195169c3fb5961" member_type: VOTER last_known_addr { host: "127.21.192.67" port: 39179 } }
I20260713 09:07:12.222350 22601 ts_tablet_manager.cc:1434] T 396378d89b3a462ea4197f4ef5a7a419 P da7e36702fd4409789506caba0ee8ae9: Time spent starting tablet: real 0.008s	user 0.004s	sys 0.003s
I20260713 09:07:12.223220 22601 tablet_bootstrap.cc:492] T c7f6adc6f2de457eb899e112d3f32bb1 P da7e36702fd4409789506caba0ee8ae9: Bootstrap starting.
I20260713 09:07:12.229682 22601 tablet_bootstrap.cc:654] T c7f6adc6f2de457eb899e112d3f32bb1 P da7e36702fd4409789506caba0ee8ae9: Neither blocks nor log segments found. Creating new log.
I20260713 09:07:12.246979 22602 tablet_bootstrap.cc:492] T 0bc329f260c24146bf162d5d1dfdb8a5 P 35c3d9d8148341ea94195169c3fb5961: No bootstrap required, opened a new log
I20260713 09:07:12.247547 22602 ts_tablet_manager.cc:1403] T 0bc329f260c24146bf162d5d1dfdb8a5 P 35c3d9d8148341ea94195169c3fb5961: Time spent bootstrapping tablet: real 0.065s	user 0.014s	sys 0.012s
