I20260713 09:07:12.546001 22303 catalog_manager.cc:5697] T 2c8fb05f0e584f70a127d3e35b173bda P 35c3d9d8148341ea94195169c3fb5961 reported cstate change: term changed from 0 to 1, leader changed from <none> to 35c3d9d8148341ea94195169c3fb5961 (127.21.192.67). New cstate: current_term: 1 leader_uuid: "35c3d9d8148341ea94195169c3fb5961" committed_config { opid_index: -1 OBSOLETE_local: false peers { permanent_uuid: "6745967a9ec14502882a376701c8ff7f" member_type: VOTER last_known_addr { host: "127.21.192.65" port: 43749 } health_report { overall_health: UNKNOWN } } peers { permanent_uuid: "da7e36702fd4409789506caba0ee8ae9" member_type: VOTER last_known_addr { host: "127.21.192.66" port: 38655 } health_report { overall_health: UNKNOWN } } peers { permanent_uuid: "35c3d9d8148341ea94195169c3fb5961" member_type: VOTER last_known_addr { host: "127.21.192.67" port: 39179 } health_report { overall_health: HEALTHY } } }
I20260713 09:07:12.571681 22557 raft_consensus.cc:3060] T e2429852a7ee45d1b483a073dc779376 P 35c3d9d8148341ea94195169c3fb5961 [term 0 FOLLOWER]: Advancing to term 1
I20260713 09:07:12.584506 22663 consensus_queue.cc:1048] T e2429852a7ee45d1b483a073dc779376 P 6745967a9ec14502882a376701c8ff7f [LEADER]: Connected to new peer: Peer: permanent_uuid: "35c3d9d8148341ea94195169c3fb5961" member_type: VOTER last_known_addr { host: "127.21.192.67" port: 39179 }, Status: LMP_MISMATCH, Last received: 0.0, Next index: 1, Last known committed idx: 0, Time since last communication: 0.000s
I20260713 09:07:12.584745 22305 catalog_manager.cc:5697] T c7f6adc6f2de457eb899e112d3f32bb1 P 35c3d9d8148341ea94195169c3fb5961 reported cstate change: term changed from 0 to 1, leader changed from <none> to 35c3d9d8148341ea94195169c3fb5961 (127.21.192.67). New cstate: current_term: 1 leader_uuid: "35c3d9d8148341ea94195169c3fb5961" committed_config { opid_index: -1 OBSOLETE_local: false peers { permanent_uuid: "6745967a9ec14502882a376701c8ff7f" member_type: VOTER last_known_addr { host: "127.21.192.65" port: 43749 } health_report { overall_health: UNKNOWN } } peers { permanent_uuid: "da7e36702fd4409789506caba0ee8ae9" member_type: VOTER last_known_addr { host: "127.21.192.66" port: 38655 } health_report { overall_health: UNKNOWN } } peers { permanent_uuid: "35c3d9d8148341ea94195169c3fb5961" member_type: VOTER last_known_addr { host: "127.21.192.67" port: 39179 } health_report { overall_health: HEALTHY } } }
I20260713 09:07:12.611629 22605 consensus_queue.cc:1048] T eabdc935cece41d599a204f452ff6dd3 P da7e36702fd4409789506caba0ee8ae9 [LEADER]: Connected to new peer: Peer: permanent_uuid: "6745967a9ec14502882a376701c8ff7f" member_type: VOTER last_known_addr { host: "127.21.192.65" port: 43749 }, Status: LMP_MISMATCH, Last received: 0.0, Next index: 1, Last known committed idx: 0, Time since last communication: 0.000s
I20260713 09:07:12.625742 22641 consensus_queue.cc:1048] T eabdc935cece41d599a204f452ff6dd3 P da7e36702fd4409789506caba0ee8ae9 [LEADER]: Connected to new peer: Peer: permanent_uuid: "35c3d9d8148341ea94195169c3fb5961" member_type: VOTER last_known_addr { host: "127.21.192.67" port: 39179 }, Status: LMP_MISMATCH, Last received: 0.0, Next index: 1, Last known committed idx: 0, Time since last communication: 0.001s
I20260713 09:07:12.662459 22611 raft_consensus.cc:493] T 396378d89b3a462ea4197f4ef5a7a419 P 35c3d9d8148341ea94195169c3fb5961 [term 0 FOLLOWER]: Starting pre-election (no leader contacted us within the election timeout)
I20260713 09:07:12.663021 22611 raft_consensus.cc:515] T 396378d89b3a462ea4197f4ef5a7a419 P 35c3d9d8148341ea94195169c3fb5961 [term 0 FOLLOWER]: Starting pre-election with config: opid_index: -1 OBSOLETE_local: false peers { permanent_uuid: "6745967a9ec14502882a376701c8ff7f" member_type: VOTER last_known_addr { host: "127.21.192.65" port: 43749 } } peers { permanent_uuid: "da7e36702fd4409789506caba0ee8ae9" member_type: VOTER last_known_addr { host: "127.21.192.66" port: 38655 } } peers { permanent_uuid: "35c3d9d8148341ea94195169c3fb5961" member_type: VOTER last_known_addr { host: "127.21.192.67" port: 39179 } }
I20260713 09:07:12.665277 22611 leader_election.cc:290] T 396378d89b3a462ea4197f4ef5a7a419 P 35c3d9d8148341ea94195169c3fb5961 [CANDIDATE]: Term 1 pre-election: Requested pre-vote from peers 6745967a9ec14502882a376701c8ff7f (127.21.192.65:43749), da7e36702fd4409789506caba0ee8ae9 (127.21.192.66:38655)
I20260713 09:07:12.666074 22407 tablet_service.cc:1917] Received RequestConsensusVote() RPC: tablet_id: "396378d89b3a462ea4197f4ef5a7a419" candidate_uuid: "35c3d9d8148341ea94195169c3fb5961" candidate_term: 1 candidate_status { last_received { term: 0 index: 0 } } ignore_live_leader: false dest_uuid: "6745967a9ec14502882a376701c8ff7f" is_pre_election: true
I20260713 09:07:12.666569 22483 tablet_service.cc:1917] Received RequestConsensusVote() RPC: tablet_id: "396378d89b3a462ea4197f4ef5a7a419" candidate_uuid: "35c3d9d8148341ea94195169c3fb5961" candidate_term: 1 candidate_status { last_received { term: 0 index: 0 } } ignore_live_leader: false dest_uuid: "da7e36702fd4409789506caba0ee8ae9" is_pre_election: true
I20260713 09:07:12.666916 22407 raft_consensus.cc:2468] T 396378d89b3a462ea4197f4ef5a7a419 P 6745967a9ec14502882a376701c8ff7f [term 0 FOLLOWER]: Leader pre-election vote request: Granting yes vote for candidate 35c3d9d8148341ea94195169c3fb5961 in term 0.
I20260713 09:07:12.667251 22483 raft_consensus.cc:2468] T 396378d89b3a462ea4197f4ef5a7a419 P da7e36702fd4409789506caba0ee8ae9 [term 0 FOLLOWER]: Leader pre-election vote request: Granting yes vote for candidate 35c3d9d8148341ea94195169c3fb5961 in term 0.
I20260713 09:07:12.668210 22521 leader_election.cc:304] T 396378d89b3a462ea4197f4ef5a7a419 P 35c3d9d8148341ea94195169c3fb5961 [CANDIDATE]: Term 1 pre-election: Election decided. Result: candidate won. Election summary: received 2 responses out of 3 voters: 2 yes votes; 0 no votes. yes voters: 35c3d9d8148341ea94195169c3fb5961, 6745967a9ec14502882a376701c8ff7f; no voters: 
I20260713 09:07:12.668985 22611 raft_consensus.cc:2804] T 396378d89b3a462ea4197f4ef5a7a419 P 35c3d9d8148341ea94195169c3fb5961 [term 0 FOLLOWER]: Leader pre-election won for term 1
I20260713 09:07:12.669368 22611 raft_consensus.cc:493] T 396378d89b3a462ea4197f4ef5a7a419 P 35c3d9d8148341ea94195169c3fb5961 [term 0 FOLLOWER]: Starting leader election (no leader contacted us within the election timeout)
I20260713 09:07:12.669688 22611 raft_consensus.cc:3060] T 396378d89b3a462ea4197f4ef5a7a419 P 35c3d9d8148341ea94195169c3fb5961 [term 0 FOLLOWER]: Advancing to term 1
I20260713 09:07:12.675289 22611 raft_consensus.cc:515] T 396378d89b3a462ea4197f4ef5a7a419 P 35c3d9d8148341ea94195169c3fb5961 [term 1 FOLLOWER]: Starting leader election with config: opid_index: -1 OBSOLETE_local: false peers { permanent_uuid: "6745967a9ec14502882a376701c8ff7f" member_type: VOTER last_known_addr { host: "127.21.192.65" port: 43749 } } peers { permanent_uuid: "da7e36702fd4409789506caba0ee8ae9" member_type: VOTER last_known_addr { host: "127.21.192.66" port: 38655 } } peers { permanent_uuid: "35c3d9d8148341ea94195169c3fb5961" member_type: VOTER last_known_addr { host: "127.21.192.67" port: 39179 } }
I20260713 09:07:12.677253 22611 leader_election.cc:290] T 396378d89b3a462ea4197f4ef5a7a419 P 35c3d9d8148341ea94195169c3fb5961 [CANDIDATE]: Term 1 election: Requested vote from peers 6745967a9ec14502882a376701c8ff7f (127.21.192.65:43749), da7e36702fd4409789506caba0ee8ae9 (127.21.192.66:38655)
I20260713 09:07:12.678378 22407 tablet_service.cc:1917] Received RequestConsensusVote() RPC: tablet_id: "396378d89b3a462ea4197f4ef5a7a419" candidate_uuid: "35c3d9d8148341ea94195169c3fb5961" candidate_term: 1 candidate_status { last_received { term: 0 index: 0 } } ignore_live_leader: false dest_uuid: "6745967a9ec14502882a376701c8ff7f"
I20260713 09:07:12.678550 22483 tablet_service.cc:1917] Received RequestConsensusVote() RPC: tablet_id: "396378d89b3a462ea4197f4ef5a7a419" candidate_uuid: "35c3d9d8148341ea94195169c3fb5961" candidate_term: 1 candidate_status { last_received { term: 0 index: 0 } } ignore_live_leader: false dest_uuid: "da7e36702fd4409789506caba0ee8ae9"
I20260713 09:07:12.679164 22483 raft_consensus.cc:3060] T 396378d89b3a462ea4197f4ef5a7a419 P da7e36702fd4409789506caba0ee8ae9 [term 0 FOLLOWER]: Advancing to term 1
I20260713 09:07:12.679107 22407 raft_consensus.cc:3060] T 396378d89b3a462ea4197f4ef5a7a419 P 6745967a9ec14502882a376701c8ff7f [term 0 FOLLOWER]: Advancing to term 1
I20260713 09:07:12.686872 22407 raft_consensus.cc:2468] T 396378d89b3a462ea4197f4ef5a7a419 P 6745967a9ec14502882a376701c8ff7f [term 1 FOLLOWER]: Leader election vote request: Granting yes vote for candidate 35c3d9d8148341ea94195169c3fb5961 in term 1.
I20260713 09:07:12.686872 22483 raft_consensus.cc:2468] T 396378d89b3a462ea4197f4ef5a7a419 P da7e36702fd4409789506caba0ee8ae9 [term 1 FOLLOWER]: Leader election vote request: Granting yes vote for candidate 35c3d9d8148341ea94195169c3fb5961 in term 1.
I20260713 09:07:12.688334 22523 leader_election.cc:304] T 396378d89b3a462ea4197f4ef5a7a419 P 35c3d9d8148341ea94195169c3fb5961 [CANDIDATE]: Term 1 election: Election decided. Result: candidate won. Election summary: received 2 responses out of 3 voters: 2 yes votes; 0 no votes. yes voters: 35c3d9d8148341ea94195169c3fb5961, da7e36702fd4409789506caba0ee8ae9; no voters: 
I20260713 09:07:12.689167 22611 raft_consensus.cc:2804] T 396378d89b3a462ea4197f4ef5a7a419 P 35c3d9d8148341ea94195169c3fb5961 [term 1 FOLLOWER]: Leader election won for term 1
I20260713 09:07:12.689735 22611 raft_consensus.cc:697] T 396378d89b3a462ea4197f4ef5a7a419 P 35c3d9d8148341ea94195169c3fb5961 [term 1 LEADER]: Becoming Leader. State: Replica: 35c3d9d8148341ea94195169c3fb5961, State: Running, Role: LEADER
I20260713 09:07:12.690714 22611 consensus_queue.cc:237] T 396378d89b3a462ea4197f4ef5a7a419 P 35c3d9d8148341ea94195169c3fb5961 [LEADER]: Queue going to LEADER mode. State: All replicated index: 0, Majority replicated index: 0, Committed index: 0, Last appended: 0.0, Last appended by leader: 0, Current term: 1, Majority size: 2, State: 0, Mode: LEADER, active raft config: opid_index: -1 OBSOLETE_local: false peers { permanent_uuid: "6745967a9ec14502882a376701c8ff7f" member_type: VOTER last_known_addr { host: "127.21.192.65" port: 43749 } } peers { permanent_uuid: "da7e36702fd4409789506caba0ee8ae9" member_type: VOTER last_known_addr { host: "127.21.192.66" port: 38655 } } peers { permanent_uuid: "35c3d9d8148341ea94195169c3fb5961" member_type: VOTER last_known_addr { host: "127.21.192.67" port: 39179 } }
I20260713 09:07:12.699398 22305 catalog_manager.cc:5697] T 396378d89b3a462ea4197f4ef5a7a419 P 35c3d9d8148341ea94195169c3fb5961 reported cstate change: term changed from 0 to 1, leader changed from <none> to 35c3d9d8148341ea94195169c3fb5961 (127.21.192.67). New cstate: current_term: 1 leader_uuid: "35c3d9d8148341ea94195169c3fb5961" committed_config { opid_index: -1 OBSOLETE_local: false peers { permanent_uuid: "6745967a9ec14502882a376701c8ff7f" member_type: VOTER last_known_addr { host: "127.21.192.65" port: 43749 } health_report { overall_health: UNKNOWN } } peers { permanent_uuid: "da7e36702fd4409789506caba0ee8ae9" member_type: VOTER last_known_addr { host: "127.21.192.66" port: 38655 } health_report { overall_health: UNKNOWN } } peers { permanent_uuid: "35c3d9d8148341ea94195169c3fb5961" member_type: VOTER last_known_addr { host: "127.21.192.67" port: 39179 } health_report { overall_health: HEALTHY } } }
I20260713 09:07:12.767959 22611 consensus_queue.cc:1048] T 442561a29130437eb0dd81c208c1cc80 P 35c3d9d8148341ea94195169c3fb5961 [LEADER]: Connected to new peer: Peer: permanent_uuid: "da7e36702fd4409789506caba0ee8ae9" member_type: VOTER last_known_addr { host: "127.21.192.66" port: 38655 }, Status: LMP_MISMATCH, Last received: 0.0, Next index: 1, Last known committed idx: 0, Time since last communication: 0.000s
I20260713 09:07:12.782343 22611 consensus_queue.cc:1048] T 442561a29130437eb0dd81c208c1cc80 P 35c3d9d8148341ea94195169c3fb5961 [LEADER]: Connected to new peer: Peer: permanent_uuid: "6745967a9ec14502882a376701c8ff7f" member_type: VOTER last_known_addr { host: "127.21.192.65" port: 43749 }, Status: LMP_MISMATCH, Last received: 0.0, Next index: 1, Last known committed idx: 0, Time since last communication: 0.000s
I20260713 09:07:12.807638 22611 consensus_queue.cc:1048] T 0bc329f260c24146bf162d5d1dfdb8a5 P 35c3d9d8148341ea94195169c3fb5961 [LEADER]: Connected to new peer: Peer: permanent_uuid: "6745967a9ec14502882a376701c8ff7f" member_type: VOTER last_known_addr { host: "127.21.192.65" port: 43749 }, Status: LMP_MISMATCH, Last received: 0.0, Next index: 1, Last known committed idx: 0, Time since last communication: 0.000s
I20260713 09:07:12.821018 22611 consensus_queue.cc:1048] T 0bc329f260c24146bf162d5d1dfdb8a5 P 35c3d9d8148341ea94195169c3fb5961 [LEADER]: Connected to new peer: Peer: permanent_uuid: "da7e36702fd4409789506caba0ee8ae9" member_type: VOTER last_known_addr { host: "127.21.192.66" port: 38655 }, Status: LMP_MISMATCH, Last received: 0.0, Next index: 1, Last known committed idx: 0, Time since last communication: 0.000s
I20260713 09:07:12.965416 22611 consensus_queue.cc:1048] T 2c8fb05f0e584f70a127d3e35b173bda P 35c3d9d8148341ea94195169c3fb5961 [LEADER]: Connected to new peer: Peer: permanent_uuid: "6745967a9ec14502882a376701c8ff7f" member_type: VOTER last_known_addr { host: "127.21.192.65" port: 43749 }, Status: LMP_MISMATCH, Last received: 0.0, Next index: 1, Last known committed idx: 0, Time since last communication: 0.000s
I20260713 09:07:12.980116 22654 consensus_queue.cc:1048] T 2c8fb05f0e584f70a127d3e35b173bda P 35c3d9d8148341ea94195169c3fb5961 [LEADER]: Connected to new peer: Peer: permanent_uuid: "da7e36702fd4409789506caba0ee8ae9" member_type: VOTER last_known_addr { host: "127.21.192.66" port: 38655 }, Status: LMP_MISMATCH, Last received: 0.0, Next index: 1, Last known committed idx: 0, Time since last communication: 0.000s
I20260713 09:07:13.017060 22557 tablet_service.cc:2072] Received LeaderStepDown RPC: tablet_id: "0bc329f260c24146bf162d5d1dfdb8a5"
dest_uuid: "35c3d9d8148341ea94195169c3fb5961"
mode: GRACEFUL
new_leader_uuid: "6745967a9ec14502882a376701c8ff7f"
 from {username='slave'} at 127.0.0.1:50276
I20260713 09:07:13.017798 22557 raft_consensus.cc:606] T 0bc329f260c24146bf162d5d1dfdb8a5 P 35c3d9d8148341ea94195169c3fb5961 [term 1 LEADER]: Received request to transfer leadership to TS 6745967a9ec14502882a376701c8ff7f
I20260713 09:07:13.036204 22656 consensus_queue.cc:1048] T c7f6adc6f2de457eb899e112d3f32bb1 P 35c3d9d8148341ea94195169c3fb5961 [LEADER]: Connected to new peer: Peer: permanent_uuid: "da7e36702fd4409789506caba0ee8ae9" member_type: VOTER last_known_addr { host: "127.21.192.66" port: 38655 }, Status: LMP_MISMATCH, Last received: 0.0, Next index: 1, Last known committed idx: 0, Time since last communication: 0.000s
I20260713 09:07:13.038590 22482 tablet_service.cc:2072] Received LeaderStepDown RPC: tablet_id: "eabdc935cece41d599a204f452ff6dd3"
dest_uuid: "da7e36702fd4409789506caba0ee8ae9"
mode: GRACEFUL
new_leader_uuid: "6745967a9ec14502882a376701c8ff7f"
 from {username='slave'} at 127.0.0.1:57138
I20260713 09:07:13.039275 22482 raft_consensus.cc:606] T eabdc935cece41d599a204f452ff6dd3 P da7e36702fd4409789506caba0ee8ae9 [term 1 LEADER]: Received request to transfer leadership to TS 6745967a9ec14502882a376701c8ff7f
I20260713 09:07:13.057405 22557 tablet_service.cc:2072] Received LeaderStepDown RPC: tablet_id: "442561a29130437eb0dd81c208c1cc80"
dest_uuid: "35c3d9d8148341ea94195169c3fb5961"
mode: GRACEFUL
new_leader_uuid: "6745967a9ec14502882a376701c8ff7f"
 from {username='slave'} at 127.0.0.1:50276
I20260713 09:07:13.058094 22557 raft_consensus.cc:606] T 442561a29130437eb0dd81c208c1cc80 P 35c3d9d8148341ea94195169c3fb5961 [term 1 LEADER]: Received request to transfer leadership to TS 6745967a9ec14502882a376701c8ff7f
I20260713 09:07:13.060075 22611 consensus_queue.cc:1048] T c7f6adc6f2de457eb899e112d3f32bb1 P 35c3d9d8148341ea94195169c3fb5961 [LEADER]: Connected to new peer: Peer: permanent_uuid: "6745967a9ec14502882a376701c8ff7f" member_type: VOTER last_known_addr { host: "127.21.192.65" port: 43749 }, Status: LMP_MISMATCH, Last received: 0.0, Next index: 1, Last known committed idx: 0, Time since last communication: 0.000s
I20260713 09:07:13.085440 22407 tablet_service.cc:2072] Received LeaderStepDown RPC: tablet_id: "e2429852a7ee45d1b483a073dc779376"
dest_uuid: "6745967a9ec14502882a376701c8ff7f"
mode: GRACEFUL
new_leader_uuid: "da7e36702fd4409789506caba0ee8ae9"
 from {username='slave'} at 127.0.0.1:35656
I20260713 09:07:13.088877 22407 raft_consensus.cc:606] T e2429852a7ee45d1b483a073dc779376 P 6745967a9ec14502882a376701c8ff7f [term 1 LEADER]: Received request to transfer leadership to TS da7e36702fd4409789506caba0ee8ae9
I20260713 09:07:13.094789 22557 tablet_service.cc:2072] Received LeaderStepDown RPC: tablet_id: "428aa3e892124479b732a43bd4c392cd"
dest_uuid: "35c3d9d8148341ea94195169c3fb5961"
mode: GRACEFUL
new_leader_uuid: "da7e36702fd4409789506caba0ee8ae9"
 from {username='slave'} at 127.0.0.1:50276
I20260713 09:07:13.095424 22557 raft_consensus.cc:606] T 428aa3e892124479b732a43bd4c392cd P 35c3d9d8148341ea94195169c3fb5961 [term 1 LEADER]: Received request to transfer leadership to TS da7e36702fd4409789506caba0ee8ae9
I20260713 09:07:13.101011 22557 tablet_service.cc:2072] Received LeaderStepDown RPC: tablet_id: "2c8fb05f0e584f70a127d3e35b173bda"
dest_uuid: "35c3d9d8148341ea94195169c3fb5961"
mode: GRACEFUL
new_leader_uuid: "da7e36702fd4409789506caba0ee8ae9"
 from {username='slave'} at 127.0.0.1:50276
I20260713 09:07:13.101672 22557 raft_consensus.cc:606] T 2c8fb05f0e584f70a127d3e35b173bda P 35c3d9d8148341ea94195169c3fb5961 [term 1 LEADER]: Received request to transfer leadership to TS da7e36702fd4409789506caba0ee8ae9
I20260713 09:07:13.107223 22557 tablet_service.cc:2072] Received LeaderStepDown RPC: tablet_id: "c7f6adc6f2de457eb899e112d3f32bb1"
dest_uuid: "35c3d9d8148341ea94195169c3fb5961"
mode: GRACEFUL
new_leader_uuid: "da7e36702fd4409789506caba0ee8ae9"
 from {username='slave'} at 127.0.0.1:50276
I20260713 09:07:13.107769 22557 raft_consensus.cc:606] T c7f6adc6f2de457eb899e112d3f32bb1 P 35c3d9d8148341ea94195169c3fb5961 [term 1 LEADER]: Received request to transfer leadership to TS da7e36702fd4409789506caba0ee8ae9
I20260713 09:07:13.150034 22656 consensus_queue.cc:1048] T 396378d89b3a462ea4197f4ef5a7a419 P 35c3d9d8148341ea94195169c3fb5961 [LEADER]: Connected to new peer: Peer: permanent_uuid: "da7e36702fd4409789506caba0ee8ae9" member_type: VOTER last_known_addr { host: "127.21.192.66" port: 38655 }, Status: LMP_MISMATCH, Last received: 0.0, Next index: 1, Last known committed idx: 0, Time since last communication: 0.001s
I20260713 09:07:13.162974 22611 consensus_queue.cc:1048] T 396378d89b3a462ea4197f4ef5a7a419 P 35c3d9d8148341ea94195169c3fb5961 [LEADER]: Connected to new peer: Peer: permanent_uuid: "6745967a9ec14502882a376701c8ff7f" member_type: VOTER last_known_addr { host: "127.21.192.65" port: 43749 }, Status: LMP_MISMATCH, Last received: 0.0, Next index: 1, Last known committed idx: 0, Time since last communication: 0.000s
I20260713 09:07:13.226146 22641 raft_consensus.cc:993] T eabdc935cece41d599a204f452ff6dd3 P da7e36702fd4409789506caba0ee8ae9: : Instructing follower 6745967a9ec14502882a376701c8ff7f to start an election
I20260713 09:07:13.226755 22605 raft_consensus.cc:1081] T eabdc935cece41d599a204f452ff6dd3 P da7e36702fd4409789506caba0ee8ae9 [term 1 LEADER]: Signalling peer 6745967a9ec14502882a376701c8ff7f to start an election
I20260713 09:07:13.229110 22407 tablet_service.cc:2044] Received Run Leader Election RPC: tablet_id: "eabdc935cece41d599a204f452ff6dd3"
dest_uuid: "6745967a9ec14502882a376701c8ff7f"
 from {username='slave'} at 127.0.0.1:35654
I20260713 09:07:13.230000 22407 raft_consensus.cc:493] T eabdc935cece41d599a204f452ff6dd3 P 6745967a9ec14502882a376701c8ff7f [term 1 FOLLOWER]: Starting forced leader election (received explicit request)
I20260713 09:07:13.230433 22407 raft_consensus.cc:3060] T eabdc935cece41d599a204f452ff6dd3 P 6745967a9ec14502882a376701c8ff7f [term 1 FOLLOWER]: Advancing to term 2
I20260713 09:07:13.237638 22407 raft_consensus.cc:515] T eabdc935cece41d599a204f452ff6dd3 P 6745967a9ec14502882a376701c8ff7f [term 2 FOLLOWER]: Starting forced leader election with config: opid_index: -1 OBSOLETE_local: false peers { permanent_uuid: "6745967a9ec14502882a376701c8ff7f" member_type: VOTER last_known_addr { host: "127.21.192.65" port: 43749 } } peers { permanent_uuid: "da7e36702fd4409789506caba0ee8ae9" member_type: VOTER last_known_addr { host: "127.21.192.66" port: 38655 } } peers { permanent_uuid: "35c3d9d8148341ea94195169c3fb5961" member_type: VOTER last_known_addr { host: "127.21.192.67" port: 39179 } }
I20260713 09:07:13.240700 22407 leader_election.cc:290] T eabdc935cece41d599a204f452ff6dd3 P 6745967a9ec14502882a376701c8ff7f [CANDIDATE]: Term 2 election: Requested vote from peers da7e36702fd4409789506caba0ee8ae9 (127.21.192.66:38655), 35c3d9d8148341ea94195169c3fb5961 (127.21.192.67:39179)
I20260713 09:07:13.241804 22483 tablet_service.cc:1917] Received RequestConsensusVote() RPC: tablet_id: "eabdc935cece41d599a204f452ff6dd3" candidate_uuid: "6745967a9ec14502882a376701c8ff7f" candidate_term: 2 candidate_status { last_received { term: 1 index: 1 } } ignore_live_leader: true dest_uuid: "da7e36702fd4409789506caba0ee8ae9"
I20260713 09:07:13.241854 22557 tablet_service.cc:1917] Received RequestConsensusVote() RPC: tablet_id: "eabdc935cece41d599a204f452ff6dd3" candidate_uuid: "6745967a9ec14502882a376701c8ff7f" candidate_term: 2 candidate_status { last_received { term: 1 index: 1 } } ignore_live_leader: true dest_uuid: "35c3d9d8148341ea94195169c3fb5961"
I20260713 09:07:13.242638 22483 raft_consensus.cc:3055] T eabdc935cece41d599a204f452ff6dd3 P da7e36702fd4409789506caba0ee8ae9 [term 1 LEADER]: Stepping down as leader of term 1
I20260713 09:07:13.243013 22557 raft_consensus.cc:3060] T eabdc935cece41d599a204f452ff6dd3 P 35c3d9d8148341ea94195169c3fb5961 [term 1 FOLLOWER]: Advancing to term 2
I20260713 09:07:13.243016 22483 raft_consensus.cc:740] T eabdc935cece41d599a204f452ff6dd3 P da7e36702fd4409789506caba0ee8ae9 [term 1 LEADER]: Becoming Follower/Learner. State: Replica: da7e36702fd4409789506caba0ee8ae9, State: Running, Role: LEADER
I20260713 09:07:13.244143 22483 consensus_queue.cc:260] T eabdc935cece41d599a204f452ff6dd3 P da7e36702fd4409789506caba0ee8ae9 [NON_LEADER]: Queue going to NON_LEADER mode. State: All replicated index: 0, Majority replicated index: 1, Committed index: 1, Last appended: 1.1, Last appended by leader: 1, Current term: 1, Majority size: -1, State: 0, Mode: NON_LEADER, active raft config: opid_index: -1 OBSOLETE_local: false peers { permanent_uuid: "6745967a9ec14502882a376701c8ff7f" member_type: VOTER last_known_addr { host: "127.21.192.65" port: 43749 } } peers { permanent_uuid: "da7e36702fd4409789506caba0ee8ae9" member_type: VOTER last_known_addr { host: "127.21.192.66" port: 38655 } } peers { permanent_uuid: "35c3d9d8148341ea94195169c3fb5961" member_type: VOTER last_known_addr { host: "127.21.192.67" port: 39179 } }
I20260713 09:07:13.245870 22483 raft_consensus.cc:3060] T eabdc935cece41d599a204f452ff6dd3 P da7e36702fd4409789506caba0ee8ae9 [term 1 FOLLOWER]: Advancing to term 2
I20260713 09:07:13.251194 22557 raft_consensus.cc:2468] T eabdc935cece41d599a204f452ff6dd3 P 35c3d9d8148341ea94195169c3fb5961 [term 2 FOLLOWER]: Leader election vote request: Granting yes vote for candidate 6745967a9ec14502882a376701c8ff7f in term 2.
I20260713 09:07:13.252848 22372 leader_election.cc:304] T eabdc935cece41d599a204f452ff6dd3 P 6745967a9ec14502882a376701c8ff7f [CANDIDATE]: Term 2 election: Election decided. Result: candidate won. Election summary: received 2 responses out of 3 voters: 2 yes votes; 0 no votes. yes voters: 35c3d9d8148341ea94195169c3fb5961, 6745967a9ec14502882a376701c8ff7f; no voters: 
I20260713 09:07:13.253515 22483 raft_consensus.cc:2468] T eabdc935cece41d599a204f452ff6dd3 P da7e36702fd4409789506caba0ee8ae9 [term 2 FOLLOWER]: Leader election vote request: Granting yes vote for candidate 6745967a9ec14502882a376701c8ff7f in term 2.
I20260713 09:07:13.253849 22663 raft_consensus.cc:2804] T eabdc935cece41d599a204f452ff6dd3 P 6745967a9ec14502882a376701c8ff7f [term 2 FOLLOWER]: Leader election won for term 2
I20260713 09:07:13.254520 22663 raft_consensus.cc:697] T eabdc935cece41d599a204f452ff6dd3 P 6745967a9ec14502882a376701c8ff7f [term 2 LEADER]: Becoming Leader. State: Replica: 6745967a9ec14502882a376701c8ff7f, State: Running, Role: LEADER
I20260713 09:07:13.255342 22663 consensus_queue.cc:237] T eabdc935cece41d599a204f452ff6dd3 P 6745967a9ec14502882a376701c8ff7f [LEADER]: Queue going to LEADER mode. State: All replicated index: 0, Majority replicated index: 1, Committed index: 1, Last appended: 1.1, Last appended by leader: 1, Current term: 2, Majority size: 2, State: 0, Mode: LEADER, active raft config: opid_index: -1 OBSOLETE_local: false peers { permanent_uuid: "6745967a9ec14502882a376701c8ff7f" member_type: VOTER last_known_addr { host: "127.21.192.65" port: 43749 } } peers { permanent_uuid: "da7e36702fd4409789506caba0ee8ae9" member_type: VOTER last_known_addr { host: "127.21.192.66" port: 38655 } } peers { permanent_uuid: "35c3d9d8148341ea94195169c3fb5961" member_type: VOTER last_known_addr { host: "127.21.192.67" port: 39179 } }
I20260713 09:07:13.263753 22612 raft_consensus.cc:993] T 442561a29130437eb0dd81c208c1cc80 P 35c3d9d8148341ea94195169c3fb5961: : Instructing follower 6745967a9ec14502882a376701c8ff7f to start an election
I20260713 09:07:13.264395 22611 raft_consensus.cc:1081] T 442561a29130437eb0dd81c208c1cc80 P 35c3d9d8148341ea94195169c3fb5961 [term 1 LEADER]: Signalling peer 6745967a9ec14502882a376701c8ff7f to start an election
I20260713 09:07:13.266610 22407 tablet_service.cc:2044] Received Run Leader Election RPC: tablet_id: "442561a29130437eb0dd81c208c1cc80"
dest_uuid: "6745967a9ec14502882a376701c8ff7f"
 from {username='slave'} at 127.0.0.1:35644
I20260713 09:07:13.265949 22305 catalog_manager.cc:5697] T eabdc935cece41d599a204f452ff6dd3 P 6745967a9ec14502882a376701c8ff7f reported cstate change: term changed from 1 to 2, leader changed from da7e36702fd4409789506caba0ee8ae9 (127.21.192.66) to 6745967a9ec14502882a376701c8ff7f (127.21.192.65). New cstate: current_term: 2 leader_uuid: "6745967a9ec14502882a376701c8ff7f" committed_config { opid_index: -1 OBSOLETE_local: false peers { permanent_uuid: "6745967a9ec14502882a376701c8ff7f" member_type: VOTER last_known_addr { host: "127.21.192.65" port: 43749 } health_report { overall_health: HEALTHY } } peers { permanent_uuid: "da7e36702fd4409789506caba0ee8ae9" member_type: VOTER last_known_addr { host: "127.21.192.66" port: 38655 } health_report { overall_health: UNKNOWN } } peers { permanent_uuid: "35c3d9d8148341ea94195169c3fb5961" member_type: VOTER last_known_addr { host: "127.21.192.67" port: 39179 } health_report { overall_health: UNKNOWN } } }
I20260713 09:07:13.267431 22407 raft_consensus.cc:493] T 442561a29130437eb0dd81c208c1cc80 P 6745967a9ec14502882a376701c8ff7f [term 1 FOLLOWER]: Starting forced leader election (received explicit request)
I20260713 09:07:13.267886 22407 raft_consensus.cc:3060] T 442561a29130437eb0dd81c208c1cc80 P 6745967a9ec14502882a376701c8ff7f [term 1 FOLLOWER]: Advancing to term 2
I20260713 09:07:13.275019 22407 raft_consensus.cc:515] T 442561a29130437eb0dd81c208c1cc80 P 6745967a9ec14502882a376701c8ff7f [term 2 FOLLOWER]: Starting forced leader election with config: opid_index: -1 OBSOLETE_local: false peers { permanent_uuid: "6745967a9ec14502882a376701c8ff7f" member_type: VOTER last_known_addr { host: "127.21.192.65" port: 43749 } } peers { permanent_uuid: "da7e36702fd4409789506caba0ee8ae9" member_type: VOTER last_known_addr { host: "127.21.192.66" port: 38655 } } peers { permanent_uuid: "35c3d9d8148341ea94195169c3fb5961" member_type: VOTER last_known_addr { host: "127.21.192.67" port: 39179 } }
I20260713 09:07:13.278460 22483 tablet_service.cc:1917] Received RequestConsensusVote() RPC: tablet_id: "442561a29130437eb0dd81c208c1cc80" candidate_uuid: "6745967a9ec14502882a376701c8ff7f" candidate_term: 2 candidate_status { last_received { term: 1 index: 1 } } ignore_live_leader: true dest_uuid: "da7e36702fd4409789506caba0ee8ae9"
I20260713 09:07:13.278541 22557 tablet_service.cc:1917] Received RequestConsensusVote() RPC: tablet_id: "442561a29130437eb0dd81c208c1cc80" candidate_uuid: "6745967a9ec14502882a376701c8ff7f" candidate_term: 2 candidate_status { last_received { term: 1 index: 1 } } ignore_live_leader: true dest_uuid: "35c3d9d8148341ea94195169c3fb5961"
I20260713 09:07:13.279285 22483 raft_consensus.cc:3060] T 442561a29130437eb0dd81c208c1cc80 P da7e36702fd4409789506caba0ee8ae9 [term 1 FOLLOWER]: Advancing to term 2
I20260713 09:07:13.279300 22557 raft_consensus.cc:3055] T 442561a29130437eb0dd81c208c1cc80 P 35c3d9d8148341ea94195169c3fb5961 [term 1 LEADER]: Stepping down as leader of term 1
I20260713 09:07:13.280364 22557 raft_consensus.cc:740] T 442561a29130437eb0dd81c208c1cc80 P 35c3d9d8148341ea94195169c3fb5961 [term 1 LEADER]: Becoming Follower/Learner. State: Replica: 35c3d9d8148341ea94195169c3fb5961, State: Running, Role: LEADER
I20260713 09:07:13.281261 22557 consensus_queue.cc:260] T 442561a29130437eb0dd81c208c1cc80 P 35c3d9d8148341ea94195169c3fb5961 [NON_LEADER]: Queue going to NON_LEADER mode. State: All replicated index: 0, Majority replicated index: 1, Committed index: 1, Last appended: 1.1, Last appended by leader: 1, Current term: 1, Majority size: -1, State: 0, Mode: NON_LEADER, active raft config: opid_index: -1 OBSOLETE_local: false peers { permanent_uuid: "6745967a9ec14502882a376701c8ff7f" member_type: VOTER last_known_addr { host: "127.21.192.65" port: 43749 } } peers { permanent_uuid: "da7e36702fd4409789506caba0ee8ae9" member_type: VOTER last_known_addr { host: "127.21.192.66" port: 38655 } } peers { permanent_uuid: "35c3d9d8148341ea94195169c3fb5961" member_type: VOTER last_known_addr { host: "127.21.192.67" port: 39179 } }
I20260713 09:07:13.282567 22557 raft_consensus.cc:3060] T 442561a29130437eb0dd81c208c1cc80 P 35c3d9d8148341ea94195169c3fb5961 [term 1 FOLLOWER]: Advancing to term 2
I20260713 09:07:13.279084 22407 leader_election.cc:290] T 442561a29130437eb0dd81c208c1cc80 P 6745967a9ec14502882a376701c8ff7f [CANDIDATE]: Term 2 election: Requested vote from peers da7e36702fd4409789506caba0ee8ae9 (127.21.192.66:38655), 35c3d9d8148341ea94195169c3fb5961 (127.21.192.67:39179)
I20260713 09:07:13.288374 22483 raft_consensus.cc:2468] T 442561a29130437eb0dd81c208c1cc80 P da7e36702fd4409789506caba0ee8ae9 [term 2 FOLLOWER]: Leader election vote request: Granting yes vote for candidate 6745967a9ec14502882a376701c8ff7f in term 2.
I20260713 09:07:13.289705 22374 leader_election.cc:304] T 442561a29130437eb0dd81c208c1cc80 P 6745967a9ec14502882a376701c8ff7f [CANDIDATE]: Term 2 election: Election decided. Result: candidate won. Election summary: received 2 responses out of 3 voters: 2 yes votes; 0 no votes. yes voters: 6745967a9ec14502882a376701c8ff7f, da7e36702fd4409789506caba0ee8ae9; no voters: 
I20260713 09:07:13.290637 22663 raft_consensus.cc:2804] T 442561a29130437eb0dd81c208c1cc80 P 6745967a9ec14502882a376701c8ff7f [term 2 FOLLOWER]: Leader election won for term 2
I20260713 09:07:13.290663 22557 raft_consensus.cc:2468] T 442561a29130437eb0dd81c208c1cc80 P 35c3d9d8148341ea94195169c3fb5961 [term 2 FOLLOWER]: Leader election vote request: Granting yes vote for candidate 6745967a9ec14502882a376701c8ff7f in term 2.
I20260713 09:07:13.291222 22663 raft_consensus.cc:697] T 442561a29130437eb0dd81c208c1cc80 P 6745967a9ec14502882a376701c8ff7f [term 2 LEADER]: Becoming Leader. State: Replica: 6745967a9ec14502882a376701c8ff7f, State: Running, Role: LEADER
I20260713 09:07:13.292096 22663 consensus_queue.cc:237] T 442561a29130437eb0dd81c208c1cc80 P 6745967a9ec14502882a376701c8ff7f [LEADER]: Queue going to LEADER mode. State: All replicated index: 0, Majority replicated index: 1, Committed index: 1, Last appended: 1.1, Last appended by leader: 1, Current term: 2, Majority size: 2, State: 0, Mode: LEADER, active raft config: opid_index: -1 OBSOLETE_local: false peers { permanent_uuid: "6745967a9ec14502882a376701c8ff7f" member_type: VOTER last_known_addr { host: "127.21.192.65" port: 43749 } } peers { permanent_uuid: "da7e36702fd4409789506caba0ee8ae9" member_type: VOTER last_known_addr { host: "127.21.192.66" port: 38655 } } peers { permanent_uuid: "35c3d9d8148341ea94195169c3fb5961" member_type: VOTER last_known_addr { host: "127.21.192.67" port: 39179 } }
I20260713 09:07:13.297502 22612 raft_consensus.cc:993] T 0bc329f260c24146bf162d5d1dfdb8a5 P 35c3d9d8148341ea94195169c3fb5961: : Instructing follower 6745967a9ec14502882a376701c8ff7f to start an election
I20260713 09:07:13.298012 22611 raft_consensus.cc:1081] T 0bc329f260c24146bf162d5d1dfdb8a5 P 35c3d9d8148341ea94195169c3fb5961 [term 1 LEADER]: Signalling peer 6745967a9ec14502882a376701c8ff7f to start an election
I20260713 09:07:13.299817 22407 tablet_service.cc:2044] Received Run Leader Election RPC: tablet_id: "0bc329f260c24146bf162d5d1dfdb8a5"
dest_uuid: "6745967a9ec14502882a376701c8ff7f"
 from {username='slave'} at 127.0.0.1:35644
I20260713 09:07:13.300350 22407 raft_consensus.cc:493] T 0bc329f260c24146bf162d5d1dfdb8a5 P 6745967a9ec14502882a376701c8ff7f [term 1 FOLLOWER]: Starting forced leader election (received explicit request)
I20260713 09:07:13.300665 22407 raft_consensus.cc:3060] T 0bc329f260c24146bf162d5d1dfdb8a5 P 6745967a9ec14502882a376701c8ff7f [term 1 FOLLOWER]: Advancing to term 2
I20260713 09:07:13.301103 22305 catalog_manager.cc:5697] T 442561a29130437eb0dd81c208c1cc80 P 6745967a9ec14502882a376701c8ff7f reported cstate change: term changed from 1 to 2, leader changed from 35c3d9d8148341ea94195169c3fb5961 (127.21.192.67) to 6745967a9ec14502882a376701c8ff7f (127.21.192.65). New cstate: current_term: 2 leader_uuid: "6745967a9ec14502882a376701c8ff7f" committed_config { opid_index: -1 OBSOLETE_local: false peers { permanent_uuid: "6745967a9ec14502882a376701c8ff7f" member_type: VOTER last_known_addr { host: "127.21.192.65" port: 43749 } health_report { overall_health: HEALTHY } } peers { permanent_uuid: "da7e36702fd4409789506caba0ee8ae9" member_type: VOTER last_known_addr { host: "127.21.192.66" port: 38655 } health_report { overall_health: UNKNOWN } } peers { permanent_uuid: "35c3d9d8148341ea94195169c3fb5961" member_type: VOTER last_known_addr { host: "127.21.192.67" port: 39179 } health_report { overall_health: UNKNOWN } } }
I20260713 09:07:13.306895 22407 raft_consensus.cc:515] T 0bc329f260c24146bf162d5d1dfdb8a5 P 6745967a9ec14502882a376701c8ff7f [term 2 FOLLOWER]: Starting forced leader election with config: opid_index: -1 OBSOLETE_local: false peers { permanent_uuid: "6745967a9ec14502882a376701c8ff7f" member_type: VOTER last_known_addr { host: "127.21.192.65" port: 43749 } } peers { permanent_uuid: "35c3d9d8148341ea94195169c3fb5961" member_type: VOTER last_known_addr { host: "127.21.192.67" port: 39179 } } peers { permanent_uuid: "da7e36702fd4409789506caba0ee8ae9" member_type: VOTER last_known_addr { host: "127.21.192.66" port: 38655 } }
I20260713 09:07:13.309880 22483 tablet_service.cc:1917] Received RequestConsensusVote() RPC: tablet_id: "0bc329f260c24146bf162d5d1dfdb8a5" candidate_uuid: "6745967a9ec14502882a376701c8ff7f" candidate_term: 2 candidate_status { last_received { term: 1 index: 1 } } ignore_live_leader: true dest_uuid: "da7e36702fd4409789506caba0ee8ae9"
I20260713 09:07:13.310503 22483 raft_consensus.cc:3060] T 0bc329f260c24146bf162d5d1dfdb8a5 P da7e36702fd4409789506caba0ee8ae9 [term 1 FOLLOWER]: Advancing to term 2
I20260713 09:07:13.309808 22557 tablet_service.cc:1917] Received RequestConsensusVote() RPC: tablet_id: "0bc329f260c24146bf162d5d1dfdb8a5" candidate_uuid: "6745967a9ec14502882a376701c8ff7f" candidate_term: 2 candidate_status { last_received { term: 1 index: 1 } } ignore_live_leader: true dest_uuid: "35c3d9d8148341ea94195169c3fb5961"
I20260713 09:07:13.311367 22557 raft_consensus.cc:3055] T 0bc329f260c24146bf162d5d1dfdb8a5 P 35c3d9d8148341ea94195169c3fb5961 [term 1 LEADER]: Stepping down as leader of term 1
I20260713 09:07:13.311720 22557 raft_consensus.cc:740] T 0bc329f260c24146bf162d5d1dfdb8a5 P 35c3d9d8148341ea94195169c3fb5961 [term 1 LEADER]: Becoming Follower/Learner. State: Replica: 35c3d9d8148341ea94195169c3fb5961, State: Running, Role: LEADER
I20260713 09:07:13.312494 22557 consensus_queue.cc:260] T 0bc329f260c24146bf162d5d1dfdb8a5 P 35c3d9d8148341ea94195169c3fb5961 [NON_LEADER]: Queue going to NON_LEADER mode. State: All replicated index: 0, Majority replicated index: 1, Committed index: 1, Last appended: 1.1, Last appended by leader: 1, Current term: 1, Majority size: -1, State: 0, Mode: NON_LEADER, active raft config: opid_index: -1 OBSOLETE_local: false peers { permanent_uuid: "6745967a9ec14502882a376701c8ff7f" member_type: VOTER last_known_addr { host: "127.21.192.65" port: 43749 } } peers { permanent_uuid: "35c3d9d8148341ea94195169c3fb5961" member_type: VOTER last_known_addr { host: "127.21.192.67" port: 39179 } } peers { permanent_uuid: "da7e36702fd4409789506caba0ee8ae9" member_type: VOTER last_known_addr { host: "127.21.192.66" port: 38655 } }
I20260713 09:07:13.313598 22557 raft_consensus.cc:3060] T 0bc329f260c24146bf162d5d1dfdb8a5 P 35c3d9d8148341ea94195169c3fb5961 [term 1 FOLLOWER]: Advancing to term 2
I20260713 09:07:13.314459 22407 leader_election.cc:290] T 0bc329f260c24146bf162d5d1dfdb8a5 P 6745967a9ec14502882a376701c8ff7f [CANDIDATE]: Term 2 election: Requested vote from peers 35c3d9d8148341ea94195169c3fb5961 (127.21.192.67:39179), da7e36702fd4409789506caba0ee8ae9 (127.21.192.66:38655)
I20260713 09:07:13.320307 22483 raft_consensus.cc:2468] T 0bc329f260c24146bf162d5d1dfdb8a5 P da7e36702fd4409789506caba0ee8ae9 [term 2 FOLLOWER]: Leader election vote request: Granting yes vote for candidate 6745967a9ec14502882a376701c8ff7f in term 2.
I20260713 09:07:13.320482 22557 raft_consensus.cc:2468] T 0bc329f260c24146bf162d5d1dfdb8a5 P 35c3d9d8148341ea94195169c3fb5961 [term 2 FOLLOWER]: Leader election vote request: Granting yes vote for candidate 6745967a9ec14502882a376701c8ff7f in term 2.
I20260713 09:07:13.321668 22374 leader_election.cc:304] T 0bc329f260c24146bf162d5d1dfdb8a5 P 6745967a9ec14502882a376701c8ff7f [CANDIDATE]: Term 2 election: Election decided. Result: candidate won. Election summary: received 2 responses out of 3 voters: 2 yes votes; 0 no votes. yes voters: 6745967a9ec14502882a376701c8ff7f, da7e36702fd4409789506caba0ee8ae9; no voters: 
I20260713 09:07:13.322944 22663 raft_consensus.cc:2804] T 0bc329f260c24146bf162d5d1dfdb8a5 P 6745967a9ec14502882a376701c8ff7f [term 2 FOLLOWER]: Leader election won for term 2
I20260713 09:07:13.323464 22663 raft_consensus.cc:697] T 0bc329f260c24146bf162d5d1dfdb8a5 P 6745967a9ec14502882a376701c8ff7f [term 2 LEADER]: Becoming Leader. State: Replica: 6745967a9ec14502882a376701c8ff7f, State: Running, Role: LEADER
I20260713 09:07:13.324400 22663 consensus_queue.cc:237] T 0bc329f260c24146bf162d5d1dfdb8a5 P 6745967a9ec14502882a376701c8ff7f [LEADER]: Queue going to LEADER mode. State: All replicated index: 0, Majority replicated index: 1, Committed index: 1, Last appended: 1.1, Last appended by leader: 1, Current term: 2, Majority size: 2, State: 0, Mode: LEADER, active raft config: opid_index: -1 OBSOLETE_local: false peers { permanent_uuid: "6745967a9ec14502882a376701c8ff7f" member_type: VOTER last_known_addr { host: "127.21.192.65" port: 43749 } } peers { permanent_uuid: "35c3d9d8148341ea94195169c3fb5961" member_type: VOTER last_known_addr { host: "127.21.192.67" port: 39179 } } peers { permanent_uuid: "da7e36702fd4409789506caba0ee8ae9" member_type: VOTER last_known_addr { host: "127.21.192.66" port: 38655 } }
I20260713 09:07:13.333032 22305 catalog_manager.cc:5697] T 0bc329f260c24146bf162d5d1dfdb8a5 P 6745967a9ec14502882a376701c8ff7f reported cstate change: term changed from 1 to 2, leader changed from 35c3d9d8148341ea94195169c3fb5961 (127.21.192.67) to 6745967a9ec14502882a376701c8ff7f (127.21.192.65). New cstate: current_term: 2 leader_uuid: "6745967a9ec14502882a376701c8ff7f" committed_config { opid_index: -1 OBSOLETE_local: false peers { permanent_uuid: "6745967a9ec14502882a376701c8ff7f" member_type: VOTER last_known_addr { host: "127.21.192.65" port: 43749 } health_report { overall_health: HEALTHY } } peers { permanent_uuid: "35c3d9d8148341ea94195169c3fb5961" member_type: VOTER last_known_addr { host: "127.21.192.67" port: 39179 } health_report { overall_health: UNKNOWN } } peers { permanent_uuid: "da7e36702fd4409789506caba0ee8ae9" member_type: VOTER last_known_addr { host: "127.21.192.66" port: 38655 } health_report { overall_health: UNKNOWN } } }
I20260713 09:07:13.472009 22612 raft_consensus.cc:993] T 428aa3e892124479b732a43bd4c392cd P 35c3d9d8148341ea94195169c3fb5961: : Instructing follower da7e36702fd4409789506caba0ee8ae9 to start an election
I20260713 09:07:13.472537 22611 raft_consensus.cc:1081] T 428aa3e892124479b732a43bd4c392cd P 35c3d9d8148341ea94195169c3fb5961 [term 1 LEADER]: Signalling peer da7e36702fd4409789506caba0ee8ae9 to start an election
I20260713 09:07:13.474035 22483 tablet_service.cc:2044] Received Run Leader Election RPC: tablet_id: "428aa3e892124479b732a43bd4c392cd"
dest_uuid: "da7e36702fd4409789506caba0ee8ae9"
 from {username='slave'} at 127.0.0.1:57126
I20260713 09:07:13.474570 22483 raft_consensus.cc:493] T 428aa3e892124479b732a43bd4c392cd P da7e36702fd4409789506caba0ee8ae9 [term 1 FOLLOWER]: Starting forced leader election (received explicit request)
I20260713 09:07:13.474978 22483 raft_consensus.cc:3060] T 428aa3e892124479b732a43bd4c392cd P da7e36702fd4409789506caba0ee8ae9 [term 1 FOLLOWER]: Advancing to term 2
I20260713 09:07:13.481437 22483 raft_consensus.cc:515] T 428aa3e892124479b732a43bd4c392cd P da7e36702fd4409789506caba0ee8ae9 [term 2 FOLLOWER]: Starting forced leader election with config: opid_index: -1 OBSOLETE_local: false peers { permanent_uuid: "6745967a9ec14502882a376701c8ff7f" member_type: VOTER last_known_addr { host: "127.21.192.65" port: 43749 } } peers { permanent_uuid: "da7e36702fd4409789506caba0ee8ae9" member_type: VOTER last_known_addr { host: "127.21.192.66" port: 38655 } } peers { permanent_uuid: "35c3d9d8148341ea94195169c3fb5961" member_type: VOTER last_known_addr { host: "127.21.192.67" port: 39179 } }
I20260713 09:07:13.483150 22483 leader_election.cc:290] T 428aa3e892124479b732a43bd4c392cd P da7e36702fd4409789506caba0ee8ae9 [CANDIDATE]: Term 2 election: Requested vote from peers 6745967a9ec14502882a376701c8ff7f (127.21.192.65:43749), 35c3d9d8148341ea94195169c3fb5961 (127.21.192.67:39179)
I20260713 09:07:13.483819 22407 tablet_service.cc:1917] Received RequestConsensusVote() RPC: tablet_id: "428aa3e892124479b732a43bd4c392cd" candidate_uuid: "da7e36702fd4409789506caba0ee8ae9" candidate_term: 2 candidate_status { last_received { term: 1 index: 1 } } ignore_live_leader: true dest_uuid: "6745967a9ec14502882a376701c8ff7f"
I20260713 09:07:13.484391 22407 raft_consensus.cc:3060] T 428aa3e892124479b732a43bd4c392cd P 6745967a9ec14502882a376701c8ff7f [term 1 FOLLOWER]: Advancing to term 2
I20260713 09:07:13.484405 22557 tablet_service.cc:1917] Received RequestConsensusVote() RPC: tablet_id: "428aa3e892124479b732a43bd4c392cd" candidate_uuid: "da7e36702fd4409789506caba0ee8ae9" candidate_term: 2 candidate_status { last_received { term: 1 index: 1 } } ignore_live_leader: true dest_uuid: "35c3d9d8148341ea94195169c3fb5961"
I20260713 09:07:13.485071 22557 raft_consensus.cc:3055] T 428aa3e892124479b732a43bd4c392cd P 35c3d9d8148341ea94195169c3fb5961 [term 1 LEADER]: Stepping down as leader of term 1
I20260713 09:07:13.485401 22557 raft_consensus.cc:740] T 428aa3e892124479b732a43bd4c392cd P 35c3d9d8148341ea94195169c3fb5961 [term 1 LEADER]: Becoming Follower/Learner. State: Replica: 35c3d9d8148341ea94195169c3fb5961, State: Running, Role: LEADER
I20260713 09:07:13.486194 22557 consensus_queue.cc:260] T 428aa3e892124479b732a43bd4c392cd P 35c3d9d8148341ea94195169c3fb5961 [NON_LEADER]: Queue going to NON_LEADER mode. State: All replicated index: 0, Majority replicated index: 1, Committed index: 1, Last appended: 1.1, Last appended by leader: 1, Current term: 1, Majority size: -1, State: 0, Mode: NON_LEADER, active raft config: opid_index: -1 OBSOLETE_local: false peers { permanent_uuid: "6745967a9ec14502882a376701c8ff7f" member_type: VOTER last_known_addr { host: "127.21.192.65" port: 43749 } } peers { permanent_uuid: "da7e36702fd4409789506caba0ee8ae9" member_type: VOTER last_known_addr { host: "127.21.192.66" port: 38655 } } peers { permanent_uuid: "35c3d9d8148341ea94195169c3fb5961" member_type: VOTER last_known_addr { host: "127.21.192.67" port: 39179 } }
I20260713 09:07:13.487390 22557 raft_consensus.cc:3060] T 428aa3e892124479b732a43bd4c392cd P 35c3d9d8148341ea94195169c3fb5961 [term 1 FOLLOWER]: Advancing to term 2
I20260713 09:07:13.491418 22407 raft_consensus.cc:2468] T 428aa3e892124479b732a43bd4c392cd P 6745967a9ec14502882a376701c8ff7f [term 2 FOLLOWER]: Leader election vote request: Granting yes vote for candidate da7e36702fd4409789506caba0ee8ae9 in term 2.
I20260713 09:07:13.492700 22447 leader_election.cc:304] T 428aa3e892124479b732a43bd4c392cd P da7e36702fd4409789506caba0ee8ae9 [CANDIDATE]: Term 2 election: Election decided. Result: candidate won. Election summary: received 2 responses out of 3 voters: 2 yes votes; 0 no votes. yes voters: 6745967a9ec14502882a376701c8ff7f, da7e36702fd4409789506caba0ee8ae9; no voters: 
I20260713 09:07:13.493489 22605 raft_consensus.cc:2804] T 428aa3e892124479b732a43bd4c392cd P da7e36702fd4409789506caba0ee8ae9 [term 2 FOLLOWER]: Leader election won for term 2
I20260713 09:07:13.493973 22605 raft_consensus.cc:697] T 428aa3e892124479b732a43bd4c392cd P da7e36702fd4409789506caba0ee8ae9 [term 2 LEADER]: Becoming Leader. State: Replica: da7e36702fd4409789506caba0ee8ae9, State: Running, Role: LEADER
I20260713 09:07:13.494060 22557 raft_consensus.cc:2468] T 428aa3e892124479b732a43bd4c392cd P 35c3d9d8148341ea94195169c3fb5961 [term 2 FOLLOWER]: Leader election vote request: Granting yes vote for candidate da7e36702fd4409789506caba0ee8ae9 in term 2.
I20260713 09:07:13.494864 22605 consensus_queue.cc:237] T 428aa3e892124479b732a43bd4c392cd P da7e36702fd4409789506caba0ee8ae9 [LEADER]: Queue going to LEADER mode. State: All replicated index: 0, Majority replicated index: 1, Committed index: 1, Last appended: 1.1, Last appended by leader: 1, Current term: 2, Majority size: 2, State: 0, Mode: LEADER, active raft config: opid_index: -1 OBSOLETE_local: false peers { permanent_uuid: "6745967a9ec14502882a376701c8ff7f" member_type: VOTER last_known_addr { host: "127.21.192.65" port: 43749 } } peers { permanent_uuid: "da7e36702fd4409789506caba0ee8ae9" member_type: VOTER last_known_addr { host: "127.21.192.66" port: 38655 } } peers { permanent_uuid: "35c3d9d8148341ea94195169c3fb5961" member_type: VOTER last_known_addr { host: "127.21.192.67" port: 39179 } }
I20260713 09:07:13.502496 22305 catalog_manager.cc:5697] T 428aa3e892124479b732a43bd4c392cd P da7e36702fd4409789506caba0ee8ae9 reported cstate change: term changed from 1 to 2, leader changed from 35c3d9d8148341ea94195169c3fb5961 (127.21.192.67) to da7e36702fd4409789506caba0ee8ae9 (127.21.192.66). New cstate: current_term: 2 leader_uuid: "da7e36702fd4409789506caba0ee8ae9" committed_config { opid_index: -1 OBSOLETE_local: false peers { permanent_uuid: "6745967a9ec14502882a376701c8ff7f" member_type: VOTER last_known_addr { host: "127.21.192.65" port: 43749 } health_report { overall_health: UNKNOWN } } peers { permanent_uuid: "da7e36702fd4409789506caba0ee8ae9" member_type: VOTER last_known_addr { host: "127.21.192.66" port: 38655 } health_report { overall_health: HEALTHY } } peers { permanent_uuid: "35c3d9d8148341ea94195169c3fb5961" member_type: VOTER last_known_addr { host: "127.21.192.67" port: 39179 } health_report { overall_health: UNKNOWN } } }
I20260713 09:07:13.507578 22654 raft_consensus.cc:993] T 2c8fb05f0e584f70a127d3e35b173bda P 35c3d9d8148341ea94195169c3fb5961: : Instructing follower da7e36702fd4409789506caba0ee8ae9 to start an election
I20260713 09:07:13.508141 22611 raft_consensus.cc:1081] T 2c8fb05f0e584f70a127d3e35b173bda P 35c3d9d8148341ea94195169c3fb5961 [term 1 LEADER]: Signalling peer da7e36702fd4409789506caba0ee8ae9 to start an election
I20260713 09:07:13.509819 22483 tablet_service.cc:2044] Received Run Leader Election RPC: tablet_id: "2c8fb05f0e584f70a127d3e35b173bda"
dest_uuid: "da7e36702fd4409789506caba0ee8ae9"
 from {username='slave'} at 127.0.0.1:57126
I20260713 09:07:13.510411 22483 raft_consensus.cc:493] T 2c8fb05f0e584f70a127d3e35b173bda P da7e36702fd4409789506caba0ee8ae9 [term 1 FOLLOWER]: Starting forced leader election (received explicit request)
I20260713 09:07:13.510788 22483 raft_consensus.cc:3060] T 2c8fb05f0e584f70a127d3e35b173bda P da7e36702fd4409789506caba0ee8ae9 [term 1 FOLLOWER]: Advancing to term 2
I20260713 09:07:13.515497 22483 raft_consensus.cc:515] T 2c8fb05f0e584f70a127d3e35b173bda P da7e36702fd4409789506caba0ee8ae9 [term 2 FOLLOWER]: Starting forced leader election with config: opid_index: -1 OBSOLETE_local: false peers { permanent_uuid: "6745967a9ec14502882a376701c8ff7f" member_type: VOTER last_known_addr { host: "127.21.192.65" port: 43749 } } peers { permanent_uuid: "da7e36702fd4409789506caba0ee8ae9" member_type: VOTER last_known_addr { host: "127.21.192.66" port: 38655 } } peers { permanent_uuid: "35c3d9d8148341ea94195169c3fb5961" member_type: VOTER last_known_addr { host: "127.21.192.67" port: 39179 } }
