I20260713 09:07:32.115768 17562 catalog_manager.cc:5697] T 7d05ec92325648a4ae14e02de4cfe66b P 4c276e78c6654c1ab603bdbf499c1461 reported cstate change: term changed from 0 to 1, leader changed from <none> to 4c276e78c6654c1ab603bdbf499c1461 (127.16.42.195). New cstate: current_term: 1 leader_uuid: "4c276e78c6654c1ab603bdbf499c1461" committed_config { opid_index: -1 OBSOLETE_local: false peers { permanent_uuid: "e0c58a649ac941c5988ffae4883c1d3e" member_type: VOTER last_known_addr { host: "127.16.42.193" port: 44777 } health_report { overall_health: UNKNOWN } } peers { permanent_uuid: "47c7d3589f0b415aa4adb3d2c33afc6d" member_type: VOTER last_known_addr { host: "127.16.42.194" port: 35823 } health_report { overall_health: UNKNOWN } } peers { permanent_uuid: "4c276e78c6654c1ab603bdbf499c1461" member_type: VOTER last_known_addr { host: "127.16.42.195" port: 32925 } health_report { overall_health: HEALTHY } } }
I20260713 09:07:32.125425 17560 catalog_manager.cc:5697] T 0738636004ea4e5eba129a5ae70d55d9 P 47c7d3589f0b415aa4adb3d2c33afc6d reported cstate change: term changed from 0 to 1, leader changed from <none> to 47c7d3589f0b415aa4adb3d2c33afc6d (127.16.42.194). New cstate: current_term: 1 leader_uuid: "47c7d3589f0b415aa4adb3d2c33afc6d" committed_config { opid_index: -1 OBSOLETE_local: false peers { permanent_uuid: "e0c58a649ac941c5988ffae4883c1d3e" member_type: VOTER last_known_addr { host: "127.16.42.193" port: 44777 } health_report { overall_health: UNKNOWN } } peers { permanent_uuid: "47c7d3589f0b415aa4adb3d2c33afc6d" member_type: VOTER last_known_addr { host: "127.16.42.194" port: 35823 } health_report { overall_health: HEALTHY } } peers { permanent_uuid: "4c276e78c6654c1ab603bdbf499c1461" member_type: VOTER last_known_addr { host: "127.16.42.195" port: 32925 } health_report { overall_health: UNKNOWN } } }
I20260713 09:07:32.134085 17857 tablet_bootstrap.cc:654] T 05c2cc39749c4e38bd65bc05133a8713 P e0c58a649ac941c5988ffae4883c1d3e: Neither blocks nor log segments found. Creating new log.
I20260713 09:07:32.124006 17562 catalog_manager.cc:5697] T 440a845cd9964bacbdadb0b6434ac964 P 4c276e78c6654c1ab603bdbf499c1461 reported cstate change: term changed from 0 to 1, leader changed from <none> to 4c276e78c6654c1ab603bdbf499c1461 (127.16.42.195). New cstate: current_term: 1 leader_uuid: "4c276e78c6654c1ab603bdbf499c1461" committed_config { opid_index: -1 OBSOLETE_local: false peers { permanent_uuid: "e0c58a649ac941c5988ffae4883c1d3e" member_type: VOTER last_known_addr { host: "127.16.42.193" port: 44777 } health_report { overall_health: UNKNOWN } } peers { permanent_uuid: "47c7d3589f0b415aa4adb3d2c33afc6d" member_type: VOTER last_known_addr { host: "127.16.42.194" port: 35823 } health_report { overall_health: UNKNOWN } } peers { permanent_uuid: "4c276e78c6654c1ab603bdbf499c1461" member_type: VOTER last_known_addr { host: "127.16.42.195" port: 32925 } health_report { overall_health: HEALTHY } } }
I20260713 09:07:32.141999 17882 consensus_queue.cc:1048] T ba72b20c79d2410485062c539eb602b0 P 4c276e78c6654c1ab603bdbf499c1461 [LEADER]: Connected to new peer: Peer: permanent_uuid: "e0c58a649ac941c5988ffae4883c1d3e" member_type: VOTER last_known_addr { host: "127.16.42.193" port: 44777 }, Status: LMP_MISMATCH, Last received: 0.0, Next index: 1, Last known committed idx: 0, Time since last communication: 0.001s
I20260713 09:07:32.149995 17860 raft_consensus.cc:493] T 5010f359679c4afca9445cc59c090ab9 P e0c58a649ac941c5988ffae4883c1d3e [term 0 FOLLOWER]: Starting pre-election (no leader contacted us within the election timeout)
I20260713 09:07:32.150609 17860 raft_consensus.cc:515] T 5010f359679c4afca9445cc59c090ab9 P e0c58a649ac941c5988ffae4883c1d3e [term 0 FOLLOWER]: Starting pre-election with config: opid_index: -1 OBSOLETE_local: false peers { permanent_uuid: "e0c58a649ac941c5988ffae4883c1d3e" member_type: VOTER last_known_addr { host: "127.16.42.193" port: 44777 } } peers { permanent_uuid: "47c7d3589f0b415aa4adb3d2c33afc6d" member_type: VOTER last_known_addr { host: "127.16.42.194" port: 35823 } } peers { permanent_uuid: "4c276e78c6654c1ab603bdbf499c1461" member_type: VOTER last_known_addr { host: "127.16.42.195" port: 32925 } }
I20260713 09:07:32.153033 17860 leader_election.cc:290] T 5010f359679c4afca9445cc59c090ab9 P e0c58a649ac941c5988ffae4883c1d3e [CANDIDATE]: Term 1 pre-election: Requested pre-vote from peers 47c7d3589f0b415aa4adb3d2c33afc6d (127.16.42.194:35823), 4c276e78c6654c1ab603bdbf499c1461 (127.16.42.195:32925)
I20260713 09:07:32.157446 17856 consensus_queue.cc:1048] T 392838e5fa86400f85f8d64262fb1721 P 4c276e78c6654c1ab603bdbf499c1461 [LEADER]: Connected to new peer: Peer: permanent_uuid: "e0c58a649ac941c5988ffae4883c1d3e" member_type: VOTER last_known_addr { host: "127.16.42.193" port: 44777 }, Status: LMP_MISMATCH, Last received: 0.0, Next index: 1, Last known committed idx: 0, Time since last communication: 0.000s
I20260713 09:07:32.158141 17813 tablet_service.cc:1917] Received RequestConsensusVote() RPC: tablet_id: "5010f359679c4afca9445cc59c090ab9" candidate_uuid: "e0c58a649ac941c5988ffae4883c1d3e" candidate_term: 1 candidate_status { last_received { term: 0 index: 0 } } ignore_live_leader: false dest_uuid: "4c276e78c6654c1ab603bdbf499c1461" is_pre_election: true
I20260713 09:07:32.159768 17737 tablet_service.cc:1917] Received RequestConsensusVote() RPC: tablet_id: "5010f359679c4afca9445cc59c090ab9" candidate_uuid: "e0c58a649ac941c5988ffae4883c1d3e" candidate_term: 1 candidate_status { last_received { term: 0 index: 0 } } ignore_live_leader: false dest_uuid: "47c7d3589f0b415aa4adb3d2c33afc6d" is_pre_election: true
I20260713 09:07:32.161350 17855 tablet_bootstrap.cc:492] T cc2f647a1fa94c71b4b7c656ef1a9a72 P 47c7d3589f0b415aa4adb3d2c33afc6d: No bootstrap required, opened a new log
I20260713 09:07:32.162652 17855 ts_tablet_manager.cc:1403] T cc2f647a1fa94c71b4b7c656ef1a9a72 P 47c7d3589f0b415aa4adb3d2c33afc6d: Time spent bootstrapping tablet: real 0.110s	user 0.020s	sys 0.019s
I20260713 09:07:32.160506 17737 raft_consensus.cc:2393] T 5010f359679c4afca9445cc59c090ab9 P 47c7d3589f0b415aa4adb3d2c33afc6d [term 1 FOLLOWER]: Leader pre-election vote request: Denying vote to candidate e0c58a649ac941c5988ffae4883c1d3e in current term 1: Already voted for candidate 4c276e78c6654c1ab603bdbf499c1461 in this term.
I20260713 09:07:32.165307 17628 leader_election.cc:304] T 5010f359679c4afca9445cc59c090ab9 P e0c58a649ac941c5988ffae4883c1d3e [CANDIDATE]: Term 1 pre-election: Election decided. Result: candidate lost. Election summary: received 3 responses out of 3 voters: 1 yes votes; 2 no votes. yes voters: e0c58a649ac941c5988ffae4883c1d3e; no voters: 47c7d3589f0b415aa4adb3d2c33afc6d, 4c276e78c6654c1ab603bdbf499c1461
I20260713 09:07:32.167299 17860 raft_consensus.cc:3060] T 5010f359679c4afca9445cc59c090ab9 P e0c58a649ac941c5988ffae4883c1d3e [term 0 FOLLOWER]: Advancing to term 1
I20260713 09:07:32.170636 17855 raft_consensus.cc:359] T cc2f647a1fa94c71b4b7c656ef1a9a72 P 47c7d3589f0b415aa4adb3d2c33afc6d [term 0 FOLLOWER]: Replica starting. Triggering 0 pending ops. Active config: opid_index: -1 OBSOLETE_local: false peers { permanent_uuid: "e0c58a649ac941c5988ffae4883c1d3e" member_type: VOTER last_known_addr { host: "127.16.42.193" port: 44777 } } peers { permanent_uuid: "47c7d3589f0b415aa4adb3d2c33afc6d" member_type: VOTER last_known_addr { host: "127.16.42.194" port: 35823 } } peers { permanent_uuid: "4c276e78c6654c1ab603bdbf499c1461" member_type: VOTER last_known_addr { host: "127.16.42.195" port: 32925 } }
I20260713 09:07:32.176345 17853 tablet_bootstrap.cc:492] T 7b25c2bb6f4b455890828b278a66343c P 4c276e78c6654c1ab603bdbf499c1461: No bootstrap required, opened a new log
I20260713 09:07:32.179101 17853 ts_tablet_manager.cc:1403] T 7b25c2bb6f4b455890828b278a66343c P 4c276e78c6654c1ab603bdbf499c1461: Time spent bootstrapping tablet: real 0.093s	user 0.023s	sys 0.052s
I20260713 09:07:32.181732 17853 raft_consensus.cc:359] T 7b25c2bb6f4b455890828b278a66343c P 4c276e78c6654c1ab603bdbf499c1461 [term 0 FOLLOWER]: Replica starting. Triggering 0 pending ops. Active config: opid_index: -1 OBSOLETE_local: false peers { permanent_uuid: "e0c58a649ac941c5988ffae4883c1d3e" member_type: VOTER last_known_addr { host: "127.16.42.193" port: 44777 } } peers { permanent_uuid: "47c7d3589f0b415aa4adb3d2c33afc6d" member_type: VOTER last_known_addr { host: "127.16.42.194" port: 35823 } } peers { permanent_uuid: "4c276e78c6654c1ab603bdbf499c1461" member_type: VOTER last_known_addr { host: "127.16.42.195" port: 32925 } }
I20260713 09:07:32.182366 17853 raft_consensus.cc:385] T 7b25c2bb6f4b455890828b278a66343c P 4c276e78c6654c1ab603bdbf499c1461 [term 0 FOLLOWER]: Consensus starting up: Expiring failure detector timer to make a prompt election more likely
I20260713 09:07:32.182633 17853 raft_consensus.cc:740] T 7b25c2bb6f4b455890828b278a66343c P 4c276e78c6654c1ab603bdbf499c1461 [term 0 FOLLOWER]: Becoming Follower/Learner. State: Replica: 4c276e78c6654c1ab603bdbf499c1461, State: Initialized, Role: FOLLOWER
I20260713 09:07:32.185519 17855 raft_consensus.cc:385] T cc2f647a1fa94c71b4b7c656ef1a9a72 P 47c7d3589f0b415aa4adb3d2c33afc6d [term 0 FOLLOWER]: Consensus starting up: Expiring failure detector timer to make a prompt election more likely
I20260713 09:07:32.185851 17855 raft_consensus.cc:740] T cc2f647a1fa94c71b4b7c656ef1a9a72 P 47c7d3589f0b415aa4adb3d2c33afc6d [term 0 FOLLOWER]: Becoming Follower/Learner. State: Replica: 47c7d3589f0b415aa4adb3d2c33afc6d, State: Initialized, Role: FOLLOWER
I20260713 09:07:32.186481 17855 consensus_queue.cc:260] T cc2f647a1fa94c71b4b7c656ef1a9a72 P 47c7d3589f0b415aa4adb3d2c33afc6d [NON_LEADER]: Queue going to NON_LEADER mode. State: All replicated index: 0, Majority replicated index: 0, Committed index: 0, Last appended: 0.0, Last appended by leader: 0, Current term: 0, Majority size: -1, State: 0, Mode: NON_LEADER, active raft config: opid_index: -1 OBSOLETE_local: false peers { permanent_uuid: "e0c58a649ac941c5988ffae4883c1d3e" member_type: VOTER last_known_addr { host: "127.16.42.193" port: 44777 } } peers { permanent_uuid: "47c7d3589f0b415aa4adb3d2c33afc6d" member_type: VOTER last_known_addr { host: "127.16.42.194" port: 35823 } } peers { permanent_uuid: "4c276e78c6654c1ab603bdbf499c1461" member_type: VOTER last_known_addr { host: "127.16.42.195" port: 32925 } }
I20260713 09:07:32.189210 17855 ts_tablet_manager.cc:1434] T cc2f647a1fa94c71b4b7c656ef1a9a72 P 47c7d3589f0b415aa4adb3d2c33afc6d: Time spent starting tablet: real 0.024s	user 0.007s	sys 0.000s
I20260713 09:07:32.188900 17853 consensus_queue.cc:260] T 7b25c2bb6f4b455890828b278a66343c P 4c276e78c6654c1ab603bdbf499c1461 [NON_LEADER]: Queue going to NON_LEADER mode. State: All replicated index: 0, Majority replicated index: 0, Committed index: 0, Last appended: 0.0, Last appended by leader: 0, Current term: 0, Majority size: -1, State: 0, Mode: NON_LEADER, active raft config: opid_index: -1 OBSOLETE_local: false peers { permanent_uuid: "e0c58a649ac941c5988ffae4883c1d3e" member_type: VOTER last_known_addr { host: "127.16.42.193" port: 44777 } } peers { permanent_uuid: "47c7d3589f0b415aa4adb3d2c33afc6d" member_type: VOTER last_known_addr { host: "127.16.42.194" port: 35823 } } peers { permanent_uuid: "4c276e78c6654c1ab603bdbf499c1461" member_type: VOTER last_known_addr { host: "127.16.42.195" port: 32925 } }
I20260713 09:07:32.190068 17855 tablet_bootstrap.cc:492] T 05c2cc39749c4e38bd65bc05133a8713 P 47c7d3589f0b415aa4adb3d2c33afc6d: Bootstrap starting.
I20260713 09:07:32.190215 17560 catalog_manager.cc:5697] T 9dfa4b349a9b4e64b231e8b5962cc49f P 4c276e78c6654c1ab603bdbf499c1461 reported cstate change: term changed from 0 to 1, leader changed from <none> to 4c276e78c6654c1ab603bdbf499c1461 (127.16.42.195). New cstate: current_term: 1 leader_uuid: "4c276e78c6654c1ab603bdbf499c1461" committed_config { opid_index: -1 OBSOLETE_local: false peers { permanent_uuid: "e0c58a649ac941c5988ffae4883c1d3e" member_type: VOTER last_known_addr { host: "127.16.42.193" port: 44777 } health_report { overall_health: UNKNOWN } } peers { permanent_uuid: "47c7d3589f0b415aa4adb3d2c33afc6d" member_type: VOTER last_known_addr { host: "127.16.42.194" port: 35823 } health_report { overall_health: UNKNOWN } } peers { permanent_uuid: "4c276e78c6654c1ab603bdbf499c1461" member_type: VOTER last_known_addr { host: "127.16.42.195" port: 32925 } health_report { overall_health: HEALTHY } } }
I20260713 09:07:32.191155 17853 ts_tablet_manager.cc:1434] T 7b25c2bb6f4b455890828b278a66343c P 4c276e78c6654c1ab603bdbf499c1461: Time spent starting tablet: real 0.012s	user 0.005s	sys 0.000s
I20260713 09:07:32.192001 17853 tablet_bootstrap.cc:492] T f71db1d2330a4aafb298f00767e43a1a P 4c276e78c6654c1ab603bdbf499c1461: Bootstrap starting.
I20260713 09:07:32.194976 17855 tablet_bootstrap.cc:654] T 05c2cc39749c4e38bd65bc05133a8713 P 47c7d3589f0b415aa4adb3d2c33afc6d: Neither blocks nor log segments found. Creating new log.
I20260713 09:07:32.196018 17860 raft_consensus.cc:2749] T 5010f359679c4afca9445cc59c090ab9 P e0c58a649ac941c5988ffae4883c1d3e [term 1 FOLLOWER]: Leader pre-election lost for term 1. Reason: could not achieve majority
I20260713 09:07:32.197089 17853 tablet_bootstrap.cc:654] T f71db1d2330a4aafb298f00767e43a1a P 4c276e78c6654c1ab603bdbf499c1461: Neither blocks nor log segments found. Creating new log.
I20260713 09:07:32.210237 17856 consensus_queue.cc:1048] T 5010f359679c4afca9445cc59c090ab9 P 4c276e78c6654c1ab603bdbf499c1461 [LEADER]: Connected to new peer: Peer: permanent_uuid: "47c7d3589f0b415aa4adb3d2c33afc6d" member_type: VOTER last_known_addr { host: "127.16.42.194" port: 35823 }, Status: LMP_MISMATCH, Last received: 0.0, Next index: 1, Last known committed idx: 0, Time since last communication: 0.001s
I20260713 09:07:32.221251 17855 tablet_bootstrap.cc:492] T 05c2cc39749c4e38bd65bc05133a8713 P 47c7d3589f0b415aa4adb3d2c33afc6d: No bootstrap required, opened a new log
I20260713 09:07:32.221753 17855 ts_tablet_manager.cc:1403] T 05c2cc39749c4e38bd65bc05133a8713 P 47c7d3589f0b415aa4adb3d2c33afc6d: Time spent bootstrapping tablet: real 0.032s	user 0.009s	sys 0.010s
I20260713 09:07:32.222635 17853 tablet_bootstrap.cc:492] T f71db1d2330a4aafb298f00767e43a1a P 4c276e78c6654c1ab603bdbf499c1461: No bootstrap required, opened a new log
I20260713 09:07:32.223165 17853 ts_tablet_manager.cc:1403] T f71db1d2330a4aafb298f00767e43a1a P 4c276e78c6654c1ab603bdbf499c1461: Time spent bootstrapping tablet: real 0.031s	user 0.009s	sys 0.020s
I20260713 09:07:32.224525 17856 raft_consensus.cc:493] T 7b25c2bb6f4b455890828b278a66343c P 4c276e78c6654c1ab603bdbf499c1461 [term 0 FOLLOWER]: Starting pre-election (no leader contacted us within the election timeout)
I20260713 09:07:32.224985 17856 raft_consensus.cc:515] T 7b25c2bb6f4b455890828b278a66343c P 4c276e78c6654c1ab603bdbf499c1461 [term 0 FOLLOWER]: Starting pre-election with config: opid_index: -1 OBSOLETE_local: false peers { permanent_uuid: "e0c58a649ac941c5988ffae4883c1d3e" member_type: VOTER last_known_addr { host: "127.16.42.193" port: 44777 } } peers { permanent_uuid: "47c7d3589f0b415aa4adb3d2c33afc6d" member_type: VOTER last_known_addr { host: "127.16.42.194" port: 35823 } } peers { permanent_uuid: "4c276e78c6654c1ab603bdbf499c1461" member_type: VOTER last_known_addr { host: "127.16.42.195" port: 32925 } }
I20260713 09:07:32.227061 17856 leader_election.cc:290] T 7b25c2bb6f4b455890828b278a66343c P 4c276e78c6654c1ab603bdbf499c1461 [CANDIDATE]: Term 1 pre-election: Requested pre-vote from peers e0c58a649ac941c5988ffae4883c1d3e (127.16.42.193:44777), 47c7d3589f0b415aa4adb3d2c33afc6d (127.16.42.194:35823)
I20260713 09:07:32.224288 17855 raft_consensus.cc:359] T 05c2cc39749c4e38bd65bc05133a8713 P 47c7d3589f0b415aa4adb3d2c33afc6d [term 0 FOLLOWER]: Replica starting. Triggering 0 pending ops. Active config: opid_index: -1 OBSOLETE_local: false peers { permanent_uuid: "e0c58a649ac941c5988ffae4883c1d3e" member_type: VOTER last_known_addr { host: "127.16.42.193" port: 44777 } } peers { permanent_uuid: "47c7d3589f0b415aa4adb3d2c33afc6d" member_type: VOTER last_known_addr { host: "127.16.42.194" port: 35823 } } peers { permanent_uuid: "4c276e78c6654c1ab603bdbf499c1461" member_type: VOTER last_known_addr { host: "127.16.42.195" port: 32925 } }
I20260713 09:07:32.228222 17664 tablet_service.cc:1917] Received RequestConsensusVote() RPC: tablet_id: "7b25c2bb6f4b455890828b278a66343c" candidate_uuid: "4c276e78c6654c1ab603bdbf499c1461" candidate_term: 1 candidate_status { last_received { term: 0 index: 0 } } ignore_live_leader: false dest_uuid: "e0c58a649ac941c5988ffae4883c1d3e" is_pre_election: true
I20260713 09:07:32.228392 17736 tablet_service.cc:1917] Received RequestConsensusVote() RPC: tablet_id: "7b25c2bb6f4b455890828b278a66343c" candidate_uuid: "4c276e78c6654c1ab603bdbf499c1461" candidate_term: 1 candidate_status { last_received { term: 0 index: 0 } } ignore_live_leader: false dest_uuid: "47c7d3589f0b415aa4adb3d2c33afc6d" is_pre_election: true
I20260713 09:07:32.228749 17855 raft_consensus.cc:385] T 05c2cc39749c4e38bd65bc05133a8713 P 47c7d3589f0b415aa4adb3d2c33afc6d [term 0 FOLLOWER]: Consensus starting up: Expiring failure detector timer to make a prompt election more likely
I20260713 09:07:32.229146 17855 raft_consensus.cc:740] T 05c2cc39749c4e38bd65bc05133a8713 P 47c7d3589f0b415aa4adb3d2c33afc6d [term 0 FOLLOWER]: Becoming Follower/Learner. State: Replica: 47c7d3589f0b415aa4adb3d2c33afc6d, State: Initialized, Role: FOLLOWER
W20260713 09:07:32.229626 17777 leader_election.cc:343] T 7b25c2bb6f4b455890828b278a66343c P 4c276e78c6654c1ab603bdbf499c1461 [CANDIDATE]: Term 1 pre-election: Tablet error from VoteRequest() call to peer e0c58a649ac941c5988ffae4883c1d3e (127.16.42.193:44777): Illegal state: must be running to vote when last-logged opid is not known
I20260713 09:07:32.229918 17855 consensus_queue.cc:260] T 05c2cc39749c4e38bd65bc05133a8713 P 47c7d3589f0b415aa4adb3d2c33afc6d [NON_LEADER]: Queue going to NON_LEADER mode. State: All replicated index: 0, Majority replicated index: 0, Committed index: 0, Last appended: 0.0, Last appended by leader: 0, Current term: 0, Majority size: -1, State: 0, Mode: NON_LEADER, active raft config: opid_index: -1 OBSOLETE_local: false peers { permanent_uuid: "e0c58a649ac941c5988ffae4883c1d3e" member_type: VOTER last_known_addr { host: "127.16.42.193" port: 44777 } } peers { permanent_uuid: "47c7d3589f0b415aa4adb3d2c33afc6d" member_type: VOTER last_known_addr { host: "127.16.42.194" port: 35823 } } peers { permanent_uuid: "4c276e78c6654c1ab603bdbf499c1461" member_type: VOTER last_known_addr { host: "127.16.42.195" port: 32925 } }
I20260713 09:07:32.226459 17853 raft_consensus.cc:359] T f71db1d2330a4aafb298f00767e43a1a P 4c276e78c6654c1ab603bdbf499c1461 [term 0 FOLLOWER]: Replica starting. Triggering 0 pending ops. Active config: opid_index: -1 OBSOLETE_local: false peers { permanent_uuid: "e0c58a649ac941c5988ffae4883c1d3e" member_type: VOTER last_known_addr { host: "127.16.42.193" port: 44777 } } peers { permanent_uuid: "47c7d3589f0b415aa4adb3d2c33afc6d" member_type: VOTER last_known_addr { host: "127.16.42.194" port: 35823 } } peers { permanent_uuid: "4c276e78c6654c1ab603bdbf499c1461" member_type: VOTER last_known_addr { host: "127.16.42.195" port: 32925 } }
I20260713 09:07:32.231019 17853 raft_consensus.cc:385] T f71db1d2330a4aafb298f00767e43a1a P 4c276e78c6654c1ab603bdbf499c1461 [term 0 FOLLOWER]: Consensus starting up: Expiring failure detector timer to make a prompt election more likely
I20260713 09:07:32.231284 17853 raft_consensus.cc:740] T f71db1d2330a4aafb298f00767e43a1a P 4c276e78c6654c1ab603bdbf499c1461 [term 0 FOLLOWER]: Becoming Follower/Learner. State: Replica: 4c276e78c6654c1ab603bdbf499c1461, State: Initialized, Role: FOLLOWER
I20260713 09:07:32.232191 17855 ts_tablet_manager.cc:1434] T 05c2cc39749c4e38bd65bc05133a8713 P 47c7d3589f0b415aa4adb3d2c33afc6d: Time spent starting tablet: real 0.010s	user 0.006s	sys 0.000s
I20260713 09:07:32.233594 17855 tablet_bootstrap.cc:492] T 15e111eebec84b7592ce13b2006f87df P 47c7d3589f0b415aa4adb3d2c33afc6d: Bootstrap starting.
I20260713 09:07:32.233177 17853 consensus_queue.cc:260] T f71db1d2330a4aafb298f00767e43a1a P 4c276e78c6654c1ab603bdbf499c1461 [NON_LEADER]: Queue going to NON_LEADER mode. State: All replicated index: 0, Majority replicated index: 0, Committed index: 0, Last appended: 0.0, Last appended by leader: 0, Current term: 0, Majority size: -1, State: 0, Mode: NON_LEADER, active raft config: opid_index: -1 OBSOLETE_local: false peers { permanent_uuid: "e0c58a649ac941c5988ffae4883c1d3e" member_type: VOTER last_known_addr { host: "127.16.42.193" port: 44777 } } peers { permanent_uuid: "47c7d3589f0b415aa4adb3d2c33afc6d" member_type: VOTER last_known_addr { host: "127.16.42.194" port: 35823 } } peers { permanent_uuid: "4c276e78c6654c1ab603bdbf499c1461" member_type: VOTER last_known_addr { host: "127.16.42.195" port: 32925 } }
I20260713 09:07:32.236963 17853 ts_tablet_manager.cc:1434] T f71db1d2330a4aafb298f00767e43a1a P 4c276e78c6654c1ab603bdbf499c1461: Time spent starting tablet: real 0.014s	user 0.005s	sys 0.001s
W20260713 09:07:32.237126 17777 leader_election.cc:343] T 7b25c2bb6f4b455890828b278a66343c P 4c276e78c6654c1ab603bdbf499c1461 [CANDIDATE]: Term 1 pre-election: Tablet error from VoteRequest() call to peer 47c7d3589f0b415aa4adb3d2c33afc6d (127.16.42.194:35823): Illegal state: must be running to vote when last-logged opid is not known
I20260713 09:07:32.237603 17777 leader_election.cc:304] T 7b25c2bb6f4b455890828b278a66343c P 4c276e78c6654c1ab603bdbf499c1461 [CANDIDATE]: Term 1 pre-election: Election decided. Result: candidate lost. Election summary: received 3 responses out of 3 voters: 1 yes votes; 2 no votes. yes voters: 4c276e78c6654c1ab603bdbf499c1461; no voters: 47c7d3589f0b415aa4adb3d2c33afc6d, e0c58a649ac941c5988ffae4883c1d3e
I20260713 09:07:32.238631 17856 raft_consensus.cc:2749] T 7b25c2bb6f4b455890828b278a66343c P 4c276e78c6654c1ab603bdbf499c1461 [term 0 FOLLOWER]: Leader pre-election lost for term 1. Reason: could not achieve majority
I20260713 09:07:32.239867 17855 tablet_bootstrap.cc:654] T 15e111eebec84b7592ce13b2006f87df P 47c7d3589f0b415aa4adb3d2c33afc6d: Neither blocks nor log segments found. Creating new log.
I20260713 09:07:32.237846 17853 tablet_bootstrap.cc:492] T cc2f647a1fa94c71b4b7c656ef1a9a72 P 4c276e78c6654c1ab603bdbf499c1461: Bootstrap starting.
I20260713 09:07:32.243547 17882 consensus_queue.cc:1048] T 5010f359679c4afca9445cc59c090ab9 P 4c276e78c6654c1ab603bdbf499c1461 [LEADER]: Connected to new peer: Peer: permanent_uuid: "e0c58a649ac941c5988ffae4883c1d3e" member_type: VOTER last_known_addr { host: "127.16.42.193" port: 44777 }, Status: LMP_MISMATCH, Last received: 0.0, Next index: 1, Last known committed idx: 0, Time since last communication: 0.000s
I20260713 09:07:32.250627 17853 tablet_bootstrap.cc:654] T cc2f647a1fa94c71b4b7c656ef1a9a72 P 4c276e78c6654c1ab603bdbf499c1461: Neither blocks nor log segments found. Creating new log.
I20260713 09:07:32.252131 17863 raft_consensus.cc:493] T f71db1d2330a4aafb298f00767e43a1a P 47c7d3589f0b415aa4adb3d2c33afc6d [term 0 FOLLOWER]: Starting pre-election (no leader contacted us within the election timeout)
I20260713 09:07:32.252590 17863 raft_consensus.cc:515] T f71db1d2330a4aafb298f00767e43a1a P 47c7d3589f0b415aa4adb3d2c33afc6d [term 0 FOLLOWER]: Starting pre-election with config: opid_index: -1 OBSOLETE_local: false peers { permanent_uuid: "e0c58a649ac941c5988ffae4883c1d3e" member_type: VOTER last_known_addr { host: "127.16.42.193" port: 44777 } } peers { permanent_uuid: "47c7d3589f0b415aa4adb3d2c33afc6d" member_type: VOTER last_known_addr { host: "127.16.42.194" port: 35823 } } peers { permanent_uuid: "4c276e78c6654c1ab603bdbf499c1461" member_type: VOTER last_known_addr { host: "127.16.42.195" port: 32925 } }
I20260713 09:07:32.254640 17863 leader_election.cc:290] T f71db1d2330a4aafb298f00767e43a1a P 47c7d3589f0b415aa4adb3d2c33afc6d [CANDIDATE]: Term 1 pre-election: Requested pre-vote from peers e0c58a649ac941c5988ffae4883c1d3e (127.16.42.193:44777), 4c276e78c6654c1ab603bdbf499c1461 (127.16.42.195:32925)
I20260713 09:07:32.256500 17663 tablet_service.cc:1917] Received RequestConsensusVote() RPC: tablet_id: "f71db1d2330a4aafb298f00767e43a1a" candidate_uuid: "47c7d3589f0b415aa4adb3d2c33afc6d" candidate_term: 1 candidate_status { last_received { term: 0 index: 0 } } ignore_live_leader: false dest_uuid: "e0c58a649ac941c5988ffae4883c1d3e" is_pre_election: true
W20260713 09:07:32.257946 17703 leader_election.cc:343] T f71db1d2330a4aafb298f00767e43a1a P 47c7d3589f0b415aa4adb3d2c33afc6d [CANDIDATE]: Term 1 pre-election: Tablet error from VoteRequest() call to peer e0c58a649ac941c5988ffae4883c1d3e (127.16.42.193:44777): Illegal state: must be running to vote when last-logged opid is not known
I20260713 09:07:32.259063 17813 tablet_service.cc:1917] Received RequestConsensusVote() RPC: tablet_id: "f71db1d2330a4aafb298f00767e43a1a" candidate_uuid: "47c7d3589f0b415aa4adb3d2c33afc6d" candidate_term: 1 candidate_status { last_received { term: 0 index: 0 } } ignore_live_leader: false dest_uuid: "4c276e78c6654c1ab603bdbf499c1461" is_pre_election: true
I20260713 09:07:32.259670 17813 raft_consensus.cc:2468] T f71db1d2330a4aafb298f00767e43a1a P 4c276e78c6654c1ab603bdbf499c1461 [term 0 FOLLOWER]: Leader pre-election vote request: Granting yes vote for candidate 47c7d3589f0b415aa4adb3d2c33afc6d in term 0.
I20260713 09:07:32.260689 17704 leader_election.cc:304] T f71db1d2330a4aafb298f00767e43a1a P 47c7d3589f0b415aa4adb3d2c33afc6d [CANDIDATE]: Term 1 pre-election: Election decided. Result: candidate won. Election summary: received 3 responses out of 3 voters: 2 yes votes; 1 no votes. yes voters: 47c7d3589f0b415aa4adb3d2c33afc6d, 4c276e78c6654c1ab603bdbf499c1461; no voters: e0c58a649ac941c5988ffae4883c1d3e
I20260713 09:07:32.261641 17857 tablet_bootstrap.cc:492] T 05c2cc39749c4e38bd65bc05133a8713 P e0c58a649ac941c5988ffae4883c1d3e: No bootstrap required, opened a new log
I20260713 09:07:32.261770 17863 raft_consensus.cc:2804] T f71db1d2330a4aafb298f00767e43a1a P 47c7d3589f0b415aa4adb3d2c33afc6d [term 0 FOLLOWER]: Leader pre-election won for term 1
I20260713 09:07:32.262075 17857 ts_tablet_manager.cc:1403] T 05c2cc39749c4e38bd65bc05133a8713 P e0c58a649ac941c5988ffae4883c1d3e: Time spent bootstrapping tablet: real 0.162s	user 0.025s	sys 0.007s
I20260713 09:07:32.262185 17863 raft_consensus.cc:493] T f71db1d2330a4aafb298f00767e43a1a P 47c7d3589f0b415aa4adb3d2c33afc6d [term 0 FOLLOWER]: Starting leader election (no leader contacted us within the election timeout)
I20260713 09:07:32.262584 17863 raft_consensus.cc:3060] T f71db1d2330a4aafb298f00767e43a1a P 47c7d3589f0b415aa4adb3d2c33afc6d [term 0 FOLLOWER]: Advancing to term 1
I20260713 09:07:32.265206 17857 raft_consensus.cc:359] T 05c2cc39749c4e38bd65bc05133a8713 P e0c58a649ac941c5988ffae4883c1d3e [term 0 FOLLOWER]: Replica starting. Triggering 0 pending ops. Active config: opid_index: -1 OBSOLETE_local: false peers { permanent_uuid: "e0c58a649ac941c5988ffae4883c1d3e" member_type: VOTER last_known_addr { host: "127.16.42.193" port: 44777 } } peers { permanent_uuid: "47c7d3589f0b415aa4adb3d2c33afc6d" member_type: VOTER last_known_addr { host: "127.16.42.194" port: 35823 } } peers { permanent_uuid: "4c276e78c6654c1ab603bdbf499c1461" member_type: VOTER last_known_addr { host: "127.16.42.195" port: 32925 } }
I20260713 09:07:32.265910 17857 raft_consensus.cc:385] T 05c2cc39749c4e38bd65bc05133a8713 P e0c58a649ac941c5988ffae4883c1d3e [term 0 FOLLOWER]: Consensus starting up: Expiring failure detector timer to make a prompt election more likely
I20260713 09:07:32.266571 17857 raft_consensus.cc:740] T 05c2cc39749c4e38bd65bc05133a8713 P e0c58a649ac941c5988ffae4883c1d3e [term 0 FOLLOWER]: Becoming Follower/Learner. State: Replica: e0c58a649ac941c5988ffae4883c1d3e, State: Initialized, Role: FOLLOWER
I20260713 09:07:32.267225 17857 consensus_queue.cc:260] T 05c2cc39749c4e38bd65bc05133a8713 P e0c58a649ac941c5988ffae4883c1d3e [NON_LEADER]: Queue going to NON_LEADER mode. State: All replicated index: 0, Majority replicated index: 0, Committed index: 0, Last appended: 0.0, Last appended by leader: 0, Current term: 0, Majority size: -1, State: 0, Mode: NON_LEADER, active raft config: opid_index: -1 OBSOLETE_local: false peers { permanent_uuid: "e0c58a649ac941c5988ffae4883c1d3e" member_type: VOTER last_known_addr { host: "127.16.42.193" port: 44777 } } peers { permanent_uuid: "47c7d3589f0b415aa4adb3d2c33afc6d" member_type: VOTER last_known_addr { host: "127.16.42.194" port: 35823 } } peers { permanent_uuid: "4c276e78c6654c1ab603bdbf499c1461" member_type: VOTER last_known_addr { host: "127.16.42.195" port: 32925 } }
I20260713 09:07:32.269011 17857 ts_tablet_manager.cc:1434] T 05c2cc39749c4e38bd65bc05133a8713 P e0c58a649ac941c5988ffae4883c1d3e: Time spent starting tablet: real 0.007s	user 0.004s	sys 0.000s
I20260713 09:07:32.269874 17857 tablet_bootstrap.cc:492] T 07e1834718a5461ebfb4414ef9251b91 P e0c58a649ac941c5988ffae4883c1d3e: Bootstrap starting.
W20260713 09:07:32.272231 17610 auto_rebalancer.cc:288] Could not retrieve cluster info: Service unavailable: Tablet not running
I20260713 09:07:32.272666 17863 raft_consensus.cc:515] T f71db1d2330a4aafb298f00767e43a1a P 47c7d3589f0b415aa4adb3d2c33afc6d [term 1 FOLLOWER]: Starting leader election with config: opid_index: -1 OBSOLETE_local: false peers { permanent_uuid: "e0c58a649ac941c5988ffae4883c1d3e" member_type: VOTER last_known_addr { host: "127.16.42.193" port: 44777 } } peers { permanent_uuid: "47c7d3589f0b415aa4adb3d2c33afc6d" member_type: VOTER last_known_addr { host: "127.16.42.194" port: 35823 } } peers { permanent_uuid: "4c276e78c6654c1ab603bdbf499c1461" member_type: VOTER last_known_addr { host: "127.16.42.195" port: 32925 } }
I20260713 09:07:32.275588 17663 tablet_service.cc:1917] Received RequestConsensusVote() RPC: tablet_id: "f71db1d2330a4aafb298f00767e43a1a" candidate_uuid: "47c7d3589f0b415aa4adb3d2c33afc6d" candidate_term: 1 candidate_status { last_received { term: 0 index: 0 } } ignore_live_leader: false dest_uuid: "e0c58a649ac941c5988ffae4883c1d3e"
I20260713 09:07:32.276077 17857 tablet_bootstrap.cc:654] T 07e1834718a5461ebfb4414ef9251b91 P e0c58a649ac941c5988ffae4883c1d3e: Neither blocks nor log segments found. Creating new log.
W20260713 09:07:32.276851 17703 leader_election.cc:343] T f71db1d2330a4aafb298f00767e43a1a P 47c7d3589f0b415aa4adb3d2c33afc6d [CANDIDATE]: Term 1 election: Tablet error from VoteRequest() call to peer e0c58a649ac941c5988ffae4883c1d3e (127.16.42.193:44777): Illegal state: must be running to vote when last-logged opid is not known
I20260713 09:07:32.278759 17813 tablet_service.cc:1917] Received RequestConsensusVote() RPC: tablet_id: "f71db1d2330a4aafb298f00767e43a1a" candidate_uuid: "47c7d3589f0b415aa4adb3d2c33afc6d" candidate_term: 1 candidate_status { last_received { term: 0 index: 0 } } ignore_live_leader: false dest_uuid: "4c276e78c6654c1ab603bdbf499c1461"
I20260713 09:07:32.279306 17813 raft_consensus.cc:3060] T f71db1d2330a4aafb298f00767e43a1a P 4c276e78c6654c1ab603bdbf499c1461 [term 0 FOLLOWER]: Advancing to term 1
I20260713 09:07:32.286453 17813 raft_consensus.cc:2468] T f71db1d2330a4aafb298f00767e43a1a P 4c276e78c6654c1ab603bdbf499c1461 [term 1 FOLLOWER]: Leader election vote request: Granting yes vote for candidate 47c7d3589f0b415aa4adb3d2c33afc6d in term 1.
I20260713 09:07:32.287585 17704 leader_election.cc:304] T f71db1d2330a4aafb298f00767e43a1a P 47c7d3589f0b415aa4adb3d2c33afc6d [CANDIDATE]: Term 1 election: Election decided. Result: candidate won. Election summary: received 3 responses out of 3 voters: 2 yes votes; 1 no votes. yes voters: 47c7d3589f0b415aa4adb3d2c33afc6d, 4c276e78c6654c1ab603bdbf499c1461; no voters: e0c58a649ac941c5988ffae4883c1d3e
I20260713 09:07:32.288633 17905 raft_consensus.cc:2804] T f71db1d2330a4aafb298f00767e43a1a P 47c7d3589f0b415aa4adb3d2c33afc6d [term 1 FOLLOWER]: Leader election won for term 1
I20260713 09:07:32.289063 17905 raft_consensus.cc:697] T f71db1d2330a4aafb298f00767e43a1a P 47c7d3589f0b415aa4adb3d2c33afc6d [term 1 LEADER]: Becoming Leader. State: Replica: 47c7d3589f0b415aa4adb3d2c33afc6d, State: Running, Role: LEADER
I20260713 09:07:32.290066 17905 consensus_queue.cc:237] T f71db1d2330a4aafb298f00767e43a1a P 47c7d3589f0b415aa4adb3d2c33afc6d [LEADER]: Queue going to LEADER mode. State: All replicated index: 0, Majority replicated index: 0, Committed index: 0, Last appended: 0.0, Last appended by leader: 0, Current term: 1, Majority size: 2, State: 0, Mode: LEADER, active raft config: opid_index: -1 OBSOLETE_local: false peers { permanent_uuid: "e0c58a649ac941c5988ffae4883c1d3e" member_type: VOTER last_known_addr { host: "127.16.42.193" port: 44777 } } peers { permanent_uuid: "47c7d3589f0b415aa4adb3d2c33afc6d" member_type: VOTER last_known_addr { host: "127.16.42.194" port: 35823 } } peers { permanent_uuid: "4c276e78c6654c1ab603bdbf499c1461" member_type: VOTER last_known_addr { host: "127.16.42.195" port: 32925 } }
I20260713 09:07:32.295311 17855 tablet_bootstrap.cc:492] T 15e111eebec84b7592ce13b2006f87df P 47c7d3589f0b415aa4adb3d2c33afc6d: No bootstrap required, opened a new log
I20260713 09:07:32.295759 17855 ts_tablet_manager.cc:1403] T 15e111eebec84b7592ce13b2006f87df P 47c7d3589f0b415aa4adb3d2c33afc6d: Time spent bootstrapping tablet: real 0.062s	user 0.027s	sys 0.012s
I20260713 09:07:32.296561 17863 leader_election.cc:290] T f71db1d2330a4aafb298f00767e43a1a P 47c7d3589f0b415aa4adb3d2c33afc6d [CANDIDATE]: Term 1 election: Requested vote from peers e0c58a649ac941c5988ffae4883c1d3e (127.16.42.193:44777), 4c276e78c6654c1ab603bdbf499c1461 (127.16.42.195:32925)
I20260713 09:07:32.299057 17855 raft_consensus.cc:359] T 15e111eebec84b7592ce13b2006f87df P 47c7d3589f0b415aa4adb3d2c33afc6d [term 0 FOLLOWER]: Replica starting. Triggering 0 pending ops. Active config: opid_index: -1 OBSOLETE_local: false peers { permanent_uuid: "e0c58a649ac941c5988ffae4883c1d3e" member_type: VOTER last_known_addr { host: "127.16.42.193" port: 44777 } } peers { permanent_uuid: "47c7d3589f0b415aa4adb3d2c33afc6d" member_type: VOTER last_known_addr { host: "127.16.42.194" port: 35823 } } peers { permanent_uuid: "4c276e78c6654c1ab603bdbf499c1461" member_type: VOTER last_known_addr { host: "127.16.42.195" port: 32925 } }
I20260713 09:07:32.299670 17855 raft_consensus.cc:385] T 15e111eebec84b7592ce13b2006f87df P 47c7d3589f0b415aa4adb3d2c33afc6d [term 0 FOLLOWER]: Consensus starting up: Expiring failure detector timer to make a prompt election more likely
I20260713 09:07:32.299927 17855 raft_consensus.cc:740] T 15e111eebec84b7592ce13b2006f87df P 47c7d3589f0b415aa4adb3d2c33afc6d [term 0 FOLLOWER]: Becoming Follower/Learner. State: Replica: 47c7d3589f0b415aa4adb3d2c33afc6d, State: Initialized, Role: FOLLOWER
I20260713 09:07:32.299988 17853 tablet_bootstrap.cc:492] T cc2f647a1fa94c71b4b7c656ef1a9a72 P 4c276e78c6654c1ab603bdbf499c1461: No bootstrap required, opened a new log
I20260713 09:07:32.300341 17857 tablet_bootstrap.cc:492] T 07e1834718a5461ebfb4414ef9251b91 P e0c58a649ac941c5988ffae4883c1d3e: No bootstrap required, opened a new log
I20260713 09:07:32.300540 17853 ts_tablet_manager.cc:1403] T cc2f647a1fa94c71b4b7c656ef1a9a72 P 4c276e78c6654c1ab603bdbf499c1461: Time spent bootstrapping tablet: real 0.063s	user 0.014s	sys 0.004s
I20260713 09:07:32.300758 17857 ts_tablet_manager.cc:1403] T 07e1834718a5461ebfb4414ef9251b91 P e0c58a649ac941c5988ffae4883c1d3e: Time spent bootstrapping tablet: real 0.031s	user 0.016s	sys 0.010s
I20260713 09:07:32.300603 17855 consensus_queue.cc:260] T 15e111eebec84b7592ce13b2006f87df P 47c7d3589f0b415aa4adb3d2c33afc6d [NON_LEADER]: Queue going to NON_LEADER mode. State: All replicated index: 0, Majority replicated index: 0, Committed index: 0, Last appended: 0.0, Last appended by leader: 0, Current term: 0, Majority size: -1, State: 0, Mode: NON_LEADER, active raft config: opid_index: -1 OBSOLETE_local: false peers { permanent_uuid: "e0c58a649ac941c5988ffae4883c1d3e" member_type: VOTER last_known_addr { host: "127.16.42.193" port: 44777 } } peers { permanent_uuid: "47c7d3589f0b415aa4adb3d2c33afc6d" member_type: VOTER last_known_addr { host: "127.16.42.194" port: 35823 } } peers { permanent_uuid: "4c276e78c6654c1ab603bdbf499c1461" member_type: VOTER last_known_addr { host: "127.16.42.195" port: 32925 } }
I20260713 09:07:32.299950 17559 catalog_manager.cc:5697] T f71db1d2330a4aafb298f00767e43a1a P 47c7d3589f0b415aa4adb3d2c33afc6d reported cstate change: term changed from 0 to 1, leader changed from <none> to 47c7d3589f0b415aa4adb3d2c33afc6d (127.16.42.194). New cstate: current_term: 1 leader_uuid: "47c7d3589f0b415aa4adb3d2c33afc6d" committed_config { opid_index: -1 OBSOLETE_local: false peers { permanent_uuid: "e0c58a649ac941c5988ffae4883c1d3e" member_type: VOTER last_known_addr { host: "127.16.42.193" port: 44777 } health_report { overall_health: UNKNOWN } } peers { permanent_uuid: "47c7d3589f0b415aa4adb3d2c33afc6d" member_type: VOTER last_known_addr { host: "127.16.42.194" port: 35823 } health_report { overall_health: HEALTHY } } peers { permanent_uuid: "4c276e78c6654c1ab603bdbf499c1461" member_type: VOTER last_known_addr { host: "127.16.42.195" port: 32925 } health_report { overall_health: UNKNOWN } } }
I20260713 09:07:32.302822 17855 ts_tablet_manager.cc:1434] T 15e111eebec84b7592ce13b2006f87df P 47c7d3589f0b415aa4adb3d2c33afc6d: Time spent starting tablet: real 0.007s	user 0.007s	sys 0.000s
I20260713 09:07:32.303016 17853 raft_consensus.cc:359] T cc2f647a1fa94c71b4b7c656ef1a9a72 P 4c276e78c6654c1ab603bdbf499c1461 [term 0 FOLLOWER]: Replica starting. Triggering 0 pending ops. Active config: opid_index: -1 OBSOLETE_local: false peers { permanent_uuid: "e0c58a649ac941c5988ffae4883c1d3e" member_type: VOTER last_known_addr { host: "127.16.42.193" port: 44777 } } peers { permanent_uuid: "47c7d3589f0b415aa4adb3d2c33afc6d" member_type: VOTER last_known_addr { host: "127.16.42.194" port: 35823 } } peers { permanent_uuid: "4c276e78c6654c1ab603bdbf499c1461" member_type: VOTER last_known_addr { host: "127.16.42.195" port: 32925 } }
I20260713 09:07:32.303272 17857 raft_consensus.cc:359] T 07e1834718a5461ebfb4414ef9251b91 P e0c58a649ac941c5988ffae4883c1d3e [term 0 FOLLOWER]: Replica starting. Triggering 0 pending ops. Active config: opid_index: -1 OBSOLETE_local: false peers { permanent_uuid: "e0c58a649ac941c5988ffae4883c1d3e" member_type: VOTER last_known_addr { host: "127.16.42.193" port: 44777 } } peers { permanent_uuid: "47c7d3589f0b415aa4adb3d2c33afc6d" member_type: VOTER last_known_addr { host: "127.16.42.194" port: 35823 } } peers { permanent_uuid: "4c276e78c6654c1ab603bdbf499c1461" member_type: VOTER last_known_addr { host: "127.16.42.195" port: 32925 } }
I20260713 09:07:32.303614 17853 raft_consensus.cc:385] T cc2f647a1fa94c71b4b7c656ef1a9a72 P 4c276e78c6654c1ab603bdbf499c1461 [term 0 FOLLOWER]: Consensus starting up: Expiring failure detector timer to make a prompt election more likely
I20260713 09:07:32.303668 17855 tablet_bootstrap.cc:492] T 1473bda5618b448e8349983575cededa P 47c7d3589f0b415aa4adb3d2c33afc6d: Bootstrap starting.
I20260713 09:07:32.303905 17857 raft_consensus.cc:385] T 07e1834718a5461ebfb4414ef9251b91 P e0c58a649ac941c5988ffae4883c1d3e [term 0 FOLLOWER]: Consensus starting up: Expiring failure detector timer to make a prompt election more likely
I20260713 09:07:32.303960 17853 raft_consensus.cc:740] T cc2f647a1fa94c71b4b7c656ef1a9a72 P 4c276e78c6654c1ab603bdbf499c1461 [term 0 FOLLOWER]: Becoming Follower/Learner. State: Replica: 4c276e78c6654c1ab603bdbf499c1461, State: Initialized, Role: FOLLOWER
I20260713 09:07:32.304289 17857 raft_consensus.cc:740] T 07e1834718a5461ebfb4414ef9251b91 P e0c58a649ac941c5988ffae4883c1d3e [term 0 FOLLOWER]: Becoming Follower/Learner. State: Replica: e0c58a649ac941c5988ffae4883c1d3e, State: Initialized, Role: FOLLOWER
I20260713 09:07:32.304689 17853 consensus_queue.cc:260] T cc2f647a1fa94c71b4b7c656ef1a9a72 P 4c276e78c6654c1ab603bdbf499c1461 [NON_LEADER]: Queue going to NON_LEADER mode. State: All replicated index: 0, Majority replicated index: 0, Committed index: 0, Last appended: 0.0, Last appended by leader: 0, Current term: 0, Majority size: -1, State: 0, Mode: NON_LEADER, active raft config: opid_index: -1 OBSOLETE_local: false peers { permanent_uuid: "e0c58a649ac941c5988ffae4883c1d3e" member_type: VOTER last_known_addr { host: "127.16.42.193" port: 44777 } } peers { permanent_uuid: "47c7d3589f0b415aa4adb3d2c33afc6d" member_type: VOTER last_known_addr { host: "127.16.42.194" port: 35823 } } peers { permanent_uuid: "4c276e78c6654c1ab603bdbf499c1461" member_type: VOTER last_known_addr { host: "127.16.42.195" port: 32925 } }
I20260713 09:07:32.304931 17857 consensus_queue.cc:260] T 07e1834718a5461ebfb4414ef9251b91 P e0c58a649ac941c5988ffae4883c1d3e [NON_LEADER]: Queue going to NON_LEADER mode. State: All replicated index: 0, Majority replicated index: 0, Committed index: 0, Last appended: 0.0, Last appended by leader: 0, Current term: 0, Majority size: -1, State: 0, Mode: NON_LEADER, active raft config: opid_index: -1 OBSOLETE_local: false peers { permanent_uuid: "e0c58a649ac941c5988ffae4883c1d3e" member_type: VOTER last_known_addr { host: "127.16.42.193" port: 44777 } } peers { permanent_uuid: "47c7d3589f0b415aa4adb3d2c33afc6d" member_type: VOTER last_known_addr { host: "127.16.42.194" port: 35823 } } peers { permanent_uuid: "4c276e78c6654c1ab603bdbf499c1461" member_type: VOTER last_known_addr { host: "127.16.42.195" port: 32925 } }
I20260713 09:07:32.305799 17883 raft_consensus.cc:493] T cc2f647a1fa94c71b4b7c656ef1a9a72 P 4c276e78c6654c1ab603bdbf499c1461 [term 0 FOLLOWER]: Starting pre-election (no leader contacted us within the election timeout)
I20260713 09:07:32.306262 17883 raft_consensus.cc:515] T cc2f647a1fa94c71b4b7c656ef1a9a72 P 4c276e78c6654c1ab603bdbf499c1461 [term 0 FOLLOWER]: Starting pre-election with config: opid_index: -1 OBSOLETE_local: false peers { permanent_uuid: "e0c58a649ac941c5988ffae4883c1d3e" member_type: VOTER last_known_addr { host: "127.16.42.193" port: 44777 } } peers { permanent_uuid: "47c7d3589f0b415aa4adb3d2c33afc6d" member_type: VOTER last_known_addr { host: "127.16.42.194" port: 35823 } } peers { permanent_uuid: "4c276e78c6654c1ab603bdbf499c1461" member_type: VOTER last_known_addr { host: "127.16.42.195" port: 32925 } }
I20260713 09:07:32.306756 17853 ts_tablet_manager.cc:1434] T cc2f647a1fa94c71b4b7c656ef1a9a72 P 4c276e78c6654c1ab603bdbf499c1461: Time spent starting tablet: real 0.006s	user 0.006s	sys 0.000s
I20260713 09:07:32.308238 17883 leader_election.cc:290] T cc2f647a1fa94c71b4b7c656ef1a9a72 P 4c276e78c6654c1ab603bdbf499c1461 [CANDIDATE]: Term 1 pre-election: Requested pre-vote from peers e0c58a649ac941c5988ffae4883c1d3e (127.16.42.193:44777), 47c7d3589f0b415aa4adb3d2c33afc6d (127.16.42.194:35823)
I20260713 09:07:32.310442 17855 tablet_bootstrap.cc:654] T 1473bda5618b448e8349983575cededa P 47c7d3589f0b415aa4adb3d2c33afc6d: Neither blocks nor log segments found. Creating new log.
I20260713 09:07:32.311648 17857 ts_tablet_manager.cc:1434] T 07e1834718a5461ebfb4414ef9251b91 P e0c58a649ac941c5988ffae4883c1d3e: Time spent starting tablet: real 0.011s	user 0.007s	sys 0.000s
I20260713 09:07:32.310446 17853 tablet_bootstrap.cc:492] T db9f82b611b9418f9e25ce434e5ff0c4 P 4c276e78c6654c1ab603bdbf499c1461: Bootstrap starting.
I20260713 09:07:32.312485 17857 tablet_bootstrap.cc:492] T 7b25c2bb6f4b455890828b278a66343c P e0c58a649ac941c5988ffae4883c1d3e: Bootstrap starting.
I20260713 09:07:32.315698 17664 tablet_service.cc:1917] Received RequestConsensusVote() RPC: tablet_id: "cc2f647a1fa94c71b4b7c656ef1a9a72" candidate_uuid: "4c276e78c6654c1ab603bdbf499c1461" candidate_term: 1 candidate_status { last_received { term: 0 index: 0 } } ignore_live_leader: false dest_uuid: "e0c58a649ac941c5988ffae4883c1d3e" is_pre_election: true
I20260713 09:07:32.316771 17863 raft_consensus.cc:493] T 15e111eebec84b7592ce13b2006f87df P 47c7d3589f0b415aa4adb3d2c33afc6d [term 0 FOLLOWER]: Starting pre-election (no leader contacted us within the election timeout)
I20260713 09:07:32.317237 17863 raft_consensus.cc:515] T 15e111eebec84b7592ce13b2006f87df P 47c7d3589f0b415aa4adb3d2c33afc6d [term 0 FOLLOWER]: Starting pre-election with config: opid_index: -1 OBSOLETE_local: false peers { permanent_uuid: "e0c58a649ac941c5988ffae4883c1d3e" member_type: VOTER last_known_addr { host: "127.16.42.193" port: 44777 } } peers { permanent_uuid: "47c7d3589f0b415aa4adb3d2c33afc6d" member_type: VOTER last_known_addr { host: "127.16.42.194" port: 35823 } } peers { permanent_uuid: "4c276e78c6654c1ab603bdbf499c1461" member_type: VOTER last_known_addr { host: "127.16.42.195" port: 32925 } }
I20260713 09:07:32.318210 17857 tablet_bootstrap.cc:654] T 7b25c2bb6f4b455890828b278a66343c P e0c58a649ac941c5988ffae4883c1d3e: Neither blocks nor log segments found. Creating new log.
I20260713 09:07:32.319216 17863 leader_election.cc:290] T 15e111eebec84b7592ce13b2006f87df P 47c7d3589f0b415aa4adb3d2c33afc6d [CANDIDATE]: Term 1 pre-election: Requested pre-vote from peers e0c58a649ac941c5988ffae4883c1d3e (127.16.42.193:44777), 4c276e78c6654c1ab603bdbf499c1461 (127.16.42.195:32925)
W20260713 09:07:32.320034 17777 leader_election.cc:343] T cc2f647a1fa94c71b4b7c656ef1a9a72 P 4c276e78c6654c1ab603bdbf499c1461 [CANDIDATE]: Term 1 pre-election: Tablet error from VoteRequest() call to peer e0c58a649ac941c5988ffae4883c1d3e (127.16.42.193:44777): Illegal state: must be running to vote when last-logged opid is not known
I20260713 09:07:32.319357 17853 tablet_bootstrap.cc:654] T db9f82b611b9418f9e25ce434e5ff0c4 P 4c276e78c6654c1ab603bdbf499c1461: Neither blocks nor log segments found. Creating new log.
I20260713 09:07:32.320822 17738 tablet_service.cc:1917] Received RequestConsensusVote() RPC: tablet_id: "cc2f647a1fa94c71b4b7c656ef1a9a72" candidate_uuid: "4c276e78c6654c1ab603bdbf499c1461" candidate_term: 1 candidate_status { last_received { term: 0 index: 0 } } ignore_live_leader: false dest_uuid: "47c7d3589f0b415aa4adb3d2c33afc6d" is_pre_election: true
I20260713 09:07:32.321444 17738 raft_consensus.cc:2468] T cc2f647a1fa94c71b4b7c656ef1a9a72 P 47c7d3589f0b415aa4adb3d2c33afc6d [term 0 FOLLOWER]: Leader pre-election vote request: Granting yes vote for candidate 4c276e78c6654c1ab603bdbf499c1461 in term 0.
I20260713 09:07:32.321594 17664 tablet_service.cc:1917] Received RequestConsensusVote() RPC: tablet_id: "15e111eebec84b7592ce13b2006f87df" candidate_uuid: "47c7d3589f0b415aa4adb3d2c33afc6d" candidate_term: 1 candidate_status { last_received { term: 0 index: 0 } } ignore_live_leader: false dest_uuid: "e0c58a649ac941c5988ffae4883c1d3e" is_pre_election: true
W20260713 09:07:32.323194 17703 leader_election.cc:343] T 15e111eebec84b7592ce13b2006f87df P 47c7d3589f0b415aa4adb3d2c33afc6d [CANDIDATE]: Term 1 pre-election: Tablet error from VoteRequest() call to peer e0c58a649ac941c5988ffae4883c1d3e (127.16.42.193:44777): Illegal state: must be running to vote when last-logged opid is not known
I20260713 09:07:32.324316 17777 leader_election.cc:304] T cc2f647a1fa94c71b4b7c656ef1a9a72 P 4c276e78c6654c1ab603bdbf499c1461 [CANDIDATE]: Term 1 pre-election: Election decided. Result: candidate won. Election summary: received 3 responses out of 3 voters: 2 yes votes; 1 no votes. yes voters: 47c7d3589f0b415aa4adb3d2c33afc6d, 4c276e78c6654c1ab603bdbf499c1461; no voters: e0c58a649ac941c5988ffae4883c1d3e
I20260713 09:07:32.325523 17856 raft_consensus.cc:2804] T cc2f647a1fa94c71b4b7c656ef1a9a72 P 4c276e78c6654c1ab603bdbf499c1461 [term 0 FOLLOWER]: Leader pre-election won for term 1
I20260713 09:07:32.325891 17856 raft_consensus.cc:493] T cc2f647a1fa94c71b4b7c656ef1a9a72 P 4c276e78c6654c1ab603bdbf499c1461 [term 0 FOLLOWER]: Starting leader election (no leader contacted us within the election timeout)
I20260713 09:07:32.326225 17856 raft_consensus.cc:3060] T cc2f647a1fa94c71b4b7c656ef1a9a72 P 4c276e78c6654c1ab603bdbf499c1461 [term 0 FOLLOWER]: Advancing to term 1
I20260713 09:07:32.333554 17813 tablet_service.cc:1917] Received RequestConsensusVote() RPC: tablet_id: "15e111eebec84b7592ce13b2006f87df" candidate_uuid: "47c7d3589f0b415aa4adb3d2c33afc6d" candidate_term: 1 candidate_status { last_received { term: 0 index: 0 } } ignore_live_leader: false dest_uuid: "4c276e78c6654c1ab603bdbf499c1461" is_pre_election: true
I20260713 09:07:32.334196 17813 raft_consensus.cc:2468] T 15e111eebec84b7592ce13b2006f87df P 4c276e78c6654c1ab603bdbf499c1461 [term 0 FOLLOWER]: Leader pre-election vote request: Granting yes vote for candidate 47c7d3589f0b415aa4adb3d2c33afc6d in term 0.
I20260713 09:07:32.335214 17704 leader_election.cc:304] T 15e111eebec84b7592ce13b2006f87df P 47c7d3589f0b415aa4adb3d2c33afc6d [CANDIDATE]: Term 1 pre-election: Election decided. Result: candidate won. Election summary: received 3 responses out of 3 voters: 2 yes votes; 1 no votes. yes voters: 47c7d3589f0b415aa4adb3d2c33afc6d, 4c276e78c6654c1ab603bdbf499c1461; no voters: e0c58a649ac941c5988ffae4883c1d3e
I20260713 09:07:32.336441 17863 raft_consensus.cc:2804] T 15e111eebec84b7592ce13b2006f87df P 47c7d3589f0b415aa4adb3d2c33afc6d [term 0 FOLLOWER]: Leader pre-election won for term 1
I20260713 09:07:32.336817 17863 raft_consensus.cc:493] T 15e111eebec84b7592ce13b2006f87df P 47c7d3589f0b415aa4adb3d2c33afc6d [term 0 FOLLOWER]: Starting leader election (no leader contacted us within the election timeout)
I20260713 09:07:32.337200 17863 raft_consensus.cc:3060] T 15e111eebec84b7592ce13b2006f87df P 47c7d3589f0b415aa4adb3d2c33afc6d [term 0 FOLLOWER]: Advancing to term 1
I20260713 09:07:32.337960 17855 tablet_bootstrap.cc:492] T 1473bda5618b448e8349983575cededa P 47c7d3589f0b415aa4adb3d2c33afc6d: No bootstrap required, opened a new log
