W20260713 09:07:44.018688 17704 consensus_peers.cc:597] T f71db1d2330a4aafb298f00767e43a1a P 47c7d3589f0b415aa4adb3d2c33afc6d -> Peer 5a61c166bec741fcac1f810579ce4589 (127.16.42.196:43193): Couldn't send request to peer 5a61c166bec741fcac1f810579ce4589. Error code: TABLET_NOT_FOUND (6). Status: Not found: Tablet not found: f71db1d2330a4aafb298f00767e43a1a. This is attempt 1: this message will repeat every 5th retry.
I20260713 09:07:44.043181 17560 catalog_manager.cc:5697] T f71db1d2330a4aafb298f00767e43a1a P 47c7d3589f0b415aa4adb3d2c33afc6d reported cstate change: config changed from index -1 to 2, NON_VOTER 5a61c166bec741fcac1f810579ce4589 (127.16.42.196) added. New cstate: current_term: 1 leader_uuid: "47c7d3589f0b415aa4adb3d2c33afc6d" committed_config { opid_index: 2 OBSOLETE_local: false peers { permanent_uuid: "e0c58a649ac941c5988ffae4883c1d3e" member_type: VOTER last_known_addr { host: "127.16.42.193" port: 44777 } health_report { overall_health: HEALTHY } } peers { permanent_uuid: "47c7d3589f0b415aa4adb3d2c33afc6d" member_type: VOTER last_known_addr { host: "127.16.42.194" port: 35823 } health_report { overall_health: HEALTHY } } peers { permanent_uuid: "4c276e78c6654c1ab603bdbf499c1461" member_type: VOTER last_known_addr { host: "127.16.42.195" port: 32925 } attrs { replace: true } health_report { overall_health: UNKNOWN } } peers { permanent_uuid: "5a61c166bec741fcac1f810579ce4589" member_type: NON_VOTER last_known_addr { host: "127.16.42.196" port: 43193 } attrs { promote: true } health_report { overall_health: UNKNOWN } } }
I20260713 09:07:44.058418 17810 raft_consensus.cc:2955] T f71db1d2330a4aafb298f00767e43a1a P 4c276e78c6654c1ab603bdbf499c1461 [term 1 FOLLOWER]: Committing config change with OpId 1.2: config changed from index -1 to 2, NON_VOTER 5a61c166bec741fcac1f810579ce4589 (127.16.42.196) added. New config: { opid_index: 2 OBSOLETE_local: false peers { permanent_uuid: "e0c58a649ac941c5988ffae4883c1d3e" member_type: VOTER last_known_addr { host: "127.16.42.193" port: 44777 } } peers { permanent_uuid: "47c7d3589f0b415aa4adb3d2c33afc6d" member_type: VOTER last_known_addr { host: "127.16.42.194" port: 35823 } } peers { permanent_uuid: "4c276e78c6654c1ab603bdbf499c1461" member_type: VOTER last_known_addr { host: "127.16.42.195" port: 32925 } attrs { replace: true } } peers { permanent_uuid: "5a61c166bec741fcac1f810579ce4589" member_type: NON_VOTER last_known_addr { host: "127.16.42.196" port: 43193 } attrs { promote: true } } }
I20260713 09:07:44.087165 18344 ts_tablet_manager.cc:933] T 1473bda5618b448e8349983575cededa P 5a61c166bec741fcac1f810579ce4589: Initiating tablet copy from peer 47c7d3589f0b415aa4adb3d2c33afc6d (127.16.42.194:35823)
I20260713 09:07:44.089184 18344 tablet_copy_client.cc:323] T 1473bda5618b448e8349983575cededa P 5a61c166bec741fcac1f810579ce4589: tablet copy: Beginning tablet copy session from remote peer at address 127.16.42.194:35823
I20260713 09:07:44.090785 17749 tablet_copy_service.cc:140] P 47c7d3589f0b415aa4adb3d2c33afc6d: Received BeginTabletCopySession request for tablet 1473bda5618b448e8349983575cededa from peer 5a61c166bec741fcac1f810579ce4589 ({username='slave'} at 127.0.0.1:33188)
I20260713 09:07:44.091362 17749 tablet_copy_service.cc:161] P 47c7d3589f0b415aa4adb3d2c33afc6d: Beginning new tablet copy session on tablet 1473bda5618b448e8349983575cededa from peer 5a61c166bec741fcac1f810579ce4589 at {username='slave'} at 127.0.0.1:33188: session id = 5a61c166bec741fcac1f810579ce4589-1473bda5618b448e8349983575cededa
I20260713 09:07:44.096415 17749 tablet_copy_source_session.cc:215] T 1473bda5618b448e8349983575cededa P 47c7d3589f0b415aa4adb3d2c33afc6d: Tablet Copy: opened 0 blocks and 1 log segments
I20260713 09:07:44.099123 18344 data_dirs.cc:400] Could only allocate 1 dirs of requested 3 for tablet 1473bda5618b448e8349983575cededa. 1 dirs total, 0 dirs full, 0 dirs failed
I20260713 09:07:44.110211 18344 tablet_copy_client.cc:806] T 1473bda5618b448e8349983575cededa P 5a61c166bec741fcac1f810579ce4589: tablet copy: Starting download of 0 data blocks...
I20260713 09:07:44.110824 18344 tablet_copy_client.cc:670] T 1473bda5618b448e8349983575cededa P 5a61c166bec741fcac1f810579ce4589: tablet copy: Starting download of 1 WAL segments...
I20260713 09:07:44.114351 18344 tablet_copy_client.cc:538] T 1473bda5618b448e8349983575cededa P 5a61c166bec741fcac1f810579ce4589: tablet copy: Tablet Copy complete. Replacing tablet superblock.
I20260713 09:07:44.120774 18344 tablet_bootstrap.cc:492] T 1473bda5618b448e8349983575cededa P 5a61c166bec741fcac1f810579ce4589: Bootstrap starting.
I20260713 09:07:44.138617 18344 tablet_bootstrap.cc:492] T 1473bda5618b448e8349983575cededa P 5a61c166bec741fcac1f810579ce4589: Bootstrap replayed 1/1 log segments. Stats: ops{read=2 overwritten=0 applied=2 ignored=0} inserts{seen=0 ignored=0} mutations{seen=0 ignored=0} orphaned_commits=0. Pending: 0 replicates
I20260713 09:07:44.139441 18344 tablet_bootstrap.cc:492] T 1473bda5618b448e8349983575cededa P 5a61c166bec741fcac1f810579ce4589: Bootstrap complete.
I20260713 09:07:44.140096 18344 ts_tablet_manager.cc:1403] T 1473bda5618b448e8349983575cededa P 5a61c166bec741fcac1f810579ce4589: Time spent bootstrapping tablet: real 0.019s	user 0.009s	sys 0.010s
I20260713 09:07:44.142307 18344 raft_consensus.cc:359] T 1473bda5618b448e8349983575cededa P 5a61c166bec741fcac1f810579ce4589 [term 1 LEARNER]: Replica starting. Triggering 0 pending ops. Active config: opid_index: 2 OBSOLETE_local: false peers { permanent_uuid: "e0c58a649ac941c5988ffae4883c1d3e" member_type: VOTER last_known_addr { host: "127.16.42.193" port: 44777 } attrs { replace: true } } peers { permanent_uuid: "47c7d3589f0b415aa4adb3d2c33afc6d" member_type: VOTER last_known_addr { host: "127.16.42.194" port: 35823 } } peers { permanent_uuid: "4c276e78c6654c1ab603bdbf499c1461" member_type: VOTER last_known_addr { host: "127.16.42.195" port: 32925 } } peers { permanent_uuid: "5a61c166bec741fcac1f810579ce4589" member_type: NON_VOTER last_known_addr { host: "127.16.42.196" port: 43193 } attrs { promote: true } }
I20260713 09:07:44.142880 18344 raft_consensus.cc:740] T 1473bda5618b448e8349983575cededa P 5a61c166bec741fcac1f810579ce4589 [term 1 LEARNER]: Becoming Follower/Learner. State: Replica: 5a61c166bec741fcac1f810579ce4589, State: Initialized, Role: LEARNER
I20260713 09:07:44.143392 18344 consensus_queue.cc:260] T 1473bda5618b448e8349983575cededa P 5a61c166bec741fcac1f810579ce4589 [NON_LEADER]: Queue going to NON_LEADER mode. State: All replicated index: 0, Majority replicated index: 0, Committed index: 2, Last appended: 1.2, Last appended by leader: 2, Current term: 0, Majority size: -1, State: 0, Mode: NON_LEADER, active raft config: opid_index: 2 OBSOLETE_local: false peers { permanent_uuid: "e0c58a649ac941c5988ffae4883c1d3e" member_type: VOTER last_known_addr { host: "127.16.42.193" port: 44777 } attrs { replace: true } } peers { permanent_uuid: "47c7d3589f0b415aa4adb3d2c33afc6d" member_type: VOTER last_known_addr { host: "127.16.42.194" port: 35823 } } peers { permanent_uuid: "4c276e78c6654c1ab603bdbf499c1461" member_type: VOTER last_known_addr { host: "127.16.42.195" port: 32925 } } peers { permanent_uuid: "5a61c166bec741fcac1f810579ce4589" member_type: NON_VOTER last_known_addr { host: "127.16.42.196" port: 43193 } attrs { promote: true } }
I20260713 09:07:44.146418 18344 ts_tablet_manager.cc:1434] T 1473bda5618b448e8349983575cededa P 5a61c166bec741fcac1f810579ce4589: Time spent starting tablet: real 0.006s	user 0.005s	sys 0.003s
I20260713 09:07:44.148442 17749 tablet_copy_service.cc:342] P 47c7d3589f0b415aa4adb3d2c33afc6d: Request end of tablet copy session 5a61c166bec741fcac1f810579ce4589-1473bda5618b448e8349983575cededa received from {username='slave'} at 127.0.0.1:33188
I20260713 09:07:44.148839 17749 tablet_copy_service.cc:434] P 47c7d3589f0b415aa4adb3d2c33afc6d: ending tablet copy session 5a61c166bec741fcac1f810579ce4589-1473bda5618b448e8349983575cededa on tablet 1473bda5618b448e8349983575cededa with peer 5a61c166bec741fcac1f810579ce4589
I20260713 09:07:44.190397 18344 ts_tablet_manager.cc:933] T f71db1d2330a4aafb298f00767e43a1a P 5a61c166bec741fcac1f810579ce4589: Initiating tablet copy from peer 47c7d3589f0b415aa4adb3d2c33afc6d (127.16.42.194:35823)
I20260713 09:07:44.193001 18344 tablet_copy_client.cc:323] T f71db1d2330a4aafb298f00767e43a1a P 5a61c166bec741fcac1f810579ce4589: tablet copy: Beginning tablet copy session from remote peer at address 127.16.42.194:35823
I20260713 09:07:44.194451 17749 tablet_copy_service.cc:140] P 47c7d3589f0b415aa4adb3d2c33afc6d: Received BeginTabletCopySession request for tablet f71db1d2330a4aafb298f00767e43a1a from peer 5a61c166bec741fcac1f810579ce4589 ({username='slave'} at 127.0.0.1:33188)
I20260713 09:07:44.194973 17749 tablet_copy_service.cc:161] P 47c7d3589f0b415aa4adb3d2c33afc6d: Beginning new tablet copy session on tablet f71db1d2330a4aafb298f00767e43a1a from peer 5a61c166bec741fcac1f810579ce4589 at {username='slave'} at 127.0.0.1:33188: session id = 5a61c166bec741fcac1f810579ce4589-f71db1d2330a4aafb298f00767e43a1a
I20260713 09:07:44.202265 17749 tablet_copy_source_session.cc:215] T f71db1d2330a4aafb298f00767e43a1a P 47c7d3589f0b415aa4adb3d2c33afc6d: Tablet Copy: opened 0 blocks and 1 log segments
I20260713 09:07:44.205010 18344 data_dirs.cc:400] Could only allocate 1 dirs of requested 3 for tablet f71db1d2330a4aafb298f00767e43a1a. 1 dirs total, 0 dirs full, 0 dirs failed
I20260713 09:07:44.219337 18344 tablet_copy_client.cc:806] T f71db1d2330a4aafb298f00767e43a1a P 5a61c166bec741fcac1f810579ce4589: tablet copy: Starting download of 0 data blocks...
I20260713 09:07:44.219872 18344 tablet_copy_client.cc:670] T f71db1d2330a4aafb298f00767e43a1a P 5a61c166bec741fcac1f810579ce4589: tablet copy: Starting download of 1 WAL segments...
I20260713 09:07:44.223608 18344 tablet_copy_client.cc:538] T f71db1d2330a4aafb298f00767e43a1a P 5a61c166bec741fcac1f810579ce4589: tablet copy: Tablet Copy complete. Replacing tablet superblock.
I20260713 09:07:44.230286 18344 tablet_bootstrap.cc:492] T f71db1d2330a4aafb298f00767e43a1a P 5a61c166bec741fcac1f810579ce4589: Bootstrap starting.
I20260713 09:07:44.246294 18344 tablet_bootstrap.cc:492] T f71db1d2330a4aafb298f00767e43a1a P 5a61c166bec741fcac1f810579ce4589: Bootstrap replayed 1/1 log segments. Stats: ops{read=2 overwritten=0 applied=2 ignored=0} inserts{seen=0 ignored=0} mutations{seen=0 ignored=0} orphaned_commits=0. Pending: 0 replicates
I20260713 09:07:44.246989 18344 tablet_bootstrap.cc:492] T f71db1d2330a4aafb298f00767e43a1a P 5a61c166bec741fcac1f810579ce4589: Bootstrap complete.
I20260713 09:07:44.247509 18344 ts_tablet_manager.cc:1403] T f71db1d2330a4aafb298f00767e43a1a P 5a61c166bec741fcac1f810579ce4589: Time spent bootstrapping tablet: real 0.017s	user 0.012s	sys 0.003s
I20260713 09:07:44.249706 18344 raft_consensus.cc:359] T f71db1d2330a4aafb298f00767e43a1a P 5a61c166bec741fcac1f810579ce4589 [term 1 LEARNER]: Replica starting. Triggering 0 pending ops. Active config: opid_index: 2 OBSOLETE_local: false peers { permanent_uuid: "e0c58a649ac941c5988ffae4883c1d3e" member_type: VOTER last_known_addr { host: "127.16.42.193" port: 44777 } } peers { permanent_uuid: "47c7d3589f0b415aa4adb3d2c33afc6d" member_type: VOTER last_known_addr { host: "127.16.42.194" port: 35823 } } peers { permanent_uuid: "4c276e78c6654c1ab603bdbf499c1461" member_type: VOTER last_known_addr { host: "127.16.42.195" port: 32925 } attrs { replace: true } } peers { permanent_uuid: "5a61c166bec741fcac1f810579ce4589" member_type: NON_VOTER last_known_addr { host: "127.16.42.196" port: 43193 } attrs { promote: true } }
I20260713 09:07:44.250489 18344 raft_consensus.cc:740] T f71db1d2330a4aafb298f00767e43a1a P 5a61c166bec741fcac1f810579ce4589 [term 1 LEARNER]: Becoming Follower/Learner. State: Replica: 5a61c166bec741fcac1f810579ce4589, State: Initialized, Role: LEARNER
I20260713 09:07:44.251133 18344 consensus_queue.cc:260] T f71db1d2330a4aafb298f00767e43a1a P 5a61c166bec741fcac1f810579ce4589 [NON_LEADER]: Queue going to NON_LEADER mode. State: All replicated index: 0, Majority replicated index: 0, Committed index: 2, Last appended: 1.2, Last appended by leader: 2, Current term: 0, Majority size: -1, State: 0, Mode: NON_LEADER, active raft config: opid_index: 2 OBSOLETE_local: false peers { permanent_uuid: "e0c58a649ac941c5988ffae4883c1d3e" member_type: VOTER last_known_addr { host: "127.16.42.193" port: 44777 } } peers { permanent_uuid: "47c7d3589f0b415aa4adb3d2c33afc6d" member_type: VOTER last_known_addr { host: "127.16.42.194" port: 35823 } } peers { permanent_uuid: "4c276e78c6654c1ab603bdbf499c1461" member_type: VOTER last_known_addr { host: "127.16.42.195" port: 32925 } attrs { replace: true } } peers { permanent_uuid: "5a61c166bec741fcac1f810579ce4589" member_type: NON_VOTER last_known_addr { host: "127.16.42.196" port: 43193 } attrs { promote: true } }
I20260713 09:07:44.253485 18344 ts_tablet_manager.cc:1434] T f71db1d2330a4aafb298f00767e43a1a P 5a61c166bec741fcac1f810579ce4589: Time spent starting tablet: real 0.006s	user 0.008s	sys 0.000s
I20260713 09:07:44.255643 17749 tablet_copy_service.cc:342] P 47c7d3589f0b415aa4adb3d2c33afc6d: Request end of tablet copy session 5a61c166bec741fcac1f810579ce4589-f71db1d2330a4aafb298f00767e43a1a received from {username='slave'} at 127.0.0.1:33188
I20260713 09:07:44.256035 17749 tablet_copy_service.cc:434] P 47c7d3589f0b415aa4adb3d2c33afc6d: ending tablet copy session 5a61c166bec741fcac1f810579ce4589-f71db1d2330a4aafb298f00767e43a1a on tablet f71db1d2330a4aafb298f00767e43a1a with peer 5a61c166bec741fcac1f810579ce4589
I20260713 09:07:44.320475 18344 ts_tablet_manager.cc:933] T 7b25c2bb6f4b455890828b278a66343c P 5a61c166bec741fcac1f810579ce4589: Initiating tablet copy from peer e0c58a649ac941c5988ffae4883c1d3e (127.16.42.193:44777)
I20260713 09:07:44.322271 18344 tablet_copy_client.cc:323] T 7b25c2bb6f4b455890828b278a66343c P 5a61c166bec741fcac1f810579ce4589: tablet copy: Beginning tablet copy session from remote peer at address 127.16.42.193:44777
I20260713 09:07:44.323823 17674 tablet_copy_service.cc:140] P e0c58a649ac941c5988ffae4883c1d3e: Received BeginTabletCopySession request for tablet 7b25c2bb6f4b455890828b278a66343c from peer 5a61c166bec741fcac1f810579ce4589 ({username='slave'} at 127.0.0.1:43812)
I20260713 09:07:44.324338 17674 tablet_copy_service.cc:161] P e0c58a649ac941c5988ffae4883c1d3e: Beginning new tablet copy session on tablet 7b25c2bb6f4b455890828b278a66343c from peer 5a61c166bec741fcac1f810579ce4589 at {username='slave'} at 127.0.0.1:43812: session id = 5a61c166bec741fcac1f810579ce4589-7b25c2bb6f4b455890828b278a66343c
I20260713 09:07:44.331612 17674 tablet_copy_source_session.cc:215] T 7b25c2bb6f4b455890828b278a66343c P e0c58a649ac941c5988ffae4883c1d3e: Tablet Copy: opened 0 blocks and 1 log segments
I20260713 09:07:44.334633 18344 data_dirs.cc:400] Could only allocate 1 dirs of requested 3 for tablet 7b25c2bb6f4b455890828b278a66343c. 1 dirs total, 0 dirs full, 0 dirs failed
I20260713 09:07:44.346841 18344 tablet_copy_client.cc:806] T 7b25c2bb6f4b455890828b278a66343c P 5a61c166bec741fcac1f810579ce4589: tablet copy: Starting download of 0 data blocks...
I20260713 09:07:44.347414 18344 tablet_copy_client.cc:670] T 7b25c2bb6f4b455890828b278a66343c P 5a61c166bec741fcac1f810579ce4589: tablet copy: Starting download of 1 WAL segments...
I20260713 09:07:44.351104 18344 tablet_copy_client.cc:538] T 7b25c2bb6f4b455890828b278a66343c P 5a61c166bec741fcac1f810579ce4589: tablet copy: Tablet Copy complete. Replacing tablet superblock.
I20260713 09:07:44.356248 18344 tablet_bootstrap.cc:492] T 7b25c2bb6f4b455890828b278a66343c P 5a61c166bec741fcac1f810579ce4589: Bootstrap starting.
I20260713 09:07:44.366412 18351 ts_tablet_manager.cc:933] T 07e1834718a5461ebfb4414ef9251b91 P 5a61c166bec741fcac1f810579ce4589: Initiating tablet copy from peer e0c58a649ac941c5988ffae4883c1d3e (127.16.42.193:44777)
I20260713 09:07:44.373384 18351 tablet_copy_client.cc:323] T 07e1834718a5461ebfb4414ef9251b91 P 5a61c166bec741fcac1f810579ce4589: tablet copy: Beginning tablet copy session from remote peer at address 127.16.42.193:44777
I20260713 09:07:44.375111 17674 tablet_copy_service.cc:140] P e0c58a649ac941c5988ffae4883c1d3e: Received BeginTabletCopySession request for tablet 07e1834718a5461ebfb4414ef9251b91 from peer 5a61c166bec741fcac1f810579ce4589 ({username='slave'} at 127.0.0.1:43812)
I20260713 09:07:44.375631 17674 tablet_copy_service.cc:161] P e0c58a649ac941c5988ffae4883c1d3e: Beginning new tablet copy session on tablet 07e1834718a5461ebfb4414ef9251b91 from peer 5a61c166bec741fcac1f810579ce4589 at {username='slave'} at 127.0.0.1:43812: session id = 5a61c166bec741fcac1f810579ce4589-07e1834718a5461ebfb4414ef9251b91
I20260713 09:07:44.377596 18344 tablet_bootstrap.cc:492] T 7b25c2bb6f4b455890828b278a66343c P 5a61c166bec741fcac1f810579ce4589: Bootstrap replayed 1/1 log segments. Stats: ops{read=2 overwritten=0 applied=2 ignored=0} inserts{seen=0 ignored=0} mutations{seen=0 ignored=0} orphaned_commits=0. Pending: 0 replicates
I20260713 09:07:44.378342 18344 tablet_bootstrap.cc:492] T 7b25c2bb6f4b455890828b278a66343c P 5a61c166bec741fcac1f810579ce4589: Bootstrap complete.
I20260713 09:07:44.378849 18344 ts_tablet_manager.cc:1403] T 7b25c2bb6f4b455890828b278a66343c P 5a61c166bec741fcac1f810579ce4589: Time spent bootstrapping tablet: real 0.023s	user 0.010s	sys 0.013s
I20260713 09:07:44.380729 18344 raft_consensus.cc:359] T 7b25c2bb6f4b455890828b278a66343c P 5a61c166bec741fcac1f810579ce4589 [term 1 LEARNER]: Replica starting. Triggering 0 pending ops. Active config: opid_index: 2 OBSOLETE_local: false peers { permanent_uuid: "e0c58a649ac941c5988ffae4883c1d3e" member_type: VOTER last_known_addr { host: "127.16.42.193" port: 44777 } } peers { permanent_uuid: "47c7d3589f0b415aa4adb3d2c33afc6d" member_type: VOTER last_known_addr { host: "127.16.42.194" port: 35823 } } peers { permanent_uuid: "4c276e78c6654c1ab603bdbf499c1461" member_type: VOTER last_known_addr { host: "127.16.42.195" port: 32925 } attrs { replace: true } } peers { permanent_uuid: "5a61c166bec741fcac1f810579ce4589" member_type: NON_VOTER last_known_addr { host: "127.16.42.196" port: 43193 } attrs { promote: true } }
I20260713 09:07:44.381436 18344 raft_consensus.cc:740] T 7b25c2bb6f4b455890828b278a66343c P 5a61c166bec741fcac1f810579ce4589 [term 1 LEARNER]: Becoming Follower/Learner. State: Replica: 5a61c166bec741fcac1f810579ce4589, State: Initialized, Role: LEARNER
I20260713 09:07:44.381987 18344 consensus_queue.cc:260] T 7b25c2bb6f4b455890828b278a66343c P 5a61c166bec741fcac1f810579ce4589 [NON_LEADER]: Queue going to NON_LEADER mode. State: All replicated index: 0, Majority replicated index: 0, Committed index: 2, Last appended: 1.2, Last appended by leader: 2, Current term: 0, Majority size: -1, State: 0, Mode: NON_LEADER, active raft config: opid_index: 2 OBSOLETE_local: false peers { permanent_uuid: "e0c58a649ac941c5988ffae4883c1d3e" member_type: VOTER last_known_addr { host: "127.16.42.193" port: 44777 } } peers { permanent_uuid: "47c7d3589f0b415aa4adb3d2c33afc6d" member_type: VOTER last_known_addr { host: "127.16.42.194" port: 35823 } } peers { permanent_uuid: "4c276e78c6654c1ab603bdbf499c1461" member_type: VOTER last_known_addr { host: "127.16.42.195" port: 32925 } attrs { replace: true } } peers { permanent_uuid: "5a61c166bec741fcac1f810579ce4589" member_type: NON_VOTER last_known_addr { host: "127.16.42.196" port: 43193 } attrs { promote: true } }
I20260713 09:07:44.383085 17674 tablet_copy_source_session.cc:215] T 07e1834718a5461ebfb4414ef9251b91 P e0c58a649ac941c5988ffae4883c1d3e: Tablet Copy: opened 0 blocks and 1 log segments
I20260713 09:07:44.383796 18344 ts_tablet_manager.cc:1434] T 7b25c2bb6f4b455890828b278a66343c P 5a61c166bec741fcac1f810579ce4589: Time spent starting tablet: real 0.005s	user 0.004s	sys 0.000s
I20260713 09:07:44.387874 18351 data_dirs.cc:400] Could only allocate 1 dirs of requested 3 for tablet 07e1834718a5461ebfb4414ef9251b91. 1 dirs total, 0 dirs full, 0 dirs failed
I20260713 09:07:44.387953 17674 tablet_copy_service.cc:342] P e0c58a649ac941c5988ffae4883c1d3e: Request end of tablet copy session 5a61c166bec741fcac1f810579ce4589-7b25c2bb6f4b455890828b278a66343c received from {username='slave'} at 127.0.0.1:43812
I20260713 09:07:44.392403 17674 tablet_copy_service.cc:434] P e0c58a649ac941c5988ffae4883c1d3e: ending tablet copy session 5a61c166bec741fcac1f810579ce4589-7b25c2bb6f4b455890828b278a66343c on tablet 7b25c2bb6f4b455890828b278a66343c with peer 5a61c166bec741fcac1f810579ce4589
I20260713 09:07:44.403625 18351 tablet_copy_client.cc:806] T 07e1834718a5461ebfb4414ef9251b91 P 5a61c166bec741fcac1f810579ce4589: tablet copy: Starting download of 0 data blocks...
I20260713 09:07:44.404247 18351 tablet_copy_client.cc:670] T 07e1834718a5461ebfb4414ef9251b91 P 5a61c166bec741fcac1f810579ce4589: tablet copy: Starting download of 1 WAL segments...
I20260713 09:07:44.407646 18351 tablet_copy_client.cc:538] T 07e1834718a5461ebfb4414ef9251b91 P 5a61c166bec741fcac1f810579ce4589: tablet copy: Tablet Copy complete. Replacing tablet superblock.
I20260713 09:07:44.413417 18351 tablet_bootstrap.cc:492] T 07e1834718a5461ebfb4414ef9251b91 P 5a61c166bec741fcac1f810579ce4589: Bootstrap starting.
I20260713 09:07:44.428673 18351 tablet_bootstrap.cc:492] T 07e1834718a5461ebfb4414ef9251b91 P 5a61c166bec741fcac1f810579ce4589: Bootstrap replayed 1/1 log segments. Stats: ops{read=2 overwritten=0 applied=2 ignored=0} inserts{seen=0 ignored=0} mutations{seen=0 ignored=0} orphaned_commits=0. Pending: 0 replicates
I20260713 09:07:44.429400 18351 tablet_bootstrap.cc:492] T 07e1834718a5461ebfb4414ef9251b91 P 5a61c166bec741fcac1f810579ce4589: Bootstrap complete.
I20260713 09:07:44.429922 18351 ts_tablet_manager.cc:1403] T 07e1834718a5461ebfb4414ef9251b91 P 5a61c166bec741fcac1f810579ce4589: Time spent bootstrapping tablet: real 0.017s	user 0.008s	sys 0.007s
I20260713 09:07:44.431916 18351 raft_consensus.cc:359] T 07e1834718a5461ebfb4414ef9251b91 P 5a61c166bec741fcac1f810579ce4589 [term 1 LEARNER]: Replica starting. Triggering 0 pending ops. Active config: opid_index: 2 OBSOLETE_local: false peers { permanent_uuid: "e0c58a649ac941c5988ffae4883c1d3e" member_type: VOTER last_known_addr { host: "127.16.42.193" port: 44777 } } peers { permanent_uuid: "47c7d3589f0b415aa4adb3d2c33afc6d" member_type: VOTER last_known_addr { host: "127.16.42.194" port: 35823 } attrs { replace: true } } peers { permanent_uuid: "4c276e78c6654c1ab603bdbf499c1461" member_type: VOTER last_known_addr { host: "127.16.42.195" port: 32925 } } peers { permanent_uuid: "5a61c166bec741fcac1f810579ce4589" member_type: NON_VOTER last_known_addr { host: "127.16.42.196" port: 43193 } attrs { promote: true } }
I20260713 09:07:44.432492 18351 raft_consensus.cc:740] T 07e1834718a5461ebfb4414ef9251b91 P 5a61c166bec741fcac1f810579ce4589 [term 1 LEARNER]: Becoming Follower/Learner. State: Replica: 5a61c166bec741fcac1f810579ce4589, State: Initialized, Role: LEARNER
I20260713 09:07:44.432984 18351 consensus_queue.cc:260] T 07e1834718a5461ebfb4414ef9251b91 P 5a61c166bec741fcac1f810579ce4589 [NON_LEADER]: Queue going to NON_LEADER mode. State: All replicated index: 0, Majority replicated index: 0, Committed index: 2, Last appended: 1.2, Last appended by leader: 2, Current term: 0, Majority size: -1, State: 0, Mode: NON_LEADER, active raft config: opid_index: 2 OBSOLETE_local: false peers { permanent_uuid: "e0c58a649ac941c5988ffae4883c1d3e" member_type: VOTER last_known_addr { host: "127.16.42.193" port: 44777 } } peers { permanent_uuid: "47c7d3589f0b415aa4adb3d2c33afc6d" member_type: VOTER last_known_addr { host: "127.16.42.194" port: 35823 } attrs { replace: true } } peers { permanent_uuid: "4c276e78c6654c1ab603bdbf499c1461" member_type: VOTER last_known_addr { host: "127.16.42.195" port: 32925 } } peers { permanent_uuid: "5a61c166bec741fcac1f810579ce4589" member_type: NON_VOTER last_known_addr { host: "127.16.42.196" port: 43193 } attrs { promote: true } }
I20260713 09:07:44.434857 18351 ts_tablet_manager.cc:1434] T 07e1834718a5461ebfb4414ef9251b91 P 5a61c166bec741fcac1f810579ce4589: Time spent starting tablet: real 0.005s	user 0.004s	sys 0.000s
I20260713 09:07:44.436515 17674 tablet_copy_service.cc:342] P e0c58a649ac941c5988ffae4883c1d3e: Request end of tablet copy session 5a61c166bec741fcac1f810579ce4589-07e1834718a5461ebfb4414ef9251b91 received from {username='slave'} at 127.0.0.1:43812
I20260713 09:07:44.436923 17674 tablet_copy_service.cc:434] P e0c58a649ac941c5988ffae4883c1d3e: ending tablet copy session 5a61c166bec741fcac1f810579ce4589-07e1834718a5461ebfb4414ef9251b91 on tablet 07e1834718a5461ebfb4414ef9251b91 with peer 5a61c166bec741fcac1f810579ce4589
I20260713 09:07:44.553357 18073 raft_consensus.cc:1217] T 1473bda5618b448e8349983575cededa P 5a61c166bec741fcac1f810579ce4589 [term 1 LEARNER]: Deduplicated request from leader. Original: 1.1->[1.2-1.2]   Dedup: 1.2->[]
I20260713 09:07:44.747737 18073 raft_consensus.cc:1217] T 07e1834718a5461ebfb4414ef9251b91 P 5a61c166bec741fcac1f810579ce4589 [term 1 LEARNER]: Deduplicated request from leader. Original: 1.1->[1.2-1.2]   Dedup: 1.2->[]
I20260713 09:07:44.810281 18073 raft_consensus.cc:1217] T f71db1d2330a4aafb298f00767e43a1a P 5a61c166bec741fcac1f810579ce4589 [term 1 LEARNER]: Deduplicated request from leader. Original: 1.1->[1.2-1.2]   Dedup: 1.2->[]
W20260713 09:07:44.905694 17760 debug-util.cc:398] Leaking SignalData structure 0x7b0800096c60 after lost signal to thread 16558
W20260713 09:07:44.906715 17760 debug-util.cc:398] Leaking SignalData structure 0x7b08001424a0 after lost signal to thread 17596
W20260713 09:07:44.907902 17760 debug-util.cc:398] Leaking SignalData structure 0x7b08001a2de0 after lost signal to thread 17688
W20260713 09:07:44.908911 17760 debug-util.cc:398] Leaking SignalData structure 0x7b0800296aa0 after lost signal to thread 17763
W20260713 09:07:44.909773 17760 debug-util.cc:398] Leaking SignalData structure 0x7b0800296220 after lost signal to thread 17837
W20260713 09:07:44.910781 17760 debug-util.cc:398] Leaking SignalData structure 0x7b0800295720 after lost signal to thread 18101
I20260713 09:07:44.945742 18073 raft_consensus.cc:1217] T 7b25c2bb6f4b455890828b278a66343c P 5a61c166bec741fcac1f810579ce4589 [term 1 LEARNER]: Deduplicated request from leader. Original: 1.1->[1.2-1.2]   Dedup: 1.2->[]
I20260713 09:07:44.965961 18289 raft_consensus.cc:1064] T 1473bda5618b448e8349983575cededa P 47c7d3589f0b415aa4adb3d2c33afc6d: attempting to promote NON_VOTER 5a61c166bec741fcac1f810579ce4589 to VOTER
I20260713 09:07:44.968245 18289 consensus_queue.cc:237] T 1473bda5618b448e8349983575cededa P 47c7d3589f0b415aa4adb3d2c33afc6d [LEADER]: Queue going to LEADER mode. State: All replicated index: 0, Majority replicated index: 2, Committed index: 2, Last appended: 1.2, Last appended by leader: 0, Current term: 1, Majority size: 3, State: 0, Mode: LEADER, active raft config: opid_index: 3 OBSOLETE_local: false peers { permanent_uuid: "e0c58a649ac941c5988ffae4883c1d3e" member_type: VOTER last_known_addr { host: "127.16.42.193" port: 44777 } attrs { replace: true } } peers { permanent_uuid: "47c7d3589f0b415aa4adb3d2c33afc6d" member_type: VOTER last_known_addr { host: "127.16.42.194" port: 35823 } } peers { permanent_uuid: "4c276e78c6654c1ab603bdbf499c1461" member_type: VOTER last_known_addr { host: "127.16.42.195" port: 32925 } } peers { permanent_uuid: "5a61c166bec741fcac1f810579ce4589" member_type: VOTER last_known_addr { host: "127.16.42.196" port: 43193 } attrs { promote: false } }
I20260713 09:07:44.980130 17810 raft_consensus.cc:1275] T 1473bda5618b448e8349983575cededa P 4c276e78c6654c1ab603bdbf499c1461 [term 1 FOLLOWER]: Refusing update from remote peer 47c7d3589f0b415aa4adb3d2c33afc6d: Log matching property violated. Preceding OpId in replica: term: 1 index: 2. Preceding OpId from leader: term: 1 index: 3. (index mismatch)
I20260713 09:07:44.980330 17663 raft_consensus.cc:1275] T 1473bda5618b448e8349983575cededa P e0c58a649ac941c5988ffae4883c1d3e [term 1 FOLLOWER]: Refusing update from remote peer 47c7d3589f0b415aa4adb3d2c33afc6d: Log matching property violated. Preceding OpId in replica: term: 1 index: 2. Preceding OpId from leader: term: 1 index: 3. (index mismatch)
I20260713 09:07:44.981863 18322 consensus_queue.cc:1048] T 1473bda5618b448e8349983575cededa P 47c7d3589f0b415aa4adb3d2c33afc6d [LEADER]: Connected to new peer: Peer: permanent_uuid: "e0c58a649ac941c5988ffae4883c1d3e" member_type: VOTER last_known_addr { host: "127.16.42.193" port: 44777 } attrs { replace: true }, Status: LMP_MISMATCH, Last received: 0.0, Next index: 3, Last known committed idx: 2, Time since last communication: 0.000s
I20260713 09:07:44.982735 18324 consensus_queue.cc:1048] T 1473bda5618b448e8349983575cededa P 47c7d3589f0b415aa4adb3d2c33afc6d [LEADER]: Connected to new peer: Peer: permanent_uuid: "4c276e78c6654c1ab603bdbf499c1461" member_type: VOTER last_known_addr { host: "127.16.42.195" port: 32925 }, Status: LMP_MISMATCH, Last received: 0.0, Next index: 3, Last known committed idx: 2, Time since last communication: 0.000s
I20260713 09:07:44.983525 18073 raft_consensus.cc:1275] T 1473bda5618b448e8349983575cededa P 5a61c166bec741fcac1f810579ce4589 [term 1 LEARNER]: Refusing update from remote peer 47c7d3589f0b415aa4adb3d2c33afc6d: Log matching property violated. Preceding OpId in replica: term: 1 index: 2. Preceding OpId from leader: term: 1 index: 3. (index mismatch)
I20260713 09:07:44.989342 18324 consensus_queue.cc:1048] T 1473bda5618b448e8349983575cededa P 47c7d3589f0b415aa4adb3d2c33afc6d [LEADER]: Connected to new peer: Peer: permanent_uuid: "5a61c166bec741fcac1f810579ce4589" member_type: VOTER last_known_addr { host: "127.16.42.196" port: 43193 } attrs { promote: false }, Status: LMP_MISMATCH, Last received: 0.0, Next index: 3, Last known committed idx: 2, Time since last communication: 0.001s
I20260713 09:07:45.020586 18289 raft_consensus.cc:2955] T 1473bda5618b448e8349983575cededa P 47c7d3589f0b415aa4adb3d2c33afc6d [term 1 LEADER]: Committing config change with OpId 1.3: config changed from index 2 to 3, 5a61c166bec741fcac1f810579ce4589 (127.16.42.196) changed from NON_VOTER to VOTER. New config: { opid_index: 3 OBSOLETE_local: false peers { permanent_uuid: "e0c58a649ac941c5988ffae4883c1d3e" member_type: VOTER last_known_addr { host: "127.16.42.193" port: 44777 } attrs { replace: true } } peers { permanent_uuid: "47c7d3589f0b415aa4adb3d2c33afc6d" member_type: VOTER last_known_addr { host: "127.16.42.194" port: 35823 } } peers { permanent_uuid: "4c276e78c6654c1ab603bdbf499c1461" member_type: VOTER last_known_addr { host: "127.16.42.195" port: 32925 } } peers { permanent_uuid: "5a61c166bec741fcac1f810579ce4589" member_type: VOTER last_known_addr { host: "127.16.42.196" port: 43193 } attrs { promote: false } } }
I20260713 09:07:45.021925 17663 raft_consensus.cc:2955] T 1473bda5618b448e8349983575cededa P e0c58a649ac941c5988ffae4883c1d3e [term 1 FOLLOWER]: Committing config change with OpId 1.3: config changed from index 2 to 3, 5a61c166bec741fcac1f810579ce4589 (127.16.42.196) changed from NON_VOTER to VOTER. New config: { opid_index: 3 OBSOLETE_local: false peers { permanent_uuid: "e0c58a649ac941c5988ffae4883c1d3e" member_type: VOTER last_known_addr { host: "127.16.42.193" port: 44777 } attrs { replace: true } } peers { permanent_uuid: "47c7d3589f0b415aa4adb3d2c33afc6d" member_type: VOTER last_known_addr { host: "127.16.42.194" port: 35823 } } peers { permanent_uuid: "4c276e78c6654c1ab603bdbf499c1461" member_type: VOTER last_known_addr { host: "127.16.42.195" port: 32925 } } peers { permanent_uuid: "5a61c166bec741fcac1f810579ce4589" member_type: VOTER last_known_addr { host: "127.16.42.196" port: 43193 } attrs { promote: false } } }
I20260713 09:07:45.028065 18072 raft_consensus.cc:2955] T 1473bda5618b448e8349983575cededa P 5a61c166bec741fcac1f810579ce4589 [term 1 FOLLOWER]: Committing config change with OpId 1.3: config changed from index 2 to 3, 5a61c166bec741fcac1f810579ce4589 (127.16.42.196) changed from NON_VOTER to VOTER. New config: { opid_index: 3 OBSOLETE_local: false peers { permanent_uuid: "e0c58a649ac941c5988ffae4883c1d3e" member_type: VOTER last_known_addr { host: "127.16.42.193" port: 44777 } attrs { replace: true } } peers { permanent_uuid: "47c7d3589f0b415aa4adb3d2c33afc6d" member_type: VOTER last_known_addr { host: "127.16.42.194" port: 35823 } } peers { permanent_uuid: "4c276e78c6654c1ab603bdbf499c1461" member_type: VOTER last_known_addr { host: "127.16.42.195" port: 32925 } } peers { permanent_uuid: "5a61c166bec741fcac1f810579ce4589" member_type: VOTER last_known_addr { host: "127.16.42.196" port: 43193 } attrs { promote: false } } }
I20260713 09:07:45.036427 17562 catalog_manager.cc:5697] T 1473bda5618b448e8349983575cededa P e0c58a649ac941c5988ffae4883c1d3e reported cstate change: config changed from index 2 to 3, 5a61c166bec741fcac1f810579ce4589 (127.16.42.196) changed from NON_VOTER to VOTER. New cstate: current_term: 1 leader_uuid: "47c7d3589f0b415aa4adb3d2c33afc6d" committed_config { opid_index: 3 OBSOLETE_local: false peers { permanent_uuid: "e0c58a649ac941c5988ffae4883c1d3e" member_type: VOTER last_known_addr { host: "127.16.42.193" port: 44777 } attrs { replace: true } } peers { permanent_uuid: "47c7d3589f0b415aa4adb3d2c33afc6d" member_type: VOTER last_known_addr { host: "127.16.42.194" port: 35823 } } peers { permanent_uuid: "4c276e78c6654c1ab603bdbf499c1461" member_type: VOTER last_known_addr { host: "127.16.42.195" port: 32925 } } peers { permanent_uuid: "5a61c166bec741fcac1f810579ce4589" member_type: VOTER last_known_addr { host: "127.16.42.196" port: 43193 } attrs { promote: false } } }
I20260713 09:07:45.051896 17810 raft_consensus.cc:2955] T 1473bda5618b448e8349983575cededa P 4c276e78c6654c1ab603bdbf499c1461 [term 1 FOLLOWER]: Committing config change with OpId 1.3: config changed from index 2 to 3, 5a61c166bec741fcac1f810579ce4589 (127.16.42.196) changed from NON_VOTER to VOTER. New config: { opid_index: 3 OBSOLETE_local: false peers { permanent_uuid: "e0c58a649ac941c5988ffae4883c1d3e" member_type: VOTER last_known_addr { host: "127.16.42.193" port: 44777 } attrs { replace: true } } peers { permanent_uuid: "47c7d3589f0b415aa4adb3d2c33afc6d" member_type: VOTER last_known_addr { host: "127.16.42.194" port: 35823 } } peers { permanent_uuid: "4c276e78c6654c1ab603bdbf499c1461" member_type: VOTER last_known_addr { host: "127.16.42.195" port: 32925 } } peers { permanent_uuid: "5a61c166bec741fcac1f810579ce4589" member_type: VOTER last_known_addr { host: "127.16.42.196" port: 43193 } attrs { promote: false } } }
I20260713 09:07:45.082680 17739 consensus_queue.cc:237] T 1473bda5618b448e8349983575cededa P 47c7d3589f0b415aa4adb3d2c33afc6d [LEADER]: Queue going to LEADER mode. State: All replicated index: 0, Majority replicated index: 3, Committed index: 3, Last appended: 1.3, Last appended by leader: 0, Current term: 1, Majority size: 2, State: 0, Mode: LEADER, active raft config: opid_index: 4 OBSOLETE_local: false peers { permanent_uuid: "47c7d3589f0b415aa4adb3d2c33afc6d" member_type: VOTER last_known_addr { host: "127.16.42.194" port: 35823 } } peers { permanent_uuid: "4c276e78c6654c1ab603bdbf499c1461" member_type: VOTER last_known_addr { host: "127.16.42.195" port: 32925 } } peers { permanent_uuid: "5a61c166bec741fcac1f810579ce4589" member_type: VOTER last_known_addr { host: "127.16.42.196" port: 43193 } attrs { promote: false } }
I20260713 09:07:45.089159 17810 raft_consensus.cc:1275] T 1473bda5618b448e8349983575cededa P 4c276e78c6654c1ab603bdbf499c1461 [term 1 FOLLOWER]: Refusing update from remote peer 47c7d3589f0b415aa4adb3d2c33afc6d: Log matching property violated. Preceding OpId in replica: term: 1 index: 3. Preceding OpId from leader: term: 1 index: 4. (index mismatch)
I20260713 09:07:45.090709 18324 consensus_queue.cc:1048] T 1473bda5618b448e8349983575cededa P 47c7d3589f0b415aa4adb3d2c33afc6d [LEADER]: Connected to new peer: Peer: permanent_uuid: "4c276e78c6654c1ab603bdbf499c1461" member_type: VOTER last_known_addr { host: "127.16.42.195" port: 32925 }, Status: LMP_MISMATCH, Last received: 0.0, Next index: 4, Last known committed idx: 3, Time since last communication: 0.001s
I20260713 09:07:45.089161 18072 raft_consensus.cc:1275] T 1473bda5618b448e8349983575cededa P 5a61c166bec741fcac1f810579ce4589 [term 1 FOLLOWER]: Refusing update from remote peer 47c7d3589f0b415aa4adb3d2c33afc6d: Log matching property violated. Preceding OpId in replica: term: 1 index: 3. Preceding OpId from leader: term: 1 index: 4. (index mismatch)
I20260713 09:07:45.099170 18289 consensus_queue.cc:1048] T 1473bda5618b448e8349983575cededa P 47c7d3589f0b415aa4adb3d2c33afc6d [LEADER]: Connected to new peer: Peer: permanent_uuid: "5a61c166bec741fcac1f810579ce4589" member_type: VOTER last_known_addr { host: "127.16.42.196" port: 43193 } attrs { promote: false }, Status: LMP_MISMATCH, Last received: 0.0, Next index: 4, Last known committed idx: 3, Time since last communication: 0.000s
I20260713 09:07:45.101294 18322 raft_consensus.cc:2955] T 1473bda5618b448e8349983575cededa P 47c7d3589f0b415aa4adb3d2c33afc6d [term 1 LEADER]: Committing config change with OpId 1.4: config changed from index 3 to 4, VOTER e0c58a649ac941c5988ffae4883c1d3e (127.16.42.193) evicted. New config: { opid_index: 4 OBSOLETE_local: false peers { permanent_uuid: "47c7d3589f0b415aa4adb3d2c33afc6d" member_type: VOTER last_known_addr { host: "127.16.42.194" port: 35823 } } peers { permanent_uuid: "4c276e78c6654c1ab603bdbf499c1461" member_type: VOTER last_known_addr { host: "127.16.42.195" port: 32925 } } peers { permanent_uuid: "5a61c166bec741fcac1f810579ce4589" member_type: VOTER last_known_addr { host: "127.16.42.196" port: 43193 } attrs { promote: false } } }
I20260713 09:07:45.107520 17812 raft_consensus.cc:2955] T 1473bda5618b448e8349983575cededa P 4c276e78c6654c1ab603bdbf499c1461 [term 1 FOLLOWER]: Committing config change with OpId 1.4: config changed from index 3 to 4, VOTER e0c58a649ac941c5988ffae4883c1d3e (127.16.42.193) evicted. New config: { opid_index: 4 OBSOLETE_local: false peers { permanent_uuid: "47c7d3589f0b415aa4adb3d2c33afc6d" member_type: VOTER last_known_addr { host: "127.16.42.194" port: 35823 } } peers { permanent_uuid: "4c276e78c6654c1ab603bdbf499c1461" member_type: VOTER last_known_addr { host: "127.16.42.195" port: 32925 } } peers { permanent_uuid: "5a61c166bec741fcac1f810579ce4589" member_type: VOTER last_known_addr { host: "127.16.42.196" port: 43193 } attrs { promote: false } } }
I20260713 09:07:45.118378 18072 raft_consensus.cc:2955] T 1473bda5618b448e8349983575cededa P 5a61c166bec741fcac1f810579ce4589 [term 1 FOLLOWER]: Committing config change with OpId 1.4: config changed from index 3 to 4, VOTER e0c58a649ac941c5988ffae4883c1d3e (127.16.42.193) evicted. New config: { opid_index: 4 OBSOLETE_local: false peers { permanent_uuid: "47c7d3589f0b415aa4adb3d2c33afc6d" member_type: VOTER last_known_addr { host: "127.16.42.194" port: 35823 } } peers { permanent_uuid: "4c276e78c6654c1ab603bdbf499c1461" member_type: VOTER last_known_addr { host: "127.16.42.195" port: 32925 } } peers { permanent_uuid: "5a61c166bec741fcac1f810579ce4589" member_type: VOTER last_known_addr { host: "127.16.42.196" port: 43193 } attrs { promote: false } } }
I20260713 09:07:45.131155 17559 catalog_manager.cc:5697] T 1473bda5618b448e8349983575cededa P 4c276e78c6654c1ab603bdbf499c1461 reported cstate change: config changed from index 3 to 4, VOTER e0c58a649ac941c5988ffae4883c1d3e (127.16.42.193) evicted. New cstate: current_term: 1 leader_uuid: "47c7d3589f0b415aa4adb3d2c33afc6d" committed_config { opid_index: 4 OBSOLETE_local: false peers { permanent_uuid: "47c7d3589f0b415aa4adb3d2c33afc6d" member_type: VOTER last_known_addr { host: "127.16.42.194" port: 35823 } } peers { permanent_uuid: "4c276e78c6654c1ab603bdbf499c1461" member_type: VOTER last_known_addr { host: "127.16.42.195" port: 32925 } } peers { permanent_uuid: "5a61c166bec741fcac1f810579ce4589" member_type: VOTER last_known_addr { host: "127.16.42.196" port: 43193 } attrs { promote: false } } }
I20260713 09:07:45.136408 17547 catalog_manager.cc:5210] ChangeConfig:REMOVE_PEER RPC for tablet 1473bda5618b448e8349983575cededa with cas_config_opid_index 3: ChangeConfig:REMOVE_PEER succeeded (attempt 1)
I20260713 09:07:45.147594 17650 tablet_service.cc:1558] Processing DeleteTablet for tablet 1473bda5618b448e8349983575cededa with delete_type TABLET_DATA_TOMBSTONED (TS e0c58a649ac941c5988ffae4883c1d3e not found in new config with opid_index 4) from {username='slave'} at 127.0.0.1:43786
I20260713 09:07:45.162554 18366 tablet_replica.cc:333] T 1473bda5618b448e8349983575cededa P e0c58a649ac941c5988ffae4883c1d3e: stopping tablet replica
I20260713 09:07:45.165910 18366 raft_consensus.cc:2243] T 1473bda5618b448e8349983575cededa P e0c58a649ac941c5988ffae4883c1d3e [term 1 FOLLOWER]: Raft consensus shutting down.
I20260713 09:07:45.166742 18366 raft_consensus.cc:2272] T 1473bda5618b448e8349983575cededa P e0c58a649ac941c5988ffae4883c1d3e [term 1 FOLLOWER]: Raft consensus is shut down!
I20260713 09:07:45.169863 18366 ts_tablet_manager.cc:1916] T 1473bda5618b448e8349983575cededa P e0c58a649ac941c5988ffae4883c1d3e: Deleting tablet data with delete state TABLET_DATA_TOMBSTONED
I20260713 09:07:45.184892 18366 ts_tablet_manager.cc:1929] T 1473bda5618b448e8349983575cededa P e0c58a649ac941c5988ffae4883c1d3e: tablet deleted with delete type TABLET_DATA_TOMBSTONED: last-logged OpId 1.3
I20260713 09:07:45.185307 18366 log.cc:1199] T 1473bda5618b448e8349983575cededa P e0c58a649ac941c5988ffae4883c1d3e: Deleting WAL directory at /tmp/dist-test-taskH_lZAK/test-tmp/auto_leader_rebalancer-test.0.LeaderRebalancerTest.AddTserver.1783933627248680-16555-0/minicluster-data/ts-0-root/wals/1473bda5618b448e8349983575cededa
I20260713 09:07:45.186918 17547 catalog_manager.cc:5028] TS e0c58a649ac941c5988ffae4883c1d3e (127.16.42.193:44777): tablet 1473bda5618b448e8349983575cededa (table test-workload [id=4c3f3bedeed24147b0707f70dc1d22d9]) successfully deleted
I20260713 09:07:45.248961 18365 raft_consensus.cc:1064] T f71db1d2330a4aafb298f00767e43a1a P 47c7d3589f0b415aa4adb3d2c33afc6d: attempting to promote NON_VOTER 5a61c166bec741fcac1f810579ce4589 to VOTER
I20260713 09:07:45.251672 18365 consensus_queue.cc:237] T f71db1d2330a4aafb298f00767e43a1a P 47c7d3589f0b415aa4adb3d2c33afc6d [LEADER]: Queue going to LEADER mode. State: All replicated index: 0, Majority replicated index: 2, Committed index: 2, Last appended: 1.2, Last appended by leader: 0, Current term: 1, Majority size: 3, State: 0, Mode: LEADER, active raft config: opid_index: 3 OBSOLETE_local: false peers { permanent_uuid: "e0c58a649ac941c5988ffae4883c1d3e" member_type: VOTER last_known_addr { host: "127.16.42.193" port: 44777 } } peers { permanent_uuid: "47c7d3589f0b415aa4adb3d2c33afc6d" member_type: VOTER last_known_addr { host: "127.16.42.194" port: 35823 } } peers { permanent_uuid: "4c276e78c6654c1ab603bdbf499c1461" member_type: VOTER last_known_addr { host: "127.16.42.195" port: 32925 } attrs { replace: true } } peers { permanent_uuid: "5a61c166bec741fcac1f810579ce4589" member_type: VOTER last_known_addr { host: "127.16.42.196" port: 43193 } attrs { promote: false } }
I20260713 09:07:45.264313 18072 raft_consensus.cc:1275] T f71db1d2330a4aafb298f00767e43a1a P 5a61c166bec741fcac1f810579ce4589 [term 1 LEARNER]: Refusing update from remote peer 47c7d3589f0b415aa4adb3d2c33afc6d: Log matching property violated. Preceding OpId in replica: term: 1 index: 2. Preceding OpId from leader: term: 1 index: 3. (index mismatch)
I20260713 09:07:45.266300 18365 consensus_queue.cc:1048] T f71db1d2330a4aafb298f00767e43a1a P 47c7d3589f0b415aa4adb3d2c33afc6d [LEADER]: Connected to new peer: Peer: permanent_uuid: "5a61c166bec741fcac1f810579ce4589" member_type: VOTER last_known_addr { host: "127.16.42.196" port: 43193 } attrs { promote: false }, Status: LMP_MISMATCH, Last received: 0.0, Next index: 3, Last known committed idx: 2, Time since last communication: 0.000s
I20260713 09:07:45.267398 17812 raft_consensus.cc:1275] T f71db1d2330a4aafb298f00767e43a1a P 4c276e78c6654c1ab603bdbf499c1461 [term 1 FOLLOWER]: Refusing update from remote peer 47c7d3589f0b415aa4adb3d2c33afc6d: Log matching property violated. Preceding OpId in replica: term: 1 index: 2. Preceding OpId from leader: term: 1 index: 3. (index mismatch)
I20260713 09:07:45.268695 17663 raft_consensus.cc:1275] T f71db1d2330a4aafb298f00767e43a1a P e0c58a649ac941c5988ffae4883c1d3e [term 1 FOLLOWER]: Refusing update from remote peer 47c7d3589f0b415aa4adb3d2c33afc6d: Log matching property violated. Preceding OpId in replica: term: 1 index: 2. Preceding OpId from leader: term: 1 index: 3. (index mismatch)
I20260713 09:07:45.270164 18324 consensus_queue.cc:1048] T f71db1d2330a4aafb298f00767e43a1a P 47c7d3589f0b415aa4adb3d2c33afc6d [LEADER]: Connected to new peer: Peer: permanent_uuid: "e0c58a649ac941c5988ffae4883c1d3e" member_type: VOTER last_known_addr { host: "127.16.42.193" port: 44777 }, Status: LMP_MISMATCH, Last received: 0.0, Next index: 3, Last known committed idx: 2, Time since last communication: 0.000s
I20260713 09:07:45.278195 18365 consensus_queue.cc:1048] T f71db1d2330a4aafb298f00767e43a1a P 47c7d3589f0b415aa4adb3d2c33afc6d [LEADER]: Connected to new peer: Peer: permanent_uuid: "4c276e78c6654c1ab603bdbf499c1461" member_type: VOTER last_known_addr { host: "127.16.42.195" port: 32925 } attrs { replace: true }, Status: LMP_MISMATCH, Last received: 0.0, Next index: 3, Last known committed idx: 2, Time since last communication: 0.000s
I20260713 09:07:45.287595 18356 raft_consensus.cc:1064] T 07e1834718a5461ebfb4414ef9251b91 P e0c58a649ac941c5988ffae4883c1d3e: attempting to promote NON_VOTER 5a61c166bec741fcac1f810579ce4589 to VOTER
I20260713 09:07:45.294516 18356 consensus_queue.cc:237] T 07e1834718a5461ebfb4414ef9251b91 P e0c58a649ac941c5988ffae4883c1d3e [LEADER]: Queue going to LEADER mode. State: All replicated index: 0, Majority replicated index: 2, Committed index: 2, Last appended: 1.2, Last appended by leader: 0, Current term: 1, Majority size: 3, State: 0, Mode: LEADER, active raft config: opid_index: 3 OBSOLETE_local: false peers { permanent_uuid: "e0c58a649ac941c5988ffae4883c1d3e" member_type: VOTER last_known_addr { host: "127.16.42.193" port: 44777 } } peers { permanent_uuid: "47c7d3589f0b415aa4adb3d2c33afc6d" member_type: VOTER last_known_addr { host: "127.16.42.194" port: 35823 } attrs { replace: true } } peers { permanent_uuid: "4c276e78c6654c1ab603bdbf499c1461" member_type: VOTER last_known_addr { host: "127.16.42.195" port: 32925 } } peers { permanent_uuid: "5a61c166bec741fcac1f810579ce4589" member_type: VOTER last_known_addr { host: "127.16.42.196" port: 43193 } attrs { promote: false } }
I20260713 09:07:45.302513 18322 raft_consensus.cc:2955] T f71db1d2330a4aafb298f00767e43a1a P 47c7d3589f0b415aa4adb3d2c33afc6d [term 1 LEADER]: Committing config change with OpId 1.3: config changed from index 2 to 3, 5a61c166bec741fcac1f810579ce4589 (127.16.42.196) changed from NON_VOTER to VOTER. New config: { opid_index: 3 OBSOLETE_local: false peers { permanent_uuid: "e0c58a649ac941c5988ffae4883c1d3e" member_type: VOTER last_known_addr { host: "127.16.42.193" port: 44777 } } peers { permanent_uuid: "47c7d3589f0b415aa4adb3d2c33afc6d" member_type: VOTER last_known_addr { host: "127.16.42.194" port: 35823 } } peers { permanent_uuid: "4c276e78c6654c1ab603bdbf499c1461" member_type: VOTER last_known_addr { host: "127.16.42.195" port: 32925 } attrs { replace: true } } peers { permanent_uuid: "5a61c166bec741fcac1f810579ce4589" member_type: VOTER last_known_addr { host: "127.16.42.196" port: 43193 } attrs { promote: false } } }
I20260713 09:07:45.312986 17812 raft_consensus.cc:1275] T 07e1834718a5461ebfb4414ef9251b91 P 4c276e78c6654c1ab603bdbf499c1461 [term 1 FOLLOWER]: Refusing update from remote peer e0c58a649ac941c5988ffae4883c1d3e: Log matching property violated. Preceding OpId in replica: term: 1 index: 2. Preceding OpId from leader: term: 1 index: 3. (index mismatch)
I20260713 09:07:45.314451 18299 consensus_queue.cc:1048] T 07e1834718a5461ebfb4414ef9251b91 P e0c58a649ac941c5988ffae4883c1d3e [LEADER]: Connected to new peer: Peer: permanent_uuid: "4c276e78c6654c1ab603bdbf499c1461" member_type: VOTER last_known_addr { host: "127.16.42.195" port: 32925 }, Status: LMP_MISMATCH, Last received: 0.0, Next index: 3, Last known committed idx: 2, Time since last communication: 0.000s
I20260713 09:07:45.313258 17810 raft_consensus.cc:2955] T f71db1d2330a4aafb298f00767e43a1a P 4c276e78c6654c1ab603bdbf499c1461 [term 1 FOLLOWER]: Committing config change with OpId 1.3: config changed from index 2 to 3, 5a61c166bec741fcac1f810579ce4589 (127.16.42.196) changed from NON_VOTER to VOTER. New config: { opid_index: 3 OBSOLETE_local: false peers { permanent_uuid: "e0c58a649ac941c5988ffae4883c1d3e" member_type: VOTER last_known_addr { host: "127.16.42.193" port: 44777 } } peers { permanent_uuid: "47c7d3589f0b415aa4adb3d2c33afc6d" member_type: VOTER last_known_addr { host: "127.16.42.194" port: 35823 } } peers { permanent_uuid: "4c276e78c6654c1ab603bdbf499c1461" member_type: VOTER last_known_addr { host: "127.16.42.195" port: 32925 } attrs { replace: true } } peers { permanent_uuid: "5a61c166bec741fcac1f810579ce4589" member_type: VOTER last_known_addr { host: "127.16.42.196" port: 43193 } attrs { promote: false } } }
I20260713 09:07:45.321961 17739 raft_consensus.cc:1275] T 07e1834718a5461ebfb4414ef9251b91 P 47c7d3589f0b415aa4adb3d2c33afc6d [term 1 FOLLOWER]: Refusing update from remote peer e0c58a649ac941c5988ffae4883c1d3e: Log matching property violated. Preceding OpId in replica: term: 1 index: 2. Preceding OpId from leader: term: 1 index: 3. (index mismatch)
