I20260713 09:07:30.356961 17684 leader_election.cc:290] T 7e058a8c9b584cb88192a75ee6175c52 P 98383a48132549c6a29819609ddabfd8 [CANDIDATE]: Term 1 election: Requested vote from peers a467bae18c24492f9af8caa4a4172818 (127.15.250.65:40733), bfa763b91d9a4d64ac23f93c39948500 (127.15.250.67:37777)
I20260713 09:07:30.357697 17616 raft_consensus.cc:2468] T 7e058a8c9b584cb88192a75ee6175c52 P bfa763b91d9a4d64ac23f93c39948500 [term 1 FOLLOWER]: Leader election vote request: Granting yes vote for candidate 98383a48132549c6a29819609ddabfd8 in term 1.
I20260713 09:07:30.359513 17362 catalog_manager.cc:5697] T 7e058a8c9b584cb88192a75ee6175c52 P 98383a48132549c6a29819609ddabfd8 reported cstate change: term changed from 0 to 1, leader changed from <none> to 98383a48132549c6a29819609ddabfd8 (127.15.250.66). New cstate: current_term: 1 leader_uuid: "98383a48132549c6a29819609ddabfd8" committed_config { opid_index: -1 OBSOLETE_local: false peers { permanent_uuid: "a467bae18c24492f9af8caa4a4172818" member_type: VOTER last_known_addr { host: "127.15.250.65" port: 40733 } health_report { overall_health: UNKNOWN } } peers { permanent_uuid: "98383a48132549c6a29819609ddabfd8" member_type: VOTER last_known_addr { host: "127.15.250.66" port: 35689 } health_report { overall_health: HEALTHY } } peers { permanent_uuid: "bfa763b91d9a4d64ac23f93c39948500" member_type: VOTER last_known_addr { host: "127.15.250.67" port: 37777 } health_report { overall_health: UNKNOWN } } }
I20260713 09:07:30.361147 17657 tablet_bootstrap.cc:492] T af9e98dca3cd4d958f941742acdf4c9f P a467bae18c24492f9af8caa4a4172818: No bootstrap required, opened a new log
I20260713 09:07:30.361578 17657 ts_tablet_manager.cc:1403] T af9e98dca3cd4d958f941742acdf4c9f P a467bae18c24492f9af8caa4a4172818: Time spent bootstrapping tablet: real 0.044s	user 0.023s	sys 0.016s
I20260713 09:07:30.362846 17658 tablet_bootstrap.cc:492] T 90723ef3e74e4d1286b19f8b1ad39c74 P bfa763b91d9a4d64ac23f93c39948500: No bootstrap required, opened a new log
I20260713 09:07:30.363276 17658 ts_tablet_manager.cc:1403] T 90723ef3e74e4d1286b19f8b1ad39c74 P bfa763b91d9a4d64ac23f93c39948500: Time spent bootstrapping tablet: real 0.027s	user 0.008s	sys 0.003s
I20260713 09:07:30.363380 17656 tablet_bootstrap.cc:492] T d200ea982cb941899247d2a1cc9f4b56 P 98383a48132549c6a29819609ddabfd8: No bootstrap required, opened a new log
I20260713 09:07:30.363768 17656 ts_tablet_manager.cc:1403] T d200ea982cb941899247d2a1cc9f4b56 P 98383a48132549c6a29819609ddabfd8: Time spent bootstrapping tablet: real 0.048s	user 0.003s	sys 0.029s
I20260713 09:07:30.364042 17657 raft_consensus.cc:359] T af9e98dca3cd4d958f941742acdf4c9f P a467bae18c24492f9af8caa4a4172818 [term 0 FOLLOWER]: Replica starting. Triggering 0 pending ops. Active config: opid_index: -1 OBSOLETE_local: false peers { permanent_uuid: "a467bae18c24492f9af8caa4a4172818" member_type: VOTER last_known_addr { host: "127.15.250.65" port: 40733 } } peers { permanent_uuid: "98383a48132549c6a29819609ddabfd8" member_type: VOTER last_known_addr { host: "127.15.250.66" port: 35689 } } peers { permanent_uuid: "bfa763b91d9a4d64ac23f93c39948500" member_type: VOTER last_known_addr { host: "127.15.250.67" port: 37777 } }
I20260713 09:07:30.364634 17657 raft_consensus.cc:385] T af9e98dca3cd4d958f941742acdf4c9f P a467bae18c24492f9af8caa4a4172818 [term 0 FOLLOWER]: Consensus starting up: Expiring failure detector timer to make a prompt election more likely
I20260713 09:07:30.364867 17657 raft_consensus.cc:740] T af9e98dca3cd4d958f941742acdf4c9f P a467bae18c24492f9af8caa4a4172818 [term 0 FOLLOWER]: Becoming Follower/Learner. State: Replica: a467bae18c24492f9af8caa4a4172818, State: Initialized, Role: FOLLOWER
I20260713 09:07:30.365594 17657 consensus_queue.cc:260] T af9e98dca3cd4d958f941742acdf4c9f P a467bae18c24492f9af8caa4a4172818 [NON_LEADER]: Queue going to NON_LEADER mode. State: All replicated index: 0, Majority replicated index: 0, Committed index: 0, Last appended: 0.0, Last appended by leader: 0, Current term: 0, Majority size: -1, State: 0, Mode: NON_LEADER, active raft config: opid_index: -1 OBSOLETE_local: false peers { permanent_uuid: "a467bae18c24492f9af8caa4a4172818" member_type: VOTER last_known_addr { host: "127.15.250.65" port: 40733 } } peers { permanent_uuid: "98383a48132549c6a29819609ddabfd8" member_type: VOTER last_known_addr { host: "127.15.250.66" port: 35689 } } peers { permanent_uuid: "bfa763b91d9a4d64ac23f93c39948500" member_type: VOTER last_known_addr { host: "127.15.250.67" port: 37777 } }
I20260713 09:07:30.365631 17658 raft_consensus.cc:359] T 90723ef3e74e4d1286b19f8b1ad39c74 P bfa763b91d9a4d64ac23f93c39948500 [term 0 FOLLOWER]: Replica starting. Triggering 0 pending ops. Active config: opid_index: -1 OBSOLETE_local: false peers { permanent_uuid: "a467bae18c24492f9af8caa4a4172818" member_type: VOTER last_known_addr { host: "127.15.250.65" port: 40733 } } peers { permanent_uuid: "98383a48132549c6a29819609ddabfd8" member_type: VOTER last_known_addr { host: "127.15.250.66" port: 35689 } } peers { permanent_uuid: "bfa763b91d9a4d64ac23f93c39948500" member_type: VOTER last_known_addr { host: "127.15.250.67" port: 37777 } }
I20260713 09:07:30.366055 17656 raft_consensus.cc:359] T d200ea982cb941899247d2a1cc9f4b56 P 98383a48132549c6a29819609ddabfd8 [term 0 FOLLOWER]: Replica starting. Triggering 0 pending ops. Active config: opid_index: -1 OBSOLETE_local: false peers { permanent_uuid: "a467bae18c24492f9af8caa4a4172818" member_type: VOTER last_known_addr { host: "127.15.250.65" port: 40733 } } peers { permanent_uuid: "98383a48132549c6a29819609ddabfd8" member_type: VOTER last_known_addr { host: "127.15.250.66" port: 35689 } } peers { permanent_uuid: "bfa763b91d9a4d64ac23f93c39948500" member_type: VOTER last_known_addr { host: "127.15.250.67" port: 37777 } }
I20260713 09:07:30.366361 17658 raft_consensus.cc:385] T 90723ef3e74e4d1286b19f8b1ad39c74 P bfa763b91d9a4d64ac23f93c39948500 [term 0 FOLLOWER]: Consensus starting up: Expiring failure detector timer to make a prompt election more likely
I20260713 09:07:30.366664 17656 raft_consensus.cc:385] T d200ea982cb941899247d2a1cc9f4b56 P 98383a48132549c6a29819609ddabfd8 [term 0 FOLLOWER]: Consensus starting up: Expiring failure detector timer to make a prompt election more likely
I20260713 09:07:30.366803 17658 raft_consensus.cc:740] T 90723ef3e74e4d1286b19f8b1ad39c74 P bfa763b91d9a4d64ac23f93c39948500 [term 0 FOLLOWER]: Becoming Follower/Learner. State: Replica: bfa763b91d9a4d64ac23f93c39948500, State: Initialized, Role: FOLLOWER
I20260713 09:07:30.366966 17656 raft_consensus.cc:740] T d200ea982cb941899247d2a1cc9f4b56 P 98383a48132549c6a29819609ddabfd8 [term 0 FOLLOWER]: Becoming Follower/Learner. State: Replica: 98383a48132549c6a29819609ddabfd8, State: Initialized, Role: FOLLOWER
I20260713 09:07:30.367471 17658 consensus_queue.cc:260] T 90723ef3e74e4d1286b19f8b1ad39c74 P bfa763b91d9a4d64ac23f93c39948500 [NON_LEADER]: Queue going to NON_LEADER mode. State: All replicated index: 0, Majority replicated index: 0, Committed index: 0, Last appended: 0.0, Last appended by leader: 0, Current term: 0, Majority size: -1, State: 0, Mode: NON_LEADER, active raft config: opid_index: -1 OBSOLETE_local: false peers { permanent_uuid: "a467bae18c24492f9af8caa4a4172818" member_type: VOTER last_known_addr { host: "127.15.250.65" port: 40733 } } peers { permanent_uuid: "98383a48132549c6a29819609ddabfd8" member_type: VOTER last_known_addr { host: "127.15.250.66" port: 35689 } } peers { permanent_uuid: "bfa763b91d9a4d64ac23f93c39948500" member_type: VOTER last_known_addr { host: "127.15.250.67" port: 37777 } }
I20260713 09:07:30.367709 17656 consensus_queue.cc:260] T d200ea982cb941899247d2a1cc9f4b56 P 98383a48132549c6a29819609ddabfd8 [NON_LEADER]: Queue going to NON_LEADER mode. State: All replicated index: 0, Majority replicated index: 0, Committed index: 0, Last appended: 0.0, Last appended by leader: 0, Current term: 0, Majority size: -1, State: 0, Mode: NON_LEADER, active raft config: opid_index: -1 OBSOLETE_local: false peers { permanent_uuid: "a467bae18c24492f9af8caa4a4172818" member_type: VOTER last_known_addr { host: "127.15.250.65" port: 40733 } } peers { permanent_uuid: "98383a48132549c6a29819609ddabfd8" member_type: VOTER last_known_addr { host: "127.15.250.66" port: 35689 } } peers { permanent_uuid: "bfa763b91d9a4d64ac23f93c39948500" member_type: VOTER last_known_addr { host: "127.15.250.67" port: 37777 } }
I20260713 09:07:30.369300 17658 ts_tablet_manager.cc:1434] T 90723ef3e74e4d1286b19f8b1ad39c74 P bfa763b91d9a4d64ac23f93c39948500: Time spent starting tablet: real 0.006s	user 0.002s	sys 0.003s
I20260713 09:07:30.369850 17656 ts_tablet_manager.cc:1434] T d200ea982cb941899247d2a1cc9f4b56 P 98383a48132549c6a29819609ddabfd8: Time spent starting tablet: real 0.006s	user 0.004s	sys 0.000s
I20260713 09:07:30.370374 17684 raft_consensus.cc:493] T 63664e66b6c5415b8b65e2f235901382 P 98383a48132549c6a29819609ddabfd8 [term 0 FOLLOWER]: Starting pre-election (no leader contacted us within the election timeout)
I20260713 09:07:30.370851 17657 ts_tablet_manager.cc:1434] T af9e98dca3cd4d958f941742acdf4c9f P a467bae18c24492f9af8caa4a4172818: Time spent starting tablet: real 0.009s	user 0.006s	sys 0.000s
I20260713 09:07:30.370791 17684 raft_consensus.cc:515] T 63664e66b6c5415b8b65e2f235901382 P 98383a48132549c6a29819609ddabfd8 [term 0 FOLLOWER]: Starting pre-election with config: opid_index: -1 OBSOLETE_local: false peers { permanent_uuid: "a467bae18c24492f9af8caa4a4172818" member_type: VOTER last_known_addr { host: "127.15.250.65" port: 40733 } } peers { permanent_uuid: "98383a48132549c6a29819609ddabfd8" member_type: VOTER last_known_addr { host: "127.15.250.66" port: 35689 } } peers { permanent_uuid: "bfa763b91d9a4d64ac23f93c39948500" member_type: VOTER last_known_addr { host: "127.15.250.67" port: 37777 } }
I20260713 09:07:30.372769 17684 leader_election.cc:290] T 63664e66b6c5415b8b65e2f235901382 P 98383a48132549c6a29819609ddabfd8 [CANDIDATE]: Term 1 pre-election: Requested pre-vote from peers a467bae18c24492f9af8caa4a4172818 (127.15.250.65:40733), bfa763b91d9a4d64ac23f93c39948500 (127.15.250.67:37777)
I20260713 09:07:30.373338 17657 tablet_bootstrap.cc:492] T a8fbc52d173f45a48dba1b7cd9cd374b P a467bae18c24492f9af8caa4a4172818: Bootstrap starting.
I20260713 09:07:30.374527 17467 tablet_service.cc:1917] Received RequestConsensusVote() RPC: tablet_id: "63664e66b6c5415b8b65e2f235901382" candidate_uuid: "98383a48132549c6a29819609ddabfd8" candidate_term: 1 candidate_status { last_received { term: 0 index: 0 } } ignore_live_leader: false dest_uuid: "a467bae18c24492f9af8caa4a4172818" is_pre_election: true
W20260713 09:07:30.375762 17508 leader_election.cc:343] T 63664e66b6c5415b8b65e2f235901382 P 98383a48132549c6a29819609ddabfd8 [CANDIDATE]: Term 1 pre-election: Tablet error from VoteRequest() call to peer a467bae18c24492f9af8caa4a4172818 (127.15.250.65:40733): Illegal state: must be running to vote when last-logged opid is not known
I20260713 09:07:30.376796 17656 tablet_bootstrap.cc:492] T cad9383adf734b05aa6c52d7908ae0b0 P 98383a48132549c6a29819609ddabfd8: Bootstrap starting.
I20260713 09:07:30.378921 17616 tablet_service.cc:1917] Received RequestConsensusVote() RPC: tablet_id: "63664e66b6c5415b8b65e2f235901382" candidate_uuid: "98383a48132549c6a29819609ddabfd8" candidate_term: 1 candidate_status { last_received { term: 0 index: 0 } } ignore_live_leader: false dest_uuid: "bfa763b91d9a4d64ac23f93c39948500" is_pre_election: true
I20260713 09:07:30.379367 17657 tablet_bootstrap.cc:654] T a8fbc52d173f45a48dba1b7cd9cd374b P a467bae18c24492f9af8caa4a4172818: Neither blocks nor log segments found. Creating new log.
W20260713 09:07:30.380003 17505 leader_election.cc:343] T 63664e66b6c5415b8b65e2f235901382 P 98383a48132549c6a29819609ddabfd8 [CANDIDATE]: Term 1 pre-election: Tablet error from VoteRequest() call to peer bfa763b91d9a4d64ac23f93c39948500 (127.15.250.67:37777): Illegal state: must be running to vote when last-logged opid is not known
I20260713 09:07:30.380431 17505 leader_election.cc:304] T 63664e66b6c5415b8b65e2f235901382 P 98383a48132549c6a29819609ddabfd8 [CANDIDATE]: Term 1 pre-election: Election decided. Result: candidate lost. Election summary: received 3 responses out of 3 voters: 1 yes votes; 2 no votes. yes voters: 98383a48132549c6a29819609ddabfd8; no voters: a467bae18c24492f9af8caa4a4172818, bfa763b91d9a4d64ac23f93c39948500
I20260713 09:07:30.381433 17684 raft_consensus.cc:2749] T 63664e66b6c5415b8b65e2f235901382 P 98383a48132549c6a29819609ddabfd8 [term 0 FOLLOWER]: Leader pre-election lost for term 1. Reason: could not achieve majority
I20260713 09:07:30.384856 17658 tablet_bootstrap.cc:492] T 70eeed23fcc341979ff984f5ebcf36b8 P bfa763b91d9a4d64ac23f93c39948500: Bootstrap starting.
I20260713 09:07:30.384853 17656 tablet_bootstrap.cc:654] T cad9383adf734b05aa6c52d7908ae0b0 P 98383a48132549c6a29819609ddabfd8: Neither blocks nor log segments found. Creating new log.
I20260713 09:07:30.390463 17656 tablet_bootstrap.cc:492] T cad9383adf734b05aa6c52d7908ae0b0 P 98383a48132549c6a29819609ddabfd8: No bootstrap required, opened a new log
I20260713 09:07:30.390849 17656 ts_tablet_manager.cc:1403] T cad9383adf734b05aa6c52d7908ae0b0 P 98383a48132549c6a29819609ddabfd8: Time spent bootstrapping tablet: real 0.014s	user 0.009s	sys 0.001s
I20260713 09:07:30.391489 17658 tablet_bootstrap.cc:654] T 70eeed23fcc341979ff984f5ebcf36b8 P bfa763b91d9a4d64ac23f93c39948500: Neither blocks nor log segments found. Creating new log.
I20260713 09:07:30.391749 17704 raft_consensus.cc:493] T af9e98dca3cd4d958f941742acdf4c9f P a467bae18c24492f9af8caa4a4172818 [term 0 FOLLOWER]: Starting pre-election (no leader contacted us within the election timeout)
I20260713 09:07:30.392196 17704 raft_consensus.cc:515] T af9e98dca3cd4d958f941742acdf4c9f P a467bae18c24492f9af8caa4a4172818 [term 0 FOLLOWER]: Starting pre-election with config: opid_index: -1 OBSOLETE_local: false peers { permanent_uuid: "a467bae18c24492f9af8caa4a4172818" member_type: VOTER last_known_addr { host: "127.15.250.65" port: 40733 } } peers { permanent_uuid: "98383a48132549c6a29819609ddabfd8" member_type: VOTER last_known_addr { host: "127.15.250.66" port: 35689 } } peers { permanent_uuid: "bfa763b91d9a4d64ac23f93c39948500" member_type: VOTER last_known_addr { host: "127.15.250.67" port: 37777 } }
I20260713 09:07:30.393733 17656 raft_consensus.cc:359] T cad9383adf734b05aa6c52d7908ae0b0 P 98383a48132549c6a29819609ddabfd8 [term 0 FOLLOWER]: Replica starting. Triggering 0 pending ops. Active config: opid_index: -1 OBSOLETE_local: false peers { permanent_uuid: "a467bae18c24492f9af8caa4a4172818" member_type: VOTER last_known_addr { host: "127.15.250.65" port: 40733 } } peers { permanent_uuid: "98383a48132549c6a29819609ddabfd8" member_type: VOTER last_known_addr { host: "127.15.250.66" port: 35689 } } peers { permanent_uuid: "bfa763b91d9a4d64ac23f93c39948500" member_type: VOTER last_known_addr { host: "127.15.250.67" port: 37777 } }
I20260713 09:07:30.394095 17704 leader_election.cc:290] T af9e98dca3cd4d958f941742acdf4c9f P a467bae18c24492f9af8caa4a4172818 [CANDIDATE]: Term 1 pre-election: Requested pre-vote from peers 98383a48132549c6a29819609ddabfd8 (127.15.250.66:35689), bfa763b91d9a4d64ac23f93c39948500 (127.15.250.67:37777)
I20260713 09:07:30.394333 17656 raft_consensus.cc:385] T cad9383adf734b05aa6c52d7908ae0b0 P 98383a48132549c6a29819609ddabfd8 [term 0 FOLLOWER]: Consensus starting up: Expiring failure detector timer to make a prompt election more likely
I20260713 09:07:30.394639 17656 raft_consensus.cc:740] T cad9383adf734b05aa6c52d7908ae0b0 P 98383a48132549c6a29819609ddabfd8 [term 0 FOLLOWER]: Becoming Follower/Learner. State: Replica: 98383a48132549c6a29819609ddabfd8, State: Initialized, Role: FOLLOWER
I20260713 09:07:30.395309 17656 consensus_queue.cc:260] T cad9383adf734b05aa6c52d7908ae0b0 P 98383a48132549c6a29819609ddabfd8 [NON_LEADER]: Queue going to NON_LEADER mode. State: All replicated index: 0, Majority replicated index: 0, Committed index: 0, Last appended: 0.0, Last appended by leader: 0, Current term: 0, Majority size: -1, State: 0, Mode: NON_LEADER, active raft config: opid_index: -1 OBSOLETE_local: false peers { permanent_uuid: "a467bae18c24492f9af8caa4a4172818" member_type: VOTER last_known_addr { host: "127.15.250.65" port: 40733 } } peers { permanent_uuid: "98383a48132549c6a29819609ddabfd8" member_type: VOTER last_known_addr { host: "127.15.250.66" port: 35689 } } peers { permanent_uuid: "bfa763b91d9a4d64ac23f93c39948500" member_type: VOTER last_known_addr { host: "127.15.250.67" port: 37777 } }
I20260713 09:07:30.395752 17616 tablet_service.cc:1917] Received RequestConsensusVote() RPC: tablet_id: "af9e98dca3cd4d958f941742acdf4c9f" candidate_uuid: "a467bae18c24492f9af8caa4a4172818" candidate_term: 1 candidate_status { last_received { term: 0 index: 0 } } ignore_live_leader: false dest_uuid: "bfa763b91d9a4d64ac23f93c39948500" is_pre_election: true
I20260713 09:07:30.396524 17616 raft_consensus.cc:2393] T af9e98dca3cd4d958f941742acdf4c9f P bfa763b91d9a4d64ac23f93c39948500 [term 1 FOLLOWER]: Leader pre-election vote request: Denying vote to candidate a467bae18c24492f9af8caa4a4172818 in current term 1: Already voted for candidate 98383a48132549c6a29819609ddabfd8 in this term.
I20260713 09:07:30.396981 17656 ts_tablet_manager.cc:1434] T cad9383adf734b05aa6c52d7908ae0b0 P 98383a48132549c6a29819609ddabfd8: Time spent starting tablet: real 0.006s	user 0.006s	sys 0.000s
I20260713 09:07:30.397809 17656 tablet_bootstrap.cc:492] T 5909c17a395d44f08c1387d29214f860 P 98383a48132549c6a29819609ddabfd8: Bootstrap starting.
I20260713 09:07:30.400082 17541 tablet_service.cc:1917] Received RequestConsensusVote() RPC: tablet_id: "af9e98dca3cd4d958f941742acdf4c9f" candidate_uuid: "a467bae18c24492f9af8caa4a4172818" candidate_term: 1 candidate_status { last_received { term: 0 index: 0 } } ignore_live_leader: false dest_uuid: "98383a48132549c6a29819609ddabfd8" is_pre_election: true
I20260713 09:07:30.401305 17430 leader_election.cc:304] T af9e98dca3cd4d958f941742acdf4c9f P a467bae18c24492f9af8caa4a4172818 [CANDIDATE]: Term 1 pre-election: Election decided. Result: candidate lost. Election summary: received 3 responses out of 3 voters: 1 yes votes; 2 no votes. yes voters: a467bae18c24492f9af8caa4a4172818; no voters: 98383a48132549c6a29819609ddabfd8, bfa763b91d9a4d64ac23f93c39948500
I20260713 09:07:30.402377 17656 tablet_bootstrap.cc:654] T 5909c17a395d44f08c1387d29214f860 P 98383a48132549c6a29819609ddabfd8: Neither blocks nor log segments found. Creating new log.
I20260713 09:07:30.403512 17704 raft_consensus.cc:3060] T af9e98dca3cd4d958f941742acdf4c9f P a467bae18c24492f9af8caa4a4172818 [term 0 FOLLOWER]: Advancing to term 1
I20260713 09:07:30.408203 17657 tablet_bootstrap.cc:492] T a8fbc52d173f45a48dba1b7cd9cd374b P a467bae18c24492f9af8caa4a4172818: No bootstrap required, opened a new log
I20260713 09:07:30.408681 17657 ts_tablet_manager.cc:1403] T a8fbc52d173f45a48dba1b7cd9cd374b P a467bae18c24492f9af8caa4a4172818: Time spent bootstrapping tablet: real 0.036s	user 0.013s	sys 0.005s
I20260713 09:07:30.410971 17684 consensus_queue.cc:1048] T faa742c903e44bf8b2dda7658e0a55c8 P 98383a48132549c6a29819609ddabfd8 [LEADER]: Connected to new peer: Peer: permanent_uuid: "bfa763b91d9a4d64ac23f93c39948500" member_type: VOTER last_known_addr { host: "127.15.250.67" port: 37777 }, Status: LMP_MISMATCH, Last received: 0.0, Next index: 1, Last known committed idx: 0, Time since last communication: 0.000s
I20260713 09:07:30.411851 17657 raft_consensus.cc:359] T a8fbc52d173f45a48dba1b7cd9cd374b P a467bae18c24492f9af8caa4a4172818 [term 0 FOLLOWER]: Replica starting. Triggering 0 pending ops. Active config: opid_index: -1 OBSOLETE_local: false peers { permanent_uuid: "a467bae18c24492f9af8caa4a4172818" member_type: VOTER last_known_addr { host: "127.15.250.65" port: 40733 } } peers { permanent_uuid: "98383a48132549c6a29819609ddabfd8" member_type: VOTER last_known_addr { host: "127.15.250.66" port: 35689 } } peers { permanent_uuid: "bfa763b91d9a4d64ac23f93c39948500" member_type: VOTER last_known_addr { host: "127.15.250.67" port: 37777 } }
I20260713 09:07:30.413549 17657 raft_consensus.cc:385] T a8fbc52d173f45a48dba1b7cd9cd374b P a467bae18c24492f9af8caa4a4172818 [term 0 FOLLOWER]: Consensus starting up: Expiring failure detector timer to make a prompt election more likely
I20260713 09:07:30.413805 17657 raft_consensus.cc:740] T a8fbc52d173f45a48dba1b7cd9cd374b P a467bae18c24492f9af8caa4a4172818 [term 0 FOLLOWER]: Becoming Follower/Learner. State: Replica: a467bae18c24492f9af8caa4a4172818, State: Initialized, Role: FOLLOWER
I20260713 09:07:30.414436 17657 consensus_queue.cc:260] T a8fbc52d173f45a48dba1b7cd9cd374b P a467bae18c24492f9af8caa4a4172818 [NON_LEADER]: Queue going to NON_LEADER mode. State: All replicated index: 0, Majority replicated index: 0, Committed index: 0, Last appended: 0.0, Last appended by leader: 0, Current term: 0, Majority size: -1, State: 0, Mode: NON_LEADER, active raft config: opid_index: -1 OBSOLETE_local: false peers { permanent_uuid: "a467bae18c24492f9af8caa4a4172818" member_type: VOTER last_known_addr { host: "127.15.250.65" port: 40733 } } peers { permanent_uuid: "98383a48132549c6a29819609ddabfd8" member_type: VOTER last_known_addr { host: "127.15.250.66" port: 35689 } } peers { permanent_uuid: "bfa763b91d9a4d64ac23f93c39948500" member_type: VOTER last_known_addr { host: "127.15.250.67" port: 37777 } }
I20260713 09:07:30.416407 17657 ts_tablet_manager.cc:1434] T a8fbc52d173f45a48dba1b7cd9cd374b P a467bae18c24492f9af8caa4a4172818: Time spent starting tablet: real 0.007s	user 0.007s	sys 0.000s
I20260713 09:07:30.416508 17704 raft_consensus.cc:2749] T af9e98dca3cd4d958f941742acdf4c9f P a467bae18c24492f9af8caa4a4172818 [term 1 FOLLOWER]: Leader pre-election lost for term 1. Reason: could not achieve majority
I20260713 09:07:30.419421 17663 raft_consensus.cc:493] T fbf922f717c3482ba8db71abf7f53ea8 P bfa763b91d9a4d64ac23f93c39948500 [term 0 FOLLOWER]: Starting pre-election (no leader contacted us within the election timeout)
I20260713 09:07:30.419901 17663 raft_consensus.cc:515] T fbf922f717c3482ba8db71abf7f53ea8 P bfa763b91d9a4d64ac23f93c39948500 [term 0 FOLLOWER]: Starting pre-election with config: opid_index: -1 OBSOLETE_local: false peers { permanent_uuid: "a467bae18c24492f9af8caa4a4172818" member_type: VOTER last_known_addr { host: "127.15.250.65" port: 40733 } } peers { permanent_uuid: "98383a48132549c6a29819609ddabfd8" member_type: VOTER last_known_addr { host: "127.15.250.66" port: 35689 } } peers { permanent_uuid: "bfa763b91d9a4d64ac23f93c39948500" member_type: VOTER last_known_addr { host: "127.15.250.67" port: 37777 } }
I20260713 09:07:30.421948 17663 leader_election.cc:290] T fbf922f717c3482ba8db71abf7f53ea8 P bfa763b91d9a4d64ac23f93c39948500 [CANDIDATE]: Term 1 pre-election: Requested pre-vote from peers a467bae18c24492f9af8caa4a4172818 (127.15.250.65:40733), 98383a48132549c6a29819609ddabfd8 (127.15.250.66:35689)
I20260713 09:07:30.425746 17541 tablet_service.cc:1917] Received RequestConsensusVote() RPC: tablet_id: "fbf922f717c3482ba8db71abf7f53ea8" candidate_uuid: "bfa763b91d9a4d64ac23f93c39948500" candidate_term: 1 candidate_status { last_received { term: 0 index: 0 } } ignore_live_leader: false dest_uuid: "98383a48132549c6a29819609ddabfd8" is_pre_election: true
I20260713 09:07:30.426352 17541 raft_consensus.cc:2468] T fbf922f717c3482ba8db71abf7f53ea8 P 98383a48132549c6a29819609ddabfd8 [term 0 FOLLOWER]: Leader pre-election vote request: Granting yes vote for candidate bfa763b91d9a4d64ac23f93c39948500 in term 0.
I20260713 09:07:30.426908 17467 tablet_service.cc:1917] Received RequestConsensusVote() RPC: tablet_id: "fbf922f717c3482ba8db71abf7f53ea8" candidate_uuid: "bfa763b91d9a4d64ac23f93c39948500" candidate_term: 1 candidate_status { last_received { term: 0 index: 0 } } ignore_live_leader: false dest_uuid: "a467bae18c24492f9af8caa4a4172818" is_pre_election: true
I20260713 09:07:30.427399 17657 tablet_bootstrap.cc:492] T 90723ef3e74e4d1286b19f8b1ad39c74 P a467bae18c24492f9af8caa4a4172818: Bootstrap starting.
I20260713 09:07:30.427553 17467 raft_consensus.cc:2468] T fbf922f717c3482ba8db71abf7f53ea8 P a467bae18c24492f9af8caa4a4172818 [term 0 FOLLOWER]: Leader pre-election vote request: Granting yes vote for candidate bfa763b91d9a4d64ac23f93c39948500 in term 0.
I20260713 09:07:30.427438 17579 leader_election.cc:304] T fbf922f717c3482ba8db71abf7f53ea8 P bfa763b91d9a4d64ac23f93c39948500 [CANDIDATE]: Term 1 pre-election: Election decided. Result: candidate won. Election summary: received 2 responses out of 3 voters: 2 yes votes; 0 no votes. yes voters: 98383a48132549c6a29819609ddabfd8, bfa763b91d9a4d64ac23f93c39948500; no voters: 
I20260713 09:07:30.432305 17663 raft_consensus.cc:2804] T fbf922f717c3482ba8db71abf7f53ea8 P bfa763b91d9a4d64ac23f93c39948500 [term 0 FOLLOWER]: Leader pre-election won for term 1
I20260713 09:07:30.432660 17663 raft_consensus.cc:493] T fbf922f717c3482ba8db71abf7f53ea8 P bfa763b91d9a4d64ac23f93c39948500 [term 0 FOLLOWER]: Starting leader election (no leader contacted us within the election timeout)
I20260713 09:07:30.432966 17663 raft_consensus.cc:3060] T fbf922f717c3482ba8db71abf7f53ea8 P bfa763b91d9a4d64ac23f93c39948500 [term 0 FOLLOWER]: Advancing to term 1
I20260713 09:07:30.438023 17657 tablet_bootstrap.cc:654] T 90723ef3e74e4d1286b19f8b1ad39c74 P a467bae18c24492f9af8caa4a4172818: Neither blocks nor log segments found. Creating new log.
I20260713 09:07:30.439222 17663 raft_consensus.cc:515] T fbf922f717c3482ba8db71abf7f53ea8 P bfa763b91d9a4d64ac23f93c39948500 [term 1 FOLLOWER]: Starting leader election with config: opid_index: -1 OBSOLETE_local: false peers { permanent_uuid: "a467bae18c24492f9af8caa4a4172818" member_type: VOTER last_known_addr { host: "127.15.250.65" port: 40733 } } peers { permanent_uuid: "98383a48132549c6a29819609ddabfd8" member_type: VOTER last_known_addr { host: "127.15.250.66" port: 35689 } } peers { permanent_uuid: "bfa763b91d9a4d64ac23f93c39948500" member_type: VOTER last_known_addr { host: "127.15.250.67" port: 37777 } }
I20260713 09:07:30.441905 17467 tablet_service.cc:1917] Received RequestConsensusVote() RPC: tablet_id: "fbf922f717c3482ba8db71abf7f53ea8" candidate_uuid: "bfa763b91d9a4d64ac23f93c39948500" candidate_term: 1 candidate_status { last_received { term: 0 index: 0 } } ignore_live_leader: false dest_uuid: "a467bae18c24492f9af8caa4a4172818"
I20260713 09:07:30.442481 17467 raft_consensus.cc:3060] T fbf922f717c3482ba8db71abf7f53ea8 P a467bae18c24492f9af8caa4a4172818 [term 0 FOLLOWER]: Advancing to term 1
I20260713 09:07:30.448858 17467 raft_consensus.cc:2468] T fbf922f717c3482ba8db71abf7f53ea8 P a467bae18c24492f9af8caa4a4172818 [term 1 FOLLOWER]: Leader election vote request: Granting yes vote for candidate bfa763b91d9a4d64ac23f93c39948500 in term 1.
I20260713 09:07:30.449983 17582 leader_election.cc:304] T fbf922f717c3482ba8db71abf7f53ea8 P bfa763b91d9a4d64ac23f93c39948500 [CANDIDATE]: Term 1 election: Election decided. Result: candidate won. Election summary: received 2 responses out of 3 voters: 2 yes votes; 0 no votes. yes voters: a467bae18c24492f9af8caa4a4172818, bfa763b91d9a4d64ac23f93c39948500; no voters: 
I20260713 09:07:30.450959 17699 raft_consensus.cc:2804] T fbf922f717c3482ba8db71abf7f53ea8 P bfa763b91d9a4d64ac23f93c39948500 [term 1 FOLLOWER]: Leader election won for term 1
I20260713 09:07:30.452808 17657 tablet_bootstrap.cc:492] T 90723ef3e74e4d1286b19f8b1ad39c74 P a467bae18c24492f9af8caa4a4172818: No bootstrap required, opened a new log
I20260713 09:07:30.453320 17657 ts_tablet_manager.cc:1403] T 90723ef3e74e4d1286b19f8b1ad39c74 P a467bae18c24492f9af8caa4a4172818: Time spent bootstrapping tablet: real 0.026s	user 0.005s	sys 0.011s
I20260713 09:07:30.456209 17657 raft_consensus.cc:359] T 90723ef3e74e4d1286b19f8b1ad39c74 P a467bae18c24492f9af8caa4a4172818 [term 0 FOLLOWER]: Replica starting. Triggering 0 pending ops. Active config: opid_index: -1 OBSOLETE_local: false peers { permanent_uuid: "a467bae18c24492f9af8caa4a4172818" member_type: VOTER last_known_addr { host: "127.15.250.65" port: 40733 } } peers { permanent_uuid: "98383a48132549c6a29819609ddabfd8" member_type: VOTER last_known_addr { host: "127.15.250.66" port: 35689 } } peers { permanent_uuid: "bfa763b91d9a4d64ac23f93c39948500" member_type: VOTER last_known_addr { host: "127.15.250.67" port: 37777 } }
I20260713 09:07:30.456866 17657 raft_consensus.cc:385] T 90723ef3e74e4d1286b19f8b1ad39c74 P a467bae18c24492f9af8caa4a4172818 [term 0 FOLLOWER]: Consensus starting up: Expiring failure detector timer to make a prompt election more likely
I20260713 09:07:30.457161 17657 raft_consensus.cc:740] T 90723ef3e74e4d1286b19f8b1ad39c74 P a467bae18c24492f9af8caa4a4172818 [term 0 FOLLOWER]: Becoming Follower/Learner. State: Replica: a467bae18c24492f9af8caa4a4172818, State: Initialized, Role: FOLLOWER
I20260713 09:07:30.457888 17541 tablet_service.cc:1917] Received RequestConsensusVote() RPC: tablet_id: "fbf922f717c3482ba8db71abf7f53ea8" candidate_uuid: "bfa763b91d9a4d64ac23f93c39948500" candidate_term: 1 candidate_status { last_received { term: 0 index: 0 } } ignore_live_leader: false dest_uuid: "98383a48132549c6a29819609ddabfd8"
I20260713 09:07:30.458127 17704 raft_consensus.cc:493] T faa742c903e44bf8b2dda7658e0a55c8 P a467bae18c24492f9af8caa4a4172818 [term 0 FOLLOWER]: Starting pre-election (no leader contacted us within the election timeout)
I20260713 09:07:30.458525 17704 raft_consensus.cc:515] T faa742c903e44bf8b2dda7658e0a55c8 P a467bae18c24492f9af8caa4a4172818 [term 0 FOLLOWER]: Starting pre-election with config: opid_index: -1 OBSOLETE_local: false peers { permanent_uuid: "a467bae18c24492f9af8caa4a4172818" member_type: VOTER last_known_addr { host: "127.15.250.65" port: 40733 } } peers { permanent_uuid: "98383a48132549c6a29819609ddabfd8" member_type: VOTER last_known_addr { host: "127.15.250.66" port: 35689 } } peers { permanent_uuid: "bfa763b91d9a4d64ac23f93c39948500" member_type: VOTER last_known_addr { host: "127.15.250.67" port: 37777 } }
I20260713 09:07:30.458447 17541 raft_consensus.cc:3060] T fbf922f717c3482ba8db71abf7f53ea8 P 98383a48132549c6a29819609ddabfd8 [term 0 FOLLOWER]: Advancing to term 1
I20260713 09:07:30.462761 17542 tablet_service.cc:1917] Received RequestConsensusVote() RPC: tablet_id: "faa742c903e44bf8b2dda7658e0a55c8" candidate_uuid: "a467bae18c24492f9af8caa4a4172818" candidate_term: 1 candidate_status { last_received { term: 0 index: 0 } } ignore_live_leader: false dest_uuid: "98383a48132549c6a29819609ddabfd8" is_pre_election: true
I20260713 09:07:30.459677 17663 leader_election.cc:290] T fbf922f717c3482ba8db71abf7f53ea8 P bfa763b91d9a4d64ac23f93c39948500 [CANDIDATE]: Term 1 election: Requested vote from peers a467bae18c24492f9af8caa4a4172818 (127.15.250.65:40733), 98383a48132549c6a29819609ddabfd8 (127.15.250.66:35689)
I20260713 09:07:30.468183 17616 tablet_service.cc:1917] Received RequestConsensusVote() RPC: tablet_id: "faa742c903e44bf8b2dda7658e0a55c8" candidate_uuid: "a467bae18c24492f9af8caa4a4172818" candidate_term: 1 candidate_status { last_received { term: 0 index: 0 } } ignore_live_leader: false dest_uuid: "bfa763b91d9a4d64ac23f93c39948500" is_pre_election: true
I20260713 09:07:30.457876 17657 consensus_queue.cc:260] T 90723ef3e74e4d1286b19f8b1ad39c74 P a467bae18c24492f9af8caa4a4172818 [NON_LEADER]: Queue going to NON_LEADER mode. State: All replicated index: 0, Majority replicated index: 0, Committed index: 0, Last appended: 0.0, Last appended by leader: 0, Current term: 0, Majority size: -1, State: 0, Mode: NON_LEADER, active raft config: opid_index: -1 OBSOLETE_local: false peers { permanent_uuid: "a467bae18c24492f9af8caa4a4172818" member_type: VOTER last_known_addr { host: "127.15.250.65" port: 40733 } } peers { permanent_uuid: "98383a48132549c6a29819609ddabfd8" member_type: VOTER last_known_addr { host: "127.15.250.66" port: 35689 } } peers { permanent_uuid: "bfa763b91d9a4d64ac23f93c39948500" member_type: VOTER last_known_addr { host: "127.15.250.67" port: 37777 } }
I20260713 09:07:30.469467 17430 leader_election.cc:304] T faa742c903e44bf8b2dda7658e0a55c8 P a467bae18c24492f9af8caa4a4172818 [CANDIDATE]: Term 1 pre-election: Election decided. Result: candidate lost. Election summary: received 3 responses out of 3 voters: 1 yes votes; 2 no votes. yes voters: a467bae18c24492f9af8caa4a4172818; no voters: 98383a48132549c6a29819609ddabfd8, bfa763b91d9a4d64ac23f93c39948500
I20260713 09:07:30.470280 17699 raft_consensus.cc:697] T fbf922f717c3482ba8db71abf7f53ea8 P bfa763b91d9a4d64ac23f93c39948500 [term 1 LEADER]: Becoming Leader. State: Replica: bfa763b91d9a4d64ac23f93c39948500, State: Running, Role: LEADER
I20260713 09:07:30.470561 17710 raft_consensus.cc:2749] T faa742c903e44bf8b2dda7658e0a55c8 P a467bae18c24492f9af8caa4a4172818 [term 0 FOLLOWER]: Leader pre-election lost for term 1. Reason: could not achieve majority
I20260713 09:07:30.471101 17699 consensus_queue.cc:237] T fbf922f717c3482ba8db71abf7f53ea8 P bfa763b91d9a4d64ac23f93c39948500 [LEADER]: Queue going to LEADER mode. State: All replicated index: 0, Majority replicated index: 0, Committed index: 0, Last appended: 0.0, Last appended by leader: 0, Current term: 1, Majority size: 2, State: 0, Mode: LEADER, active raft config: opid_index: -1 OBSOLETE_local: false peers { permanent_uuid: "a467bae18c24492f9af8caa4a4172818" member_type: VOTER last_known_addr { host: "127.15.250.65" port: 40733 } } peers { permanent_uuid: "98383a48132549c6a29819609ddabfd8" member_type: VOTER last_known_addr { host: "127.15.250.66" port: 35689 } } peers { permanent_uuid: "bfa763b91d9a4d64ac23f93c39948500" member_type: VOTER last_known_addr { host: "127.15.250.67" port: 37777 } }
I20260713 09:07:30.474211 17704 leader_election.cc:290] T faa742c903e44bf8b2dda7658e0a55c8 P a467bae18c24492f9af8caa4a4172818 [CANDIDATE]: Term 1 pre-election: Requested pre-vote from peers 98383a48132549c6a29819609ddabfd8 (127.15.250.66:35689), bfa763b91d9a4d64ac23f93c39948500 (127.15.250.67:37777)
I20260713 09:07:30.469501 17541 raft_consensus.cc:2468] T fbf922f717c3482ba8db71abf7f53ea8 P 98383a48132549c6a29819609ddabfd8 [term 1 FOLLOWER]: Leader election vote request: Granting yes vote for candidate bfa763b91d9a4d64ac23f93c39948500 in term 1.
I20260713 09:07:30.475721 17657 ts_tablet_manager.cc:1434] T 90723ef3e74e4d1286b19f8b1ad39c74 P a467bae18c24492f9af8caa4a4172818: Time spent starting tablet: real 0.022s	user 0.005s	sys 0.000s
I20260713 09:07:30.476670 17657 tablet_bootstrap.cc:492] T 70eeed23fcc341979ff984f5ebcf36b8 P a467bae18c24492f9af8caa4a4172818: Bootstrap starting.
I20260713 09:07:30.477813 17658 tablet_bootstrap.cc:492] T 70eeed23fcc341979ff984f5ebcf36b8 P bfa763b91d9a4d64ac23f93c39948500: No bootstrap required, opened a new log
I20260713 09:07:30.478228 17658 ts_tablet_manager.cc:1403] T 70eeed23fcc341979ff984f5ebcf36b8 P bfa763b91d9a4d64ac23f93c39948500: Time spent bootstrapping tablet: real 0.094s	user 0.042s	sys 0.022s
I20260713 09:07:30.482993 17657 tablet_bootstrap.cc:654] T 70eeed23fcc341979ff984f5ebcf36b8 P a467bae18c24492f9af8caa4a4172818: Neither blocks nor log segments found. Creating new log.
I20260713 09:07:30.480593 17658 raft_consensus.cc:359] T 70eeed23fcc341979ff984f5ebcf36b8 P bfa763b91d9a4d64ac23f93c39948500 [term 0 FOLLOWER]: Replica starting. Triggering 0 pending ops. Active config: opid_index: -1 OBSOLETE_local: false peers { permanent_uuid: "a467bae18c24492f9af8caa4a4172818" member_type: VOTER last_known_addr { host: "127.15.250.65" port: 40733 } } peers { permanent_uuid: "98383a48132549c6a29819609ddabfd8" member_type: VOTER last_known_addr { host: "127.15.250.66" port: 35689 } } peers { permanent_uuid: "bfa763b91d9a4d64ac23f93c39948500" member_type: VOTER last_known_addr { host: "127.15.250.67" port: 37777 } }
I20260713 09:07:30.487257 17658 raft_consensus.cc:385] T 70eeed23fcc341979ff984f5ebcf36b8 P bfa763b91d9a4d64ac23f93c39948500 [term 0 FOLLOWER]: Consensus starting up: Expiring failure detector timer to make a prompt election more likely
I20260713 09:07:30.487543 17658 raft_consensus.cc:740] T 70eeed23fcc341979ff984f5ebcf36b8 P bfa763b91d9a4d64ac23f93c39948500 [term 0 FOLLOWER]: Becoming Follower/Learner. State: Replica: bfa763b91d9a4d64ac23f93c39948500, State: Initialized, Role: FOLLOWER
I20260713 09:07:30.488338 17658 consensus_queue.cc:260] T 70eeed23fcc341979ff984f5ebcf36b8 P bfa763b91d9a4d64ac23f93c39948500 [NON_LEADER]: Queue going to NON_LEADER mode. State: All replicated index: 0, Majority replicated index: 0, Committed index: 0, Last appended: 0.0, Last appended by leader: 0, Current term: 0, Majority size: -1, State: 0, Mode: NON_LEADER, active raft config: opid_index: -1 OBSOLETE_local: false peers { permanent_uuid: "a467bae18c24492f9af8caa4a4172818" member_type: VOTER last_known_addr { host: "127.15.250.65" port: 40733 } } peers { permanent_uuid: "98383a48132549c6a29819609ddabfd8" member_type: VOTER last_known_addr { host: "127.15.250.66" port: 35689 } } peers { permanent_uuid: "bfa763b91d9a4d64ac23f93c39948500" member_type: VOTER last_known_addr { host: "127.15.250.67" port: 37777 } }
I20260713 09:07:30.492110 17658 ts_tablet_manager.cc:1434] T 70eeed23fcc341979ff984f5ebcf36b8 P bfa763b91d9a4d64ac23f93c39948500: Time spent starting tablet: real 0.014s	user 0.008s	sys 0.000s
I20260713 09:07:30.489713 17362 catalog_manager.cc:5697] T fbf922f717c3482ba8db71abf7f53ea8 P bfa763b91d9a4d64ac23f93c39948500 reported cstate change: term changed from 0 to 1, leader changed from <none> to bfa763b91d9a4d64ac23f93c39948500 (127.15.250.67). New cstate: current_term: 1 leader_uuid: "bfa763b91d9a4d64ac23f93c39948500" committed_config { opid_index: -1 OBSOLETE_local: false peers { permanent_uuid: "a467bae18c24492f9af8caa4a4172818" member_type: VOTER last_known_addr { host: "127.15.250.65" port: 40733 } health_report { overall_health: UNKNOWN } } peers { permanent_uuid: "98383a48132549c6a29819609ddabfd8" member_type: VOTER last_known_addr { host: "127.15.250.66" port: 35689 } health_report { overall_health: UNKNOWN } } peers { permanent_uuid: "bfa763b91d9a4d64ac23f93c39948500" member_type: VOTER last_known_addr { host: "127.15.250.67" port: 37777 } health_report { overall_health: HEALTHY } } }
I20260713 09:07:30.493027 17658 tablet_bootstrap.cc:492] T 5909c17a395d44f08c1387d29214f860 P bfa763b91d9a4d64ac23f93c39948500: Bootstrap starting.
I20260713 09:07:30.491801 17656 tablet_bootstrap.cc:492] T 5909c17a395d44f08c1387d29214f860 P 98383a48132549c6a29819609ddabfd8: No bootstrap required, opened a new log
I20260713 09:07:30.495559 17656 ts_tablet_manager.cc:1403] T 5909c17a395d44f08c1387d29214f860 P 98383a48132549c6a29819609ddabfd8: Time spent bootstrapping tablet: real 0.098s	user 0.025s	sys 0.033s
I20260713 09:07:30.497964 17656 raft_consensus.cc:359] T 5909c17a395d44f08c1387d29214f860 P 98383a48132549c6a29819609ddabfd8 [term 0 FOLLOWER]: Replica starting. Triggering 0 pending ops. Active config: opid_index: -1 OBSOLETE_local: false peers { permanent_uuid: "a467bae18c24492f9af8caa4a4172818" member_type: VOTER last_known_addr { host: "127.15.250.65" port: 40733 } } peers { permanent_uuid: "98383a48132549c6a29819609ddabfd8" member_type: VOTER last_known_addr { host: "127.15.250.66" port: 35689 } } peers { permanent_uuid: "bfa763b91d9a4d64ac23f93c39948500" member_type: VOTER last_known_addr { host: "127.15.250.67" port: 37777 } }
I20260713 09:07:30.498553 17656 raft_consensus.cc:385] T 5909c17a395d44f08c1387d29214f860 P 98383a48132549c6a29819609ddabfd8 [term 0 FOLLOWER]: Consensus starting up: Expiring failure detector timer to make a prompt election more likely
I20260713 09:07:30.498799 17656 raft_consensus.cc:740] T 5909c17a395d44f08c1387d29214f860 P 98383a48132549c6a29819609ddabfd8 [term 0 FOLLOWER]: Becoming Follower/Learner. State: Replica: 98383a48132549c6a29819609ddabfd8, State: Initialized, Role: FOLLOWER
I20260713 09:07:30.498847 17658 tablet_bootstrap.cc:654] T 5909c17a395d44f08c1387d29214f860 P bfa763b91d9a4d64ac23f93c39948500: Neither blocks nor log segments found. Creating new log.
I20260713 09:07:30.503386 17656 consensus_queue.cc:260] T 5909c17a395d44f08c1387d29214f860 P 98383a48132549c6a29819609ddabfd8 [NON_LEADER]: Queue going to NON_LEADER mode. State: All replicated index: 0, Majority replicated index: 0, Committed index: 0, Last appended: 0.0, Last appended by leader: 0, Current term: 0, Majority size: -1, State: 0, Mode: NON_LEADER, active raft config: opid_index: -1 OBSOLETE_local: false peers { permanent_uuid: "a467bae18c24492f9af8caa4a4172818" member_type: VOTER last_known_addr { host: "127.15.250.65" port: 40733 } } peers { permanent_uuid: "98383a48132549c6a29819609ddabfd8" member_type: VOTER last_known_addr { host: "127.15.250.66" port: 35689 } } peers { permanent_uuid: "bfa763b91d9a4d64ac23f93c39948500" member_type: VOTER last_known_addr { host: "127.15.250.67" port: 37777 } }
I20260713 09:07:30.504921 17467 raft_consensus.cc:3060] T faa742c903e44bf8b2dda7658e0a55c8 P a467bae18c24492f9af8caa4a4172818 [term 0 FOLLOWER]: Advancing to term 1
I20260713 09:07:30.505896 17656 ts_tablet_manager.cc:1434] T 5909c17a395d44f08c1387d29214f860 P 98383a48132549c6a29819609ddabfd8: Time spent starting tablet: real 0.010s	user 0.002s	sys 0.003s
I20260713 09:07:30.506742 17656 tablet_bootstrap.cc:492] T 4115a359ecc1447abd7d84fb0429f569 P 98383a48132549c6a29819609ddabfd8: Bootstrap starting.
I20260713 09:07:30.510357 17699 raft_consensus.cc:493] T 90723ef3e74e4d1286b19f8b1ad39c74 P bfa763b91d9a4d64ac23f93c39948500 [term 0 FOLLOWER]: Starting pre-election (no leader contacted us within the election timeout)
I20260713 09:07:30.510854 17699 raft_consensus.cc:515] T 90723ef3e74e4d1286b19f8b1ad39c74 P bfa763b91d9a4d64ac23f93c39948500 [term 0 FOLLOWER]: Starting pre-election with config: opid_index: -1 OBSOLETE_local: false peers { permanent_uuid: "a467bae18c24492f9af8caa4a4172818" member_type: VOTER last_known_addr { host: "127.15.250.65" port: 40733 } } peers { permanent_uuid: "98383a48132549c6a29819609ddabfd8" member_type: VOTER last_known_addr { host: "127.15.250.66" port: 35689 } } peers { permanent_uuid: "bfa763b91d9a4d64ac23f93c39948500" member_type: VOTER last_known_addr { host: "127.15.250.67" port: 37777 } }
I20260713 09:07:30.512028 17656 tablet_bootstrap.cc:654] T 4115a359ecc1447abd7d84fb0429f569 P 98383a48132549c6a29819609ddabfd8: Neither blocks nor log segments found. Creating new log.
I20260713 09:07:30.512329 17733 consensus_queue.cc:1048] T bde878a850cf42d394d9e35c34a0deef P bfa763b91d9a4d64ac23f93c39948500 [LEADER]: Connected to new peer: Peer: permanent_uuid: "98383a48132549c6a29819609ddabfd8" member_type: VOTER last_known_addr { host: "127.15.250.66" port: 35689 }, Status: LMP_MISMATCH, Last received: 0.0, Next index: 1, Last known committed idx: 0, Time since last communication: 0.001s
I20260713 09:07:30.514184 17466 tablet_service.cc:1917] Received RequestConsensusVote() RPC: tablet_id: "90723ef3e74e4d1286b19f8b1ad39c74" candidate_uuid: "bfa763b91d9a4d64ac23f93c39948500" candidate_term: 1 candidate_status { last_received { term: 0 index: 0 } } ignore_live_leader: false dest_uuid: "a467bae18c24492f9af8caa4a4172818" is_pre_election: true
I20260713 09:07:30.514810 17466 raft_consensus.cc:2468] T 90723ef3e74e4d1286b19f8b1ad39c74 P a467bae18c24492f9af8caa4a4172818 [term 0 FOLLOWER]: Leader pre-election vote request: Granting yes vote for candidate bfa763b91d9a4d64ac23f93c39948500 in term 0.
I20260713 09:07:30.515252 17699 leader_election.cc:290] T 90723ef3e74e4d1286b19f8b1ad39c74 P bfa763b91d9a4d64ac23f93c39948500 [CANDIDATE]: Term 1 pre-election: Requested pre-vote from peers a467bae18c24492f9af8caa4a4172818 (127.15.250.65:40733), 98383a48132549c6a29819609ddabfd8 (127.15.250.66:35689)
I20260713 09:07:30.516445 17582 leader_election.cc:304] T 90723ef3e74e4d1286b19f8b1ad39c74 P bfa763b91d9a4d64ac23f93c39948500 [CANDIDATE]: Term 1 pre-election: Election decided. Result: candidate won. Election summary: received 2 responses out of 3 voters: 2 yes votes; 0 no votes. yes voters: a467bae18c24492f9af8caa4a4172818, bfa763b91d9a4d64ac23f93c39948500; no voters: 
I20260713 09:07:30.519012 17542 tablet_service.cc:1917] Received RequestConsensusVote() RPC: tablet_id: "90723ef3e74e4d1286b19f8b1ad39c74" candidate_uuid: "bfa763b91d9a4d64ac23f93c39948500" candidate_term: 1 candidate_status { last_received { term: 0 index: 0 } } ignore_live_leader: false dest_uuid: "98383a48132549c6a29819609ddabfd8" is_pre_election: true
I20260713 09:07:30.521562 17686 consensus_queue.cc:1048] T faa742c903e44bf8b2dda7658e0a55c8 P 98383a48132549c6a29819609ddabfd8 [LEADER]: Connected to new peer: Peer: permanent_uuid: "a467bae18c24492f9af8caa4a4172818" member_type: VOTER last_known_addr { host: "127.15.250.65" port: 40733 }, Status: LMP_MISMATCH, Last received: 0.0, Next index: 1, Last known committed idx: 0, Time since last communication: 0.001s
W20260713 09:07:30.522259 17579 leader_election.cc:343] T 90723ef3e74e4d1286b19f8b1ad39c74 P bfa763b91d9a4d64ac23f93c39948500 [CANDIDATE]: Term 1 pre-election: Tablet error from VoteRequest() call to peer 98383a48132549c6a29819609ddabfd8 (127.15.250.66:35689): Illegal state: must be running to vote when last-logged opid is not known
I20260713 09:07:30.525744 17699 raft_consensus.cc:2804] T 90723ef3e74e4d1286b19f8b1ad39c74 P bfa763b91d9a4d64ac23f93c39948500 [term 0 FOLLOWER]: Leader pre-election won for term 1
I20260713 09:07:30.526182 17699 raft_consensus.cc:493] T 90723ef3e74e4d1286b19f8b1ad39c74 P bfa763b91d9a4d64ac23f93c39948500 [term 0 FOLLOWER]: Starting leader election (no leader contacted us within the election timeout)
I20260713 09:07:30.528644 17699 raft_consensus.cc:3060] T 90723ef3e74e4d1286b19f8b1ad39c74 P bfa763b91d9a4d64ac23f93c39948500 [term 0 FOLLOWER]: Advancing to term 1
I20260713 09:07:30.532536 17733 raft_consensus.cc:493] T 70eeed23fcc341979ff984f5ebcf36b8 P bfa763b91d9a4d64ac23f93c39948500 [term 0 FOLLOWER]: Starting pre-election (no leader contacted us within the election timeout)
I20260713 09:07:30.533048 17733 raft_consensus.cc:515] T 70eeed23fcc341979ff984f5ebcf36b8 P bfa763b91d9a4d64ac23f93c39948500 [term 0 FOLLOWER]: Starting pre-election with config: opid_index: -1 OBSOLETE_local: false peers { permanent_uuid: "a467bae18c24492f9af8caa4a4172818" member_type: VOTER last_known_addr { host: "127.15.250.65" port: 40733 } } peers { permanent_uuid: "98383a48132549c6a29819609ddabfd8" member_type: VOTER last_known_addr { host: "127.15.250.66" port: 35689 } } peers { permanent_uuid: "bfa763b91d9a4d64ac23f93c39948500" member_type: VOTER last_known_addr { host: "127.15.250.67" port: 37777 } }
I20260713 09:07:30.535180 17733 leader_election.cc:290] T 70eeed23fcc341979ff984f5ebcf36b8 P bfa763b91d9a4d64ac23f93c39948500 [CANDIDATE]: Term 1 pre-election: Requested pre-vote from peers a467bae18c24492f9af8caa4a4172818 (127.15.250.65:40733), 98383a48132549c6a29819609ddabfd8 (127.15.250.66:35689)
I20260713 09:07:30.536870 17467 tablet_service.cc:1917] Received RequestConsensusVote() RPC: tablet_id: "70eeed23fcc341979ff984f5ebcf36b8" candidate_uuid: "bfa763b91d9a4d64ac23f93c39948500" candidate_term: 1 candidate_status { last_received { term: 0 index: 0 } } ignore_live_leader: false dest_uuid: "a467bae18c24492f9af8caa4a4172818" is_pre_election: true
I20260713 09:07:30.537714 17542 tablet_service.cc:1917] Received RequestConsensusVote() RPC: tablet_id: "70eeed23fcc341979ff984f5ebcf36b8" candidate_uuid: "bfa763b91d9a4d64ac23f93c39948500" candidate_term: 1 candidate_status { last_received { term: 0 index: 0 } } ignore_live_leader: false dest_uuid: "98383a48132549c6a29819609ddabfd8" is_pre_election: true
W20260713 09:07:30.538110 17582 leader_election.cc:343] T 70eeed23fcc341979ff984f5ebcf36b8 P bfa763b91d9a4d64ac23f93c39948500 [CANDIDATE]: Term 1 pre-election: Tablet error from VoteRequest() call to peer a467bae18c24492f9af8caa4a4172818 (127.15.250.65:40733): Illegal state: must be running to vote when last-logged opid is not known
I20260713 09:07:30.538331 17542 raft_consensus.cc:2468] T 70eeed23fcc341979ff984f5ebcf36b8 P 98383a48132549c6a29819609ddabfd8 [term 0 FOLLOWER]: Leader pre-election vote request: Granting yes vote for candidate bfa763b91d9a4d64ac23f93c39948500 in term 0.
I20260713 09:07:30.539721 17579 leader_election.cc:304] T 70eeed23fcc341979ff984f5ebcf36b8 P bfa763b91d9a4d64ac23f93c39948500 [CANDIDATE]: Term 1 pre-election: Election decided. Result: candidate won. Election summary: received 3 responses out of 3 voters: 2 yes votes; 1 no votes. yes voters: 98383a48132549c6a29819609ddabfd8, bfa763b91d9a4d64ac23f93c39948500; no voters: a467bae18c24492f9af8caa4a4172818
I20260713 09:07:30.541044 17733 raft_consensus.cc:2804] T 70eeed23fcc341979ff984f5ebcf36b8 P bfa763b91d9a4d64ac23f93c39948500 [term 0 FOLLOWER]: Leader pre-election won for term 1
I20260713 09:07:30.541460 17733 raft_consensus.cc:493] T 70eeed23fcc341979ff984f5ebcf36b8 P bfa763b91d9a4d64ac23f93c39948500 [term 0 FOLLOWER]: Starting leader election (no leader contacted us within the election timeout)
I20260713 09:07:30.541844 17733 raft_consensus.cc:3060] T 70eeed23fcc341979ff984f5ebcf36b8 P bfa763b91d9a4d64ac23f93c39948500 [term 0 FOLLOWER]: Advancing to term 1
I20260713 09:07:30.558580 17699 raft_consensus.cc:515] T 90723ef3e74e4d1286b19f8b1ad39c74 P bfa763b91d9a4d64ac23f93c39948500 [term 1 FOLLOWER]: Starting leader election with config: opid_index: -1 OBSOLETE_local: false peers { permanent_uuid: "a467bae18c24492f9af8caa4a4172818" member_type: VOTER last_known_addr { host: "127.15.250.65" port: 40733 } } peers { permanent_uuid: "98383a48132549c6a29819609ddabfd8" member_type: VOTER last_known_addr { host: "127.15.250.66" port: 35689 } } peers { permanent_uuid: "bfa763b91d9a4d64ac23f93c39948500" member_type: VOTER last_known_addr { host: "127.15.250.67" port: 37777 } }
