I20260713 09:07:30.792012 17710 consensus_queue.cc:1048] T 9285697288d547bfb3cbdd0a95a39d7d P a467bae18c24492f9af8caa4a4172818 [LEADER]: Connected to new peer: Peer: permanent_uuid: "98383a48132549c6a29819609ddabfd8" member_type: VOTER last_known_addr { host: "127.15.250.66" port: 35689 }, Status: LMP_MISMATCH, Last received: 0.0, Next index: 1, Last known committed idx: 0, Time since last communication: 0.000s
I20260713 09:07:30.792819 17656 tablet_bootstrap.cc:654] T 397bc4823f9c4838a21fe55d65ab921d P 98383a48132549c6a29819609ddabfd8: Neither blocks nor log segments found. Creating new log.
I20260713 09:07:30.793715 17541 tablet_service.cc:1917] Received RequestConsensusVote() RPC: tablet_id: "a8fbc52d173f45a48dba1b7cd9cd374b" candidate_uuid: "a467bae18c24492f9af8caa4a4172818" candidate_term: 1 candidate_status { last_received { term: 0 index: 0 } } ignore_live_leader: false dest_uuid: "98383a48132549c6a29819609ddabfd8" is_pre_election: true
W20260713 09:07:30.794939 17430 leader_election.cc:343] T a8fbc52d173f45a48dba1b7cd9cd374b P a467bae18c24492f9af8caa4a4172818 [CANDIDATE]: Term 1 pre-election: Tablet error from VoteRequest() call to peer 98383a48132549c6a29819609ddabfd8 (127.15.250.66:35689): Illegal state: must be running to vote when last-logged opid is not known
I20260713 09:07:30.795424 17430 leader_election.cc:304] T a8fbc52d173f45a48dba1b7cd9cd374b P a467bae18c24492f9af8caa4a4172818 [CANDIDATE]: Term 1 pre-election: Election decided. Result: candidate lost. Election summary: received 3 responses out of 3 voters: 1 yes votes; 2 no votes. yes voters: a467bae18c24492f9af8caa4a4172818; no voters: 98383a48132549c6a29819609ddabfd8, bfa763b91d9a4d64ac23f93c39948500
I20260713 09:07:30.796013 17759 consensus_queue.cc:1048] T 7e058a8c9b584cb88192a75ee6175c52 P 98383a48132549c6a29819609ddabfd8 [LEADER]: Connected to new peer: Peer: permanent_uuid: "a467bae18c24492f9af8caa4a4172818" member_type: VOTER last_known_addr { host: "127.15.250.65" port: 40733 }, Status: LMP_MISMATCH, Last received: 0.0, Next index: 1, Last known committed idx: 0, Time since last communication: 0.000s
I20260713 09:07:30.796603 17710 raft_consensus.cc:2749] T a8fbc52d173f45a48dba1b7cd9cd374b P a467bae18c24492f9af8caa4a4172818 [term 0 FOLLOWER]: Leader pre-election lost for term 1. Reason: could not achieve majority
I20260713 09:07:30.803074 17657 tablet_bootstrap.cc:654] T 654b33ae26b946cda4afa8c56d2db4d1 P a467bae18c24492f9af8caa4a4172818: Neither blocks nor log segments found. Creating new log.
I20260713 09:07:30.819788 17657 tablet_bootstrap.cc:492] T 654b33ae26b946cda4afa8c56d2db4d1 P a467bae18c24492f9af8caa4a4172818: No bootstrap required, opened a new log
I20260713 09:07:30.821460 17657 ts_tablet_manager.cc:1403] T 654b33ae26b946cda4afa8c56d2db4d1 P a467bae18c24492f9af8caa4a4172818: Time spent bootstrapping tablet: real 0.041s	user 0.009s	sys 0.003s
I20260713 09:07:30.824587 17657 raft_consensus.cc:359] T 654b33ae26b946cda4afa8c56d2db4d1 P a467bae18c24492f9af8caa4a4172818 [term 0 FOLLOWER]: Replica starting. Triggering 0 pending ops. Active config: opid_index: -1 OBSOLETE_local: false peers { permanent_uuid: "a467bae18c24492f9af8caa4a4172818" member_type: VOTER last_known_addr { host: "127.15.250.65" port: 40733 } } peers { permanent_uuid: "98383a48132549c6a29819609ddabfd8" member_type: VOTER last_known_addr { host: "127.15.250.66" port: 35689 } } peers { permanent_uuid: "bfa763b91d9a4d64ac23f93c39948500" member_type: VOTER last_known_addr { host: "127.15.250.67" port: 37777 } }
I20260713 09:07:30.828348 17657 raft_consensus.cc:385] T 654b33ae26b946cda4afa8c56d2db4d1 P a467bae18c24492f9af8caa4a4172818 [term 0 FOLLOWER]: Consensus starting up: Expiring failure detector timer to make a prompt election more likely
I20260713 09:07:30.829003 17657 raft_consensus.cc:740] T 654b33ae26b946cda4afa8c56d2db4d1 P a467bae18c24492f9af8caa4a4172818 [term 0 FOLLOWER]: Becoming Follower/Learner. State: Replica: a467bae18c24492f9af8caa4a4172818, State: Initialized, Role: FOLLOWER
I20260713 09:07:30.830134 17704 raft_consensus.cc:493] T 70eeed23fcc341979ff984f5ebcf36b8 P a467bae18c24492f9af8caa4a4172818 [term 0 FOLLOWER]: Starting pre-election (no leader contacted us within the election timeout)
I20260713 09:07:30.830646 17704 raft_consensus.cc:515] T 70eeed23fcc341979ff984f5ebcf36b8 P a467bae18c24492f9af8caa4a4172818 [term 0 FOLLOWER]: Starting pre-election with config: opid_index: -1 OBSOLETE_local: false peers { permanent_uuid: "a467bae18c24492f9af8caa4a4172818" member_type: VOTER last_known_addr { host: "127.15.250.65" port: 40733 } } peers { permanent_uuid: "98383a48132549c6a29819609ddabfd8" member_type: VOTER last_known_addr { host: "127.15.250.66" port: 35689 } } peers { permanent_uuid: "bfa763b91d9a4d64ac23f93c39948500" member_type: VOTER last_known_addr { host: "127.15.250.67" port: 37777 } }
I20260713 09:07:30.833653 17540 tablet_service.cc:1917] Received RequestConsensusVote() RPC: tablet_id: "70eeed23fcc341979ff984f5ebcf36b8" candidate_uuid: "a467bae18c24492f9af8caa4a4172818" candidate_term: 1 candidate_status { last_received { term: 0 index: 0 } } ignore_live_leader: false dest_uuid: "98383a48132549c6a29819609ddabfd8" is_pre_election: true
I20260713 09:07:30.834502 17540 raft_consensus.cc:2393] T 70eeed23fcc341979ff984f5ebcf36b8 P 98383a48132549c6a29819609ddabfd8 [term 1 FOLLOWER]: Leader pre-election vote request: Denying vote to candidate a467bae18c24492f9af8caa4a4172818 in current term 1: Already voted for candidate bfa763b91d9a4d64ac23f93c39948500 in this term.
I20260713 09:07:30.834723 17613 tablet_service.cc:1917] Received RequestConsensusVote() RPC: tablet_id: "70eeed23fcc341979ff984f5ebcf36b8" candidate_uuid: "a467bae18c24492f9af8caa4a4172818" candidate_term: 1 candidate_status { last_received { term: 0 index: 0 } } ignore_live_leader: false dest_uuid: "bfa763b91d9a4d64ac23f93c39948500" is_pre_election: true
I20260713 09:07:30.836174 17430 leader_election.cc:304] T 70eeed23fcc341979ff984f5ebcf36b8 P a467bae18c24492f9af8caa4a4172818 [CANDIDATE]: Term 1 pre-election: Election decided. Result: candidate lost. Election summary: received 3 responses out of 3 voters: 1 yes votes; 2 no votes. yes voters: a467bae18c24492f9af8caa4a4172818; no voters: 98383a48132549c6a29819609ddabfd8, bfa763b91d9a4d64ac23f93c39948500
I20260713 09:07:30.837085 17710 raft_consensus.cc:3060] T 70eeed23fcc341979ff984f5ebcf36b8 P a467bae18c24492f9af8caa4a4172818 [term 0 FOLLOWER]: Advancing to term 1
I20260713 09:07:30.844693 17710 raft_consensus.cc:2749] T 70eeed23fcc341979ff984f5ebcf36b8 P a467bae18c24492f9af8caa4a4172818 [term 1 FOLLOWER]: Leader pre-election lost for term 1. Reason: could not achieve majority
I20260713 09:07:30.836170 17704 leader_election.cc:290] T 70eeed23fcc341979ff984f5ebcf36b8 P a467bae18c24492f9af8caa4a4172818 [CANDIDATE]: Term 1 pre-election: Requested pre-vote from peers 98383a48132549c6a29819609ddabfd8 (127.15.250.66:35689), bfa763b91d9a4d64ac23f93c39948500 (127.15.250.67:37777)
I20260713 09:07:30.846832 17657 consensus_queue.cc:260] T 654b33ae26b946cda4afa8c56d2db4d1 P a467bae18c24492f9af8caa4a4172818 [NON_LEADER]: Queue going to NON_LEADER mode. State: All replicated index: 0, Majority replicated index: 0, Committed index: 0, Last appended: 0.0, Last appended by leader: 0, Current term: 0, Majority size: -1, State: 0, Mode: NON_LEADER, active raft config: opid_index: -1 OBSOLETE_local: false peers { permanent_uuid: "a467bae18c24492f9af8caa4a4172818" member_type: VOTER last_known_addr { host: "127.15.250.65" port: 40733 } } peers { permanent_uuid: "98383a48132549c6a29819609ddabfd8" member_type: VOTER last_known_addr { host: "127.15.250.66" port: 35689 } } peers { permanent_uuid: "bfa763b91d9a4d64ac23f93c39948500" member_type: VOTER last_known_addr { host: "127.15.250.67" port: 37777 } }
I20260713 09:07:30.851008 17657 ts_tablet_manager.cc:1434] T 654b33ae26b946cda4afa8c56d2db4d1 P a467bae18c24492f9af8caa4a4172818: Time spent starting tablet: real 0.029s	user 0.005s	sys 0.000s
I20260713 09:07:30.857389 17662 leader_election.cc:290] T 5909c17a395d44f08c1387d29214f860 P 98383a48132549c6a29819609ddabfd8 [CANDIDATE]: Term 1 election: Requested vote from peers a467bae18c24492f9af8caa4a4172818 (127.15.250.65:40733), bfa763b91d9a4d64ac23f93c39948500 (127.15.250.67:37777)
I20260713 09:07:30.858537 17614 tablet_service.cc:1917] Received RequestConsensusVote() RPC: tablet_id: "5909c17a395d44f08c1387d29214f860" candidate_uuid: "98383a48132549c6a29819609ddabfd8" candidate_term: 1 candidate_status { last_received { term: 0 index: 0 } } ignore_live_leader: false dest_uuid: "bfa763b91d9a4d64ac23f93c39948500"
I20260713 09:07:30.859068 17614 raft_consensus.cc:3060] T 5909c17a395d44f08c1387d29214f860 P bfa763b91d9a4d64ac23f93c39948500 [term 0 FOLLOWER]: Advancing to term 1
I20260713 09:07:30.859081 17465 tablet_service.cc:1917] Received RequestConsensusVote() RPC: tablet_id: "5909c17a395d44f08c1387d29214f860" candidate_uuid: "98383a48132549c6a29819609ddabfd8" candidate_term: 1 candidate_status { last_received { term: 0 index: 0 } } ignore_live_leader: false dest_uuid: "a467bae18c24492f9af8caa4a4172818"
I20260713 09:07:30.864574 17465 raft_consensus.cc:3060] T 5909c17a395d44f08c1387d29214f860 P a467bae18c24492f9af8caa4a4172818 [term 0 FOLLOWER]: Advancing to term 1
I20260713 09:07:30.868619 17657 tablet_bootstrap.cc:492] T 63664e66b6c5415b8b65e2f235901382 P a467bae18c24492f9af8caa4a4172818: Bootstrap starting.
I20260713 09:07:30.871580 17465 raft_consensus.cc:2468] T 5909c17a395d44f08c1387d29214f860 P a467bae18c24492f9af8caa4a4172818 [term 1 FOLLOWER]: Leader election vote request: Granting yes vote for candidate 98383a48132549c6a29819609ddabfd8 in term 1.
I20260713 09:07:30.869942 17767 raft_consensus.cc:493] T a1c8429d708e4b8b851d0975624fbc40 P a467bae18c24492f9af8caa4a4172818 [term 0 FOLLOWER]: Starting pre-election (no leader contacted us within the election timeout)
I20260713 09:07:30.872998 17767 raft_consensus.cc:515] T a1c8429d708e4b8b851d0975624fbc40 P a467bae18c24492f9af8caa4a4172818 [term 0 FOLLOWER]: Starting pre-election with config: opid_index: -1 OBSOLETE_local: false peers { permanent_uuid: "a467bae18c24492f9af8caa4a4172818" member_type: VOTER last_known_addr { host: "127.15.250.65" port: 40733 } } peers { permanent_uuid: "98383a48132549c6a29819609ddabfd8" member_type: VOTER last_known_addr { host: "127.15.250.66" port: 35689 } } peers { permanent_uuid: "bfa763b91d9a4d64ac23f93c39948500" member_type: VOTER last_known_addr { host: "127.15.250.67" port: 37777 } }
I20260713 09:07:30.877781 17767 leader_election.cc:290] T a1c8429d708e4b8b851d0975624fbc40 P a467bae18c24492f9af8caa4a4172818 [CANDIDATE]: Term 1 pre-election: Requested pre-vote from peers 98383a48132549c6a29819609ddabfd8 (127.15.250.66:35689), bfa763b91d9a4d64ac23f93c39948500 (127.15.250.67:37777)
I20260713 09:07:30.879753 17614 raft_consensus.cc:2468] T 5909c17a395d44f08c1387d29214f860 P bfa763b91d9a4d64ac23f93c39948500 [term 1 FOLLOWER]: Leader election vote request: Granting yes vote for candidate 98383a48132549c6a29819609ddabfd8 in term 1.
I20260713 09:07:30.880939 17505 leader_election.cc:304] T 5909c17a395d44f08c1387d29214f860 P 98383a48132549c6a29819609ddabfd8 [CANDIDATE]: Term 1 election: Election decided. Result: candidate won. Election summary: received 2 responses out of 3 voters: 2 yes votes; 0 no votes. yes voters: 98383a48132549c6a29819609ddabfd8, bfa763b91d9a4d64ac23f93c39948500; no voters: 
I20260713 09:07:30.882059 17657 tablet_bootstrap.cc:654] T 63664e66b6c5415b8b65e2f235901382 P a467bae18c24492f9af8caa4a4172818: Neither blocks nor log segments found. Creating new log.
I20260713 09:07:30.881992 17686 raft_consensus.cc:2804] T 5909c17a395d44f08c1387d29214f860 P 98383a48132549c6a29819609ddabfd8 [term 1 FOLLOWER]: Leader election won for term 1
I20260713 09:07:30.883071 17686 raft_consensus.cc:697] T 5909c17a395d44f08c1387d29214f860 P 98383a48132549c6a29819609ddabfd8 [term 1 LEADER]: Becoming Leader. State: Replica: 98383a48132549c6a29819609ddabfd8, State: Running, Role: LEADER
I20260713 09:07:30.883911 17686 consensus_queue.cc:237] T 5909c17a395d44f08c1387d29214f860 P 98383a48132549c6a29819609ddabfd8 [LEADER]: Queue going to LEADER mode. State: All replicated index: 0, Majority replicated index: 0, Committed index: 0, Last appended: 0.0, Last appended by leader: 0, Current term: 1, Majority size: 2, State: 0, Mode: LEADER, active raft config: opid_index: -1 OBSOLETE_local: false peers { permanent_uuid: "a467bae18c24492f9af8caa4a4172818" member_type: VOTER last_known_addr { host: "127.15.250.65" port: 40733 } } peers { permanent_uuid: "98383a48132549c6a29819609ddabfd8" member_type: VOTER last_known_addr { host: "127.15.250.66" port: 35689 } } peers { permanent_uuid: "bfa763b91d9a4d64ac23f93c39948500" member_type: VOTER last_known_addr { host: "127.15.250.67" port: 37777 } }
I20260713 09:07:30.899469 17712 raft_consensus.cc:493] T 43563a89041140f0a4ad633cc8dab198 P a467bae18c24492f9af8caa4a4172818 [term 0 FOLLOWER]: Starting pre-election (no leader contacted us within the election timeout)
I20260713 09:07:30.900084 17656 tablet_bootstrap.cc:492] T 397bc4823f9c4838a21fe55d65ab921d P 98383a48132549c6a29819609ddabfd8: No bootstrap required, opened a new log
I20260713 09:07:30.900609 17656 ts_tablet_manager.cc:1403] T 397bc4823f9c4838a21fe55d65ab921d P 98383a48132549c6a29819609ddabfd8: Time spent bootstrapping tablet: real 0.135s	user 0.018s	sys 0.018s
I20260713 09:07:30.902240 17614 tablet_service.cc:1917] Received RequestConsensusVote() RPC: tablet_id: "a1c8429d708e4b8b851d0975624fbc40" candidate_uuid: "a467bae18c24492f9af8caa4a4172818" candidate_term: 1 candidate_status { last_received { term: 0 index: 0 } } ignore_live_leader: false dest_uuid: "bfa763b91d9a4d64ac23f93c39948500" is_pre_election: true
I20260713 09:07:30.899942 17712 raft_consensus.cc:515] T 43563a89041140f0a4ad633cc8dab198 P a467bae18c24492f9af8caa4a4172818 [term 0 FOLLOWER]: Starting pre-election with config: opid_index: -1 OBSOLETE_local: false peers { permanent_uuid: "a467bae18c24492f9af8caa4a4172818" member_type: VOTER last_known_addr { host: "127.15.250.65" port: 40733 } } peers { permanent_uuid: "98383a48132549c6a29819609ddabfd8" member_type: VOTER last_known_addr { host: "127.15.250.66" port: 35689 } } peers { permanent_uuid: "bfa763b91d9a4d64ac23f93c39948500" member_type: VOTER last_known_addr { host: "127.15.250.67" port: 37777 } }
W20260713 09:07:30.903635 17430 leader_election.cc:343] T a1c8429d708e4b8b851d0975624fbc40 P a467bae18c24492f9af8caa4a4172818 [CANDIDATE]: Term 1 pre-election: Tablet error from VoteRequest() call to peer bfa763b91d9a4d64ac23f93c39948500 (127.15.250.67:37777): Illegal state: must be running to vote when last-logged opid is not known
I20260713 09:07:30.904976 17712 leader_election.cc:290] T 43563a89041140f0a4ad633cc8dab198 P a467bae18c24492f9af8caa4a4172818 [CANDIDATE]: Term 1 pre-election: Requested pre-vote from peers 98383a48132549c6a29819609ddabfd8 (127.15.250.66:35689), bfa763b91d9a4d64ac23f93c39948500 (127.15.250.67:37777)
I20260713 09:07:30.905670 17541 tablet_service.cc:1917] Received RequestConsensusVote() RPC: tablet_id: "a1c8429d708e4b8b851d0975624fbc40" candidate_uuid: "a467bae18c24492f9af8caa4a4172818" candidate_term: 1 candidate_status { last_received { term: 0 index: 0 } } ignore_live_leader: false dest_uuid: "98383a48132549c6a29819609ddabfd8" is_pre_election: true
I20260713 09:07:30.907799 17614 tablet_service.cc:1917] Received RequestConsensusVote() RPC: tablet_id: "43563a89041140f0a4ad633cc8dab198" candidate_uuid: "a467bae18c24492f9af8caa4a4172818" candidate_term: 1 candidate_status { last_received { term: 0 index: 0 } } ignore_live_leader: false dest_uuid: "bfa763b91d9a4d64ac23f93c39948500" is_pre_election: true
I20260713 09:07:30.904151 17362 catalog_manager.cc:5697] T d200ea982cb941899247d2a1cc9f4b56 P a467bae18c24492f9af8caa4a4172818 reported cstate change: term changed from 0 to 1, leader changed from <none> to a467bae18c24492f9af8caa4a4172818 (127.15.250.65). New cstate: current_term: 1 leader_uuid: "a467bae18c24492f9af8caa4a4172818" committed_config { opid_index: -1 OBSOLETE_local: false peers { permanent_uuid: "a467bae18c24492f9af8caa4a4172818" member_type: VOTER last_known_addr { host: "127.15.250.65" port: 40733 } health_report { overall_health: HEALTHY } } peers { permanent_uuid: "98383a48132549c6a29819609ddabfd8" member_type: VOTER last_known_addr { host: "127.15.250.66" port: 35689 } health_report { overall_health: UNKNOWN } } peers { permanent_uuid: "bfa763b91d9a4d64ac23f93c39948500" member_type: VOTER last_known_addr { host: "127.15.250.67" port: 37777 } health_report { overall_health: UNKNOWN } } }
I20260713 09:07:30.909687 17658 tablet_bootstrap.cc:492] T 737a300986ed4c08979584cddf3ddafa P bfa763b91d9a4d64ac23f93c39948500: No bootstrap required, opened a new log
I20260713 09:07:30.909612 17541 tablet_service.cc:1917] Received RequestConsensusVote() RPC: tablet_id: "43563a89041140f0a4ad633cc8dab198" candidate_uuid: "a467bae18c24492f9af8caa4a4172818" candidate_term: 1 candidate_status { last_received { term: 0 index: 0 } } ignore_live_leader: false dest_uuid: "98383a48132549c6a29819609ddabfd8" is_pre_election: true
I20260713 09:07:30.910166 17658 ts_tablet_manager.cc:1403] T 737a300986ed4c08979584cddf3ddafa P bfa763b91d9a4d64ac23f93c39948500: Time spent bootstrapping tablet: real 0.231s	user 0.088s	sys 0.093s
I20260713 09:07:30.910238 17541 raft_consensus.cc:2468] T 43563a89041140f0a4ad633cc8dab198 P 98383a48132549c6a29819609ddabfd8 [term 0 FOLLOWER]: Leader pre-election vote request: Granting yes vote for candidate a467bae18c24492f9af8caa4a4172818 in term 0.
I20260713 09:07:30.912624 17658 raft_consensus.cc:359] T 737a300986ed4c08979584cddf3ddafa P bfa763b91d9a4d64ac23f93c39948500 [term 0 FOLLOWER]: Replica starting. Triggering 0 pending ops. Active config: opid_index: -1 OBSOLETE_local: false peers { permanent_uuid: "a467bae18c24492f9af8caa4a4172818" member_type: VOTER last_known_addr { host: "127.15.250.65" port: 40733 } } peers { permanent_uuid: "98383a48132549c6a29819609ddabfd8" member_type: VOTER last_known_addr { host: "127.15.250.66" port: 35689 } } peers { permanent_uuid: "bfa763b91d9a4d64ac23f93c39948500" member_type: VOTER last_known_addr { host: "127.15.250.67" port: 37777 } }
I20260713 09:07:30.913236 17658 raft_consensus.cc:385] T 737a300986ed4c08979584cddf3ddafa P bfa763b91d9a4d64ac23f93c39948500 [term 0 FOLLOWER]: Consensus starting up: Expiring failure detector timer to make a prompt election more likely
I20260713 09:07:30.913497 17658 raft_consensus.cc:740] T 737a300986ed4c08979584cddf3ddafa P bfa763b91d9a4d64ac23f93c39948500 [term 0 FOLLOWER]: Becoming Follower/Learner. State: Replica: bfa763b91d9a4d64ac23f93c39948500, State: Initialized, Role: FOLLOWER
I20260713 09:07:30.914121 17658 consensus_queue.cc:260] T 737a300986ed4c08979584cddf3ddafa P bfa763b91d9a4d64ac23f93c39948500 [NON_LEADER]: Queue going to NON_LEADER mode. State: All replicated index: 0, Majority replicated index: 0, Committed index: 0, Last appended: 0.0, Last appended by leader: 0, Current term: 0, Majority size: -1, State: 0, Mode: NON_LEADER, active raft config: opid_index: -1 OBSOLETE_local: false peers { permanent_uuid: "a467bae18c24492f9af8caa4a4172818" member_type: VOTER last_known_addr { host: "127.15.250.65" port: 40733 } } peers { permanent_uuid: "98383a48132549c6a29819609ddabfd8" member_type: VOTER last_known_addr { host: "127.15.250.66" port: 35689 } } peers { permanent_uuid: "bfa763b91d9a4d64ac23f93c39948500" member_type: VOTER last_known_addr { host: "127.15.250.67" port: 37777 } }
I20260713 09:07:30.915450 17657 tablet_bootstrap.cc:492] T 63664e66b6c5415b8b65e2f235901382 P a467bae18c24492f9af8caa4a4172818: No bootstrap required, opened a new log
I20260713 09:07:30.915838 17657 ts_tablet_manager.cc:1403] T 63664e66b6c5415b8b65e2f235901382 P a467bae18c24492f9af8caa4a4172818: Time spent bootstrapping tablet: real 0.060s	user 0.014s	sys 0.000s
I20260713 09:07:30.915987 17658 ts_tablet_manager.cc:1434] T 737a300986ed4c08979584cddf3ddafa P bfa763b91d9a4d64ac23f93c39948500: Time spent starting tablet: real 0.005s	user 0.005s	sys 0.001s
I20260713 09:07:30.916754 17658 tablet_bootstrap.cc:492] T a8fbc52d173f45a48dba1b7cd9cd374b P bfa763b91d9a4d64ac23f93c39948500: Bootstrap starting.
I20260713 09:07:30.913376 17656 raft_consensus.cc:359] T 397bc4823f9c4838a21fe55d65ab921d P 98383a48132549c6a29819609ddabfd8 [term 0 FOLLOWER]: Replica starting. Triggering 0 pending ops. Active config: opid_index: -1 OBSOLETE_local: false peers { permanent_uuid: "a467bae18c24492f9af8caa4a4172818" member_type: VOTER last_known_addr { host: "127.15.250.65" port: 40733 } } peers { permanent_uuid: "98383a48132549c6a29819609ddabfd8" member_type: VOTER last_known_addr { host: "127.15.250.66" port: 35689 } } peers { permanent_uuid: "bfa763b91d9a4d64ac23f93c39948500" member_type: VOTER last_known_addr { host: "127.15.250.67" port: 37777 } }
I20260713 09:07:30.921064 17656 raft_consensus.cc:385] T 397bc4823f9c4838a21fe55d65ab921d P 98383a48132549c6a29819609ddabfd8 [term 0 FOLLOWER]: Consensus starting up: Expiring failure detector timer to make a prompt election more likely
I20260713 09:07:30.919679 17657 raft_consensus.cc:359] T 63664e66b6c5415b8b65e2f235901382 P a467bae18c24492f9af8caa4a4172818 [term 0 FOLLOWER]: Replica starting. Triggering 0 pending ops. Active config: opid_index: -1 OBSOLETE_local: false peers { permanent_uuid: "a467bae18c24492f9af8caa4a4172818" member_type: VOTER last_known_addr { host: "127.15.250.65" port: 40733 } } peers { permanent_uuid: "98383a48132549c6a29819609ddabfd8" member_type: VOTER last_known_addr { host: "127.15.250.66" port: 35689 } } peers { permanent_uuid: "bfa763b91d9a4d64ac23f93c39948500" member_type: VOTER last_known_addr { host: "127.15.250.67" port: 37777 } }
W20260713 09:07:30.921306 17430 leader_election.cc:343] T 43563a89041140f0a4ad633cc8dab198 P a467bae18c24492f9af8caa4a4172818 [CANDIDATE]: Term 1 pre-election: Tablet error from VoteRequest() call to peer bfa763b91d9a4d64ac23f93c39948500 (127.15.250.67:37777): Illegal state: must be running to vote when last-logged opid is not known
I20260713 09:07:30.921571 17657 raft_consensus.cc:385] T 63664e66b6c5415b8b65e2f235901382 P a467bae18c24492f9af8caa4a4172818 [term 0 FOLLOWER]: Consensus starting up: Expiring failure detector timer to make a prompt election more likely
I20260713 09:07:30.921842 17657 raft_consensus.cc:740] T 63664e66b6c5415b8b65e2f235901382 P a467bae18c24492f9af8caa4a4172818 [term 0 FOLLOWER]: Becoming Follower/Learner. State: Replica: a467bae18c24492f9af8caa4a4172818, State: Initialized, Role: FOLLOWER
I20260713 09:07:30.921307 17656 raft_consensus.cc:740] T 397bc4823f9c4838a21fe55d65ab921d P 98383a48132549c6a29819609ddabfd8 [term 0 FOLLOWER]: Becoming Follower/Learner. State: Replica: 98383a48132549c6a29819609ddabfd8, State: Initialized, Role: FOLLOWER
I20260713 09:07:30.922643 17658 tablet_bootstrap.cc:654] T a8fbc52d173f45a48dba1b7cd9cd374b P bfa763b91d9a4d64ac23f93c39948500: Neither blocks nor log segments found. Creating new log.
I20260713 09:07:30.922549 17657 consensus_queue.cc:260] T 63664e66b6c5415b8b65e2f235901382 P a467bae18c24492f9af8caa4a4172818 [NON_LEADER]: Queue going to NON_LEADER mode. State: All replicated index: 0, Majority replicated index: 0, Committed index: 0, Last appended: 0.0, Last appended by leader: 0, Current term: 0, Majority size: -1, State: 0, Mode: NON_LEADER, active raft config: opid_index: -1 OBSOLETE_local: false peers { permanent_uuid: "a467bae18c24492f9af8caa4a4172818" member_type: VOTER last_known_addr { host: "127.15.250.65" port: 40733 } } peers { permanent_uuid: "98383a48132549c6a29819609ddabfd8" member_type: VOTER last_known_addr { host: "127.15.250.66" port: 35689 } } peers { permanent_uuid: "bfa763b91d9a4d64ac23f93c39948500" member_type: VOTER last_known_addr { host: "127.15.250.67" port: 37777 } }
I20260713 09:07:30.922943 17656 consensus_queue.cc:260] T 397bc4823f9c4838a21fe55d65ab921d P 98383a48132549c6a29819609ddabfd8 [NON_LEADER]: Queue going to NON_LEADER mode. State: All replicated index: 0, Majority replicated index: 0, Committed index: 0, Last appended: 0.0, Last appended by leader: 0, Current term: 0, Majority size: -1, State: 0, Mode: NON_LEADER, active raft config: opid_index: -1 OBSOLETE_local: false peers { permanent_uuid: "a467bae18c24492f9af8caa4a4172818" member_type: VOTER last_known_addr { host: "127.15.250.65" port: 40733 } } peers { permanent_uuid: "98383a48132549c6a29819609ddabfd8" member_type: VOTER last_known_addr { host: "127.15.250.66" port: 35689 } } peers { permanent_uuid: "bfa763b91d9a4d64ac23f93c39948500" member_type: VOTER last_known_addr { host: "127.15.250.67" port: 37777 } }
I20260713 09:07:30.924913 17657 ts_tablet_manager.cc:1434] T 63664e66b6c5415b8b65e2f235901382 P a467bae18c24492f9af8caa4a4172818: Time spent starting tablet: real 0.009s	user 0.005s	sys 0.000s
I20260713 09:07:30.925115 17656 ts_tablet_manager.cc:1434] T 397bc4823f9c4838a21fe55d65ab921d P 98383a48132549c6a29819609ddabfd8: Time spent starting tablet: real 0.024s	user 0.005s	sys 0.000s
I20260713 09:07:30.925720 17657 tablet_bootstrap.cc:492] T d7d00c60af1a4c369ef1b10e1bfd27b6 P a467bae18c24492f9af8caa4a4172818: Bootstrap starting.
I20260713 09:07:30.926017 17656 tablet_bootstrap.cc:492] T a8fbc52d173f45a48dba1b7cd9cd374b P 98383a48132549c6a29819609ddabfd8: Bootstrap starting.
W20260713 09:07:30.929448 17430 leader_election.cc:343] T a1c8429d708e4b8b851d0975624fbc40 P a467bae18c24492f9af8caa4a4172818 [CANDIDATE]: Term 1 pre-election: Tablet error from VoteRequest() call to peer 98383a48132549c6a29819609ddabfd8 (127.15.250.66:35689): Illegal state: must be running to vote when last-logged opid is not known
I20260713 09:07:30.929906 17430 leader_election.cc:304] T a1c8429d708e4b8b851d0975624fbc40 P a467bae18c24492f9af8caa4a4172818 [CANDIDATE]: Term 1 pre-election: Election decided. Result: candidate lost. Election summary: received 3 responses out of 3 voters: 1 yes votes; 2 no votes. yes voters: a467bae18c24492f9af8caa4a4172818; no voters: 98383a48132549c6a29819609ddabfd8, bfa763b91d9a4d64ac23f93c39948500
I20260713 09:07:30.930615 17704 raft_consensus.cc:2749] T a1c8429d708e4b8b851d0975624fbc40 P a467bae18c24492f9af8caa4a4172818 [term 0 FOLLOWER]: Leader pre-election lost for term 1. Reason: could not achieve majority
I20260713 09:07:30.931028 17430 leader_election.cc:304] T 43563a89041140f0a4ad633cc8dab198 P a467bae18c24492f9af8caa4a4172818 [CANDIDATE]: Term 1 pre-election: Election decided. Result: candidate won. Election summary: received 3 responses out of 3 voters: 2 yes votes; 1 no votes. yes voters: 98383a48132549c6a29819609ddabfd8, a467bae18c24492f9af8caa4a4172818; no voters: bfa763b91d9a4d64ac23f93c39948500
I20260713 09:07:30.931794 17704 raft_consensus.cc:2804] T 43563a89041140f0a4ad633cc8dab198 P a467bae18c24492f9af8caa4a4172818 [term 0 FOLLOWER]: Leader pre-election won for term 1
I20260713 09:07:30.932160 17704 raft_consensus.cc:493] T 43563a89041140f0a4ad633cc8dab198 P a467bae18c24492f9af8caa4a4172818 [term 0 FOLLOWER]: Starting leader election (no leader contacted us within the election timeout)
I20260713 09:07:30.932463 17704 raft_consensus.cc:3060] T 43563a89041140f0a4ad633cc8dab198 P a467bae18c24492f9af8caa4a4172818 [term 0 FOLLOWER]: Advancing to term 1
I20260713 09:07:30.933625 17769 consensus_queue.cc:1048] T 737a300986ed4c08979584cddf3ddafa P a467bae18c24492f9af8caa4a4172818 [LEADER]: Connected to new peer: Peer: permanent_uuid: "98383a48132549c6a29819609ddabfd8" member_type: VOTER last_known_addr { host: "127.15.250.66" port: 35689 }, Status: LMP_MISMATCH, Last received: 0.0, Next index: 1, Last known committed idx: 0, Time since last communication: 0.001s
I20260713 09:07:30.935814 17699 consensus_queue.cc:1048] T fbf922f717c3482ba8db71abf7f53ea8 P bfa763b91d9a4d64ac23f93c39948500 [LEADER]: Connected to new peer: Peer: permanent_uuid: "a467bae18c24492f9af8caa4a4172818" member_type: VOTER last_known_addr { host: "127.15.250.65" port: 40733 }, Status: LMP_MISMATCH, Last received: 0.0, Next index: 1, Last known committed idx: 0, Time since last communication: 0.001s
I20260713 09:07:30.934923 17365 catalog_manager.cc:5697] T 5909c17a395d44f08c1387d29214f860 P 98383a48132549c6a29819609ddabfd8 reported cstate change: term changed from 0 to 1, leader changed from <none> to 98383a48132549c6a29819609ddabfd8 (127.15.250.66). New cstate: current_term: 1 leader_uuid: "98383a48132549c6a29819609ddabfd8" committed_config { opid_index: -1 OBSOLETE_local: false peers { permanent_uuid: "a467bae18c24492f9af8caa4a4172818" member_type: VOTER last_known_addr { host: "127.15.250.65" port: 40733 } health_report { overall_health: UNKNOWN } } peers { permanent_uuid: "98383a48132549c6a29819609ddabfd8" member_type: VOTER last_known_addr { host: "127.15.250.66" port: 35689 } health_report { overall_health: HEALTHY } } peers { permanent_uuid: "bfa763b91d9a4d64ac23f93c39948500" member_type: VOTER last_known_addr { host: "127.15.250.67" port: 37777 } health_report { overall_health: UNKNOWN } } }
I20260713 09:07:30.940615 17704 raft_consensus.cc:515] T 43563a89041140f0a4ad633cc8dab198 P a467bae18c24492f9af8caa4a4172818 [term 1 FOLLOWER]: Starting leader election with config: opid_index: -1 OBSOLETE_local: false peers { permanent_uuid: "a467bae18c24492f9af8caa4a4172818" member_type: VOTER last_known_addr { host: "127.15.250.65" port: 40733 } } peers { permanent_uuid: "98383a48132549c6a29819609ddabfd8" member_type: VOTER last_known_addr { host: "127.15.250.66" port: 35689 } } peers { permanent_uuid: "bfa763b91d9a4d64ac23f93c39948500" member_type: VOTER last_known_addr { host: "127.15.250.67" port: 37777 } }
I20260713 09:07:30.945014 17745 consensus_queue.cc:1048] T fbf922f717c3482ba8db71abf7f53ea8 P bfa763b91d9a4d64ac23f93c39948500 [LEADER]: Connected to new peer: Peer: permanent_uuid: "98383a48132549c6a29819609ddabfd8" member_type: VOTER last_known_addr { host: "127.15.250.66" port: 35689 }, Status: LMP_MISMATCH, Last received: 0.0, Next index: 1, Last known committed idx: 0, Time since last communication: 0.000s
I20260713 09:07:30.952235 17657 tablet_bootstrap.cc:654] T d7d00c60af1a4c369ef1b10e1bfd27b6 P a467bae18c24492f9af8caa4a4172818: Neither blocks nor log segments found. Creating new log.
I20260713 09:07:30.955403 17704 leader_election.cc:290] T 43563a89041140f0a4ad633cc8dab198 P a467bae18c24492f9af8caa4a4172818 [CANDIDATE]: Term 1 election: Requested vote from peers 98383a48132549c6a29819609ddabfd8 (127.15.250.66:35689), bfa763b91d9a4d64ac23f93c39948500 (127.15.250.67:37777)
I20260713 09:07:30.962492 17540 tablet_service.cc:1917] Received RequestConsensusVote() RPC: tablet_id: "43563a89041140f0a4ad633cc8dab198" candidate_uuid: "a467bae18c24492f9af8caa4a4172818" candidate_term: 1 candidate_status { last_received { term: 0 index: 0 } } ignore_live_leader: false dest_uuid: "98383a48132549c6a29819609ddabfd8"
I20260713 09:07:30.963131 17540 raft_consensus.cc:3060] T 43563a89041140f0a4ad633cc8dab198 P 98383a48132549c6a29819609ddabfd8 [term 0 FOLLOWER]: Advancing to term 1
I20260713 09:07:30.969995 17540 raft_consensus.cc:2468] T 43563a89041140f0a4ad633cc8dab198 P 98383a48132549c6a29819609ddabfd8 [term 1 FOLLOWER]: Leader election vote request: Granting yes vote for candidate a467bae18c24492f9af8caa4a4172818 in term 1.
I20260713 09:07:30.972731 17614 tablet_service.cc:1917] Received RequestConsensusVote() RPC: tablet_id: "43563a89041140f0a4ad633cc8dab198" candidate_uuid: "a467bae18c24492f9af8caa4a4172818" candidate_term: 1 candidate_status { last_received { term: 0 index: 0 } } ignore_live_leader: false dest_uuid: "bfa763b91d9a4d64ac23f93c39948500"
I20260713 09:07:30.974807 17656 tablet_bootstrap.cc:654] T a8fbc52d173f45a48dba1b7cd9cd374b P 98383a48132549c6a29819609ddabfd8: Neither blocks nor log segments found. Creating new log.
W20260713 09:07:30.983054 17430 leader_election.cc:343] T 43563a89041140f0a4ad633cc8dab198 P a467bae18c24492f9af8caa4a4172818 [CANDIDATE]: Term 1 election: Tablet error from VoteRequest() call to peer bfa763b91d9a4d64ac23f93c39948500 (127.15.250.67:37777): Illegal state: must be running to vote when last-logged opid is not known
I20260713 09:07:30.983942 17430 leader_election.cc:304] T 43563a89041140f0a4ad633cc8dab198 P a467bae18c24492f9af8caa4a4172818 [CANDIDATE]: Term 1 election: Election decided. Result: candidate won. Election summary: received 3 responses out of 3 voters: 2 yes votes; 1 no votes. yes voters: 98383a48132549c6a29819609ddabfd8, a467bae18c24492f9af8caa4a4172818; no voters: bfa763b91d9a4d64ac23f93c39948500
I20260713 09:07:30.984790 17704 raft_consensus.cc:2804] T 43563a89041140f0a4ad633cc8dab198 P a467bae18c24492f9af8caa4a4172818 [term 1 FOLLOWER]: Leader election won for term 1
I20260713 09:07:30.985255 17704 raft_consensus.cc:697] T 43563a89041140f0a4ad633cc8dab198 P a467bae18c24492f9af8caa4a4172818 [term 1 LEADER]: Becoming Leader. State: Replica: a467bae18c24492f9af8caa4a4172818, State: Running, Role: LEADER
I20260713 09:07:30.986048 17704 consensus_queue.cc:237] T 43563a89041140f0a4ad633cc8dab198 P a467bae18c24492f9af8caa4a4172818 [LEADER]: Queue going to LEADER mode. State: All replicated index: 0, Majority replicated index: 0, Committed index: 0, Last appended: 0.0, Last appended by leader: 0, Current term: 1, Majority size: 2, State: 0, Mode: LEADER, active raft config: opid_index: -1 OBSOLETE_local: false peers { permanent_uuid: "a467bae18c24492f9af8caa4a4172818" member_type: VOTER last_known_addr { host: "127.15.250.65" port: 40733 } } peers { permanent_uuid: "98383a48132549c6a29819609ddabfd8" member_type: VOTER last_known_addr { host: "127.15.250.66" port: 35689 } } peers { permanent_uuid: "bfa763b91d9a4d64ac23f93c39948500" member_type: VOTER last_known_addr { host: "127.15.250.67" port: 37777 } }
I20260713 09:07:31.002490 17658 tablet_bootstrap.cc:492] T a8fbc52d173f45a48dba1b7cd9cd374b P bfa763b91d9a4d64ac23f93c39948500: No bootstrap required, opened a new log
I20260713 09:07:31.003126 17658 ts_tablet_manager.cc:1403] T a8fbc52d173f45a48dba1b7cd9cd374b P bfa763b91d9a4d64ac23f93c39948500: Time spent bootstrapping tablet: real 0.087s	user 0.022s	sys 0.061s
I20260713 09:07:31.008159 17658 raft_consensus.cc:359] T a8fbc52d173f45a48dba1b7cd9cd374b P bfa763b91d9a4d64ac23f93c39948500 [term 0 FOLLOWER]: Replica starting. Triggering 0 pending ops. Active config: opid_index: -1 OBSOLETE_local: false peers { permanent_uuid: "a467bae18c24492f9af8caa4a4172818" member_type: VOTER last_known_addr { host: "127.15.250.65" port: 40733 } } peers { permanent_uuid: "98383a48132549c6a29819609ddabfd8" member_type: VOTER last_known_addr { host: "127.15.250.66" port: 35689 } } peers { permanent_uuid: "bfa763b91d9a4d64ac23f93c39948500" member_type: VOTER last_known_addr { host: "127.15.250.67" port: 37777 } }
I20260713 09:07:31.008947 17658 raft_consensus.cc:385] T a8fbc52d173f45a48dba1b7cd9cd374b P bfa763b91d9a4d64ac23f93c39948500 [term 0 FOLLOWER]: Consensus starting up: Expiring failure detector timer to make a prompt election more likely
I20260713 09:07:31.009261 17658 raft_consensus.cc:740] T a8fbc52d173f45a48dba1b7cd9cd374b P bfa763b91d9a4d64ac23f93c39948500 [term 0 FOLLOWER]: Becoming Follower/Learner. State: Replica: bfa763b91d9a4d64ac23f93c39948500, State: Initialized, Role: FOLLOWER
I20260713 09:07:31.009984 17658 consensus_queue.cc:260] T a8fbc52d173f45a48dba1b7cd9cd374b P bfa763b91d9a4d64ac23f93c39948500 [NON_LEADER]: Queue going to NON_LEADER mode. State: All replicated index: 0, Majority replicated index: 0, Committed index: 0, Last appended: 0.0, Last appended by leader: 0, Current term: 0, Majority size: -1, State: 0, Mode: NON_LEADER, active raft config: opid_index: -1 OBSOLETE_local: false peers { permanent_uuid: "a467bae18c24492f9af8caa4a4172818" member_type: VOTER last_known_addr { host: "127.15.250.65" port: 40733 } } peers { permanent_uuid: "98383a48132549c6a29819609ddabfd8" member_type: VOTER last_known_addr { host: "127.15.250.66" port: 35689 } } peers { permanent_uuid: "bfa763b91d9a4d64ac23f93c39948500" member_type: VOTER last_known_addr { host: "127.15.250.67" port: 37777 } }
I20260713 09:07:31.015882 17658 ts_tablet_manager.cc:1434] T a8fbc52d173f45a48dba1b7cd9cd374b P bfa763b91d9a4d64ac23f93c39948500: Time spent starting tablet: real 0.012s	user 0.005s	sys 0.001s
I20260713 09:07:31.020663 17658 tablet_bootstrap.cc:492] T 654b33ae26b946cda4afa8c56d2db4d1 P bfa763b91d9a4d64ac23f93c39948500: Bootstrap starting.
I20260713 09:07:31.016845 17767 raft_consensus.cc:493] T 63664e66b6c5415b8b65e2f235901382 P a467bae18c24492f9af8caa4a4172818 [term 0 FOLLOWER]: Starting pre-election (no leader contacted us within the election timeout)
I20260713 09:07:31.028694 17767 raft_consensus.cc:515] T 63664e66b6c5415b8b65e2f235901382 P a467bae18c24492f9af8caa4a4172818 [term 0 FOLLOWER]: Starting pre-election with config: opid_index: -1 OBSOLETE_local: false peers { permanent_uuid: "a467bae18c24492f9af8caa4a4172818" member_type: VOTER last_known_addr { host: "127.15.250.65" port: 40733 } } peers { permanent_uuid: "98383a48132549c6a29819609ddabfd8" member_type: VOTER last_known_addr { host: "127.15.250.66" port: 35689 } } peers { permanent_uuid: "bfa763b91d9a4d64ac23f93c39948500" member_type: VOTER last_known_addr { host: "127.15.250.67" port: 37777 } }
I20260713 09:07:31.040472 17657 tablet_bootstrap.cc:492] T d7d00c60af1a4c369ef1b10e1bfd27b6 P a467bae18c24492f9af8caa4a4172818: No bootstrap required, opened a new log
I20260713 09:07:31.041172 17767 leader_election.cc:290] T 63664e66b6c5415b8b65e2f235901382 P a467bae18c24492f9af8caa4a4172818 [CANDIDATE]: Term 1 pre-election: Requested pre-vote from peers 98383a48132549c6a29819609ddabfd8 (127.15.250.66:35689), bfa763b91d9a4d64ac23f93c39948500 (127.15.250.67:37777)
I20260713 09:07:31.042400 17616 tablet_service.cc:1917] Received RequestConsensusVote() RPC: tablet_id: "63664e66b6c5415b8b65e2f235901382" candidate_uuid: "a467bae18c24492f9af8caa4a4172818" candidate_term: 1 candidate_status { last_received { term: 0 index: 0 } } ignore_live_leader: false dest_uuid: "bfa763b91d9a4d64ac23f93c39948500" is_pre_election: true
I20260713 09:07:31.042623 17541 tablet_service.cc:1917] Received RequestConsensusVote() RPC: tablet_id: "63664e66b6c5415b8b65e2f235901382" candidate_uuid: "a467bae18c24492f9af8caa4a4172818" candidate_term: 1 candidate_status { last_received { term: 0 index: 0 } } ignore_live_leader: false dest_uuid: "98383a48132549c6a29819609ddabfd8" is_pre_election: true
I20260713 09:07:31.043155 17541 raft_consensus.cc:2468] T 63664e66b6c5415b8b65e2f235901382 P 98383a48132549c6a29819609ddabfd8 [term 0 FOLLOWER]: Leader pre-election vote request: Granting yes vote for candidate a467bae18c24492f9af8caa4a4172818 in term 0.
W20260713 09:07:31.044054 17430 leader_election.cc:343] T 63664e66b6c5415b8b65e2f235901382 P a467bae18c24492f9af8caa4a4172818 [CANDIDATE]: Term 1 pre-election: Tablet error from VoteRequest() call to peer bfa763b91d9a4d64ac23f93c39948500 (127.15.250.67:37777): Illegal state: must be running to vote when last-logged opid is not known
I20260713 09:07:31.044664 17657 ts_tablet_manager.cc:1403] T d7d00c60af1a4c369ef1b10e1bfd27b6 P a467bae18c24492f9af8caa4a4172818: Time spent bootstrapping tablet: real 0.119s	user 0.028s	sys 0.035s
I20260713 09:07:31.047892 17430 leader_election.cc:304] T 63664e66b6c5415b8b65e2f235901382 P a467bae18c24492f9af8caa4a4172818 [CANDIDATE]: Term 1 pre-election: Election decided. Result: candidate won. Election summary: received 3 responses out of 3 voters: 2 yes votes; 1 no votes. yes voters: 98383a48132549c6a29819609ddabfd8, a467bae18c24492f9af8caa4a4172818; no voters: bfa763b91d9a4d64ac23f93c39948500
I20260713 09:07:31.049296 17767 raft_consensus.cc:2804] T 63664e66b6c5415b8b65e2f235901382 P a467bae18c24492f9af8caa4a4172818 [term 0 FOLLOWER]: Leader pre-election won for term 1
I20260713 09:07:31.049669 17767 raft_consensus.cc:493] T 63664e66b6c5415b8b65e2f235901382 P a467bae18c24492f9af8caa4a4172818 [term 0 FOLLOWER]: Starting leader election (no leader contacted us within the election timeout)
I20260713 09:07:31.049974 17767 raft_consensus.cc:3060] T 63664e66b6c5415b8b65e2f235901382 P a467bae18c24492f9af8caa4a4172818 [term 0 FOLLOWER]: Advancing to term 1
I20260713 09:07:31.057593 17657 raft_consensus.cc:359] T d7d00c60af1a4c369ef1b10e1bfd27b6 P a467bae18c24492f9af8caa4a4172818 [term 0 FOLLOWER]: Replica starting. Triggering 0 pending ops. Active config: opid_index: -1 OBSOLETE_local: false peers { permanent_uuid: "a467bae18c24492f9af8caa4a4172818" member_type: VOTER last_known_addr { host: "127.15.250.65" port: 40733 } } peers { permanent_uuid: "98383a48132549c6a29819609ddabfd8" member_type: VOTER last_known_addr { host: "127.15.250.66" port: 35689 } } peers { permanent_uuid: "bfa763b91d9a4d64ac23f93c39948500" member_type: VOTER last_known_addr { host: "127.15.250.67" port: 37777 } }
I20260713 09:07:31.058259 17657 raft_consensus.cc:385] T d7d00c60af1a4c369ef1b10e1bfd27b6 P a467bae18c24492f9af8caa4a4172818 [term 0 FOLLOWER]: Consensus starting up: Expiring failure detector timer to make a prompt election more likely
I20260713 09:07:31.058547 17657 raft_consensus.cc:740] T d7d00c60af1a4c369ef1b10e1bfd27b6 P a467bae18c24492f9af8caa4a4172818 [term 0 FOLLOWER]: Becoming Follower/Learner. State: Replica: a467bae18c24492f9af8caa4a4172818, State: Initialized, Role: FOLLOWER
I20260713 09:07:31.059273 17657 consensus_queue.cc:260] T d7d00c60af1a4c369ef1b10e1bfd27b6 P a467bae18c24492f9af8caa4a4172818 [NON_LEADER]: Queue going to NON_LEADER mode. State: All replicated index: 0, Majority replicated index: 0, Committed index: 0, Last appended: 0.0, Last appended by leader: 0, Current term: 0, Majority size: -1, State: 0, Mode: NON_LEADER, active raft config: opid_index: -1 OBSOLETE_local: false peers { permanent_uuid: "a467bae18c24492f9af8caa4a4172818" member_type: VOTER last_known_addr { host: "127.15.250.65" port: 40733 } } peers { permanent_uuid: "98383a48132549c6a29819609ddabfd8" member_type: VOTER last_known_addr { host: "127.15.250.66" port: 35689 } } peers { permanent_uuid: "bfa763b91d9a4d64ac23f93c39948500" member_type: VOTER last_known_addr { host: "127.15.250.67" port: 37777 } }
I20260713 09:07:31.060487 17767 raft_consensus.cc:515] T 63664e66b6c5415b8b65e2f235901382 P a467bae18c24492f9af8caa4a4172818 [term 1 FOLLOWER]: Starting leader election with config: opid_index: -1 OBSOLETE_local: false peers { permanent_uuid: "a467bae18c24492f9af8caa4a4172818" member_type: VOTER last_known_addr { host: "127.15.250.65" port: 40733 } } peers { permanent_uuid: "98383a48132549c6a29819609ddabfd8" member_type: VOTER last_known_addr { host: "127.15.250.66" port: 35689 } } peers { permanent_uuid: "bfa763b91d9a4d64ac23f93c39948500" member_type: VOTER last_known_addr { host: "127.15.250.67" port: 37777 } }
I20260713 09:07:31.061509 17657 ts_tablet_manager.cc:1434] T d7d00c60af1a4c369ef1b10e1bfd27b6 P a467bae18c24492f9af8caa4a4172818: Time spent starting tablet: real 0.017s	user 0.005s	sys 0.001s
I20260713 09:07:31.055979 17361 catalog_manager.cc:5697] T 43563a89041140f0a4ad633cc8dab198 P a467bae18c24492f9af8caa4a4172818 reported cstate change: term changed from 0 to 1, leader changed from <none> to a467bae18c24492f9af8caa4a4172818 (127.15.250.65). New cstate: current_term: 1 leader_uuid: "a467bae18c24492f9af8caa4a4172818" committed_config { opid_index: -1 OBSOLETE_local: false peers { permanent_uuid: "a467bae18c24492f9af8caa4a4172818" member_type: VOTER last_known_addr { host: "127.15.250.65" port: 40733 } health_report { overall_health: HEALTHY } } peers { permanent_uuid: "98383a48132549c6a29819609ddabfd8" member_type: VOTER last_known_addr { host: "127.15.250.66" port: 35689 } health_report { overall_health: UNKNOWN } } peers { permanent_uuid: "bfa763b91d9a4d64ac23f93c39948500" member_type: VOTER last_known_addr { host: "127.15.250.67" port: 37777 } health_report { overall_health: UNKNOWN } } }
I20260713 09:07:31.062399 17657 tablet_bootstrap.cc:492] T b11f0f2aa2d34f8dadafd6f53ac5fd37 P a467bae18c24492f9af8caa4a4172818: Bootstrap starting.
I20260713 09:07:31.062851 17767 leader_election.cc:290] T 63664e66b6c5415b8b65e2f235901382 P a467bae18c24492f9af8caa4a4172818 [CANDIDATE]: Term 1 election: Requested vote from peers 98383a48132549c6a29819609ddabfd8 (127.15.250.66:35689), bfa763b91d9a4d64ac23f93c39948500 (127.15.250.67:37777)
I20260713 09:07:31.063658 17614 tablet_service.cc:1917] Received RequestConsensusVote() RPC: tablet_id: "63664e66b6c5415b8b65e2f235901382" candidate_uuid: "a467bae18c24492f9af8caa4a4172818" candidate_term: 1 candidate_status { last_received { term: 0 index: 0 } } ignore_live_leader: false dest_uuid: "bfa763b91d9a4d64ac23f93c39948500"
I20260713 09:07:31.064002 17542 tablet_service.cc:1917] Received RequestConsensusVote() RPC: tablet_id: "63664e66b6c5415b8b65e2f235901382" candidate_uuid: "a467bae18c24492f9af8caa4a4172818" candidate_term: 1 candidate_status { last_received { term: 0 index: 0 } } ignore_live_leader: false dest_uuid: "98383a48132549c6a29819609ddabfd8"
W20260713 09:07:31.065179 17430 leader_election.cc:343] T 63664e66b6c5415b8b65e2f235901382 P a467bae18c24492f9af8caa4a4172818 [CANDIDATE]: Term 1 election: Tablet error from VoteRequest() call to peer bfa763b91d9a4d64ac23f93c39948500 (127.15.250.67:37777): Illegal state: must be running to vote when last-logged opid is not known
I20260713 09:07:31.064553 17542 raft_consensus.cc:3060] T 63664e66b6c5415b8b65e2f235901382 P 98383a48132549c6a29819609ddabfd8 [term 0 FOLLOWER]: Advancing to term 1
I20260713 09:07:31.069743 17657 tablet_bootstrap.cc:654] T b11f0f2aa2d34f8dadafd6f53ac5fd37 P a467bae18c24492f9af8caa4a4172818: Neither blocks nor log segments found. Creating new log.
I20260713 09:07:31.069847 17658 tablet_bootstrap.cc:654] T 654b33ae26b946cda4afa8c56d2db4d1 P bfa763b91d9a4d64ac23f93c39948500: Neither blocks nor log segments found. Creating new log.
I20260713 09:07:31.070503 17656 tablet_bootstrap.cc:492] T a8fbc52d173f45a48dba1b7cd9cd374b P 98383a48132549c6a29819609ddabfd8: No bootstrap required, opened a new log
I20260713 09:07:31.070843 17656 ts_tablet_manager.cc:1403] T a8fbc52d173f45a48dba1b7cd9cd374b P 98383a48132549c6a29819609ddabfd8: Time spent bootstrapping tablet: real 0.145s	user 0.014s	sys 0.009s
I20260713 09:07:31.073263 17656 raft_consensus.cc:359] T a8fbc52d173f45a48dba1b7cd9cd374b P 98383a48132549c6a29819609ddabfd8 [term 0 FOLLOWER]: Replica starting. Triggering 0 pending ops. Active config: opid_index: -1 OBSOLETE_local: false peers { permanent_uuid: "a467bae18c24492f9af8caa4a4172818" member_type: VOTER last_known_addr { host: "127.15.250.65" port: 40733 } } peers { permanent_uuid: "98383a48132549c6a29819609ddabfd8" member_type: VOTER last_known_addr { host: "127.15.250.66" port: 35689 } } peers { permanent_uuid: "bfa763b91d9a4d64ac23f93c39948500" member_type: VOTER last_known_addr { host: "127.15.250.67" port: 37777 } }
I20260713 09:07:31.073690 17656 raft_consensus.cc:385] T a8fbc52d173f45a48dba1b7cd9cd374b P 98383a48132549c6a29819609ddabfd8 [term 0 FOLLOWER]: Consensus starting up: Expiring failure detector timer to make a prompt election more likely
I20260713 09:07:31.073904 17656 raft_consensus.cc:740] T a8fbc52d173f45a48dba1b7cd9cd374b P 98383a48132549c6a29819609ddabfd8 [term 0 FOLLOWER]: Becoming Follower/Learner. State: Replica: 98383a48132549c6a29819609ddabfd8, State: Initialized, Role: FOLLOWER
I20260713 09:07:31.074538 17656 consensus_queue.cc:260] T a8fbc52d173f45a48dba1b7cd9cd374b P 98383a48132549c6a29819609ddabfd8 [NON_LEADER]: Queue going to NON_LEADER mode. State: All replicated index: 0, Majority replicated index: 0, Committed index: 0, Last appended: 0.0, Last appended by leader: 0, Current term: 0, Majority size: -1, State: 0, Mode: NON_LEADER, active raft config: opid_index: -1 OBSOLETE_local: false peers { permanent_uuid: "a467bae18c24492f9af8caa4a4172818" member_type: VOTER last_known_addr { host: "127.15.250.65" port: 40733 } } peers { permanent_uuid: "98383a48132549c6a29819609ddabfd8" member_type: VOTER last_known_addr { host: "127.15.250.66" port: 35689 } } peers { permanent_uuid: "bfa763b91d9a4d64ac23f93c39948500" member_type: VOTER last_known_addr { host: "127.15.250.67" port: 37777 } }
I20260713 09:07:31.076572 17656 ts_tablet_manager.cc:1434] T a8fbc52d173f45a48dba1b7cd9cd374b P 98383a48132549c6a29819609ddabfd8: Time spent starting tablet: real 0.006s	user 0.006s	sys 0.000s
I20260713 09:07:31.077543 17656 tablet_bootstrap.cc:492] T 90723ef3e74e4d1286b19f8b1ad39c74 P 98383a48132549c6a29819609ddabfd8: Bootstrap starting.
I20260713 09:07:31.080101 17542 raft_consensus.cc:2468] T 63664e66b6c5415b8b65e2f235901382 P 98383a48132549c6a29819609ddabfd8 [term 1 FOLLOWER]: Leader election vote request: Granting yes vote for candidate a467bae18c24492f9af8caa4a4172818 in term 1.
I20260713 09:07:31.083830 17430 leader_election.cc:304] T 63664e66b6c5415b8b65e2f235901382 P a467bae18c24492f9af8caa4a4172818 [CANDIDATE]: Term 1 election: Election decided. Result: candidate won. Election summary: received 3 responses out of 3 voters: 2 yes votes; 1 no votes. yes voters: 98383a48132549c6a29819609ddabfd8, a467bae18c24492f9af8caa4a4172818; no voters: bfa763b91d9a4d64ac23f93c39948500
I20260713 09:07:31.085093 17767 raft_consensus.cc:2804] T 63664e66b6c5415b8b65e2f235901382 P a467bae18c24492f9af8caa4a4172818 [term 1 FOLLOWER]: Leader election won for term 1
I20260713 09:07:31.085604 17767 raft_consensus.cc:697] T 63664e66b6c5415b8b65e2f235901382 P a467bae18c24492f9af8caa4a4172818 [term 1 LEADER]: Becoming Leader. State: Replica: a467bae18c24492f9af8caa4a4172818, State: Running, Role: LEADER
I20260713 09:07:31.085886 17759 raft_consensus.cc:493] T 4115a359ecc1447abd7d84fb0429f569 P 98383a48132549c6a29819609ddabfd8 [term 0 FOLLOWER]: Starting pre-election (no leader contacted us within the election timeout)
