I20260713 09:07:44.653421 23900 consensus_queue.cc:237] T a424b81d98a3404380c3b91ecabe62f4 P 3ef4076f720440cc8707c828fe2a26a7 [LEADER]: Queue going to LEADER mode. State: All replicated index: 0, Majority replicated index: 3, Committed index: 3, Last appended: 1.3, Last appended by leader: 0, Current term: 1, Majority size: 2, State: 0, Mode: LEADER, active raft config: opid_index: 4 OBSOLETE_local: false peers { permanent_uuid: "dbf0bbc650134073946071c04d459894" member_type: VOTER last_known_addr { host: "127.22.27.194" port: 44779 } } peers { permanent_uuid: "3ef4076f720440cc8707c828fe2a26a7" member_type: VOTER last_known_addr { host: "127.22.27.195" port: 36197 } } peers { permanent_uuid: "0c6e9df917b64f4d850ea060ced7f1e0" member_type: VOTER last_known_addr { host: "127.22.27.196" port: 39385 } attrs { promote: false } }
I20260713 09:07:44.664814 23824 raft_consensus.cc:1275] T a424b81d98a3404380c3b91ecabe62f4 P dbf0bbc650134073946071c04d459894 [term 1 FOLLOWER]: Refusing update from remote peer 3ef4076f720440cc8707c828fe2a26a7: Log matching property violated. Preceding OpId in replica: term: 1 index: 3. Preceding OpId from leader: term: 1 index: 4. (index mismatch)
I20260713 09:07:44.665187 24166 raft_consensus.cc:1275] T a424b81d98a3404380c3b91ecabe62f4 P 0c6e9df917b64f4d850ea060ced7f1e0 [term 1 FOLLOWER]: Refusing update from remote peer 3ef4076f720440cc8707c828fe2a26a7: Log matching property violated. Preceding OpId in replica: term: 1 index: 3. Preceding OpId from leader: term: 1 index: 4. (index mismatch)
I20260713 09:07:44.666916 24463 consensus_queue.cc:1048] T a424b81d98a3404380c3b91ecabe62f4 P 3ef4076f720440cc8707c828fe2a26a7 [LEADER]: Connected to new peer: Peer: permanent_uuid: "dbf0bbc650134073946071c04d459894" member_type: VOTER last_known_addr { host: "127.22.27.194" port: 44779 }, Status: LMP_MISMATCH, Last received: 0.0, Next index: 4, Last known committed idx: 3, Time since last communication: 0.000s
I20260713 09:07:44.667641 24423 consensus_queue.cc:1048] T a424b81d98a3404380c3b91ecabe62f4 P 3ef4076f720440cc8707c828fe2a26a7 [LEADER]: Connected to new peer: Peer: permanent_uuid: "0c6e9df917b64f4d850ea060ced7f1e0" member_type: VOTER last_known_addr { host: "127.22.27.196" port: 39385 } attrs { promote: false }, Status: LMP_MISMATCH, Last received: 0.0, Next index: 4, Last known committed idx: 3, Time since last communication: 0.000s
I20260713 09:07:44.674396 24445 raft_consensus.cc:2955] T a424b81d98a3404380c3b91ecabe62f4 P 3ef4076f720440cc8707c828fe2a26a7 [term 1 LEADER]: Committing config change with OpId 1.4: config changed from index 3 to 4, VOTER 429cdc7a2f4644b3b2c8e54f628dc31f (127.22.27.193) evicted. New config: { opid_index: 4 OBSOLETE_local: false peers { permanent_uuid: "dbf0bbc650134073946071c04d459894" member_type: VOTER last_known_addr { host: "127.22.27.194" port: 44779 } } peers { permanent_uuid: "3ef4076f720440cc8707c828fe2a26a7" member_type: VOTER last_known_addr { host: "127.22.27.195" port: 36197 } } peers { permanent_uuid: "0c6e9df917b64f4d850ea060ced7f1e0" member_type: VOTER last_known_addr { host: "127.22.27.196" port: 39385 } attrs { promote: false } } }
I20260713 09:07:44.680703 24166 raft_consensus.cc:2955] T a424b81d98a3404380c3b91ecabe62f4 P 0c6e9df917b64f4d850ea060ced7f1e0 [term 1 FOLLOWER]: Committing config change with OpId 1.4: config changed from index 3 to 4, VOTER 429cdc7a2f4644b3b2c8e54f628dc31f (127.22.27.193) evicted. New config: { opid_index: 4 OBSOLETE_local: false peers { permanent_uuid: "dbf0bbc650134073946071c04d459894" member_type: VOTER last_known_addr { host: "127.22.27.194" port: 44779 } } peers { permanent_uuid: "3ef4076f720440cc8707c828fe2a26a7" member_type: VOTER last_known_addr { host: "127.22.27.195" port: 36197 } } peers { permanent_uuid: "0c6e9df917b64f4d850ea060ced7f1e0" member_type: VOTER last_known_addr { host: "127.22.27.196" port: 39385 } attrs { promote: false } } }
I20260713 09:07:44.682610 23825 consensus_queue.cc:237] T cba4845490504c1782bf190ef3e16d31 P dbf0bbc650134073946071c04d459894 [LEADER]: Queue going to LEADER mode. State: All replicated index: 0, Majority replicated index: 3, Committed index: 3, Last appended: 1.3, Last appended by leader: 0, Current term: 1, Majority size: 2, State: 0, Mode: LEADER, active raft config: opid_index: 4 OBSOLETE_local: false peers { permanent_uuid: "429cdc7a2f4644b3b2c8e54f628dc31f" member_type: VOTER last_known_addr { host: "127.22.27.193" port: 39837 } } peers { permanent_uuid: "dbf0bbc650134073946071c04d459894" member_type: VOTER last_known_addr { host: "127.22.27.194" port: 44779 } } peers { permanent_uuid: "0c6e9df917b64f4d850ea060ced7f1e0" member_type: VOTER last_known_addr { host: "127.22.27.196" port: 39385 } attrs { promote: false } }
I20260713 09:07:44.688076 24167 raft_consensus.cc:1275] T cba4845490504c1782bf190ef3e16d31 P 0c6e9df917b64f4d850ea060ced7f1e0 [term 1 FOLLOWER]: Refusing update from remote peer dbf0bbc650134073946071c04d459894: Log matching property violated. Preceding OpId in replica: term: 1 index: 3. Preceding OpId from leader: term: 1 index: 4. (index mismatch)
I20260713 09:07:44.689726 23749 raft_consensus.cc:1275] T cba4845490504c1782bf190ef3e16d31 P 429cdc7a2f4644b3b2c8e54f628dc31f [term 1 FOLLOWER]: Refusing update from remote peer dbf0bbc650134073946071c04d459894: Log matching property violated. Preceding OpId in replica: term: 1 index: 3. Preceding OpId from leader: term: 1 index: 4. (index mismatch)
I20260713 09:07:44.691262 24409 consensus_queue.cc:1048] T cba4845490504c1782bf190ef3e16d31 P dbf0bbc650134073946071c04d459894 [LEADER]: Connected to new peer: Peer: permanent_uuid: "429cdc7a2f4644b3b2c8e54f628dc31f" member_type: VOTER last_known_addr { host: "127.22.27.193" port: 39837 }, Status: LMP_MISMATCH, Last received: 0.0, Next index: 4, Last known committed idx: 3, Time since last communication: 0.000s
I20260713 09:07:44.692129 24438 consensus_queue.cc:1048] T cba4845490504c1782bf190ef3e16d31 P dbf0bbc650134073946071c04d459894 [LEADER]: Connected to new peer: Peer: permanent_uuid: "0c6e9df917b64f4d850ea060ced7f1e0" member_type: VOTER last_known_addr { host: "127.22.27.196" port: 39385 } attrs { promote: false }, Status: LMP_MISMATCH, Last received: 0.0, Next index: 4, Last known committed idx: 3, Time since last communication: 0.000s
I20260713 09:07:44.692090 23824 raft_consensus.cc:2955] T a424b81d98a3404380c3b91ecabe62f4 P dbf0bbc650134073946071c04d459894 [term 1 FOLLOWER]: Committing config change with OpId 1.4: config changed from index 3 to 4, VOTER 429cdc7a2f4644b3b2c8e54f628dc31f (127.22.27.193) evicted. New config: { opid_index: 4 OBSOLETE_local: false peers { permanent_uuid: "dbf0bbc650134073946071c04d459894" member_type: VOTER last_known_addr { host: "127.22.27.194" port: 44779 } } peers { permanent_uuid: "3ef4076f720440cc8707c828fe2a26a7" member_type: VOTER last_known_addr { host: "127.22.27.195" port: 36197 } } peers { permanent_uuid: "0c6e9df917b64f4d850ea060ced7f1e0" member_type: VOTER last_known_addr { host: "127.22.27.196" port: 39385 } attrs { promote: false } } }
I20260713 09:07:44.697091 23641 catalog_manager.cc:5697] T a424b81d98a3404380c3b91ecabe62f4 P 0c6e9df917b64f4d850ea060ced7f1e0 reported cstate change: config changed from index 3 to 4, VOTER 429cdc7a2f4644b3b2c8e54f628dc31f (127.22.27.193) evicted. New cstate: current_term: 1 leader_uuid: "3ef4076f720440cc8707c828fe2a26a7" committed_config { opid_index: 4 OBSOLETE_local: false peers { permanent_uuid: "dbf0bbc650134073946071c04d459894" member_type: VOTER last_known_addr { host: "127.22.27.194" port: 44779 } } peers { permanent_uuid: "3ef4076f720440cc8707c828fe2a26a7" member_type: VOTER last_known_addr { host: "127.22.27.195" port: 36197 } } peers { permanent_uuid: "0c6e9df917b64f4d850ea060ced7f1e0" member_type: VOTER last_known_addr { host: "127.22.27.196" port: 39385 } attrs { promote: false } } }
I20260713 09:07:44.703900 24438 raft_consensus.cc:2955] T cba4845490504c1782bf190ef3e16d31 P dbf0bbc650134073946071c04d459894 [term 1 LEADER]: Committing config change with OpId 1.4: config changed from index 3 to 4, VOTER 3ef4076f720440cc8707c828fe2a26a7 (127.22.27.195) evicted. New config: { opid_index: 4 OBSOLETE_local: false peers { permanent_uuid: "429cdc7a2f4644b3b2c8e54f628dc31f" member_type: VOTER last_known_addr { host: "127.22.27.193" port: 39837 } } peers { permanent_uuid: "dbf0bbc650134073946071c04d459894" member_type: VOTER last_known_addr { host: "127.22.27.194" port: 44779 } } peers { permanent_uuid: "0c6e9df917b64f4d850ea060ced7f1e0" member_type: VOTER last_known_addr { host: "127.22.27.196" port: 39385 } attrs { promote: false } } }
I20260713 09:07:44.707347 23735 tablet_service.cc:1558] Processing DeleteTablet for tablet a424b81d98a3404380c3b91ecabe62f4 with delete_type TABLET_DATA_TOMBSTONED (TS 429cdc7a2f4644b3b2c8e54f628dc31f not found in new config with opid_index 4) from {username='slave'} at 127.0.0.1:50152
I20260713 09:07:44.708613 24455 tablet_replica.cc:333] T a424b81d98a3404380c3b91ecabe62f4 P 429cdc7a2f4644b3b2c8e54f628dc31f: stopping tablet replica
I20260713 09:07:44.709589 24455 raft_consensus.cc:2243] T a424b81d98a3404380c3b91ecabe62f4 P 429cdc7a2f4644b3b2c8e54f628dc31f [term 1 FOLLOWER]: Raft consensus shutting down.
I20260713 09:07:44.710368 24455 raft_consensus.cc:2272] T a424b81d98a3404380c3b91ecabe62f4 P 429cdc7a2f4644b3b2c8e54f628dc31f [term 1 FOLLOWER]: Raft consensus is shut down!
I20260713 09:07:44.714084 24455 ts_tablet_manager.cc:1916] T a424b81d98a3404380c3b91ecabe62f4 P 429cdc7a2f4644b3b2c8e54f628dc31f: Deleting tablet data with delete state TABLET_DATA_TOMBSTONED
I20260713 09:07:44.716610 23749 raft_consensus.cc:2955] T cba4845490504c1782bf190ef3e16d31 P 429cdc7a2f4644b3b2c8e54f628dc31f [term 1 FOLLOWER]: Committing config change with OpId 1.4: config changed from index 3 to 4, VOTER 3ef4076f720440cc8707c828fe2a26a7 (127.22.27.195) evicted. New config: { opid_index: 4 OBSOLETE_local: false peers { permanent_uuid: "429cdc7a2f4644b3b2c8e54f628dc31f" member_type: VOTER last_known_addr { host: "127.22.27.193" port: 39837 } } peers { permanent_uuid: "dbf0bbc650134073946071c04d459894" member_type: VOTER last_known_addr { host: "127.22.27.194" port: 44779 } } peers { permanent_uuid: "0c6e9df917b64f4d850ea060ced7f1e0" member_type: VOTER last_known_addr { host: "127.22.27.196" port: 39385 } attrs { promote: false } } }
I20260713 09:07:44.719241 24166 raft_consensus.cc:2955] T cba4845490504c1782bf190ef3e16d31 P 0c6e9df917b64f4d850ea060ced7f1e0 [term 1 FOLLOWER]: Committing config change with OpId 1.4: config changed from index 3 to 4, VOTER 3ef4076f720440cc8707c828fe2a26a7 (127.22.27.195) evicted. New config: { opid_index: 4 OBSOLETE_local: false peers { permanent_uuid: "429cdc7a2f4644b3b2c8e54f628dc31f" member_type: VOTER last_known_addr { host: "127.22.27.193" port: 39837 } } peers { permanent_uuid: "dbf0bbc650134073946071c04d459894" member_type: VOTER last_known_addr { host: "127.22.27.194" port: 44779 } } peers { permanent_uuid: "0c6e9df917b64f4d850ea060ced7f1e0" member_type: VOTER last_known_addr { host: "127.22.27.196" port: 39385 } attrs { promote: false } } }
I20260713 09:07:44.725766 23631 catalog_manager.cc:5210] ChangeConfig:REMOVE_PEER RPC for tablet a424b81d98a3404380c3b91ecabe62f4 with cas_config_opid_index 3: ChangeConfig:REMOVE_PEER succeeded (attempt 1)
I20260713 09:07:44.732223 23634 catalog_manager.cc:5210] ChangeConfig:REMOVE_PEER RPC for tablet cba4845490504c1782bf190ef3e16d31 with cas_config_opid_index 3: ChangeConfig:REMOVE_PEER succeeded (attempt 1)
I20260713 09:07:44.736647 23647 catalog_manager.cc:5697] T cba4845490504c1782bf190ef3e16d31 P dbf0bbc650134073946071c04d459894 reported cstate change: config changed from index 3 to 4, VOTER 3ef4076f720440cc8707c828fe2a26a7 (127.22.27.195) evicted. New cstate: current_term: 1 leader_uuid: "dbf0bbc650134073946071c04d459894" committed_config { opid_index: 4 OBSOLETE_local: false peers { permanent_uuid: "429cdc7a2f4644b3b2c8e54f628dc31f" member_type: VOTER last_known_addr { host: "127.22.27.193" port: 39837 } health_report { overall_health: HEALTHY } } peers { permanent_uuid: "dbf0bbc650134073946071c04d459894" member_type: VOTER last_known_addr { host: "127.22.27.194" port: 44779 } health_report { overall_health: HEALTHY } } peers { permanent_uuid: "0c6e9df917b64f4d850ea060ced7f1e0" member_type: VOTER last_known_addr { host: "127.22.27.196" port: 39385 } attrs { promote: false } health_report { overall_health: HEALTHY } } }
I20260713 09:07:44.752157 24455 ts_tablet_manager.cc:1929] T a424b81d98a3404380c3b91ecabe62f4 P 429cdc7a2f4644b3b2c8e54f628dc31f: tablet deleted with delete type TABLET_DATA_TOMBSTONED: last-logged OpId 1.3
I20260713 09:07:44.752653 24455 log.cc:1199] T a424b81d98a3404380c3b91ecabe62f4 P 429cdc7a2f4644b3b2c8e54f628dc31f: Deleting WAL directory at /tmp/dist-test-taskbumnle/test-tmp/auto_leader_rebalancer-test.0.LeaderRebalancerTest.AddTserver.1783933625610513-22639-0/minicluster-data/ts-0-root/wals/a424b81d98a3404380c3b91ecabe62f4
I20260713 09:07:44.754401 23886 tablet_service.cc:1558] Processing DeleteTablet for tablet cba4845490504c1782bf190ef3e16d31 with delete_type TABLET_DATA_TOMBSTONED (TS 3ef4076f720440cc8707c828fe2a26a7 not found in new config with opid_index 4) from {username='slave'} at 127.0.0.1:52102
I20260713 09:07:44.757280 23634 catalog_manager.cc:5028] TS 429cdc7a2f4644b3b2c8e54f628dc31f (127.22.27.193:39837): tablet a424b81d98a3404380c3b91ecabe62f4 (table test-workload [id=7d6f511976ae4822876dd7779cc5154e]) successfully deleted
I20260713 09:07:44.758195 24470 tablet_replica.cc:333] T cba4845490504c1782bf190ef3e16d31 P 3ef4076f720440cc8707c828fe2a26a7: stopping tablet replica
I20260713 09:07:44.758899 24470 raft_consensus.cc:2243] T cba4845490504c1782bf190ef3e16d31 P 3ef4076f720440cc8707c828fe2a26a7 [term 1 FOLLOWER]: Raft consensus shutting down.
I20260713 09:07:44.759476 24470 raft_consensus.cc:2272] T cba4845490504c1782bf190ef3e16d31 P 3ef4076f720440cc8707c828fe2a26a7 [term 1 FOLLOWER]: Raft consensus is shut down!
I20260713 09:07:44.762245 24470 ts_tablet_manager.cc:1916] T cba4845490504c1782bf190ef3e16d31 P 3ef4076f720440cc8707c828fe2a26a7: Deleting tablet data with delete state TABLET_DATA_TOMBSTONED
I20260713 09:07:44.772826 24470 ts_tablet_manager.cc:1929] T cba4845490504c1782bf190ef3e16d31 P 3ef4076f720440cc8707c828fe2a26a7: tablet deleted with delete type TABLET_DATA_TOMBSTONED: last-logged OpId 1.3
I20260713 09:07:44.773125 24470 log.cc:1199] T cba4845490504c1782bf190ef3e16d31 P 3ef4076f720440cc8707c828fe2a26a7: Deleting WAL directory at /tmp/dist-test-taskbumnle/test-tmp/auto_leader_rebalancer-test.0.LeaderRebalancerTest.AddTserver.1783933625610513-22639-0/minicluster-data/ts-2-root/wals/cba4845490504c1782bf190ef3e16d31
I20260713 09:07:44.774260 23631 catalog_manager.cc:5028] TS 3ef4076f720440cc8707c828fe2a26a7 (127.22.27.195:36197): tablet cba4845490504c1782bf190ef3e16d31 (table test-workload [id=7d6f511976ae4822876dd7779cc5154e]) successfully deleted
I20260713 09:07:45.781381 23900 consensus_queue.cc:237] T 59cc0ce966b54289a91e5a9b7829caeb P 3ef4076f720440cc8707c828fe2a26a7 [LEADER]: Queue going to LEADER mode. State: All replicated index: 0, Majority replicated index: 1, Committed index: 1, Last appended: 1.1, Last appended by leader: 0, Current term: 1, Majority size: 2, State: 0, Mode: LEADER, active raft config: opid_index: 2 OBSOLETE_local: false peers { permanent_uuid: "429cdc7a2f4644b3b2c8e54f628dc31f" member_type: VOTER last_known_addr { host: "127.22.27.193" port: 39837 } } peers { permanent_uuid: "dbf0bbc650134073946071c04d459894" member_type: VOTER last_known_addr { host: "127.22.27.194" port: 44779 } attrs { replace: true } } peers { permanent_uuid: "3ef4076f720440cc8707c828fe2a26a7" member_type: VOTER last_known_addr { host: "127.22.27.195" port: 36197 } } peers { permanent_uuid: "0c6e9df917b64f4d850ea060ced7f1e0" member_type: NON_VOTER last_known_addr { host: "127.22.27.196" port: 39385 } attrs { promote: true } }
I20260713 09:07:45.787027 23825 raft_consensus.cc:1275] T 59cc0ce966b54289a91e5a9b7829caeb P dbf0bbc650134073946071c04d459894 [term 1 FOLLOWER]: Refusing update from remote peer 3ef4076f720440cc8707c828fe2a26a7: Log matching property violated. Preceding OpId in replica: term: 1 index: 1. Preceding OpId from leader: term: 1 index: 2. (index mismatch)
I20260713 09:07:45.788489 23749 raft_consensus.cc:1275] T 59cc0ce966b54289a91e5a9b7829caeb P 429cdc7a2f4644b3b2c8e54f628dc31f [term 1 FOLLOWER]: Refusing update from remote peer 3ef4076f720440cc8707c828fe2a26a7: Log matching property violated. Preceding OpId in replica: term: 1 index: 1. Preceding OpId from leader: term: 1 index: 2. (index mismatch)
I20260713 09:07:45.788724 24463 consensus_queue.cc:1048] T 59cc0ce966b54289a91e5a9b7829caeb P 3ef4076f720440cc8707c828fe2a26a7 [LEADER]: Connected to new peer: Peer: permanent_uuid: "dbf0bbc650134073946071c04d459894" member_type: VOTER last_known_addr { host: "127.22.27.194" port: 44779 } attrs { replace: true }, Status: LMP_MISMATCH, Last received: 0.0, Next index: 2, Last known committed idx: 1, Time since last communication: 0.000s
W20260713 09:07:45.789661 23866 consensus_peers.cc:597] T 59cc0ce966b54289a91e5a9b7829caeb P 3ef4076f720440cc8707c828fe2a26a7 -> Peer 0c6e9df917b64f4d850ea060ced7f1e0 (127.22.27.196:39385): Couldn't send request to peer 0c6e9df917b64f4d850ea060ced7f1e0. Error code: TABLET_NOT_FOUND (6). Status: Not found: Tablet not found: 59cc0ce966b54289a91e5a9b7829caeb. This is attempt 1: this message will repeat every 5th retry.
I20260713 09:07:45.790445 24471 consensus_queue.cc:1048] T 59cc0ce966b54289a91e5a9b7829caeb P 3ef4076f720440cc8707c828fe2a26a7 [LEADER]: Connected to new peer: Peer: permanent_uuid: "429cdc7a2f4644b3b2c8e54f628dc31f" member_type: VOTER last_known_addr { host: "127.22.27.193" port: 39837 }, Status: LMP_MISMATCH, Last received: 0.0, Next index: 2, Last known committed idx: 1, Time since last communication: 0.000s
I20260713 09:07:45.795555 24463 raft_consensus.cc:2955] T 59cc0ce966b54289a91e5a9b7829caeb P 3ef4076f720440cc8707c828fe2a26a7 [term 1 LEADER]: Committing config change with OpId 1.2: config changed from index -1 to 2, NON_VOTER 0c6e9df917b64f4d850ea060ced7f1e0 (127.22.27.196) added. New config: { opid_index: 2 OBSOLETE_local: false peers { permanent_uuid: "429cdc7a2f4644b3b2c8e54f628dc31f" member_type: VOTER last_known_addr { host: "127.22.27.193" port: 39837 } } peers { permanent_uuid: "dbf0bbc650134073946071c04d459894" member_type: VOTER last_known_addr { host: "127.22.27.194" port: 44779 } attrs { replace: true } } peers { permanent_uuid: "3ef4076f720440cc8707c828fe2a26a7" member_type: VOTER last_known_addr { host: "127.22.27.195" port: 36197 } } peers { permanent_uuid: "0c6e9df917b64f4d850ea060ced7f1e0" member_type: NON_VOTER last_known_addr { host: "127.22.27.196" port: 39385 } attrs { promote: true } } }
I20260713 09:07:45.796932 23825 raft_consensus.cc:2955] T 59cc0ce966b54289a91e5a9b7829caeb P dbf0bbc650134073946071c04d459894 [term 1 FOLLOWER]: Committing config change with OpId 1.2: config changed from index -1 to 2, NON_VOTER 0c6e9df917b64f4d850ea060ced7f1e0 (127.22.27.196) added. New config: { opid_index: 2 OBSOLETE_local: false peers { permanent_uuid: "429cdc7a2f4644b3b2c8e54f628dc31f" member_type: VOTER last_known_addr { host: "127.22.27.193" port: 39837 } } peers { permanent_uuid: "dbf0bbc650134073946071c04d459894" member_type: VOTER last_known_addr { host: "127.22.27.194" port: 44779 } attrs { replace: true } } peers { permanent_uuid: "3ef4076f720440cc8707c828fe2a26a7" member_type: VOTER last_known_addr { host: "127.22.27.195" port: 36197 } } peers { permanent_uuid: "0c6e9df917b64f4d850ea060ced7f1e0" member_type: NON_VOTER last_known_addr { host: "127.22.27.196" port: 39385 } attrs { promote: true } } }
I20260713 09:07:45.798456 23749 raft_consensus.cc:2955] T 59cc0ce966b54289a91e5a9b7829caeb P 429cdc7a2f4644b3b2c8e54f628dc31f [term 1 FOLLOWER]: Committing config change with OpId 1.2: config changed from index -1 to 2, NON_VOTER 0c6e9df917b64f4d850ea060ced7f1e0 (127.22.27.196) added. New config: { opid_index: 2 OBSOLETE_local: false peers { permanent_uuid: "429cdc7a2f4644b3b2c8e54f628dc31f" member_type: VOTER last_known_addr { host: "127.22.27.193" port: 39837 } } peers { permanent_uuid: "dbf0bbc650134073946071c04d459894" member_type: VOTER last_known_addr { host: "127.22.27.194" port: 44779 } attrs { replace: true } } peers { permanent_uuid: "3ef4076f720440cc8707c828fe2a26a7" member_type: VOTER last_known_addr { host: "127.22.27.195" port: 36197 } } peers { permanent_uuid: "0c6e9df917b64f4d850ea060ced7f1e0" member_type: NON_VOTER last_known_addr { host: "127.22.27.196" port: 39385 } attrs { promote: true } } }
I20260713 09:07:45.809456 23750 consensus_queue.cc:237] T 329bb679a1a645c1af4ba02f6155dfa9 P 429cdc7a2f4644b3b2c8e54f628dc31f [LEADER]: Queue going to LEADER mode. State: All replicated index: 0, Majority replicated index: 1, Committed index: 1, Last appended: 1.1, Last appended by leader: 0, Current term: 1, Majority size: 2, State: 0, Mode: LEADER, active raft config: opid_index: 2 OBSOLETE_local: false peers { permanent_uuid: "429cdc7a2f4644b3b2c8e54f628dc31f" member_type: VOTER last_known_addr { host: "127.22.27.193" port: 39837 } } peers { permanent_uuid: "dbf0bbc650134073946071c04d459894" member_type: VOTER last_known_addr { host: "127.22.27.194" port: 44779 } } peers { permanent_uuid: "3ef4076f720440cc8707c828fe2a26a7" member_type: VOTER last_known_addr { host: "127.22.27.195" port: 36197 } attrs { replace: true } } peers { permanent_uuid: "0c6e9df917b64f4d850ea060ced7f1e0" member_type: NON_VOTER last_known_addr { host: "127.22.27.196" port: 39385 } attrs { promote: true } }
I20260713 09:07:45.814327 23642 catalog_manager.cc:5697] T 59cc0ce966b54289a91e5a9b7829caeb P dbf0bbc650134073946071c04d459894 reported cstate change: config changed from index -1 to 2, NON_VOTER 0c6e9df917b64f4d850ea060ced7f1e0 (127.22.27.196) added. New cstate: current_term: 1 leader_uuid: "3ef4076f720440cc8707c828fe2a26a7" committed_config { opid_index: 2 OBSOLETE_local: false peers { permanent_uuid: "429cdc7a2f4644b3b2c8e54f628dc31f" member_type: VOTER last_known_addr { host: "127.22.27.193" port: 39837 } } peers { permanent_uuid: "dbf0bbc650134073946071c04d459894" member_type: VOTER last_known_addr { host: "127.22.27.194" port: 44779 } attrs { replace: true } } peers { permanent_uuid: "3ef4076f720440cc8707c828fe2a26a7" member_type: VOTER last_known_addr { host: "127.22.27.195" port: 36197 } } peers { permanent_uuid: "0c6e9df917b64f4d850ea060ced7f1e0" member_type: NON_VOTER last_known_addr { host: "127.22.27.196" port: 39385 } attrs { promote: true } } }
I20260713 09:07:45.830065 23825 raft_consensus.cc:1275] T 329bb679a1a645c1af4ba02f6155dfa9 P dbf0bbc650134073946071c04d459894 [term 1 FOLLOWER]: Refusing update from remote peer 429cdc7a2f4644b3b2c8e54f628dc31f: Log matching property violated. Preceding OpId in replica: term: 1 index: 1. Preceding OpId from leader: term: 1 index: 2. (index mismatch)
W20260713 09:07:45.830360 23716 consensus_peers.cc:597] T 329bb679a1a645c1af4ba02f6155dfa9 P 429cdc7a2f4644b3b2c8e54f628dc31f -> Peer 0c6e9df917b64f4d850ea060ced7f1e0 (127.22.27.196:39385): Couldn't send request to peer 0c6e9df917b64f4d850ea060ced7f1e0. Error code: TABLET_NOT_FOUND (6). Status: Not found: Tablet not found: 329bb679a1a645c1af4ba02f6155dfa9. This is attempt 1: this message will repeat every 5th retry.
I20260713 09:07:45.831558 24443 consensus_queue.cc:1048] T 329bb679a1a645c1af4ba02f6155dfa9 P 429cdc7a2f4644b3b2c8e54f628dc31f [LEADER]: Connected to new peer: Peer: permanent_uuid: "dbf0bbc650134073946071c04d459894" member_type: VOTER last_known_addr { host: "127.22.27.194" port: 44779 }, Status: LMP_MISMATCH, Last received: 0.0, Next index: 2, Last known committed idx: 1, Time since last communication: 0.001s
I20260713 09:07:45.834458 23900 raft_consensus.cc:1275] T 329bb679a1a645c1af4ba02f6155dfa9 P 3ef4076f720440cc8707c828fe2a26a7 [term 1 FOLLOWER]: Refusing update from remote peer 429cdc7a2f4644b3b2c8e54f628dc31f: Log matching property violated. Preceding OpId in replica: term: 1 index: 1. Preceding OpId from leader: term: 1 index: 2. (index mismatch)
I20260713 09:07:45.835786 24443 consensus_queue.cc:1048] T 329bb679a1a645c1af4ba02f6155dfa9 P 429cdc7a2f4644b3b2c8e54f628dc31f [LEADER]: Connected to new peer: Peer: permanent_uuid: "3ef4076f720440cc8707c828fe2a26a7" member_type: VOTER last_known_addr { host: "127.22.27.195" port: 36197 } attrs { replace: true }, Status: LMP_MISMATCH, Last received: 0.0, Next index: 2, Last known committed idx: 1, Time since last communication: 0.000s
I20260713 09:07:45.843422 24481 raft_consensus.cc:2955] T 329bb679a1a645c1af4ba02f6155dfa9 P 429cdc7a2f4644b3b2c8e54f628dc31f [term 1 LEADER]: Committing config change with OpId 1.2: config changed from index -1 to 2, NON_VOTER 0c6e9df917b64f4d850ea060ced7f1e0 (127.22.27.196) added. New config: { opid_index: 2 OBSOLETE_local: false peers { permanent_uuid: "429cdc7a2f4644b3b2c8e54f628dc31f" member_type: VOTER last_known_addr { host: "127.22.27.193" port: 39837 } } peers { permanent_uuid: "dbf0bbc650134073946071c04d459894" member_type: VOTER last_known_addr { host: "127.22.27.194" port: 44779 } } peers { permanent_uuid: "3ef4076f720440cc8707c828fe2a26a7" member_type: VOTER last_known_addr { host: "127.22.27.195" port: 36197 } attrs { replace: true } } peers { permanent_uuid: "0c6e9df917b64f4d850ea060ced7f1e0" member_type: NON_VOTER last_known_addr { host: "127.22.27.196" port: 39385 } attrs { promote: true } } }
I20260713 09:07:45.845140 23900 raft_consensus.cc:2955] T 329bb679a1a645c1af4ba02f6155dfa9 P 3ef4076f720440cc8707c828fe2a26a7 [term 1 FOLLOWER]: Committing config change with OpId 1.2: config changed from index -1 to 2, NON_VOTER 0c6e9df917b64f4d850ea060ced7f1e0 (127.22.27.196) added. New config: { opid_index: 2 OBSOLETE_local: false peers { permanent_uuid: "429cdc7a2f4644b3b2c8e54f628dc31f" member_type: VOTER last_known_addr { host: "127.22.27.193" port: 39837 } } peers { permanent_uuid: "dbf0bbc650134073946071c04d459894" member_type: VOTER last_known_addr { host: "127.22.27.194" port: 44779 } } peers { permanent_uuid: "3ef4076f720440cc8707c828fe2a26a7" member_type: VOTER last_known_addr { host: "127.22.27.195" port: 36197 } attrs { replace: true } } peers { permanent_uuid: "0c6e9df917b64f4d850ea060ced7f1e0" member_type: NON_VOTER last_known_addr { host: "127.22.27.196" port: 39385 } attrs { promote: true } } }
I20260713 09:07:45.847047 23825 raft_consensus.cc:2955] T 329bb679a1a645c1af4ba02f6155dfa9 P dbf0bbc650134073946071c04d459894 [term 1 FOLLOWER]: Committing config change with OpId 1.2: config changed from index -1 to 2, NON_VOTER 0c6e9df917b64f4d850ea060ced7f1e0 (127.22.27.196) added. New config: { opid_index: 2 OBSOLETE_local: false peers { permanent_uuid: "429cdc7a2f4644b3b2c8e54f628dc31f" member_type: VOTER last_known_addr { host: "127.22.27.193" port: 39837 } } peers { permanent_uuid: "dbf0bbc650134073946071c04d459894" member_type: VOTER last_known_addr { host: "127.22.27.194" port: 44779 } } peers { permanent_uuid: "3ef4076f720440cc8707c828fe2a26a7" member_type: VOTER last_known_addr { host: "127.22.27.195" port: 36197 } attrs { replace: true } } peers { permanent_uuid: "0c6e9df917b64f4d850ea060ced7f1e0" member_type: NON_VOTER last_known_addr { host: "127.22.27.196" port: 39385 } attrs { promote: true } } }
I20260713 09:07:45.861004 23641 catalog_manager.cc:5697] T 329bb679a1a645c1af4ba02f6155dfa9 P 3ef4076f720440cc8707c828fe2a26a7 reported cstate change: config changed from index -1 to 2, NON_VOTER 0c6e9df917b64f4d850ea060ced7f1e0 (127.22.27.196) added. New cstate: current_term: 1 leader_uuid: "429cdc7a2f4644b3b2c8e54f628dc31f" committed_config { opid_index: 2 OBSOLETE_local: false peers { permanent_uuid: "429cdc7a2f4644b3b2c8e54f628dc31f" member_type: VOTER last_known_addr { host: "127.22.27.193" port: 39837 } } peers { permanent_uuid: "dbf0bbc650134073946071c04d459894" member_type: VOTER last_known_addr { host: "127.22.27.194" port: 44779 } } peers { permanent_uuid: "3ef4076f720440cc8707c828fe2a26a7" member_type: VOTER last_known_addr { host: "127.22.27.195" port: 36197 } attrs { replace: true } } peers { permanent_uuid: "0c6e9df917b64f4d850ea060ced7f1e0" member_type: NON_VOTER last_known_addr { host: "127.22.27.196" port: 39385 } attrs { promote: true } } }
I20260713 09:07:46.360893 24487 ts_tablet_manager.cc:933] T 59cc0ce966b54289a91e5a9b7829caeb P 0c6e9df917b64f4d850ea060ced7f1e0: Initiating tablet copy from peer 3ef4076f720440cc8707c828fe2a26a7 (127.22.27.195:36197)
I20260713 09:07:46.363389 24487 tablet_copy_client.cc:323] T 59cc0ce966b54289a91e5a9b7829caeb P 0c6e9df917b64f4d850ea060ced7f1e0: tablet copy: Beginning tablet copy session from remote peer at address 127.22.27.195:36197
I20260713 09:07:46.367044 23910 tablet_copy_service.cc:140] P 3ef4076f720440cc8707c828fe2a26a7: Received BeginTabletCopySession request for tablet 59cc0ce966b54289a91e5a9b7829caeb from peer 0c6e9df917b64f4d850ea060ced7f1e0 ({username='slave'} at 127.0.0.1:41122)
I20260713 09:07:46.367928 23910 tablet_copy_service.cc:161] P 3ef4076f720440cc8707c828fe2a26a7: Beginning new tablet copy session on tablet 59cc0ce966b54289a91e5a9b7829caeb from peer 0c6e9df917b64f4d850ea060ced7f1e0 at {username='slave'} at 127.0.0.1:41122: session id = 0c6e9df917b64f4d850ea060ced7f1e0-59cc0ce966b54289a91e5a9b7829caeb
I20260713 09:07:46.375026 23910 tablet_copy_source_session.cc:215] T 59cc0ce966b54289a91e5a9b7829caeb P 3ef4076f720440cc8707c828fe2a26a7: Tablet Copy: opened 0 blocks and 1 log segments
I20260713 09:07:46.378185 24487 data_dirs.cc:400] Could only allocate 1 dirs of requested 3 for tablet 59cc0ce966b54289a91e5a9b7829caeb. 1 dirs total, 0 dirs full, 0 dirs failed
I20260713 09:07:46.384308 24489 ts_tablet_manager.cc:933] T 329bb679a1a645c1af4ba02f6155dfa9 P 0c6e9df917b64f4d850ea060ced7f1e0: Initiating tablet copy from peer 429cdc7a2f4644b3b2c8e54f628dc31f (127.22.27.193:39837)
I20260713 09:07:46.385793 24489 tablet_copy_client.cc:323] T 329bb679a1a645c1af4ba02f6155dfa9 P 0c6e9df917b64f4d850ea060ced7f1e0: tablet copy: Beginning tablet copy session from remote peer at address 127.22.27.193:39837
I20260713 09:07:46.387800 23760 tablet_copy_service.cc:140] P 429cdc7a2f4644b3b2c8e54f628dc31f: Received BeginTabletCopySession request for tablet 329bb679a1a645c1af4ba02f6155dfa9 from peer 0c6e9df917b64f4d850ea060ced7f1e0 ({username='slave'} at 127.0.0.1:54226)
I20260713 09:07:46.388419 23760 tablet_copy_service.cc:161] P 429cdc7a2f4644b3b2c8e54f628dc31f: Beginning new tablet copy session on tablet 329bb679a1a645c1af4ba02f6155dfa9 from peer 0c6e9df917b64f4d850ea060ced7f1e0 at {username='slave'} at 127.0.0.1:54226: session id = 0c6e9df917b64f4d850ea060ced7f1e0-329bb679a1a645c1af4ba02f6155dfa9
I20260713 09:07:46.394531 23760 tablet_copy_source_session.cc:215] T 329bb679a1a645c1af4ba02f6155dfa9 P 429cdc7a2f4644b3b2c8e54f628dc31f: Tablet Copy: opened 0 blocks and 1 log segments
I20260713 09:07:46.396070 24487 tablet_copy_client.cc:806] T 59cc0ce966b54289a91e5a9b7829caeb P 0c6e9df917b64f4d850ea060ced7f1e0: tablet copy: Starting download of 0 data blocks...
I20260713 09:07:46.396736 24487 tablet_copy_client.cc:670] T 59cc0ce966b54289a91e5a9b7829caeb P 0c6e9df917b64f4d850ea060ced7f1e0: tablet copy: Starting download of 1 WAL segments...
I20260713 09:07:46.397332 24489 data_dirs.cc:400] Could only allocate 1 dirs of requested 3 for tablet 329bb679a1a645c1af4ba02f6155dfa9. 1 dirs total, 0 dirs full, 0 dirs failed
I20260713 09:07:46.401212 24487 tablet_copy_client.cc:538] T 59cc0ce966b54289a91e5a9b7829caeb P 0c6e9df917b64f4d850ea060ced7f1e0: tablet copy: Tablet Copy complete. Replacing tablet superblock.
I20260713 09:07:46.410276 24487 tablet_bootstrap.cc:492] T 59cc0ce966b54289a91e5a9b7829caeb P 0c6e9df917b64f4d850ea060ced7f1e0: Bootstrap starting.
I20260713 09:07:46.412953 24489 tablet_copy_client.cc:806] T 329bb679a1a645c1af4ba02f6155dfa9 P 0c6e9df917b64f4d850ea060ced7f1e0: tablet copy: Starting download of 0 data blocks...
I20260713 09:07:46.413587 24489 tablet_copy_client.cc:670] T 329bb679a1a645c1af4ba02f6155dfa9 P 0c6e9df917b64f4d850ea060ced7f1e0: tablet copy: Starting download of 1 WAL segments...
I20260713 09:07:46.418421 24489 tablet_copy_client.cc:538] T 329bb679a1a645c1af4ba02f6155dfa9 P 0c6e9df917b64f4d850ea060ced7f1e0: tablet copy: Tablet Copy complete. Replacing tablet superblock.
I20260713 09:07:46.426944 24489 tablet_bootstrap.cc:492] T 329bb679a1a645c1af4ba02f6155dfa9 P 0c6e9df917b64f4d850ea060ced7f1e0: Bootstrap starting.
I20260713 09:07:46.428730 24487 tablet_bootstrap.cc:492] T 59cc0ce966b54289a91e5a9b7829caeb P 0c6e9df917b64f4d850ea060ced7f1e0: Bootstrap replayed 1/1 log segments. Stats: ops{read=2 overwritten=0 applied=2 ignored=0} inserts{seen=0 ignored=0} mutations{seen=0 ignored=0} orphaned_commits=0. Pending: 0 replicates
I20260713 09:07:46.429436 24487 tablet_bootstrap.cc:492] T 59cc0ce966b54289a91e5a9b7829caeb P 0c6e9df917b64f4d850ea060ced7f1e0: Bootstrap complete.
I20260713 09:07:46.429950 24487 ts_tablet_manager.cc:1403] T 59cc0ce966b54289a91e5a9b7829caeb P 0c6e9df917b64f4d850ea060ced7f1e0: Time spent bootstrapping tablet: real 0.020s	user 0.010s	sys 0.008s
I20260713 09:07:46.432550 24487 raft_consensus.cc:359] T 59cc0ce966b54289a91e5a9b7829caeb P 0c6e9df917b64f4d850ea060ced7f1e0 [term 1 LEARNER]: Replica starting. Triggering 0 pending ops. Active config: opid_index: 2 OBSOLETE_local: false peers { permanent_uuid: "429cdc7a2f4644b3b2c8e54f628dc31f" member_type: VOTER last_known_addr { host: "127.22.27.193" port: 39837 } } peers { permanent_uuid: "dbf0bbc650134073946071c04d459894" member_type: VOTER last_known_addr { host: "127.22.27.194" port: 44779 } attrs { replace: true } } peers { permanent_uuid: "3ef4076f720440cc8707c828fe2a26a7" member_type: VOTER last_known_addr { host: "127.22.27.195" port: 36197 } } peers { permanent_uuid: "0c6e9df917b64f4d850ea060ced7f1e0" member_type: NON_VOTER last_known_addr { host: "127.22.27.196" port: 39385 } attrs { promote: true } }
I20260713 09:07:46.433727 24487 raft_consensus.cc:740] T 59cc0ce966b54289a91e5a9b7829caeb P 0c6e9df917b64f4d850ea060ced7f1e0 [term 1 LEARNER]: Becoming Follower/Learner. State: Replica: 0c6e9df917b64f4d850ea060ced7f1e0, State: Initialized, Role: LEARNER
I20260713 09:07:46.434448 24487 consensus_queue.cc:260] T 59cc0ce966b54289a91e5a9b7829caeb P 0c6e9df917b64f4d850ea060ced7f1e0 [NON_LEADER]: Queue going to NON_LEADER mode. State: All replicated index: 0, Majority replicated index: 0, Committed index: 2, Last appended: 1.2, Last appended by leader: 2, Current term: 0, Majority size: -1, State: 0, Mode: NON_LEADER, active raft config: opid_index: 2 OBSOLETE_local: false peers { permanent_uuid: "429cdc7a2f4644b3b2c8e54f628dc31f" member_type: VOTER last_known_addr { host: "127.22.27.193" port: 39837 } } peers { permanent_uuid: "dbf0bbc650134073946071c04d459894" member_type: VOTER last_known_addr { host: "127.22.27.194" port: 44779 } attrs { replace: true } } peers { permanent_uuid: "3ef4076f720440cc8707c828fe2a26a7" member_type: VOTER last_known_addr { host: "127.22.27.195" port: 36197 } } peers { permanent_uuid: "0c6e9df917b64f4d850ea060ced7f1e0" member_type: NON_VOTER last_known_addr { host: "127.22.27.196" port: 39385 } attrs { promote: true } }
I20260713 09:07:46.444702 24487 ts_tablet_manager.cc:1434] T 59cc0ce966b54289a91e5a9b7829caeb P 0c6e9df917b64f4d850ea060ced7f1e0: Time spent starting tablet: real 0.014s	user 0.006s	sys 0.009s
I20260713 09:07:46.446398 23910 tablet_copy_service.cc:342] P 3ef4076f720440cc8707c828fe2a26a7: Request end of tablet copy session 0c6e9df917b64f4d850ea060ced7f1e0-59cc0ce966b54289a91e5a9b7829caeb received from {username='slave'} at 127.0.0.1:41122
I20260713 09:07:46.446887 23910 tablet_copy_service.cc:434] P 3ef4076f720440cc8707c828fe2a26a7: ending tablet copy session 0c6e9df917b64f4d850ea060ced7f1e0-59cc0ce966b54289a91e5a9b7829caeb on tablet 59cc0ce966b54289a91e5a9b7829caeb with peer 0c6e9df917b64f4d850ea060ced7f1e0
I20260713 09:07:46.455979 24489 tablet_bootstrap.cc:492] T 329bb679a1a645c1af4ba02f6155dfa9 P 0c6e9df917b64f4d850ea060ced7f1e0: Bootstrap replayed 1/1 log segments. Stats: ops{read=2 overwritten=0 applied=2 ignored=0} inserts{seen=0 ignored=0} mutations{seen=0 ignored=0} orphaned_commits=0. Pending: 0 replicates
I20260713 09:07:46.456624 24489 tablet_bootstrap.cc:492] T 329bb679a1a645c1af4ba02f6155dfa9 P 0c6e9df917b64f4d850ea060ced7f1e0: Bootstrap complete.
I20260713 09:07:46.457291 24489 ts_tablet_manager.cc:1403] T 329bb679a1a645c1af4ba02f6155dfa9 P 0c6e9df917b64f4d850ea060ced7f1e0: Time spent bootstrapping tablet: real 0.031s	user 0.012s	sys 0.013s
I20260713 09:07:46.460151 24489 raft_consensus.cc:359] T 329bb679a1a645c1af4ba02f6155dfa9 P 0c6e9df917b64f4d850ea060ced7f1e0 [term 1 LEARNER]: Replica starting. Triggering 0 pending ops. Active config: opid_index: 2 OBSOLETE_local: false peers { permanent_uuid: "429cdc7a2f4644b3b2c8e54f628dc31f" member_type: VOTER last_known_addr { host: "127.22.27.193" port: 39837 } } peers { permanent_uuid: "dbf0bbc650134073946071c04d459894" member_type: VOTER last_known_addr { host: "127.22.27.194" port: 44779 } } peers { permanent_uuid: "3ef4076f720440cc8707c828fe2a26a7" member_type: VOTER last_known_addr { host: "127.22.27.195" port: 36197 } attrs { replace: true } } peers { permanent_uuid: "0c6e9df917b64f4d850ea060ced7f1e0" member_type: NON_VOTER last_known_addr { host: "127.22.27.196" port: 39385 } attrs { promote: true } }
I20260713 09:07:46.460701 24489 raft_consensus.cc:740] T 329bb679a1a645c1af4ba02f6155dfa9 P 0c6e9df917b64f4d850ea060ced7f1e0 [term 1 LEARNER]: Becoming Follower/Learner. State: Replica: 0c6e9df917b64f4d850ea060ced7f1e0, State: Initialized, Role: LEARNER
I20260713 09:07:46.461187 24489 consensus_queue.cc:260] T 329bb679a1a645c1af4ba02f6155dfa9 P 0c6e9df917b64f4d850ea060ced7f1e0 [NON_LEADER]: Queue going to NON_LEADER mode. State: All replicated index: 0, Majority replicated index: 0, Committed index: 2, Last appended: 1.2, Last appended by leader: 2, Current term: 0, Majority size: -1, State: 0, Mode: NON_LEADER, active raft config: opid_index: 2 OBSOLETE_local: false peers { permanent_uuid: "429cdc7a2f4644b3b2c8e54f628dc31f" member_type: VOTER last_known_addr { host: "127.22.27.193" port: 39837 } } peers { permanent_uuid: "dbf0bbc650134073946071c04d459894" member_type: VOTER last_known_addr { host: "127.22.27.194" port: 44779 } } peers { permanent_uuid: "3ef4076f720440cc8707c828fe2a26a7" member_type: VOTER last_known_addr { host: "127.22.27.195" port: 36197 } attrs { replace: true } } peers { permanent_uuid: "0c6e9df917b64f4d850ea060ced7f1e0" member_type: NON_VOTER last_known_addr { host: "127.22.27.196" port: 39385 } attrs { promote: true } }
I20260713 09:07:46.463155 24489 ts_tablet_manager.cc:1434] T 329bb679a1a645c1af4ba02f6155dfa9 P 0c6e9df917b64f4d850ea060ced7f1e0: Time spent starting tablet: real 0.006s	user 0.002s	sys 0.000s
I20260713 09:07:46.464651 23760 tablet_copy_service.cc:342] P 429cdc7a2f4644b3b2c8e54f628dc31f: Request end of tablet copy session 0c6e9df917b64f4d850ea060ced7f1e0-329bb679a1a645c1af4ba02f6155dfa9 received from {username='slave'} at 127.0.0.1:54226
I20260713 09:07:46.465068 23760 tablet_copy_service.cc:434] P 429cdc7a2f4644b3b2c8e54f628dc31f: ending tablet copy session 0c6e9df917b64f4d850ea060ced7f1e0-329bb679a1a645c1af4ba02f6155dfa9 on tablet 329bb679a1a645c1af4ba02f6155dfa9 with peer 0c6e9df917b64f4d850ea060ced7f1e0
I20260713 09:07:46.757375 24166 raft_consensus.cc:1217] T 59cc0ce966b54289a91e5a9b7829caeb P 0c6e9df917b64f4d850ea060ced7f1e0 [term 1 LEARNER]: Deduplicated request from leader. Original: 1.1->[1.2-1.2]   Dedup: 1.2->[]
I20260713 09:07:46.920099 24167 raft_consensus.cc:1217] T 329bb679a1a645c1af4ba02f6155dfa9 P 0c6e9df917b64f4d850ea060ced7f1e0 [term 1 LEARNER]: Deduplicated request from leader. Original: 1.1->[1.2-1.2]   Dedup: 1.2->[]
I20260713 09:07:47.158102 24494 raft_consensus.cc:1064] T 59cc0ce966b54289a91e5a9b7829caeb P 3ef4076f720440cc8707c828fe2a26a7: attempting to promote NON_VOTER 0c6e9df917b64f4d850ea060ced7f1e0 to VOTER
I20260713 09:07:47.160174 24494 consensus_queue.cc:237] T 59cc0ce966b54289a91e5a9b7829caeb P 3ef4076f720440cc8707c828fe2a26a7 [LEADER]: Queue going to LEADER mode. State: All replicated index: 0, Majority replicated index: 2, Committed index: 2, Last appended: 1.2, Last appended by leader: 0, Current term: 1, Majority size: 3, State: 0, Mode: LEADER, active raft config: opid_index: 3 OBSOLETE_local: false peers { permanent_uuid: "429cdc7a2f4644b3b2c8e54f628dc31f" member_type: VOTER last_known_addr { host: "127.22.27.193" port: 39837 } } peers { permanent_uuid: "dbf0bbc650134073946071c04d459894" member_type: VOTER last_known_addr { host: "127.22.27.194" port: 44779 } attrs { replace: true } } peers { permanent_uuid: "3ef4076f720440cc8707c828fe2a26a7" member_type: VOTER last_known_addr { host: "127.22.27.195" port: 36197 } } peers { permanent_uuid: "0c6e9df917b64f4d850ea060ced7f1e0" member_type: VOTER last_known_addr { host: "127.22.27.196" port: 39385 } attrs { promote: false } }
I20260713 09:07:47.166241 24167 raft_consensus.cc:1275] T 59cc0ce966b54289a91e5a9b7829caeb P 0c6e9df917b64f4d850ea060ced7f1e0 [term 1 LEARNER]: Refusing update from remote peer 3ef4076f720440cc8707c828fe2a26a7: Log matching property violated. Preceding OpId in replica: term: 1 index: 2. Preceding OpId from leader: term: 1 index: 3. (index mismatch)
I20260713 09:07:47.166898 23750 raft_consensus.cc:1275] T 59cc0ce966b54289a91e5a9b7829caeb P 429cdc7a2f4644b3b2c8e54f628dc31f [term 1 FOLLOWER]: Refusing update from remote peer 3ef4076f720440cc8707c828fe2a26a7: Log matching property violated. Preceding OpId in replica: term: 1 index: 2. Preceding OpId from leader: term: 1 index: 3. (index mismatch)
I20260713 09:07:47.167127 23824 raft_consensus.cc:1275] T 59cc0ce966b54289a91e5a9b7829caeb P dbf0bbc650134073946071c04d459894 [term 1 FOLLOWER]: Refusing update from remote peer 3ef4076f720440cc8707c828fe2a26a7: Log matching property violated. Preceding OpId in replica: term: 1 index: 2. Preceding OpId from leader: term: 1 index: 3. (index mismatch)
I20260713 09:07:47.167670 24476 consensus_queue.cc:1048] T 59cc0ce966b54289a91e5a9b7829caeb P 3ef4076f720440cc8707c828fe2a26a7 [LEADER]: Connected to new peer: Peer: permanent_uuid: "0c6e9df917b64f4d850ea060ced7f1e0" member_type: VOTER last_known_addr { host: "127.22.27.196" port: 39385 } attrs { promote: false }, Status: LMP_MISMATCH, Last received: 0.0, Next index: 3, Last known committed idx: 2, Time since last communication: 0.001s
I20260713 09:07:47.168699 24494 consensus_queue.cc:1048] T 59cc0ce966b54289a91e5a9b7829caeb P 3ef4076f720440cc8707c828fe2a26a7 [LEADER]: Connected to new peer: Peer: permanent_uuid: "dbf0bbc650134073946071c04d459894" member_type: VOTER last_known_addr { host: "127.22.27.194" port: 44779 } attrs { replace: true }, Status: LMP_MISMATCH, Last received: 0.0, Next index: 3, Last known committed idx: 2, Time since last communication: 0.000s
I20260713 09:07:47.170157 24471 consensus_queue.cc:1048] T 59cc0ce966b54289a91e5a9b7829caeb P 3ef4076f720440cc8707c828fe2a26a7 [LEADER]: Connected to new peer: Peer: permanent_uuid: "429cdc7a2f4644b3b2c8e54f628dc31f" member_type: VOTER last_known_addr { host: "127.22.27.193" port: 39837 }, Status: LMP_MISMATCH, Last received: 0.0, Next index: 3, Last known committed idx: 2, Time since last communication: 0.000s
I20260713 09:07:47.182446 24167 raft_consensus.cc:2955] T 59cc0ce966b54289a91e5a9b7829caeb P 0c6e9df917b64f4d850ea060ced7f1e0 [term 1 FOLLOWER]: Committing config change with OpId 1.3: config changed from index 2 to 3, 0c6e9df917b64f4d850ea060ced7f1e0 (127.22.27.196) changed from NON_VOTER to VOTER. New config: { opid_index: 3 OBSOLETE_local: false peers { permanent_uuid: "429cdc7a2f4644b3b2c8e54f628dc31f" member_type: VOTER last_known_addr { host: "127.22.27.193" port: 39837 } } peers { permanent_uuid: "dbf0bbc650134073946071c04d459894" member_type: VOTER last_known_addr { host: "127.22.27.194" port: 44779 } attrs { replace: true } } peers { permanent_uuid: "3ef4076f720440cc8707c828fe2a26a7" member_type: VOTER last_known_addr { host: "127.22.27.195" port: 36197 } } peers { permanent_uuid: "0c6e9df917b64f4d850ea060ced7f1e0" member_type: VOTER last_known_addr { host: "127.22.27.196" port: 39385 } attrs { promote: false } } }
I20260713 09:07:47.179575 24494 raft_consensus.cc:2955] T 59cc0ce966b54289a91e5a9b7829caeb P 3ef4076f720440cc8707c828fe2a26a7 [term 1 LEADER]: Committing config change with OpId 1.3: config changed from index 2 to 3, 0c6e9df917b64f4d850ea060ced7f1e0 (127.22.27.196) changed from NON_VOTER to VOTER. New config: { opid_index: 3 OBSOLETE_local: false peers { permanent_uuid: "429cdc7a2f4644b3b2c8e54f628dc31f" member_type: VOTER last_known_addr { host: "127.22.27.193" port: 39837 } } peers { permanent_uuid: "dbf0bbc650134073946071c04d459894" member_type: VOTER last_known_addr { host: "127.22.27.194" port: 44779 } attrs { replace: true } } peers { permanent_uuid: "3ef4076f720440cc8707c828fe2a26a7" member_type: VOTER last_known_addr { host: "127.22.27.195" port: 36197 } } peers { permanent_uuid: "0c6e9df917b64f4d850ea060ced7f1e0" member_type: VOTER last_known_addr { host: "127.22.27.196" port: 39385 } attrs { promote: false } } }
I20260713 09:07:47.192065 23750 raft_consensus.cc:2955] T 59cc0ce966b54289a91e5a9b7829caeb P 429cdc7a2f4644b3b2c8e54f628dc31f [term 1 FOLLOWER]: Committing config change with OpId 1.3: config changed from index 2 to 3, 0c6e9df917b64f4d850ea060ced7f1e0 (127.22.27.196) changed from NON_VOTER to VOTER. New config: { opid_index: 3 OBSOLETE_local: false peers { permanent_uuid: "429cdc7a2f4644b3b2c8e54f628dc31f" member_type: VOTER last_known_addr { host: "127.22.27.193" port: 39837 } } peers { permanent_uuid: "dbf0bbc650134073946071c04d459894" member_type: VOTER last_known_addr { host: "127.22.27.194" port: 44779 } attrs { replace: true } } peers { permanent_uuid: "3ef4076f720440cc8707c828fe2a26a7" member_type: VOTER last_known_addr { host: "127.22.27.195" port: 36197 } } peers { permanent_uuid: "0c6e9df917b64f4d850ea060ced7f1e0" member_type: VOTER last_known_addr { host: "127.22.27.196" port: 39385 } attrs { promote: false } } }
I20260713 09:07:47.198501 23642 catalog_manager.cc:5697] T 59cc0ce966b54289a91e5a9b7829caeb P 0c6e9df917b64f4d850ea060ced7f1e0 reported cstate change: config changed from index 2 to 3, 0c6e9df917b64f4d850ea060ced7f1e0 (127.22.27.196) changed from NON_VOTER to VOTER. New cstate: current_term: 1 leader_uuid: "3ef4076f720440cc8707c828fe2a26a7" committed_config { opid_index: 3 OBSOLETE_local: false peers { permanent_uuid: "429cdc7a2f4644b3b2c8e54f628dc31f" member_type: VOTER last_known_addr { host: "127.22.27.193" port: 39837 } } peers { permanent_uuid: "dbf0bbc650134073946071c04d459894" member_type: VOTER last_known_addr { host: "127.22.27.194" port: 44779 } attrs { replace: true } } peers { permanent_uuid: "3ef4076f720440cc8707c828fe2a26a7" member_type: VOTER last_known_addr { host: "127.22.27.195" port: 36197 } } peers { permanent_uuid: "0c6e9df917b64f4d850ea060ced7f1e0" member_type: VOTER last_known_addr { host: "127.22.27.196" port: 39385 } attrs { promote: false } } }
I20260713 09:07:47.205415 23824 raft_consensus.cc:2955] T 59cc0ce966b54289a91e5a9b7829caeb P dbf0bbc650134073946071c04d459894 [term 1 FOLLOWER]: Committing config change with OpId 1.3: config changed from index 2 to 3, 0c6e9df917b64f4d850ea060ced7f1e0 (127.22.27.196) changed from NON_VOTER to VOTER. New config: { opid_index: 3 OBSOLETE_local: false peers { permanent_uuid: "429cdc7a2f4644b3b2c8e54f628dc31f" member_type: VOTER last_known_addr { host: "127.22.27.193" port: 39837 } } peers { permanent_uuid: "dbf0bbc650134073946071c04d459894" member_type: VOTER last_known_addr { host: "127.22.27.194" port: 44779 } attrs { replace: true } } peers { permanent_uuid: "3ef4076f720440cc8707c828fe2a26a7" member_type: VOTER last_known_addr { host: "127.22.27.195" port: 36197 } } peers { permanent_uuid: "0c6e9df917b64f4d850ea060ced7f1e0" member_type: VOTER last_known_addr { host: "127.22.27.196" port: 39385 } attrs { promote: false } } }
I20260713 09:07:47.228266 23900 consensus_queue.cc:237] T 59cc0ce966b54289a91e5a9b7829caeb P 3ef4076f720440cc8707c828fe2a26a7 [LEADER]: Queue going to LEADER mode. State: All replicated index: 0, Majority replicated index: 3, Committed index: 3, Last appended: 1.3, Last appended by leader: 0, Current term: 1, Majority size: 2, State: 0, Mode: LEADER, active raft config: opid_index: 4 OBSOLETE_local: false peers { permanent_uuid: "429cdc7a2f4644b3b2c8e54f628dc31f" member_type: VOTER last_known_addr { host: "127.22.27.193" port: 39837 } } peers { permanent_uuid: "3ef4076f720440cc8707c828fe2a26a7" member_type: VOTER last_known_addr { host: "127.22.27.195" port: 36197 } } peers { permanent_uuid: "0c6e9df917b64f4d850ea060ced7f1e0" member_type: VOTER last_known_addr { host: "127.22.27.196" port: 39385 } attrs { promote: false } }
I20260713 09:07:47.232337 24167 raft_consensus.cc:1275] T 59cc0ce966b54289a91e5a9b7829caeb P 0c6e9df917b64f4d850ea060ced7f1e0 [term 1 FOLLOWER]: Refusing update from remote peer 3ef4076f720440cc8707c828fe2a26a7: Log matching property violated. Preceding OpId in replica: term: 1 index: 3. Preceding OpId from leader: term: 1 index: 4. (index mismatch)
I20260713 09:07:47.233224 23750 raft_consensus.cc:1275] T 59cc0ce966b54289a91e5a9b7829caeb P 429cdc7a2f4644b3b2c8e54f628dc31f [term 1 FOLLOWER]: Refusing update from remote peer 3ef4076f720440cc8707c828fe2a26a7: Log matching property violated. Preceding OpId in replica: term: 1 index: 3. Preceding OpId from leader: term: 1 index: 4. (index mismatch)
