I20260713 09:07:19.471627 23464 raft_consensus.cc:740] T bf4775f969a942a592d0bc25f6a7f28f P bbd6a1bbbb5a42cd88eb1b8b6deece48 [term 0 FOLLOWER]: Becoming Follower/Learner. State: Replica: bbd6a1bbbb5a42cd88eb1b8b6deece48, State: Initialized, Role: FOLLOWER
I20260713 09:07:19.471535 23311 leader_election.cc:304] T 69377a5b4f6f4778a1f69c9591d393bf P fa8faf04e46543058930dda927b36618 [CANDIDATE]: Term 1 pre-election: Election decided. Result: candidate won. Election summary: received 2 responses out of 3 voters: 2 yes votes; 0 no votes. yes voters: bbd6a1bbbb5a42cd88eb1b8b6deece48, fa8faf04e46543058930dda927b36618; no voters: 
I20260713 09:07:19.472515 23463 ts_tablet_manager.cc:1403] T c48e39cd902c4b068cb63f77404e5f79 P 4f9a3cfc4c844d5796203b0d551dd0fe: Time spent bootstrapping tablet: real 0.024s	user 0.008s	sys 0.011s
W20260713 09:07:19.472496 23311 leader_election.cc:343] T bf4775f969a942a592d0bc25f6a7f28f P fa8faf04e46543058930dda927b36618 [CANDIDATE]: Term 1 pre-election: Tablet error from VoteRequest() call to peer bbd6a1bbbb5a42cd88eb1b8b6deece48 (127.22.27.193:41375): Illegal state: must be running to vote when last-logged opid is not known
I20260713 09:07:19.472770 23495 raft_consensus.cc:2804] T 69377a5b4f6f4778a1f69c9591d393bf P fa8faf04e46543058930dda927b36618 [term 0 FOLLOWER]: Leader pre-election won for term 1
W20260713 09:07:19.473265 23311 leader_election.cc:343] T 4633ac32c9aa4b719409c1a719c9130f P fa8faf04e46543058930dda927b36618 [CANDIDATE]: Term 1 pre-election: Tablet error from VoteRequest() call to peer bbd6a1bbbb5a42cd88eb1b8b6deece48 (127.22.27.193:41375): Illegal state: must be running to vote when last-logged opid is not known
I20260713 09:07:19.473623 23465 raft_consensus.cc:359] T e96b67d18c9e45698b6d923ae90841e3 P fa8faf04e46543058930dda927b36618 [term 0 FOLLOWER]: Replica starting. Triggering 0 pending ops. Active config: opid_index: -1 OBSOLETE_local: false peers { permanent_uuid: "bbd6a1bbbb5a42cd88eb1b8b6deece48" member_type: VOTER last_known_addr { host: "127.22.27.193" port: 41375 } } peers { permanent_uuid: "fa8faf04e46543058930dda927b36618" member_type: VOTER last_known_addr { host: "127.22.27.194" port: 34769 } } peers { permanent_uuid: "4f9a3cfc4c844d5796203b0d551dd0fe" member_type: VOTER last_known_addr { host: "127.22.27.195" port: 46499 } }
I20260713 09:07:19.472533 23464 consensus_queue.cc:260] T bf4775f969a942a592d0bc25f6a7f28f P bbd6a1bbbb5a42cd88eb1b8b6deece48 [NON_LEADER]: Queue going to NON_LEADER mode. State: All replicated index: 0, Majority replicated index: 0, Committed index: 0, Last appended: 0.0, Last appended by leader: 0, Current term: 0, Majority size: -1, State: 0, Mode: NON_LEADER, active raft config: opid_index: -1 OBSOLETE_local: false peers { permanent_uuid: "bbd6a1bbbb5a42cd88eb1b8b6deece48" member_type: VOTER last_known_addr { host: "127.22.27.193" port: 41375 } } peers { permanent_uuid: "fa8faf04e46543058930dda927b36618" member_type: VOTER last_known_addr { host: "127.22.27.194" port: 34769 } } peers { permanent_uuid: "4f9a3cfc4c844d5796203b0d551dd0fe" member_type: VOTER last_known_addr { host: "127.22.27.195" port: 46499 } }
I20260713 09:07:19.474340 23465 raft_consensus.cc:385] T e96b67d18c9e45698b6d923ae90841e3 P fa8faf04e46543058930dda927b36618 [term 0 FOLLOWER]: Consensus starting up: Expiring failure detector timer to make a prompt election more likely
I20260713 09:07:19.474622 23465 raft_consensus.cc:740] T e96b67d18c9e45698b6d923ae90841e3 P fa8faf04e46543058930dda927b36618 [term 0 FOLLOWER]: Becoming Follower/Learner. State: Replica: fa8faf04e46543058930dda927b36618, State: Initialized, Role: FOLLOWER
I20260713 09:07:19.475222 23465 consensus_queue.cc:260] T e96b67d18c9e45698b6d923ae90841e3 P fa8faf04e46543058930dda927b36618 [NON_LEADER]: Queue going to NON_LEADER mode. State: All replicated index: 0, Majority replicated index: 0, Committed index: 0, Last appended: 0.0, Last appended by leader: 0, Current term: 0, Majority size: -1, State: 0, Mode: NON_LEADER, active raft config: opid_index: -1 OBSOLETE_local: false peers { permanent_uuid: "bbd6a1bbbb5a42cd88eb1b8b6deece48" member_type: VOTER last_known_addr { host: "127.22.27.193" port: 41375 } } peers { permanent_uuid: "fa8faf04e46543058930dda927b36618" member_type: VOTER last_known_addr { host: "127.22.27.194" port: 34769 } } peers { permanent_uuid: "4f9a3cfc4c844d5796203b0d551dd0fe" member_type: VOTER last_known_addr { host: "127.22.27.195" port: 46499 } }
I20260713 09:07:19.475421 23463 raft_consensus.cc:359] T c48e39cd902c4b068cb63f77404e5f79 P 4f9a3cfc4c844d5796203b0d551dd0fe [term 0 FOLLOWER]: Replica starting. Triggering 0 pending ops. Active config: opid_index: -1 OBSOLETE_local: false peers { permanent_uuid: "bbd6a1bbbb5a42cd88eb1b8b6deece48" member_type: VOTER last_known_addr { host: "127.22.27.193" port: 41375 } } peers { permanent_uuid: "fa8faf04e46543058930dda927b36618" member_type: VOTER last_known_addr { host: "127.22.27.194" port: 34769 } } peers { permanent_uuid: "4f9a3cfc4c844d5796203b0d551dd0fe" member_type: VOTER last_known_addr { host: "127.22.27.195" port: 46499 } }
I20260713 09:07:19.476019 23464 ts_tablet_manager.cc:1434] T bf4775f969a942a592d0bc25f6a7f28f P bbd6a1bbbb5a42cd88eb1b8b6deece48: Time spent starting tablet: real 0.014s	user 0.007s	sys 0.000s
I20260713 09:07:19.476161 23463 raft_consensus.cc:385] T c48e39cd902c4b068cb63f77404e5f79 P 4f9a3cfc4c844d5796203b0d551dd0fe [term 0 FOLLOWER]: Consensus starting up: Expiring failure detector timer to make a prompt election more likely
I20260713 09:07:19.476125 23420 tablet_service.cc:1917] Received RequestConsensusVote() RPC: tablet_id: "bf4775f969a942a592d0bc25f6a7f28f" candidate_uuid: "fa8faf04e46543058930dda927b36618" candidate_term: 1 candidate_status { last_received { term: 0 index: 0 } } ignore_live_leader: false dest_uuid: "4f9a3cfc4c844d5796203b0d551dd0fe" is_pre_election: true
I20260713 09:07:19.476630 23463 raft_consensus.cc:740] T c48e39cd902c4b068cb63f77404e5f79 P 4f9a3cfc4c844d5796203b0d551dd0fe [term 0 FOLLOWER]: Becoming Follower/Learner. State: Replica: 4f9a3cfc4c844d5796203b0d551dd0fe, State: Initialized, Role: FOLLOWER
I20260713 09:07:19.477171 23465 ts_tablet_manager.cc:1434] T e96b67d18c9e45698b6d923ae90841e3 P fa8faf04e46543058930dda927b36618: Time spent starting tablet: real 0.014s	user 0.004s	sys 0.000s
I20260713 09:07:19.477265 23463 consensus_queue.cc:260] T c48e39cd902c4b068cb63f77404e5f79 P 4f9a3cfc4c844d5796203b0d551dd0fe [NON_LEADER]: Queue going to NON_LEADER mode. State: All replicated index: 0, Majority replicated index: 0, Committed index: 0, Last appended: 0.0, Last appended by leader: 0, Current term: 0, Majority size: -1, State: 0, Mode: NON_LEADER, active raft config: opid_index: -1 OBSOLETE_local: false peers { permanent_uuid: "bbd6a1bbbb5a42cd88eb1b8b6deece48" member_type: VOTER last_known_addr { host: "127.22.27.193" port: 41375 } } peers { permanent_uuid: "fa8faf04e46543058930dda927b36618" member_type: VOTER last_known_addr { host: "127.22.27.194" port: 34769 } } peers { permanent_uuid: "4f9a3cfc4c844d5796203b0d551dd0fe" member_type: VOTER last_known_addr { host: "127.22.27.195" port: 46499 } }
I20260713 09:07:19.477613 23419 tablet_service.cc:1917] Received RequestConsensusVote() RPC: tablet_id: "4633ac32c9aa4b719409c1a719c9130f" candidate_uuid: "fa8faf04e46543058930dda927b36618" candidate_term: 1 candidate_status { last_received { term: 0 index: 0 } } ignore_live_leader: false dest_uuid: "4f9a3cfc4c844d5796203b0d551dd0fe" is_pre_election: true
I20260713 09:07:19.478045 23465 tablet_bootstrap.cc:492] T f18a50d58c0f433f8433e8d8efc056f2 P fa8faf04e46543058930dda927b36618: Bootstrap starting.
I20260713 09:07:19.479475 23463 ts_tablet_manager.cc:1434] T c48e39cd902c4b068cb63f77404e5f79 P 4f9a3cfc4c844d5796203b0d551dd0fe: Time spent starting tablet: real 0.006s	user 0.003s	sys 0.000s
I20260713 09:07:19.481421 23421 tablet_service.cc:1917] Received RequestConsensusVote() RPC: tablet_id: "86a2ae128be44f1e89043c88a4a9a2a8" candidate_uuid: "fa8faf04e46543058930dda927b36618" candidate_term: 1 candidate_status { last_received { term: 0 index: 0 } } ignore_live_leader: false dest_uuid: "4f9a3cfc4c844d5796203b0d551dd0fe" is_pre_election: true
I20260713 09:07:19.478678 23464 tablet_bootstrap.cc:492] T f18a50d58c0f433f8433e8d8efc056f2 P bbd6a1bbbb5a42cd88eb1b8b6deece48: Bootstrap starting.
I20260713 09:07:19.482169 23421 raft_consensus.cc:2468] T 86a2ae128be44f1e89043c88a4a9a2a8 P 4f9a3cfc4c844d5796203b0d551dd0fe [term 0 FOLLOWER]: Leader pre-election vote request: Granting yes vote for candidate fa8faf04e46543058930dda927b36618 in term 0.
I20260713 09:07:19.484395 23465 tablet_bootstrap.cc:654] T f18a50d58c0f433f8433e8d8efc056f2 P fa8faf04e46543058930dda927b36618: Neither blocks nor log segments found. Creating new log.
I20260713 09:07:19.485272 23422 tablet_service.cc:1917] Received RequestConsensusVote() RPC: tablet_id: "69377a5b4f6f4778a1f69c9591d393bf" candidate_uuid: "fa8faf04e46543058930dda927b36618" candidate_term: 1 candidate_status { last_received { term: 0 index: 0 } } ignore_live_leader: false dest_uuid: "4f9a3cfc4c844d5796203b0d551dd0fe" is_pre_election: true
W20260713 09:07:19.487514 23312 leader_election.cc:343] T bf4775f969a942a592d0bc25f6a7f28f P fa8faf04e46543058930dda927b36618 [CANDIDATE]: Term 1 pre-election: Tablet error from VoteRequest() call to peer 4f9a3cfc4c844d5796203b0d551dd0fe (127.22.27.195:46499): Illegal state: must be running to vote when last-logged opid is not known
I20260713 09:07:19.488034 23463 tablet_bootstrap.cc:492] T bf4775f969a942a592d0bc25f6a7f28f P 4f9a3cfc4c844d5796203b0d551dd0fe: Bootstrap starting.
I20260713 09:07:19.487968 23312 leader_election.cc:304] T bf4775f969a942a592d0bc25f6a7f28f P fa8faf04e46543058930dda927b36618 [CANDIDATE]: Term 1 pre-election: Election decided. Result: candidate lost. Election summary: received 3 responses out of 3 voters: 1 yes votes; 2 no votes. yes voters: fa8faf04e46543058930dda927b36618; no voters: 4f9a3cfc4c844d5796203b0d551dd0fe, bbd6a1bbbb5a42cd88eb1b8b6deece48
I20260713 09:07:19.473289 23495 raft_consensus.cc:493] T 69377a5b4f6f4778a1f69c9591d393bf P fa8faf04e46543058930dda927b36618 [term 0 FOLLOWER]: Starting leader election (no leader contacted us within the election timeout)
I20260713 09:07:19.489414 23495 raft_consensus.cc:3060] T 69377a5b4f6f4778a1f69c9591d393bf P fa8faf04e46543058930dda927b36618 [term 0 FOLLOWER]: Advancing to term 1
I20260713 09:07:19.492280 23472 raft_consensus.cc:2749] T bf4775f969a942a592d0bc25f6a7f28f P fa8faf04e46543058930dda927b36618 [term 0 FOLLOWER]: Leader pre-election lost for term 1. Reason: could not achieve majority
W20260713 09:07:19.493381 23312 leader_election.cc:343] T 4633ac32c9aa4b719409c1a719c9130f P fa8faf04e46543058930dda927b36618 [CANDIDATE]: Term 1 pre-election: Tablet error from VoteRequest() call to peer 4f9a3cfc4c844d5796203b0d551dd0fe (127.22.27.195:46499): Illegal state: must be running to vote when last-logged opid is not known
I20260713 09:07:19.493786 23312 leader_election.cc:304] T 4633ac32c9aa4b719409c1a719c9130f P fa8faf04e46543058930dda927b36618 [CANDIDATE]: Term 1 pre-election: Election decided. Result: candidate lost. Election summary: received 3 responses out of 3 voters: 1 yes votes; 2 no votes. yes voters: fa8faf04e46543058930dda927b36618; no voters: 4f9a3cfc4c844d5796203b0d551dd0fe, bbd6a1bbbb5a42cd88eb1b8b6deece48
I20260713 09:07:19.494459 23472 raft_consensus.cc:2749] T 4633ac32c9aa4b719409c1a719c9130f P fa8faf04e46543058930dda927b36618 [term 0 FOLLOWER]: Leader pre-election lost for term 1. Reason: could not achieve majority
I20260713 09:07:19.499140 23472 raft_consensus.cc:493] T c48e39cd902c4b068cb63f77404e5f79 P fa8faf04e46543058930dda927b36618 [term 0 FOLLOWER]: Starting pre-election (no leader contacted us within the election timeout)
I20260713 09:07:19.499701 23472 raft_consensus.cc:515] T c48e39cd902c4b068cb63f77404e5f79 P fa8faf04e46543058930dda927b36618 [term 0 FOLLOWER]: Starting pre-election with config: opid_index: -1 OBSOLETE_local: false peers { permanent_uuid: "bbd6a1bbbb5a42cd88eb1b8b6deece48" member_type: VOTER last_known_addr { host: "127.22.27.193" port: 41375 } } peers { permanent_uuid: "fa8faf04e46543058930dda927b36618" member_type: VOTER last_known_addr { host: "127.22.27.194" port: 34769 } } peers { permanent_uuid: "4f9a3cfc4c844d5796203b0d551dd0fe" member_type: VOTER last_known_addr { host: "127.22.27.195" port: 46499 } }
I20260713 09:07:19.500643 23483 raft_consensus.cc:493] T 5bf5c5e595e04f968fc3800ede88a0b9 P bbd6a1bbbb5a42cd88eb1b8b6deece48 [term 0 FOLLOWER]: Starting pre-election (no leader contacted us within the election timeout)
I20260713 09:07:19.501240 23483 raft_consensus.cc:515] T 5bf5c5e595e04f968fc3800ede88a0b9 P bbd6a1bbbb5a42cd88eb1b8b6deece48 [term 0 FOLLOWER]: Starting pre-election with config: opid_index: -1 OBSOLETE_local: false peers { permanent_uuid: "bbd6a1bbbb5a42cd88eb1b8b6deece48" member_type: VOTER last_known_addr { host: "127.22.27.193" port: 41375 } } peers { permanent_uuid: "fa8faf04e46543058930dda927b36618" member_type: VOTER last_known_addr { host: "127.22.27.194" port: 34769 } } peers { permanent_uuid: "4f9a3cfc4c844d5796203b0d551dd0fe" member_type: VOTER last_known_addr { host: "127.22.27.195" port: 46499 } }
I20260713 09:07:19.509479 23312 leader_election.cc:304] T 86a2ae128be44f1e89043c88a4a9a2a8 P fa8faf04e46543058930dda927b36618 [CANDIDATE]: Term 1 pre-election: Election decided. Result: candidate won. Election summary: received 3 responses out of 3 voters: 2 yes votes; 1 no votes. yes voters: 4f9a3cfc4c844d5796203b0d551dd0fe, fa8faf04e46543058930dda927b36618; no voters: bbd6a1bbbb5a42cd88eb1b8b6deece48
I20260713 09:07:19.511353 23465 tablet_bootstrap.cc:492] T f18a50d58c0f433f8433e8d8efc056f2 P fa8faf04e46543058930dda927b36618: No bootstrap required, opened a new log
I20260713 09:07:19.511828 23465 ts_tablet_manager.cc:1403] T f18a50d58c0f433f8433e8d8efc056f2 P fa8faf04e46543058930dda927b36618: Time spent bootstrapping tablet: real 0.034s	user 0.013s	sys 0.011s
I20260713 09:07:19.511713 23347 tablet_service.cc:1917] Received RequestConsensusVote() RPC: tablet_id: "5bf5c5e595e04f968fc3800ede88a0b9" candidate_uuid: "bbd6a1bbbb5a42cd88eb1b8b6deece48" candidate_term: 1 candidate_status { last_received { term: 0 index: 0 } } ignore_live_leader: false dest_uuid: "fa8faf04e46543058930dda927b36618" is_pre_election: true
I20260713 09:07:19.512210 23503 raft_consensus.cc:2804] T 86a2ae128be44f1e89043c88a4a9a2a8 P fa8faf04e46543058930dda927b36618 [term 0 FOLLOWER]: Leader pre-election won for term 1
I20260713 09:07:19.512348 23347 raft_consensus.cc:2468] T 5bf5c5e595e04f968fc3800ede88a0b9 P fa8faf04e46543058930dda927b36618 [term 0 FOLLOWER]: Leader pre-election vote request: Granting yes vote for candidate bbd6a1bbbb5a42cd88eb1b8b6deece48 in term 0.
I20260713 09:07:19.512598 23503 raft_consensus.cc:493] T 86a2ae128be44f1e89043c88a4a9a2a8 P fa8faf04e46543058930dda927b36618 [term 0 FOLLOWER]: Starting leader election (no leader contacted us within the election timeout)
I20260713 09:07:19.512987 23503 raft_consensus.cc:3060] T 86a2ae128be44f1e89043c88a4a9a2a8 P fa8faf04e46543058930dda927b36618 [term 0 FOLLOWER]: Advancing to term 1
I20260713 09:07:19.513147 23463 tablet_bootstrap.cc:654] T bf4775f969a942a592d0bc25f6a7f28f P 4f9a3cfc4c844d5796203b0d551dd0fe: Neither blocks nor log segments found. Creating new log.
I20260713 09:07:19.513406 23235 leader_election.cc:304] T 5bf5c5e595e04f968fc3800ede88a0b9 P bbd6a1bbbb5a42cd88eb1b8b6deece48 [CANDIDATE]: Term 1 pre-election: Election decided. Result: candidate won. Election summary: received 2 responses out of 3 voters: 2 yes votes; 0 no votes. yes voters: bbd6a1bbbb5a42cd88eb1b8b6deece48, fa8faf04e46543058930dda927b36618; no voters: 
I20260713 09:07:19.514319 23467 raft_consensus.cc:2804] T 5bf5c5e595e04f968fc3800ede88a0b9 P bbd6a1bbbb5a42cd88eb1b8b6deece48 [term 0 FOLLOWER]: Leader pre-election won for term 1
I20260713 09:07:19.511385 23464 tablet_bootstrap.cc:654] T f18a50d58c0f433f8433e8d8efc056f2 P bbd6a1bbbb5a42cd88eb1b8b6deece48: Neither blocks nor log segments found. Creating new log.
I20260713 09:07:19.514319 23465 raft_consensus.cc:359] T f18a50d58c0f433f8433e8d8efc056f2 P fa8faf04e46543058930dda927b36618 [term 0 FOLLOWER]: Replica starting. Triggering 0 pending ops. Active config: opid_index: -1 OBSOLETE_local: false peers { permanent_uuid: "bbd6a1bbbb5a42cd88eb1b8b6deece48" member_type: VOTER last_known_addr { host: "127.22.27.193" port: 41375 } } peers { permanent_uuid: "fa8faf04e46543058930dda927b36618" member_type: VOTER last_known_addr { host: "127.22.27.194" port: 34769 } } peers { permanent_uuid: "4f9a3cfc4c844d5796203b0d551dd0fe" member_type: VOTER last_known_addr { host: "127.22.27.195" port: 46499 } }
I20260713 09:07:19.514822 23467 raft_consensus.cc:493] T 5bf5c5e595e04f968fc3800ede88a0b9 P bbd6a1bbbb5a42cd88eb1b8b6deece48 [term 0 FOLLOWER]: Starting leader election (no leader contacted us within the election timeout)
I20260713 09:07:19.515101 23465 raft_consensus.cc:385] T f18a50d58c0f433f8433e8d8efc056f2 P fa8faf04e46543058930dda927b36618 [term 0 FOLLOWER]: Consensus starting up: Expiring failure detector timer to make a prompt election more likely
I20260713 09:07:19.515429 23465 raft_consensus.cc:740] T f18a50d58c0f433f8433e8d8efc056f2 P fa8faf04e46543058930dda927b36618 [term 0 FOLLOWER]: Becoming Follower/Learner. State: Replica: fa8faf04e46543058930dda927b36618, State: Initialized, Role: FOLLOWER
I20260713 09:07:19.515354 23467 raft_consensus.cc:3060] T 5bf5c5e595e04f968fc3800ede88a0b9 P bbd6a1bbbb5a42cd88eb1b8b6deece48 [term 0 FOLLOWER]: Advancing to term 1
I20260713 09:07:19.516381 23472 leader_election.cc:290] T c48e39cd902c4b068cb63f77404e5f79 P fa8faf04e46543058930dda927b36618 [CANDIDATE]: Term 1 pre-election: Requested pre-vote from peers bbd6a1bbbb5a42cd88eb1b8b6deece48 (127.22.27.193:41375), 4f9a3cfc4c844d5796203b0d551dd0fe (127.22.27.195:46499)
I20260713 09:07:19.516196 23465 consensus_queue.cc:260] T f18a50d58c0f433f8433e8d8efc056f2 P fa8faf04e46543058930dda927b36618 [NON_LEADER]: Queue going to NON_LEADER mode. State: All replicated index: 0, Majority replicated index: 0, Committed index: 0, Last appended: 0.0, Last appended by leader: 0, Current term: 0, Majority size: -1, State: 0, Mode: NON_LEADER, active raft config: opid_index: -1 OBSOLETE_local: false peers { permanent_uuid: "bbd6a1bbbb5a42cd88eb1b8b6deece48" member_type: VOTER last_known_addr { host: "127.22.27.193" port: 41375 } } peers { permanent_uuid: "fa8faf04e46543058930dda927b36618" member_type: VOTER last_known_addr { host: "127.22.27.194" port: 34769 } } peers { permanent_uuid: "4f9a3cfc4c844d5796203b0d551dd0fe" member_type: VOTER last_known_addr { host: "127.22.27.195" port: 46499 } }
I20260713 09:07:19.517076 23269 tablet_service.cc:1917] Received RequestConsensusVote() RPC: tablet_id: "c48e39cd902c4b068cb63f77404e5f79" candidate_uuid: "fa8faf04e46543058930dda927b36618" candidate_term: 1 candidate_status { last_received { term: 0 index: 0 } } ignore_live_leader: false dest_uuid: "bbd6a1bbbb5a42cd88eb1b8b6deece48" is_pre_election: true
I20260713 09:07:19.517802 23269 raft_consensus.cc:2468] T c48e39cd902c4b068cb63f77404e5f79 P bbd6a1bbbb5a42cd88eb1b8b6deece48 [term 0 FOLLOWER]: Leader pre-election vote request: Granting yes vote for candidate fa8faf04e46543058930dda927b36618 in term 0.
I20260713 09:07:19.518430 23465 ts_tablet_manager.cc:1434] T f18a50d58c0f433f8433e8d8efc056f2 P fa8faf04e46543058930dda927b36618: Time spent starting tablet: real 0.006s	user 0.005s	sys 0.000s
I20260713 09:07:19.519322 23311 leader_election.cc:304] T c48e39cd902c4b068cb63f77404e5f79 P fa8faf04e46543058930dda927b36618 [CANDIDATE]: Term 1 pre-election: Election decided. Result: candidate won. Election summary: received 2 responses out of 3 voters: 2 yes votes; 0 no votes. yes voters: bbd6a1bbbb5a42cd88eb1b8b6deece48, fa8faf04e46543058930dda927b36618; no voters: 
I20260713 09:07:19.519599 23422 tablet_service.cc:1917] Received RequestConsensusVote() RPC: tablet_id: "5bf5c5e595e04f968fc3800ede88a0b9" candidate_uuid: "bbd6a1bbbb5a42cd88eb1b8b6deece48" candidate_term: 1 candidate_status { last_received { term: 0 index: 0 } } ignore_live_leader: false dest_uuid: "4f9a3cfc4c844d5796203b0d551dd0fe" is_pre_election: true
I20260713 09:07:19.520051 23483 leader_election.cc:290] T 5bf5c5e595e04f968fc3800ede88a0b9 P bbd6a1bbbb5a42cd88eb1b8b6deece48 [CANDIDATE]: Term 1 pre-election: Requested pre-vote from peers fa8faf04e46543058930dda927b36618 (127.22.27.194:34769), 4f9a3cfc4c844d5796203b0d551dd0fe (127.22.27.195:46499)
I20260713 09:07:19.520234 23422 raft_consensus.cc:2468] T 5bf5c5e595e04f968fc3800ede88a0b9 P 4f9a3cfc4c844d5796203b0d551dd0fe [term 0 FOLLOWER]: Leader pre-election vote request: Granting yes vote for candidate bbd6a1bbbb5a42cd88eb1b8b6deece48 in term 0.
I20260713 09:07:19.520390 23472 raft_consensus.cc:2804] T c48e39cd902c4b068cb63f77404e5f79 P fa8faf04e46543058930dda927b36618 [term 0 FOLLOWER]: Leader pre-election won for term 1
I20260713 09:07:19.520911 23472 raft_consensus.cc:493] T c48e39cd902c4b068cb63f77404e5f79 P fa8faf04e46543058930dda927b36618 [term 0 FOLLOWER]: Starting leader election (no leader contacted us within the election timeout)
I20260713 09:07:19.521312 23472 raft_consensus.cc:3060] T c48e39cd902c4b068cb63f77404e5f79 P fa8faf04e46543058930dda927b36618 [term 0 FOLLOWER]: Advancing to term 1
W20260713 09:07:19.522603 23312 leader_election.cc:343] T 69377a5b4f6f4778a1f69c9591d393bf P fa8faf04e46543058930dda927b36618 [CANDIDATE]: Term 1 pre-election: Tablet error from VoteRequest() call to peer 4f9a3cfc4c844d5796203b0d551dd0fe (127.22.27.195:46499): Illegal state: must be running to vote when last-logged opid is not known
I20260713 09:07:19.528512 23467 raft_consensus.cc:515] T 5bf5c5e595e04f968fc3800ede88a0b9 P bbd6a1bbbb5a42cd88eb1b8b6deece48 [term 1 FOLLOWER]: Starting leader election with config: opid_index: -1 OBSOLETE_local: false peers { permanent_uuid: "bbd6a1bbbb5a42cd88eb1b8b6deece48" member_type: VOTER last_known_addr { host: "127.22.27.193" port: 41375 } } peers { permanent_uuid: "fa8faf04e46543058930dda927b36618" member_type: VOTER last_known_addr { host: "127.22.27.194" port: 34769 } } peers { permanent_uuid: "4f9a3cfc4c844d5796203b0d551dd0fe" member_type: VOTER last_known_addr { host: "127.22.27.195" port: 46499 } }
I20260713 09:07:19.526860 23422 tablet_service.cc:1917] Received RequestConsensusVote() RPC: tablet_id: "c48e39cd902c4b068cb63f77404e5f79" candidate_uuid: "fa8faf04e46543058930dda927b36618" candidate_term: 1 candidate_status { last_received { term: 0 index: 0 } } ignore_live_leader: false dest_uuid: "4f9a3cfc4c844d5796203b0d551dd0fe" is_pre_election: true
I20260713 09:07:19.531620 23467 leader_election.cc:290] T 5bf5c5e595e04f968fc3800ede88a0b9 P bbd6a1bbbb5a42cd88eb1b8b6deece48 [CANDIDATE]: Term 1 election: Requested vote from peers fa8faf04e46543058930dda927b36618 (127.22.27.194:34769), 4f9a3cfc4c844d5796203b0d551dd0fe (127.22.27.195:46499)
I20260713 09:07:19.531723 23347 tablet_service.cc:1917] Received RequestConsensusVote() RPC: tablet_id: "5bf5c5e595e04f968fc3800ede88a0b9" candidate_uuid: "bbd6a1bbbb5a42cd88eb1b8b6deece48" candidate_term: 1 candidate_status { last_received { term: 0 index: 0 } } ignore_live_leader: false dest_uuid: "fa8faf04e46543058930dda927b36618"
I20260713 09:07:19.532469 23347 raft_consensus.cc:3060] T 5bf5c5e595e04f968fc3800ede88a0b9 P fa8faf04e46543058930dda927b36618 [term 0 FOLLOWER]: Advancing to term 1
I20260713 09:07:19.532649 23421 tablet_service.cc:1917] Received RequestConsensusVote() RPC: tablet_id: "5bf5c5e595e04f968fc3800ede88a0b9" candidate_uuid: "bbd6a1bbbb5a42cd88eb1b8b6deece48" candidate_term: 1 candidate_status { last_received { term: 0 index: 0 } } ignore_live_leader: false dest_uuid: "4f9a3cfc4c844d5796203b0d551dd0fe"
I20260713 09:07:19.530589 23422 raft_consensus.cc:2468] T c48e39cd902c4b068cb63f77404e5f79 P 4f9a3cfc4c844d5796203b0d551dd0fe [term 0 FOLLOWER]: Leader pre-election vote request: Granting yes vote for candidate fa8faf04e46543058930dda927b36618 in term 0.
I20260713 09:07:19.533210 23421 raft_consensus.cc:3060] T 5bf5c5e595e04f968fc3800ede88a0b9 P 4f9a3cfc4c844d5796203b0d551dd0fe [term 0 FOLLOWER]: Advancing to term 1
I20260713 09:07:19.537686 23495 raft_consensus.cc:515] T 69377a5b4f6f4778a1f69c9591d393bf P fa8faf04e46543058930dda927b36618 [term 1 FOLLOWER]: Starting leader election with config: opid_index: -1 OBSOLETE_local: false peers { permanent_uuid: "bbd6a1bbbb5a42cd88eb1b8b6deece48" member_type: VOTER last_known_addr { host: "127.22.27.193" port: 41375 } } peers { permanent_uuid: "fa8faf04e46543058930dda927b36618" member_type: VOTER last_known_addr { host: "127.22.27.194" port: 34769 } } peers { permanent_uuid: "4f9a3cfc4c844d5796203b0d551dd0fe" member_type: VOTER last_known_addr { host: "127.22.27.195" port: 46499 } }
I20260713 09:07:19.538476 23421 raft_consensus.cc:2468] T 5bf5c5e595e04f968fc3800ede88a0b9 P 4f9a3cfc4c844d5796203b0d551dd0fe [term 1 FOLLOWER]: Leader election vote request: Granting yes vote for candidate bbd6a1bbbb5a42cd88eb1b8b6deece48 in term 1.
I20260713 09:07:19.540053 23237 leader_election.cc:304] T 5bf5c5e595e04f968fc3800ede88a0b9 P bbd6a1bbbb5a42cd88eb1b8b6deece48 [CANDIDATE]: Term 1 election: Election decided. Result: candidate won. Election summary: received 2 responses out of 3 voters: 2 yes votes; 0 no votes. yes voters: 4f9a3cfc4c844d5796203b0d551dd0fe, bbd6a1bbbb5a42cd88eb1b8b6deece48; no voters: 
I20260713 09:07:19.541182 23269 tablet_service.cc:1917] Received RequestConsensusVote() RPC: tablet_id: "69377a5b4f6f4778a1f69c9591d393bf" candidate_uuid: "fa8faf04e46543058930dda927b36618" candidate_term: 1 candidate_status { last_received { term: 0 index: 0 } } ignore_live_leader: false dest_uuid: "bbd6a1bbbb5a42cd88eb1b8b6deece48"
I20260713 09:07:19.541740 23269 raft_consensus.cc:3060] T 69377a5b4f6f4778a1f69c9591d393bf P bbd6a1bbbb5a42cd88eb1b8b6deece48 [term 0 FOLLOWER]: Advancing to term 1
I20260713 09:07:19.542069 23463 tablet_bootstrap.cc:492] T bf4775f969a942a592d0bc25f6a7f28f P 4f9a3cfc4c844d5796203b0d551dd0fe: No bootstrap required, opened a new log
I20260713 09:07:19.542101 23472 raft_consensus.cc:515] T c48e39cd902c4b068cb63f77404e5f79 P fa8faf04e46543058930dda927b36618 [term 1 FOLLOWER]: Starting leader election with config: opid_index: -1 OBSOLETE_local: false peers { permanent_uuid: "bbd6a1bbbb5a42cd88eb1b8b6deece48" member_type: VOTER last_known_addr { host: "127.22.27.193" port: 41375 } } peers { permanent_uuid: "fa8faf04e46543058930dda927b36618" member_type: VOTER last_known_addr { host: "127.22.27.194" port: 34769 } } peers { permanent_uuid: "4f9a3cfc4c844d5796203b0d551dd0fe" member_type: VOTER last_known_addr { host: "127.22.27.195" port: 46499 } }
I20260713 09:07:19.542768 23463 ts_tablet_manager.cc:1403] T bf4775f969a942a592d0bc25f6a7f28f P 4f9a3cfc4c844d5796203b0d551dd0fe: Time spent bootstrapping tablet: real 0.055s	user 0.012s	sys 0.015s
I20260713 09:07:19.543004 23467 raft_consensus.cc:2804] T 5bf5c5e595e04f968fc3800ede88a0b9 P bbd6a1bbbb5a42cd88eb1b8b6deece48 [term 1 FOLLOWER]: Leader election won for term 1
I20260713 09:07:19.544163 23467 raft_consensus.cc:697] T 5bf5c5e595e04f968fc3800ede88a0b9 P bbd6a1bbbb5a42cd88eb1b8b6deece48 [term 1 LEADER]: Becoming Leader. State: Replica: bbd6a1bbbb5a42cd88eb1b8b6deece48, State: Running, Role: LEADER
I20260713 09:07:19.544688 23270 tablet_service.cc:1917] Received RequestConsensusVote() RPC: tablet_id: "c48e39cd902c4b068cb63f77404e5f79" candidate_uuid: "fa8faf04e46543058930dda927b36618" candidate_term: 1 candidate_status { last_received { term: 0 index: 0 } } ignore_live_leader: false dest_uuid: "bbd6a1bbbb5a42cd88eb1b8b6deece48"
I20260713 09:07:19.544938 23347 raft_consensus.cc:2468] T 5bf5c5e595e04f968fc3800ede88a0b9 P fa8faf04e46543058930dda927b36618 [term 1 FOLLOWER]: Leader election vote request: Granting yes vote for candidate bbd6a1bbbb5a42cd88eb1b8b6deece48 in term 1.
I20260713 09:07:19.545262 23270 raft_consensus.cc:3060] T c48e39cd902c4b068cb63f77404e5f79 P bbd6a1bbbb5a42cd88eb1b8b6deece48 [term 0 FOLLOWER]: Advancing to term 1
I20260713 09:07:19.544994 23467 consensus_queue.cc:237] T 5bf5c5e595e04f968fc3800ede88a0b9 P bbd6a1bbbb5a42cd88eb1b8b6deece48 [LEADER]: Queue going to LEADER mode. State: All replicated index: 0, Majority replicated index: 0, Committed index: 0, Last appended: 0.0, Last appended by leader: 0, Current term: 1, Majority size: 2, State: 0, Mode: LEADER, active raft config: opid_index: -1 OBSOLETE_local: false peers { permanent_uuid: "bbd6a1bbbb5a42cd88eb1b8b6deece48" member_type: VOTER last_known_addr { host: "127.22.27.193" port: 41375 } } peers { permanent_uuid: "fa8faf04e46543058930dda927b36618" member_type: VOTER last_known_addr { host: "127.22.27.194" port: 34769 } } peers { permanent_uuid: "4f9a3cfc4c844d5796203b0d551dd0fe" member_type: VOTER last_known_addr { host: "127.22.27.195" port: 46499 } }
I20260713 09:07:19.543834 23472 leader_election.cc:290] T c48e39cd902c4b068cb63f77404e5f79 P fa8faf04e46543058930dda927b36618 [CANDIDATE]: Term 1 election: Requested vote from peers bbd6a1bbbb5a42cd88eb1b8b6deece48 (127.22.27.193:41375), 4f9a3cfc4c844d5796203b0d551dd0fe (127.22.27.195:46499)
I20260713 09:07:19.548126 23495 leader_election.cc:290] T 69377a5b4f6f4778a1f69c9591d393bf P fa8faf04e46543058930dda927b36618 [CANDIDATE]: Term 1 election: Requested vote from peers bbd6a1bbbb5a42cd88eb1b8b6deece48 (127.22.27.193:41375), 4f9a3cfc4c844d5796203b0d551dd0fe (127.22.27.195:46499)
I20260713 09:07:19.546406 23463 raft_consensus.cc:359] T bf4775f969a942a592d0bc25f6a7f28f P 4f9a3cfc4c844d5796203b0d551dd0fe [term 0 FOLLOWER]: Replica starting. Triggering 0 pending ops. Active config: opid_index: -1 OBSOLETE_local: false peers { permanent_uuid: "bbd6a1bbbb5a42cd88eb1b8b6deece48" member_type: VOTER last_known_addr { host: "127.22.27.193" port: 41375 } } peers { permanent_uuid: "fa8faf04e46543058930dda927b36618" member_type: VOTER last_known_addr { host: "127.22.27.194" port: 34769 } } peers { permanent_uuid: "4f9a3cfc4c844d5796203b0d551dd0fe" member_type: VOTER last_known_addr { host: "127.22.27.195" port: 46499 } }
I20260713 09:07:19.550946 23463 raft_consensus.cc:385] T bf4775f969a942a592d0bc25f6a7f28f P 4f9a3cfc4c844d5796203b0d551dd0fe [term 0 FOLLOWER]: Consensus starting up: Expiring failure detector timer to make a prompt election more likely
I20260713 09:07:19.551249 23463 raft_consensus.cc:740] T bf4775f969a942a592d0bc25f6a7f28f P 4f9a3cfc4c844d5796203b0d551dd0fe [term 0 FOLLOWER]: Becoming Follower/Learner. State: Replica: 4f9a3cfc4c844d5796203b0d551dd0fe, State: Initialized, Role: FOLLOWER
I20260713 09:07:19.551524 23421 tablet_service.cc:1917] Received RequestConsensusVote() RPC: tablet_id: "c48e39cd902c4b068cb63f77404e5f79" candidate_uuid: "fa8faf04e46543058930dda927b36618" candidate_term: 1 candidate_status { last_received { term: 0 index: 0 } } ignore_live_leader: false dest_uuid: "4f9a3cfc4c844d5796203b0d551dd0fe"
I20260713 09:07:19.552201 23422 tablet_service.cc:1917] Received RequestConsensusVote() RPC: tablet_id: "69377a5b4f6f4778a1f69c9591d393bf" candidate_uuid: "fa8faf04e46543058930dda927b36618" candidate_term: 1 candidate_status { last_received { term: 0 index: 0 } } ignore_live_leader: false dest_uuid: "4f9a3cfc4c844d5796203b0d551dd0fe"
I20260713 09:07:19.552234 23421 raft_consensus.cc:3060] T c48e39cd902c4b068cb63f77404e5f79 P 4f9a3cfc4c844d5796203b0d551dd0fe [term 0 FOLLOWER]: Advancing to term 1
I20260713 09:07:19.552110 23463 consensus_queue.cc:260] T bf4775f969a942a592d0bc25f6a7f28f P 4f9a3cfc4c844d5796203b0d551dd0fe [NON_LEADER]: Queue going to NON_LEADER mode. State: All replicated index: 0, Majority replicated index: 0, Committed index: 0, Last appended: 0.0, Last appended by leader: 0, Current term: 0, Majority size: -1, State: 0, Mode: NON_LEADER, active raft config: opid_index: -1 OBSOLETE_local: false peers { permanent_uuid: "bbd6a1bbbb5a42cd88eb1b8b6deece48" member_type: VOTER last_known_addr { host: "127.22.27.193" port: 41375 } } peers { permanent_uuid: "fa8faf04e46543058930dda927b36618" member_type: VOTER last_known_addr { host: "127.22.27.194" port: 34769 } } peers { permanent_uuid: "4f9a3cfc4c844d5796203b0d551dd0fe" member_type: VOTER last_known_addr { host: "127.22.27.195" port: 46499 } }
W20260713 09:07:19.553687 23312 leader_election.cc:343] T 69377a5b4f6f4778a1f69c9591d393bf P fa8faf04e46543058930dda927b36618 [CANDIDATE]: Term 1 election: Tablet error from VoteRequest() call to peer 4f9a3cfc4c844d5796203b0d551dd0fe (127.22.27.195:46499): Illegal state: must be running to vote when last-logged opid is not known
I20260713 09:07:19.554388 23463 ts_tablet_manager.cc:1434] T bf4775f969a942a592d0bc25f6a7f28f P 4f9a3cfc4c844d5796203b0d551dd0fe: Time spent starting tablet: real 0.011s	user 0.004s	sys 0.000s
I20260713 09:07:19.555289 23463 tablet_bootstrap.cc:492] T 69377a5b4f6f4778a1f69c9591d393bf P 4f9a3cfc4c844d5796203b0d551dd0fe: Bootstrap starting.
I20260713 09:07:19.560290 23503 raft_consensus.cc:515] T 86a2ae128be44f1e89043c88a4a9a2a8 P fa8faf04e46543058930dda927b36618 [term 1 FOLLOWER]: Starting leader election with config: opid_index: -1 OBSOLETE_local: false peers { permanent_uuid: "bbd6a1bbbb5a42cd88eb1b8b6deece48" member_type: VOTER last_known_addr { host: "127.22.27.193" port: 41375 } } peers { permanent_uuid: "fa8faf04e46543058930dda927b36618" member_type: VOTER last_known_addr { host: "127.22.27.194" port: 34769 } } peers { permanent_uuid: "4f9a3cfc4c844d5796203b0d551dd0fe" member_type: VOTER last_known_addr { host: "127.22.27.195" port: 46499 } }
I20260713 09:07:19.562176 23463 tablet_bootstrap.cc:654] T 69377a5b4f6f4778a1f69c9591d393bf P 4f9a3cfc4c844d5796203b0d551dd0fe: Neither blocks nor log segments found. Creating new log.
I20260713 09:07:19.562994 23272 tablet_service.cc:1917] Received RequestConsensusVote() RPC: tablet_id: "86a2ae128be44f1e89043c88a4a9a2a8" candidate_uuid: "fa8faf04e46543058930dda927b36618" candidate_term: 1 candidate_status { last_received { term: 0 index: 0 } } ignore_live_leader: false dest_uuid: "bbd6a1bbbb5a42cd88eb1b8b6deece48"
I20260713 09:07:19.564428 23270 raft_consensus.cc:2468] T c48e39cd902c4b068cb63f77404e5f79 P bbd6a1bbbb5a42cd88eb1b8b6deece48 [term 1 FOLLOWER]: Leader election vote request: Granting yes vote for candidate fa8faf04e46543058930dda927b36618 in term 1.
W20260713 09:07:19.564498 23311 leader_election.cc:343] T 86a2ae128be44f1e89043c88a4a9a2a8 P fa8faf04e46543058930dda927b36618 [CANDIDATE]: Term 1 election: Tablet error from VoteRequest() call to peer bbd6a1bbbb5a42cd88eb1b8b6deece48 (127.22.27.193:41375): Illegal state: must be running to vote when last-logged opid is not known
I20260713 09:07:19.565169 23422 tablet_service.cc:1917] Received RequestConsensusVote() RPC: tablet_id: "86a2ae128be44f1e89043c88a4a9a2a8" candidate_uuid: "fa8faf04e46543058930dda927b36618" candidate_term: 1 candidate_status { last_received { term: 0 index: 0 } } ignore_live_leader: false dest_uuid: "4f9a3cfc4c844d5796203b0d551dd0fe"
I20260713 09:07:19.565582 23311 leader_election.cc:304] T c48e39cd902c4b068cb63f77404e5f79 P fa8faf04e46543058930dda927b36618 [CANDIDATE]: Term 1 election: Election decided. Result: candidate won. Election summary: received 2 responses out of 3 voters: 2 yes votes; 0 no votes. yes voters: bbd6a1bbbb5a42cd88eb1b8b6deece48, fa8faf04e46543058930dda927b36618; no voters: 
I20260713 09:07:19.565793 23422 raft_consensus.cc:3060] T 86a2ae128be44f1e89043c88a4a9a2a8 P 4f9a3cfc4c844d5796203b0d551dd0fe [term 0 FOLLOWER]: Advancing to term 1
I20260713 09:07:19.566406 23495 raft_consensus.cc:2804] T c48e39cd902c4b068cb63f77404e5f79 P fa8faf04e46543058930dda927b36618 [term 1 FOLLOWER]: Leader election won for term 1
I20260713 09:07:19.566898 23495 raft_consensus.cc:697] T c48e39cd902c4b068cb63f77404e5f79 P fa8faf04e46543058930dda927b36618 [term 1 LEADER]: Becoming Leader. State: Replica: fa8faf04e46543058930dda927b36618, State: Running, Role: LEADER
I20260713 09:07:19.567240 23503 leader_election.cc:290] T 86a2ae128be44f1e89043c88a4a9a2a8 P fa8faf04e46543058930dda927b36618 [CANDIDATE]: Term 1 election: Requested vote from peers bbd6a1bbbb5a42cd88eb1b8b6deece48 (127.22.27.193:41375), 4f9a3cfc4c844d5796203b0d551dd0fe (127.22.27.195:46499)
I20260713 09:07:19.567852 23495 consensus_queue.cc:237] T c48e39cd902c4b068cb63f77404e5f79 P fa8faf04e46543058930dda927b36618 [LEADER]: Queue going to LEADER mode. State: All replicated index: 0, Majority replicated index: 0, Committed index: 0, Last appended: 0.0, Last appended by leader: 0, Current term: 1, Majority size: 2, State: 0, Mode: LEADER, active raft config: opid_index: -1 OBSOLETE_local: false peers { permanent_uuid: "bbd6a1bbbb5a42cd88eb1b8b6deece48" member_type: VOTER last_known_addr { host: "127.22.27.193" port: 41375 } } peers { permanent_uuid: "fa8faf04e46543058930dda927b36618" member_type: VOTER last_known_addr { host: "127.22.27.194" port: 34769 } } peers { permanent_uuid: "4f9a3cfc4c844d5796203b0d551dd0fe" member_type: VOTER last_known_addr { host: "127.22.27.195" port: 46499 } }
I20260713 09:07:19.574764 23269 raft_consensus.cc:2468] T 69377a5b4f6f4778a1f69c9591d393bf P bbd6a1bbbb5a42cd88eb1b8b6deece48 [term 1 FOLLOWER]: Leader election vote request: Granting yes vote for candidate fa8faf04e46543058930dda927b36618 in term 1.
I20260713 09:07:19.575903 23311 leader_election.cc:304] T 69377a5b4f6f4778a1f69c9591d393bf P fa8faf04e46543058930dda927b36618 [CANDIDATE]: Term 1 election: Election decided. Result: candidate won. Election summary: received 3 responses out of 3 voters: 2 yes votes; 1 no votes. yes voters: bbd6a1bbbb5a42cd88eb1b8b6deece48, fa8faf04e46543058930dda927b36618; no voters: 4f9a3cfc4c844d5796203b0d551dd0fe
I20260713 09:07:19.576750 23503 raft_consensus.cc:2804] T 69377a5b4f6f4778a1f69c9591d393bf P fa8faf04e46543058930dda927b36618 [term 1 FOLLOWER]: Leader election won for term 1
I20260713 09:07:19.578172 23421 raft_consensus.cc:2468] T c48e39cd902c4b068cb63f77404e5f79 P 4f9a3cfc4c844d5796203b0d551dd0fe [term 1 FOLLOWER]: Leader election vote request: Granting yes vote for candidate fa8faf04e46543058930dda927b36618 in term 1.
I20260713 09:07:19.577531 23422 raft_consensus.cc:2468] T 86a2ae128be44f1e89043c88a4a9a2a8 P 4f9a3cfc4c844d5796203b0d551dd0fe [term 1 FOLLOWER]: Leader election vote request: Granting yes vote for candidate fa8faf04e46543058930dda927b36618 in term 1.
I20260713 09:07:19.577347 23503 raft_consensus.cc:697] T 69377a5b4f6f4778a1f69c9591d393bf P fa8faf04e46543058930dda927b36618 [term 1 LEADER]: Becoming Leader. State: Replica: fa8faf04e46543058930dda927b36618, State: Running, Role: LEADER
I20260713 09:07:19.580478 23312 leader_election.cc:304] T 86a2ae128be44f1e89043c88a4a9a2a8 P fa8faf04e46543058930dda927b36618 [CANDIDATE]: Term 1 election: Election decided. Result: candidate won. Election summary: received 3 responses out of 3 voters: 2 yes votes; 1 no votes. yes voters: 4f9a3cfc4c844d5796203b0d551dd0fe, fa8faf04e46543058930dda927b36618; no voters: bbd6a1bbbb5a42cd88eb1b8b6deece48
I20260713 09:07:19.580798 23503 consensus_queue.cc:237] T 69377a5b4f6f4778a1f69c9591d393bf P fa8faf04e46543058930dda927b36618 [LEADER]: Queue going to LEADER mode. State: All replicated index: 0, Majority replicated index: 0, Committed index: 0, Last appended: 0.0, Last appended by leader: 0, Current term: 1, Majority size: 2, State: 0, Mode: LEADER, active raft config: opid_index: -1 OBSOLETE_local: false peers { permanent_uuid: "bbd6a1bbbb5a42cd88eb1b8b6deece48" member_type: VOTER last_known_addr { host: "127.22.27.193" port: 41375 } } peers { permanent_uuid: "fa8faf04e46543058930dda927b36618" member_type: VOTER last_known_addr { host: "127.22.27.194" port: 34769 } } peers { permanent_uuid: "4f9a3cfc4c844d5796203b0d551dd0fe" member_type: VOTER last_known_addr { host: "127.22.27.195" port: 46499 } }
I20260713 09:07:19.581894 23472 raft_consensus.cc:2804] T 86a2ae128be44f1e89043c88a4a9a2a8 P fa8faf04e46543058930dda927b36618 [term 1 FOLLOWER]: Leader election won for term 1
I20260713 09:07:19.583258 23472 raft_consensus.cc:697] T 86a2ae128be44f1e89043c88a4a9a2a8 P fa8faf04e46543058930dda927b36618 [term 1 LEADER]: Becoming Leader. State: Replica: fa8faf04e46543058930dda927b36618, State: Running, Role: LEADER
I20260713 09:07:19.584379 23472 consensus_queue.cc:237] T 86a2ae128be44f1e89043c88a4a9a2a8 P fa8faf04e46543058930dda927b36618 [LEADER]: Queue going to LEADER mode. State: All replicated index: 0, Majority replicated index: 0, Committed index: 0, Last appended: 0.0, Last appended by leader: 0, Current term: 1, Majority size: 2, State: 0, Mode: LEADER, active raft config: opid_index: -1 OBSOLETE_local: false peers { permanent_uuid: "bbd6a1bbbb5a42cd88eb1b8b6deece48" member_type: VOTER last_known_addr { host: "127.22.27.193" port: 41375 } } peers { permanent_uuid: "fa8faf04e46543058930dda927b36618" member_type: VOTER last_known_addr { host: "127.22.27.194" port: 34769 } } peers { permanent_uuid: "4f9a3cfc4c844d5796203b0d551dd0fe" member_type: VOTER last_known_addr { host: "127.22.27.195" port: 46499 } }
I20260713 09:07:19.585435 23464 tablet_bootstrap.cc:492] T f18a50d58c0f433f8433e8d8efc056f2 P bbd6a1bbbb5a42cd88eb1b8b6deece48: No bootstrap required, opened a new log
I20260713 09:07:19.585976 23464 ts_tablet_manager.cc:1403] T f18a50d58c0f433f8433e8d8efc056f2 P bbd6a1bbbb5a42cd88eb1b8b6deece48: Time spent bootstrapping tablet: real 0.107s	user 0.018s	sys 0.014s
I20260713 09:07:19.589099 23464 raft_consensus.cc:359] T f18a50d58c0f433f8433e8d8efc056f2 P bbd6a1bbbb5a42cd88eb1b8b6deece48 [term 0 FOLLOWER]: Replica starting. Triggering 0 pending ops. Active config: opid_index: -1 OBSOLETE_local: false peers { permanent_uuid: "bbd6a1bbbb5a42cd88eb1b8b6deece48" member_type: VOTER last_known_addr { host: "127.22.27.193" port: 41375 } } peers { permanent_uuid: "fa8faf04e46543058930dda927b36618" member_type: VOTER last_known_addr { host: "127.22.27.194" port: 34769 } } peers { permanent_uuid: "4f9a3cfc4c844d5796203b0d551dd0fe" member_type: VOTER last_known_addr { host: "127.22.27.195" port: 46499 } }
I20260713 09:07:19.591969 23464 raft_consensus.cc:385] T f18a50d58c0f433f8433e8d8efc056f2 P bbd6a1bbbb5a42cd88eb1b8b6deece48 [term 0 FOLLOWER]: Consensus starting up: Expiring failure detector timer to make a prompt election more likely
I20260713 09:07:19.592362 23464 raft_consensus.cc:740] T f18a50d58c0f433f8433e8d8efc056f2 P bbd6a1bbbb5a42cd88eb1b8b6deece48 [term 0 FOLLOWER]: Becoming Follower/Learner. State: Replica: bbd6a1bbbb5a42cd88eb1b8b6deece48, State: Initialized, Role: FOLLOWER
I20260713 09:07:19.591522 23463 tablet_bootstrap.cc:492] T 69377a5b4f6f4778a1f69c9591d393bf P 4f9a3cfc4c844d5796203b0d551dd0fe: No bootstrap required, opened a new log
I20260713 09:07:19.593276 23463 ts_tablet_manager.cc:1403] T 69377a5b4f6f4778a1f69c9591d393bf P 4f9a3cfc4c844d5796203b0d551dd0fe: Time spent bootstrapping tablet: real 0.038s	user 0.017s	sys 0.005s
I20260713 09:07:19.593397 23464 consensus_queue.cc:260] T f18a50d58c0f433f8433e8d8efc056f2 P bbd6a1bbbb5a42cd88eb1b8b6deece48 [NON_LEADER]: Queue going to NON_LEADER mode. State: All replicated index: 0, Majority replicated index: 0, Committed index: 0, Last appended: 0.0, Last appended by leader: 0, Current term: 0, Majority size: -1, State: 0, Mode: NON_LEADER, active raft config: opid_index: -1 OBSOLETE_local: false peers { permanent_uuid: "bbd6a1bbbb5a42cd88eb1b8b6deece48" member_type: VOTER last_known_addr { host: "127.22.27.193" port: 41375 } } peers { permanent_uuid: "fa8faf04e46543058930dda927b36618" member_type: VOTER last_known_addr { host: "127.22.27.194" port: 34769 } } peers { permanent_uuid: "4f9a3cfc4c844d5796203b0d551dd0fe" member_type: VOTER last_known_addr { host: "127.22.27.195" port: 46499 } }
I20260713 09:07:19.596843 23463 raft_consensus.cc:359] T 69377a5b4f6f4778a1f69c9591d393bf P 4f9a3cfc4c844d5796203b0d551dd0fe [term 0 FOLLOWER]: Replica starting. Triggering 0 pending ops. Active config: opid_index: -1 OBSOLETE_local: false peers { permanent_uuid: "bbd6a1bbbb5a42cd88eb1b8b6deece48" member_type: VOTER last_known_addr { host: "127.22.27.193" port: 41375 } } peers { permanent_uuid: "fa8faf04e46543058930dda927b36618" member_type: VOTER last_known_addr { host: "127.22.27.194" port: 34769 } } peers { permanent_uuid: "4f9a3cfc4c844d5796203b0d551dd0fe" member_type: VOTER last_known_addr { host: "127.22.27.195" port: 46499 } }
I20260713 09:07:19.597287 23463 raft_consensus.cc:385] T 69377a5b4f6f4778a1f69c9591d393bf P 4f9a3cfc4c844d5796203b0d551dd0fe [term 0 FOLLOWER]: Consensus starting up: Expiring failure detector timer to make a prompt election more likely
I20260713 09:07:19.597455 23463 raft_consensus.cc:740] T 69377a5b4f6f4778a1f69c9591d393bf P 4f9a3cfc4c844d5796203b0d551dd0fe [term 0 FOLLOWER]: Becoming Follower/Learner. State: Replica: 4f9a3cfc4c844d5796203b0d551dd0fe, State: Initialized, Role: FOLLOWER
I20260713 09:07:19.598016 23463 consensus_queue.cc:260] T 69377a5b4f6f4778a1f69c9591d393bf P 4f9a3cfc4c844d5796203b0d551dd0fe [NON_LEADER]: Queue going to NON_LEADER mode. State: All replicated index: 0, Majority replicated index: 0, Committed index: 0, Last appended: 0.0, Last appended by leader: 0, Current term: 0, Majority size: -1, State: 0, Mode: NON_LEADER, active raft config: opid_index: -1 OBSOLETE_local: false peers { permanent_uuid: "bbd6a1bbbb5a42cd88eb1b8b6deece48" member_type: VOTER last_known_addr { host: "127.22.27.193" port: 41375 } } peers { permanent_uuid: "fa8faf04e46543058930dda927b36618" member_type: VOTER last_known_addr { host: "127.22.27.194" port: 34769 } } peers { permanent_uuid: "4f9a3cfc4c844d5796203b0d551dd0fe" member_type: VOTER last_known_addr { host: "127.22.27.195" port: 46499 } }
I20260713 09:07:19.600208 23464 ts_tablet_manager.cc:1434] T f18a50d58c0f433f8433e8d8efc056f2 P bbd6a1bbbb5a42cd88eb1b8b6deece48: Time spent starting tablet: real 0.014s	user 0.006s	sys 0.002s
I20260713 09:07:19.602886 23464 tablet_bootstrap.cc:492] T 86a2ae128be44f1e89043c88a4a9a2a8 P bbd6a1bbbb5a42cd88eb1b8b6deece48: Bootstrap starting.
I20260713 09:07:19.605979 23169 catalog_manager.cc:5697] T 5bf5c5e595e04f968fc3800ede88a0b9 P bbd6a1bbbb5a42cd88eb1b8b6deece48 reported cstate change: term changed from 0 to 1, leader changed from <none> to bbd6a1bbbb5a42cd88eb1b8b6deece48 (127.22.27.193). New cstate: current_term: 1 leader_uuid: "bbd6a1bbbb5a42cd88eb1b8b6deece48" committed_config { opid_index: -1 OBSOLETE_local: false peers { permanent_uuid: "bbd6a1bbbb5a42cd88eb1b8b6deece48" member_type: VOTER last_known_addr { host: "127.22.27.193" port: 41375 } health_report { overall_health: HEALTHY } } peers { permanent_uuid: "fa8faf04e46543058930dda927b36618" member_type: VOTER last_known_addr { host: "127.22.27.194" port: 34769 } health_report { overall_health: UNKNOWN } } peers { permanent_uuid: "4f9a3cfc4c844d5796203b0d551dd0fe" member_type: VOTER last_known_addr { host: "127.22.27.195" port: 46499 } health_report { overall_health: UNKNOWN } } }
I20260713 09:07:19.611955 23165 catalog_manager.cc:5697] T c48e39cd902c4b068cb63f77404e5f79 P fa8faf04e46543058930dda927b36618 reported cstate change: term changed from 0 to 1, leader changed from <none> to fa8faf04e46543058930dda927b36618 (127.22.27.194). New cstate: current_term: 1 leader_uuid: "fa8faf04e46543058930dda927b36618" committed_config { opid_index: -1 OBSOLETE_local: false peers { permanent_uuid: "bbd6a1bbbb5a42cd88eb1b8b6deece48" member_type: VOTER last_known_addr { host: "127.22.27.193" port: 41375 } health_report { overall_health: UNKNOWN } } peers { permanent_uuid: "fa8faf04e46543058930dda927b36618" member_type: VOTER last_known_addr { host: "127.22.27.194" port: 34769 } health_report { overall_health: HEALTHY } } peers { permanent_uuid: "4f9a3cfc4c844d5796203b0d551dd0fe" member_type: VOTER last_known_addr { host: "127.22.27.195" port: 46499 } health_report { overall_health: UNKNOWN } } }
I20260713 09:07:19.615370 23464 tablet_bootstrap.cc:654] T 86a2ae128be44f1e89043c88a4a9a2a8 P bbd6a1bbbb5a42cd88eb1b8b6deece48: Neither blocks nor log segments found. Creating new log.
I20260713 09:07:19.616070 23463 ts_tablet_manager.cc:1434] T 69377a5b4f6f4778a1f69c9591d393bf P 4f9a3cfc4c844d5796203b0d551dd0fe: Time spent starting tablet: real 0.022s	user 0.007s	sys 0.000s
I20260713 09:07:19.618893 23463 tablet_bootstrap.cc:492] T fa955deada9d47afaad314cbb135c2a8 P 4f9a3cfc4c844d5796203b0d551dd0fe: Bootstrap starting.
I20260713 09:07:19.609769 23467 raft_consensus.cc:493] T f18a50d58c0f433f8433e8d8efc056f2 P bbd6a1bbbb5a42cd88eb1b8b6deece48 [term 0 FOLLOWER]: Starting pre-election (no leader contacted us within the election timeout)
I20260713 09:07:19.622920 23467 raft_consensus.cc:515] T f18a50d58c0f433f8433e8d8efc056f2 P bbd6a1bbbb5a42cd88eb1b8b6deece48 [term 0 FOLLOWER]: Starting pre-election with config: opid_index: -1 OBSOLETE_local: false peers { permanent_uuid: "bbd6a1bbbb5a42cd88eb1b8b6deece48" member_type: VOTER last_known_addr { host: "127.22.27.193" port: 41375 } } peers { permanent_uuid: "fa8faf04e46543058930dda927b36618" member_type: VOTER last_known_addr { host: "127.22.27.194" port: 34769 } } peers { permanent_uuid: "4f9a3cfc4c844d5796203b0d551dd0fe" member_type: VOTER last_known_addr { host: "127.22.27.195" port: 46499 } }
I20260713 09:07:19.625335 23463 tablet_bootstrap.cc:654] T fa955deada9d47afaad314cbb135c2a8 P 4f9a3cfc4c844d5796203b0d551dd0fe: Neither blocks nor log segments found. Creating new log.
I20260713 09:07:19.626129 23347 tablet_service.cc:1917] Received RequestConsensusVote() RPC: tablet_id: "f18a50d58c0f433f8433e8d8efc056f2" candidate_uuid: "bbd6a1bbbb5a42cd88eb1b8b6deece48" candidate_term: 1 candidate_status { last_received { term: 0 index: 0 } } ignore_live_leader: false dest_uuid: "fa8faf04e46543058930dda927b36618" is_pre_election: true
