I20260713 09:07:23.018630 17260 raft_consensus.cc:1275] T 342264ed0d6a41978f6eb75d76875efc P 0493e2e3aa0746778448e23df58f1a08 [term 3 FOLLOWER]: Refusing update from remote peer 22e38e286aba464aa8aade217ed6fb52: Log matching property violated. Preceding OpId in replica: term: 2 index: 2. Preceding OpId from leader: term: 3 index: 3. (index mismatch)
I20260713 09:07:23.019922 17501 consensus_queue.cc:1048] T 342264ed0d6a41978f6eb75d76875efc P 22e38e286aba464aa8aade217ed6fb52 [LEADER]: Connected to new peer: Peer: permanent_uuid: "0493e2e3aa0746778448e23df58f1a08" member_type: VOTER last_known_addr { host: "127.16.43.194" port: 46609 }, Status: LMP_MISMATCH, Last received: 0.0, Next index: 3, Last known committed idx: 2, Time since last communication: 0.000s
I20260713 09:07:23.031971 17336 raft_consensus.cc:1275] T 2318e3105a8b49c985e70ebde6ce3109 P e6ff8fd9f0e04a6d800dac668ee827a3 [term 3 FOLLOWER]: Refusing update from remote peer 22e38e286aba464aa8aade217ed6fb52: Log matching property violated. Preceding OpId in replica: term: 2 index: 2. Preceding OpId from leader: term: 3 index: 3. (index mismatch)
I20260713 09:07:23.033624 17501 consensus_queue.cc:1048] T 2318e3105a8b49c985e70ebde6ce3109 P 22e38e286aba464aa8aade217ed6fb52 [LEADER]: Connected to new peer: Peer: permanent_uuid: "e6ff8fd9f0e04a6d800dac668ee827a3" member_type: VOTER last_known_addr { host: "127.16.43.195" port: 44987 }, Status: LMP_MISMATCH, Last received: 0.0, Next index: 3, Last known committed idx: 2, Time since last communication: 0.000s
I20260713 09:07:23.039417 17335 raft_consensus.cc:1275] T 342264ed0d6a41978f6eb75d76875efc P e6ff8fd9f0e04a6d800dac668ee827a3 [term 3 FOLLOWER]: Refusing update from remote peer 22e38e286aba464aa8aade217ed6fb52: Log matching property violated. Preceding OpId in replica: term: 2 index: 2. Preceding OpId from leader: term: 3 index: 3. (index mismatch)
I20260713 09:07:23.042032 17504 consensus_queue.cc:1048] T 342264ed0d6a41978f6eb75d76875efc P 22e38e286aba464aa8aade217ed6fb52 [LEADER]: Connected to new peer: Peer: permanent_uuid: "e6ff8fd9f0e04a6d800dac668ee827a3" member_type: VOTER last_known_addr { host: "127.16.43.195" port: 44987 }, Status: LMP_MISMATCH, Last received: 0.0, Next index: 3, Last known committed idx: 2, Time since last communication: 0.000s
I20260713 09:07:23.212899 17335 raft_consensus.cc:1275] T 33d41c7fd7584a04bc5e269dac32773c P e6ff8fd9f0e04a6d800dac668ee827a3 [term 3 FOLLOWER]: Refusing update from remote peer 22e38e286aba464aa8aade217ed6fb52: Log matching property violated. Preceding OpId in replica: term: 2 index: 2. Preceding OpId from leader: term: 3 index: 3. (index mismatch)
I20260713 09:07:23.214771 17501 consensus_queue.cc:1048] T 33d41c7fd7584a04bc5e269dac32773c P 22e38e286aba464aa8aade217ed6fb52 [LEADER]: Connected to new peer: Peer: permanent_uuid: "e6ff8fd9f0e04a6d800dac668ee827a3" member_type: VOTER last_known_addr { host: "127.16.43.195" port: 44987 }, Status: LMP_MISMATCH, Last received: 0.0, Next index: 3, Last known committed idx: 2, Time since last communication: 0.001s
I20260713 09:07:23.227833 17263 raft_consensus.cc:1275] T 33d41c7fd7584a04bc5e269dac32773c P 0493e2e3aa0746778448e23df58f1a08 [term 3 FOLLOWER]: Refusing update from remote peer 22e38e286aba464aa8aade217ed6fb52: Log matching property violated. Preceding OpId in replica: term: 2 index: 2. Preceding OpId from leader: term: 3 index: 3. (index mismatch)
I20260713 09:07:23.231457 17504 consensus_queue.cc:1048] T 33d41c7fd7584a04bc5e269dac32773c P 22e38e286aba464aa8aade217ed6fb52 [LEADER]: Connected to new peer: Peer: permanent_uuid: "0493e2e3aa0746778448e23df58f1a08" member_type: VOTER last_known_addr { host: "127.16.43.194" port: 46609 }, Status: LMP_MISMATCH, Last received: 0.0, Next index: 3, Last known committed idx: 2, Time since last communication: 0.001s
I20260713 09:07:23.325007 17260 raft_consensus.cc:1275] T 513d1bac4f0f453cb10a7d018a34292b P 0493e2e3aa0746778448e23df58f1a08 [term 3 FOLLOWER]: Refusing update from remote peer 22e38e286aba464aa8aade217ed6fb52: Log matching property violated. Preceding OpId in replica: term: 2 index: 2. Preceding OpId from leader: term: 3 index: 3. (index mismatch)
I20260713 09:07:23.326403 17504 consensus_queue.cc:1048] T 513d1bac4f0f453cb10a7d018a34292b P 22e38e286aba464aa8aade217ed6fb52 [LEADER]: Connected to new peer: Peer: permanent_uuid: "0493e2e3aa0746778448e23df58f1a08" member_type: VOTER last_known_addr { host: "127.16.43.194" port: 46609 }, Status: LMP_MISMATCH, Last received: 0.0, Next index: 3, Last known committed idx: 2, Time since last communication: 0.000s
I20260713 09:07:23.336917 17335 raft_consensus.cc:1275] T 513d1bac4f0f453cb10a7d018a34292b P e6ff8fd9f0e04a6d800dac668ee827a3 [term 3 FOLLOWER]: Refusing update from remote peer 22e38e286aba464aa8aade217ed6fb52: Log matching property violated. Preceding OpId in replica: term: 2 index: 2. Preceding OpId from leader: term: 3 index: 3. (index mismatch)
I20260713 09:07:23.338907 17501 consensus_queue.cc:1048] T 513d1bac4f0f453cb10a7d018a34292b P 22e38e286aba464aa8aade217ed6fb52 [LEADER]: Connected to new peer: Peer: permanent_uuid: "e6ff8fd9f0e04a6d800dac668ee827a3" member_type: VOTER last_known_addr { host: "127.16.43.195" port: 44987 }, Status: LMP_MISMATCH, Last received: 0.0, Next index: 3, Last known committed idx: 2, Time since last communication: 0.000s
I20260713 09:07:25.566825 16559 auto_leader_rebalancer.cc:141] leader rebalance for table test-workload
I20260713 09:07:25.576681 17185 tablet_service.cc:2072] Received LeaderStepDown RPC: tablet_id: "1f1833966ed444d0ad8b3aa29ba291bb"
dest_uuid: "22e38e286aba464aa8aade217ed6fb52"
mode: GRACEFUL
new_leader_uuid: "e6ff8fd9f0e04a6d800dac668ee827a3"
 from {username='slave'} at 127.0.0.1:36852
I20260713 09:07:25.577267 17185 raft_consensus.cc:606] T 1f1833966ed444d0ad8b3aa29ba291bb P 22e38e286aba464aa8aade217ed6fb52 [term 2 LEADER]: Received request to transfer leadership to TS e6ff8fd9f0e04a6d800dac668ee827a3
I20260713 09:07:25.580351 17185 tablet_service.cc:2072] Received LeaderStepDown RPC: tablet_id: "33d41c7fd7584a04bc5e269dac32773c"
dest_uuid: "22e38e286aba464aa8aade217ed6fb52"
mode: GRACEFUL
new_leader_uuid: "0493e2e3aa0746778448e23df58f1a08"
 from {username='slave'} at 127.0.0.1:36852
I20260713 09:07:25.580817 17185 raft_consensus.cc:606] T 33d41c7fd7584a04bc5e269dac32773c P 22e38e286aba464aa8aade217ed6fb52 [term 3 LEADER]: Received request to transfer leadership to TS 0493e2e3aa0746778448e23df58f1a08
I20260713 09:07:25.583431 17185 tablet_service.cc:2072] Received LeaderStepDown RPC: tablet_id: "342264ed0d6a41978f6eb75d76875efc"
dest_uuid: "22e38e286aba464aa8aade217ed6fb52"
mode: GRACEFUL
new_leader_uuid: "0493e2e3aa0746778448e23df58f1a08"
 from {username='slave'} at 127.0.0.1:36852
I20260713 09:07:25.584084 17185 raft_consensus.cc:606] T 342264ed0d6a41978f6eb75d76875efc P 22e38e286aba464aa8aade217ed6fb52 [term 3 LEADER]: Received request to transfer leadership to TS 0493e2e3aa0746778448e23df58f1a08
I20260713 09:07:25.586951 17185 tablet_service.cc:2072] Received LeaderStepDown RPC: tablet_id: "8263968ffde54fc78447147b50e29d49"
dest_uuid: "22e38e286aba464aa8aade217ed6fb52"
mode: GRACEFUL
new_leader_uuid: "e6ff8fd9f0e04a6d800dac668ee827a3"
 from {username='slave'} at 127.0.0.1:36852
I20260713 09:07:25.587527 17185 raft_consensus.cc:606] T 8263968ffde54fc78447147b50e29d49 P 22e38e286aba464aa8aade217ed6fb52 [term 4 LEADER]: Received request to transfer leadership to TS e6ff8fd9f0e04a6d800dac668ee827a3
I20260713 09:07:25.588721 16559 auto_leader_rebalancer.cc:479] table: test-workload, leader rebalance finish, leader transfer count: 4
I20260713 09:07:25.589268 16559 auto_leader_rebalancer.cc:554] All tables' leader rebalancing finished this round
I20260713 09:07:25.618397 17510 raft_consensus.cc:993] T 1f1833966ed444d0ad8b3aa29ba291bb P 22e38e286aba464aa8aade217ed6fb52: : Instructing follower e6ff8fd9f0e04a6d800dac668ee827a3 to start an election
I20260713 09:07:25.619017 17511 raft_consensus.cc:1081] T 1f1833966ed444d0ad8b3aa29ba291bb P 22e38e286aba464aa8aade217ed6fb52 [term 2 LEADER]: Signalling peer e6ff8fd9f0e04a6d800dac668ee827a3 to start an election
I20260713 09:07:25.620822 17336 tablet_service.cc:2044] Received Run Leader Election RPC: tablet_id: "1f1833966ed444d0ad8b3aa29ba291bb"
dest_uuid: "e6ff8fd9f0e04a6d800dac668ee827a3"
 from {username='slave'} at 127.0.0.1:47120
I20260713 09:07:25.621405 17336 raft_consensus.cc:493] T 1f1833966ed444d0ad8b3aa29ba291bb P e6ff8fd9f0e04a6d800dac668ee827a3 [term 2 FOLLOWER]: Starting forced leader election (received explicit request)
I20260713 09:07:25.621770 17336 raft_consensus.cc:3060] T 1f1833966ed444d0ad8b3aa29ba291bb P e6ff8fd9f0e04a6d800dac668ee827a3 [term 2 FOLLOWER]: Advancing to term 3
I20260713 09:07:25.627933 17336 raft_consensus.cc:515] T 1f1833966ed444d0ad8b3aa29ba291bb P e6ff8fd9f0e04a6d800dac668ee827a3 [term 3 FOLLOWER]: Starting forced leader election with config: opid_index: -1 OBSOLETE_local: false peers { permanent_uuid: "22e38e286aba464aa8aade217ed6fb52" member_type: VOTER last_known_addr { host: "127.16.43.193" port: 35937 } } peers { permanent_uuid: "0493e2e3aa0746778448e23df58f1a08" member_type: VOTER last_known_addr { host: "127.16.43.194" port: 46609 } } peers { permanent_uuid: "e6ff8fd9f0e04a6d800dac668ee827a3" member_type: VOTER last_known_addr { host: "127.16.43.195" port: 44987 } }
I20260713 09:07:25.629690 17336 leader_election.cc:290] T 1f1833966ed444d0ad8b3aa29ba291bb P e6ff8fd9f0e04a6d800dac668ee827a3 [CANDIDATE]: Term 3 election: Requested vote from peers 22e38e286aba464aa8aade217ed6fb52 (127.16.43.193:35937), 0493e2e3aa0746778448e23df58f1a08 (127.16.43.194:46609)
I20260713 09:07:25.630970 17263 tablet_service.cc:1917] Received RequestConsensusVote() RPC: tablet_id: "1f1833966ed444d0ad8b3aa29ba291bb" candidate_uuid: "e6ff8fd9f0e04a6d800dac668ee827a3" candidate_term: 3 candidate_status { last_received { term: 2 index: 2 } } ignore_live_leader: true dest_uuid: "0493e2e3aa0746778448e23df58f1a08"
I20260713 09:07:25.631901 17263 raft_consensus.cc:3060] T 1f1833966ed444d0ad8b3aa29ba291bb P 0493e2e3aa0746778448e23df58f1a08 [term 2 FOLLOWER]: Advancing to term 3
I20260713 09:07:25.630970 17185 tablet_service.cc:1917] Received RequestConsensusVote() RPC: tablet_id: "1f1833966ed444d0ad8b3aa29ba291bb" candidate_uuid: "e6ff8fd9f0e04a6d800dac668ee827a3" candidate_term: 3 candidate_status { last_received { term: 2 index: 2 } } ignore_live_leader: true dest_uuid: "22e38e286aba464aa8aade217ed6fb52"
I20260713 09:07:25.632897 17185 raft_consensus.cc:3055] T 1f1833966ed444d0ad8b3aa29ba291bb P 22e38e286aba464aa8aade217ed6fb52 [term 2 LEADER]: Stepping down as leader of term 2
I20260713 09:07:25.633258 17185 raft_consensus.cc:740] T 1f1833966ed444d0ad8b3aa29ba291bb P 22e38e286aba464aa8aade217ed6fb52 [term 2 LEADER]: Becoming Follower/Learner. State: Replica: 22e38e286aba464aa8aade217ed6fb52, State: Running, Role: LEADER
I20260713 09:07:25.634241 17185 consensus_queue.cc:260] T 1f1833966ed444d0ad8b3aa29ba291bb P 22e38e286aba464aa8aade217ed6fb52 [NON_LEADER]: Queue going to NON_LEADER mode. State: All replicated index: 0, Majority replicated index: 2, Committed index: 2, Last appended: 2.2, Last appended by leader: 2, Current term: 2, Majority size: -1, State: 0, Mode: NON_LEADER, active raft config: opid_index: -1 OBSOLETE_local: false peers { permanent_uuid: "22e38e286aba464aa8aade217ed6fb52" member_type: VOTER last_known_addr { host: "127.16.43.193" port: 35937 } } peers { permanent_uuid: "0493e2e3aa0746778448e23df58f1a08" member_type: VOTER last_known_addr { host: "127.16.43.194" port: 46609 } } peers { permanent_uuid: "e6ff8fd9f0e04a6d800dac668ee827a3" member_type: VOTER last_known_addr { host: "127.16.43.195" port: 44987 } }
I20260713 09:07:25.634737 17510 raft_consensus.cc:993] T 8263968ffde54fc78447147b50e29d49 P 22e38e286aba464aa8aade217ed6fb52: : Instructing follower e6ff8fd9f0e04a6d800dac668ee827a3 to start an election
I20260713 09:07:25.635581 17511 raft_consensus.cc:1081] T 8263968ffde54fc78447147b50e29d49 P 22e38e286aba464aa8aade217ed6fb52 [term 4 LEADER]: Signalling peer e6ff8fd9f0e04a6d800dac668ee827a3 to start an election
I20260713 09:07:25.635864 17185 raft_consensus.cc:3060] T 1f1833966ed444d0ad8b3aa29ba291bb P 22e38e286aba464aa8aade217ed6fb52 [term 2 FOLLOWER]: Advancing to term 3
I20260713 09:07:25.637506 17335 tablet_service.cc:2044] Received Run Leader Election RPC: tablet_id: "8263968ffde54fc78447147b50e29d49"
dest_uuid: "e6ff8fd9f0e04a6d800dac668ee827a3"
 from {username='slave'} at 127.0.0.1:47120
I20260713 09:07:25.638166 17335 raft_consensus.cc:493] T 8263968ffde54fc78447147b50e29d49 P e6ff8fd9f0e04a6d800dac668ee827a3 [term 4 FOLLOWER]: Starting forced leader election (received explicit request)
I20260713 09:07:25.638602 17335 raft_consensus.cc:3060] T 8263968ffde54fc78447147b50e29d49 P e6ff8fd9f0e04a6d800dac668ee827a3 [term 4 FOLLOWER]: Advancing to term 5
I20260713 09:07:25.641426 17263 raft_consensus.cc:2468] T 1f1833966ed444d0ad8b3aa29ba291bb P 0493e2e3aa0746778448e23df58f1a08 [term 3 FOLLOWER]: Leader election vote request: Granting yes vote for candidate e6ff8fd9f0e04a6d800dac668ee827a3 in term 3.
I20260713 09:07:25.643183 17301 leader_election.cc:304] T 1f1833966ed444d0ad8b3aa29ba291bb P e6ff8fd9f0e04a6d800dac668ee827a3 [CANDIDATE]: Term 3 election: Election decided. Result: candidate won. Election summary: received 2 responses out of 3 voters: 2 yes votes; 0 no votes. yes voters: 0493e2e3aa0746778448e23df58f1a08, e6ff8fd9f0e04a6d800dac668ee827a3; no voters: 
I20260713 09:07:25.644279 17473 raft_consensus.cc:2804] T 1f1833966ed444d0ad8b3aa29ba291bb P e6ff8fd9f0e04a6d800dac668ee827a3 [term 3 FOLLOWER]: Leader election won for term 3
I20260713 09:07:25.646538 17185 raft_consensus.cc:2468] T 1f1833966ed444d0ad8b3aa29ba291bb P 22e38e286aba464aa8aade217ed6fb52 [term 3 FOLLOWER]: Leader election vote request: Granting yes vote for candidate e6ff8fd9f0e04a6d800dac668ee827a3 in term 3.
I20260713 09:07:25.647725 17473 raft_consensus.cc:697] T 1f1833966ed444d0ad8b3aa29ba291bb P e6ff8fd9f0e04a6d800dac668ee827a3 [term 3 LEADER]: Becoming Leader. State: Replica: e6ff8fd9f0e04a6d800dac668ee827a3, State: Running, Role: LEADER
I20260713 09:07:25.647881 17335 raft_consensus.cc:515] T 8263968ffde54fc78447147b50e29d49 P e6ff8fd9f0e04a6d800dac668ee827a3 [term 5 FOLLOWER]: Starting forced leader election with config: opid_index: -1 OBSOLETE_local: false peers { permanent_uuid: "22e38e286aba464aa8aade217ed6fb52" member_type: VOTER last_known_addr { host: "127.16.43.193" port: 35937 } } peers { permanent_uuid: "0493e2e3aa0746778448e23df58f1a08" member_type: VOTER last_known_addr { host: "127.16.43.194" port: 46609 } } peers { permanent_uuid: "e6ff8fd9f0e04a6d800dac668ee827a3" member_type: VOTER last_known_addr { host: "127.16.43.195" port: 44987 } }
I20260713 09:07:25.648990 17473 consensus_queue.cc:237] T 1f1833966ed444d0ad8b3aa29ba291bb P e6ff8fd9f0e04a6d800dac668ee827a3 [LEADER]: Queue going to LEADER mode. State: All replicated index: 0, Majority replicated index: 2, Committed index: 2, Last appended: 2.2, Last appended by leader: 2, Current term: 3, Majority size: 2, State: 0, Mode: LEADER, active raft config: opid_index: -1 OBSOLETE_local: false peers { permanent_uuid: "22e38e286aba464aa8aade217ed6fb52" member_type: VOTER last_known_addr { host: "127.16.43.193" port: 35937 } } peers { permanent_uuid: "0493e2e3aa0746778448e23df58f1a08" member_type: VOTER last_known_addr { host: "127.16.43.194" port: 46609 } } peers { permanent_uuid: "e6ff8fd9f0e04a6d800dac668ee827a3" member_type: VOTER last_known_addr { host: "127.16.43.195" port: 44987 } }
I20260713 09:07:25.650272 17335 leader_election.cc:290] T 8263968ffde54fc78447147b50e29d49 P e6ff8fd9f0e04a6d800dac668ee827a3 [CANDIDATE]: Term 5 election: Requested vote from peers 22e38e286aba464aa8aade217ed6fb52 (127.16.43.193:35937), 0493e2e3aa0746778448e23df58f1a08 (127.16.43.194:46609)
I20260713 09:07:25.651655 17185 tablet_service.cc:1917] Received RequestConsensusVote() RPC: tablet_id: "8263968ffde54fc78447147b50e29d49" candidate_uuid: "e6ff8fd9f0e04a6d800dac668ee827a3" candidate_term: 5 candidate_status { last_received { term: 4 index: 4 } } ignore_live_leader: true dest_uuid: "22e38e286aba464aa8aade217ed6fb52"
I20260713 09:07:25.651749 17263 tablet_service.cc:1917] Received RequestConsensusVote() RPC: tablet_id: "8263968ffde54fc78447147b50e29d49" candidate_uuid: "e6ff8fd9f0e04a6d800dac668ee827a3" candidate_term: 5 candidate_status { last_received { term: 4 index: 4 } } ignore_live_leader: true dest_uuid: "0493e2e3aa0746778448e23df58f1a08"
I20260713 09:07:25.652439 17185 raft_consensus.cc:3055] T 8263968ffde54fc78447147b50e29d49 P 22e38e286aba464aa8aade217ed6fb52 [term 4 LEADER]: Stepping down as leader of term 4
I20260713 09:07:25.652506 17263 raft_consensus.cc:3060] T 8263968ffde54fc78447147b50e29d49 P 0493e2e3aa0746778448e23df58f1a08 [term 4 FOLLOWER]: Advancing to term 5
I20260713 09:07:25.653100 17185 raft_consensus.cc:740] T 8263968ffde54fc78447147b50e29d49 P 22e38e286aba464aa8aade217ed6fb52 [term 4 LEADER]: Becoming Follower/Learner. State: Replica: 22e38e286aba464aa8aade217ed6fb52, State: Running, Role: LEADER
I20260713 09:07:25.657282 17083 catalog_manager.cc:5697] T 1f1833966ed444d0ad8b3aa29ba291bb P e6ff8fd9f0e04a6d800dac668ee827a3 reported cstate change: term changed from 2 to 3, leader changed from 22e38e286aba464aa8aade217ed6fb52 (127.16.43.193) to e6ff8fd9f0e04a6d800dac668ee827a3 (127.16.43.195). New cstate: current_term: 3 leader_uuid: "e6ff8fd9f0e04a6d800dac668ee827a3" committed_config { opid_index: -1 OBSOLETE_local: false peers { permanent_uuid: "22e38e286aba464aa8aade217ed6fb52" member_type: VOTER last_known_addr { host: "127.16.43.193" port: 35937 } health_report { overall_health: UNKNOWN } } peers { permanent_uuid: "0493e2e3aa0746778448e23df58f1a08" member_type: VOTER last_known_addr { host: "127.16.43.194" port: 46609 } health_report { overall_health: UNKNOWN } } peers { permanent_uuid: "e6ff8fd9f0e04a6d800dac668ee827a3" member_type: VOTER last_known_addr { host: "127.16.43.195" port: 44987 } health_report { overall_health: HEALTHY } } }
I20260713 09:07:25.655725 17185 consensus_queue.cc:260] T 8263968ffde54fc78447147b50e29d49 P 22e38e286aba464aa8aade217ed6fb52 [NON_LEADER]: Queue going to NON_LEADER mode. State: All replicated index: 0, Majority replicated index: 4, Committed index: 4, Last appended: 4.4, Last appended by leader: 4, Current term: 4, Majority size: -1, State: 0, Mode: NON_LEADER, active raft config: opid_index: -1 OBSOLETE_local: false peers { permanent_uuid: "22e38e286aba464aa8aade217ed6fb52" member_type: VOTER last_known_addr { host: "127.16.43.193" port: 35937 } } peers { permanent_uuid: "0493e2e3aa0746778448e23df58f1a08" member_type: VOTER last_known_addr { host: "127.16.43.194" port: 46609 } } peers { permanent_uuid: "e6ff8fd9f0e04a6d800dac668ee827a3" member_type: VOTER last_known_addr { host: "127.16.43.195" port: 44987 } }
I20260713 09:07:25.659533 17185 raft_consensus.cc:3060] T 8263968ffde54fc78447147b50e29d49 P 22e38e286aba464aa8aade217ed6fb52 [term 4 FOLLOWER]: Advancing to term 5
I20260713 09:07:25.659744 17263 raft_consensus.cc:2468] T 8263968ffde54fc78447147b50e29d49 P 0493e2e3aa0746778448e23df58f1a08 [term 5 FOLLOWER]: Leader election vote request: Granting yes vote for candidate e6ff8fd9f0e04a6d800dac668ee827a3 in term 5.
I20260713 09:07:25.661566 17301 leader_election.cc:304] T 8263968ffde54fc78447147b50e29d49 P e6ff8fd9f0e04a6d800dac668ee827a3 [CANDIDATE]: Term 5 election: Election decided. Result: candidate won. Election summary: received 2 responses out of 3 voters: 2 yes votes; 0 no votes. yes voters: 0493e2e3aa0746778448e23df58f1a08, e6ff8fd9f0e04a6d800dac668ee827a3; no voters: 
I20260713 09:07:25.662534 17473 raft_consensus.cc:2804] T 8263968ffde54fc78447147b50e29d49 P e6ff8fd9f0e04a6d800dac668ee827a3 [term 5 FOLLOWER]: Leader election won for term 5
I20260713 09:07:25.663050 17473 raft_consensus.cc:697] T 8263968ffde54fc78447147b50e29d49 P e6ff8fd9f0e04a6d800dac668ee827a3 [term 5 LEADER]: Becoming Leader. State: Replica: e6ff8fd9f0e04a6d800dac668ee827a3, State: Running, Role: LEADER
I20260713 09:07:25.664115 17473 consensus_queue.cc:237] T 8263968ffde54fc78447147b50e29d49 P e6ff8fd9f0e04a6d800dac668ee827a3 [LEADER]: Queue going to LEADER mode. State: All replicated index: 0, Majority replicated index: 4, Committed index: 4, Last appended: 4.4, Last appended by leader: 4, Current term: 5, Majority size: 2, State: 0, Mode: LEADER, active raft config: opid_index: -1 OBSOLETE_local: false peers { permanent_uuid: "22e38e286aba464aa8aade217ed6fb52" member_type: VOTER last_known_addr { host: "127.16.43.193" port: 35937 } } peers { permanent_uuid: "0493e2e3aa0746778448e23df58f1a08" member_type: VOTER last_known_addr { host: "127.16.43.194" port: 46609 } } peers { permanent_uuid: "e6ff8fd9f0e04a6d800dac668ee827a3" member_type: VOTER last_known_addr { host: "127.16.43.195" port: 44987 } }
I20260713 09:07:25.667557 17185 raft_consensus.cc:2468] T 8263968ffde54fc78447147b50e29d49 P 22e38e286aba464aa8aade217ed6fb52 [term 5 FOLLOWER]: Leader election vote request: Granting yes vote for candidate e6ff8fd9f0e04a6d800dac668ee827a3 in term 5.
I20260713 09:07:25.679746 17083 catalog_manager.cc:5697] T 8263968ffde54fc78447147b50e29d49 P e6ff8fd9f0e04a6d800dac668ee827a3 reported cstate change: term changed from 4 to 5, leader changed from 22e38e286aba464aa8aade217ed6fb52 (127.16.43.193) to e6ff8fd9f0e04a6d800dac668ee827a3 (127.16.43.195). New cstate: current_term: 5 leader_uuid: "e6ff8fd9f0e04a6d800dac668ee827a3" committed_config { opid_index: -1 OBSOLETE_local: false peers { permanent_uuid: "22e38e286aba464aa8aade217ed6fb52" member_type: VOTER last_known_addr { host: "127.16.43.193" port: 35937 } health_report { overall_health: UNKNOWN } } peers { permanent_uuid: "0493e2e3aa0746778448e23df58f1a08" member_type: VOTER last_known_addr { host: "127.16.43.194" port: 46609 } health_report { overall_health: UNKNOWN } } peers { permanent_uuid: "e6ff8fd9f0e04a6d800dac668ee827a3" member_type: VOTER last_known_addr { host: "127.16.43.195" port: 44987 } health_report { overall_health: HEALTHY } } }
I20260713 09:07:25.997634 17510 raft_consensus.cc:993] T 342264ed0d6a41978f6eb75d76875efc P 22e38e286aba464aa8aade217ed6fb52: : Instructing follower 0493e2e3aa0746778448e23df58f1a08 to start an election
I20260713 09:07:25.998329 17512 raft_consensus.cc:1081] T 342264ed0d6a41978f6eb75d76875efc P 22e38e286aba464aa8aade217ed6fb52 [term 3 LEADER]: Signalling peer 0493e2e3aa0746778448e23df58f1a08 to start an election
I20260713 09:07:25.999907 17263 tablet_service.cc:2044] Received Run Leader Election RPC: tablet_id: "342264ed0d6a41978f6eb75d76875efc"
dest_uuid: "0493e2e3aa0746778448e23df58f1a08"
 from {username='slave'} at 127.0.0.1:35926
I20260713 09:07:26.000543 17263 raft_consensus.cc:493] T 342264ed0d6a41978f6eb75d76875efc P 0493e2e3aa0746778448e23df58f1a08 [term 3 FOLLOWER]: Starting forced leader election (received explicit request)
I20260713 09:07:26.000890 17263 raft_consensus.cc:3060] T 342264ed0d6a41978f6eb75d76875efc P 0493e2e3aa0746778448e23df58f1a08 [term 3 FOLLOWER]: Advancing to term 4
I20260713 09:07:26.006000 17263 raft_consensus.cc:515] T 342264ed0d6a41978f6eb75d76875efc P 0493e2e3aa0746778448e23df58f1a08 [term 4 FOLLOWER]: Starting forced leader election with config: opid_index: -1 OBSOLETE_local: false peers { permanent_uuid: "22e38e286aba464aa8aade217ed6fb52" member_type: VOTER last_known_addr { host: "127.16.43.193" port: 35937 } } peers { permanent_uuid: "0493e2e3aa0746778448e23df58f1a08" member_type: VOTER last_known_addr { host: "127.16.43.194" port: 46609 } } peers { permanent_uuid: "e6ff8fd9f0e04a6d800dac668ee827a3" member_type: VOTER last_known_addr { host: "127.16.43.195" port: 44987 } }
I20260713 09:07:26.008175 17263 leader_election.cc:290] T 342264ed0d6a41978f6eb75d76875efc P 0493e2e3aa0746778448e23df58f1a08 [CANDIDATE]: Term 4 election: Requested vote from peers 22e38e286aba464aa8aade217ed6fb52 (127.16.43.193:35937), e6ff8fd9f0e04a6d800dac668ee827a3 (127.16.43.195:44987)
I20260713 09:07:26.008998 17185 tablet_service.cc:1917] Received RequestConsensusVote() RPC: tablet_id: "342264ed0d6a41978f6eb75d76875efc" candidate_uuid: "0493e2e3aa0746778448e23df58f1a08" candidate_term: 4 candidate_status { last_received { term: 3 index: 3 } } ignore_live_leader: true dest_uuid: "22e38e286aba464aa8aade217ed6fb52"
I20260713 09:07:26.009410 17335 tablet_service.cc:1917] Received RequestConsensusVote() RPC: tablet_id: "342264ed0d6a41978f6eb75d76875efc" candidate_uuid: "0493e2e3aa0746778448e23df58f1a08" candidate_term: 4 candidate_status { last_received { term: 3 index: 3 } } ignore_live_leader: true dest_uuid: "e6ff8fd9f0e04a6d800dac668ee827a3"
I20260713 09:07:26.009668 17185 raft_consensus.cc:3055] T 342264ed0d6a41978f6eb75d76875efc P 22e38e286aba464aa8aade217ed6fb52 [term 3 LEADER]: Stepping down as leader of term 3
I20260713 09:07:26.009999 17185 raft_consensus.cc:740] T 342264ed0d6a41978f6eb75d76875efc P 22e38e286aba464aa8aade217ed6fb52 [term 3 LEADER]: Becoming Follower/Learner. State: Replica: 22e38e286aba464aa8aade217ed6fb52, State: Running, Role: LEADER
I20260713 09:07:26.010008 17335 raft_consensus.cc:3060] T 342264ed0d6a41978f6eb75d76875efc P e6ff8fd9f0e04a6d800dac668ee827a3 [term 3 FOLLOWER]: Advancing to term 4
I20260713 09:07:26.011008 17185 consensus_queue.cc:260] T 342264ed0d6a41978f6eb75d76875efc P 22e38e286aba464aa8aade217ed6fb52 [NON_LEADER]: Queue going to NON_LEADER mode. State: All replicated index: 0, Majority replicated index: 3, Committed index: 3, Last appended: 3.3, Last appended by leader: 3, Current term: 3, Majority size: -1, State: 0, Mode: NON_LEADER, active raft config: opid_index: -1 OBSOLETE_local: false peers { permanent_uuid: "22e38e286aba464aa8aade217ed6fb52" member_type: VOTER last_known_addr { host: "127.16.43.193" port: 35937 } } peers { permanent_uuid: "0493e2e3aa0746778448e23df58f1a08" member_type: VOTER last_known_addr { host: "127.16.43.194" port: 46609 } } peers { permanent_uuid: "e6ff8fd9f0e04a6d800dac668ee827a3" member_type: VOTER last_known_addr { host: "127.16.43.195" port: 44987 } }
I20260713 09:07:26.012254 17185 raft_consensus.cc:3060] T 342264ed0d6a41978f6eb75d76875efc P 22e38e286aba464aa8aade217ed6fb52 [term 3 FOLLOWER]: Advancing to term 4
I20260713 09:07:26.018460 17335 raft_consensus.cc:2468] T 342264ed0d6a41978f6eb75d76875efc P e6ff8fd9f0e04a6d800dac668ee827a3 [term 4 FOLLOWER]: Leader election vote request: Granting yes vote for candidate 0493e2e3aa0746778448e23df58f1a08 in term 4.
I20260713 09:07:26.020066 17185 raft_consensus.cc:2468] T 342264ed0d6a41978f6eb75d76875efc P 22e38e286aba464aa8aade217ed6fb52 [term 4 FOLLOWER]: Leader election vote request: Granting yes vote for candidate 0493e2e3aa0746778448e23df58f1a08 in term 4.
I20260713 09:07:26.020474 17228 leader_election.cc:304] T 342264ed0d6a41978f6eb75d76875efc P 0493e2e3aa0746778448e23df58f1a08 [CANDIDATE]: Term 4 election: Election decided. Result: candidate won. Election summary: received 2 responses out of 3 voters: 2 yes votes; 0 no votes. yes voters: 0493e2e3aa0746778448e23df58f1a08, e6ff8fd9f0e04a6d800dac668ee827a3; no voters: 
I20260713 09:07:26.021538 17467 raft_consensus.cc:2804] T 342264ed0d6a41978f6eb75d76875efc P 0493e2e3aa0746778448e23df58f1a08 [term 4 FOLLOWER]: Leader election won for term 4
I20260713 09:07:26.022895 17467 raft_consensus.cc:697] T 342264ed0d6a41978f6eb75d76875efc P 0493e2e3aa0746778448e23df58f1a08 [term 4 LEADER]: Becoming Leader. State: Replica: 0493e2e3aa0746778448e23df58f1a08, State: Running, Role: LEADER
I20260713 09:07:26.023924 17467 consensus_queue.cc:237] T 342264ed0d6a41978f6eb75d76875efc P 0493e2e3aa0746778448e23df58f1a08 [LEADER]: Queue going to LEADER mode. State: All replicated index: 0, Majority replicated index: 3, Committed index: 3, Last appended: 3.3, Last appended by leader: 3, Current term: 4, Majority size: 2, State: 0, Mode: LEADER, active raft config: opid_index: -1 OBSOLETE_local: false peers { permanent_uuid: "22e38e286aba464aa8aade217ed6fb52" member_type: VOTER last_known_addr { host: "127.16.43.193" port: 35937 } } peers { permanent_uuid: "0493e2e3aa0746778448e23df58f1a08" member_type: VOTER last_known_addr { host: "127.16.43.194" port: 46609 } } peers { permanent_uuid: "e6ff8fd9f0e04a6d800dac668ee827a3" member_type: VOTER last_known_addr { host: "127.16.43.195" port: 44987 } }
I20260713 09:07:26.031143 17083 catalog_manager.cc:5697] T 342264ed0d6a41978f6eb75d76875efc P 0493e2e3aa0746778448e23df58f1a08 reported cstate change: term changed from 3 to 4, leader changed from 22e38e286aba464aa8aade217ed6fb52 (127.16.43.193) to 0493e2e3aa0746778448e23df58f1a08 (127.16.43.194). New cstate: current_term: 4 leader_uuid: "0493e2e3aa0746778448e23df58f1a08" committed_config { opid_index: -1 OBSOLETE_local: false peers { permanent_uuid: "22e38e286aba464aa8aade217ed6fb52" member_type: VOTER last_known_addr { host: "127.16.43.193" port: 35937 } health_report { overall_health: UNKNOWN } } peers { permanent_uuid: "0493e2e3aa0746778448e23df58f1a08" member_type: VOTER last_known_addr { host: "127.16.43.194" port: 46609 } health_report { overall_health: HEALTHY } } peers { permanent_uuid: "e6ff8fd9f0e04a6d800dac668ee827a3" member_type: VOTER last_known_addr { host: "127.16.43.195" port: 44987 } health_report { overall_health: UNKNOWN } } }
I20260713 09:07:26.057180 17185 raft_consensus.cc:1275] T 8263968ffde54fc78447147b50e29d49 P 22e38e286aba464aa8aade217ed6fb52 [term 5 FOLLOWER]: Refusing update from remote peer e6ff8fd9f0e04a6d800dac668ee827a3: Log matching property violated. Preceding OpId in replica: term: 4 index: 4. Preceding OpId from leader: term: 5 index: 5. (index mismatch)
I20260713 09:07:26.058521 17473 consensus_queue.cc:1048] T 8263968ffde54fc78447147b50e29d49 P e6ff8fd9f0e04a6d800dac668ee827a3 [LEADER]: Connected to new peer: Peer: permanent_uuid: "22e38e286aba464aa8aade217ed6fb52" member_type: VOTER last_known_addr { host: "127.16.43.193" port: 35937 }, Status: LMP_MISMATCH, Last received: 0.0, Next index: 5, Last known committed idx: 4, Time since last communication: 0.000s
I20260713 09:07:26.071805 17263 raft_consensus.cc:1275] T 8263968ffde54fc78447147b50e29d49 P 0493e2e3aa0746778448e23df58f1a08 [term 5 FOLLOWER]: Refusing update from remote peer e6ff8fd9f0e04a6d800dac668ee827a3: Log matching property violated. Preceding OpId in replica: term: 4 index: 4. Preceding OpId from leader: term: 5 index: 5. (index mismatch)
I20260713 09:07:26.075385 17513 consensus_queue.cc:1048] T 8263968ffde54fc78447147b50e29d49 P e6ff8fd9f0e04a6d800dac668ee827a3 [LEADER]: Connected to new peer: Peer: permanent_uuid: "0493e2e3aa0746778448e23df58f1a08" member_type: VOTER last_known_addr { host: "127.16.43.194" port: 46609 }, Status: LMP_MISMATCH, Last received: 0.0, Next index: 5, Last known committed idx: 4, Time since last communication: 0.001s
I20260713 09:07:26.079627 17512 raft_consensus.cc:993] T 33d41c7fd7584a04bc5e269dac32773c P 22e38e286aba464aa8aade217ed6fb52: : Instructing follower 0493e2e3aa0746778448e23df58f1a08 to start an election
I20260713 09:07:26.080211 17511 raft_consensus.cc:1081] T 33d41c7fd7584a04bc5e269dac32773c P 22e38e286aba464aa8aade217ed6fb52 [term 3 LEADER]: Signalling peer 0493e2e3aa0746778448e23df58f1a08 to start an election
I20260713 09:07:26.082000 17263 tablet_service.cc:2044] Received Run Leader Election RPC: tablet_id: "33d41c7fd7584a04bc5e269dac32773c"
dest_uuid: "0493e2e3aa0746778448e23df58f1a08"
 from {username='slave'} at 127.0.0.1:35926
I20260713 09:07:26.082659 17263 raft_consensus.cc:493] T 33d41c7fd7584a04bc5e269dac32773c P 0493e2e3aa0746778448e23df58f1a08 [term 3 FOLLOWER]: Starting forced leader election (received explicit request)
I20260713 09:07:26.083045 17263 raft_consensus.cc:3060] T 33d41c7fd7584a04bc5e269dac32773c P 0493e2e3aa0746778448e23df58f1a08 [term 3 FOLLOWER]: Advancing to term 4
I20260713 09:07:26.090883 17263 raft_consensus.cc:515] T 33d41c7fd7584a04bc5e269dac32773c P 0493e2e3aa0746778448e23df58f1a08 [term 4 FOLLOWER]: Starting forced leader election with config: opid_index: -1 OBSOLETE_local: false peers { permanent_uuid: "22e38e286aba464aa8aade217ed6fb52" member_type: VOTER last_known_addr { host: "127.16.43.193" port: 35937 } } peers { permanent_uuid: "0493e2e3aa0746778448e23df58f1a08" member_type: VOTER last_known_addr { host: "127.16.43.194" port: 46609 } } peers { permanent_uuid: "e6ff8fd9f0e04a6d800dac668ee827a3" member_type: VOTER last_known_addr { host: "127.16.43.195" port: 44987 } }
I20260713 09:07:26.092787 17263 leader_election.cc:290] T 33d41c7fd7584a04bc5e269dac32773c P 0493e2e3aa0746778448e23df58f1a08 [CANDIDATE]: Term 4 election: Requested vote from peers 22e38e286aba464aa8aade217ed6fb52 (127.16.43.193:35937), e6ff8fd9f0e04a6d800dac668ee827a3 (127.16.43.195:44987)
I20260713 09:07:26.093510 17185 tablet_service.cc:1917] Received RequestConsensusVote() RPC: tablet_id: "33d41c7fd7584a04bc5e269dac32773c" candidate_uuid: "0493e2e3aa0746778448e23df58f1a08" candidate_term: 4 candidate_status { last_received { term: 3 index: 3 } } ignore_live_leader: true dest_uuid: "22e38e286aba464aa8aade217ed6fb52"
I20260713 09:07:26.094080 17185 raft_consensus.cc:3055] T 33d41c7fd7584a04bc5e269dac32773c P 22e38e286aba464aa8aade217ed6fb52 [term 3 LEADER]: Stepping down as leader of term 3
I20260713 09:07:26.094413 17185 raft_consensus.cc:740] T 33d41c7fd7584a04bc5e269dac32773c P 22e38e286aba464aa8aade217ed6fb52 [term 3 LEADER]: Becoming Follower/Learner. State: Replica: 22e38e286aba464aa8aade217ed6fb52, State: Running, Role: LEADER
I20260713 09:07:26.094480 17335 tablet_service.cc:1917] Received RequestConsensusVote() RPC: tablet_id: "33d41c7fd7584a04bc5e269dac32773c" candidate_uuid: "0493e2e3aa0746778448e23df58f1a08" candidate_term: 4 candidate_status { last_received { term: 3 index: 3 } } ignore_live_leader: true dest_uuid: "e6ff8fd9f0e04a6d800dac668ee827a3"
I20260713 09:07:26.095216 17335 raft_consensus.cc:3060] T 33d41c7fd7584a04bc5e269dac32773c P e6ff8fd9f0e04a6d800dac668ee827a3 [term 3 FOLLOWER]: Advancing to term 4
I20260713 09:07:26.095175 17185 consensus_queue.cc:260] T 33d41c7fd7584a04bc5e269dac32773c P 22e38e286aba464aa8aade217ed6fb52 [NON_LEADER]: Queue going to NON_LEADER mode. State: All replicated index: 0, Majority replicated index: 3, Committed index: 3, Last appended: 3.3, Last appended by leader: 3, Current term: 3, Majority size: -1, State: 0, Mode: NON_LEADER, active raft config: opid_index: -1 OBSOLETE_local: false peers { permanent_uuid: "22e38e286aba464aa8aade217ed6fb52" member_type: VOTER last_known_addr { host: "127.16.43.193" port: 35937 } } peers { permanent_uuid: "0493e2e3aa0746778448e23df58f1a08" member_type: VOTER last_known_addr { host: "127.16.43.194" port: 46609 } } peers { permanent_uuid: "e6ff8fd9f0e04a6d800dac668ee827a3" member_type: VOTER last_known_addr { host: "127.16.43.195" port: 44987 } }
I20260713 09:07:26.096508 17185 raft_consensus.cc:3060] T 33d41c7fd7584a04bc5e269dac32773c P 22e38e286aba464aa8aade217ed6fb52 [term 3 FOLLOWER]: Advancing to term 4
I20260713 09:07:26.100391 17335 raft_consensus.cc:2468] T 33d41c7fd7584a04bc5e269dac32773c P e6ff8fd9f0e04a6d800dac668ee827a3 [term 4 FOLLOWER]: Leader election vote request: Granting yes vote for candidate 0493e2e3aa0746778448e23df58f1a08 in term 4.
I20260713 09:07:26.101722 17228 leader_election.cc:304] T 33d41c7fd7584a04bc5e269dac32773c P 0493e2e3aa0746778448e23df58f1a08 [CANDIDATE]: Term 4 election: Election decided. Result: candidate won. Election summary: received 2 responses out of 3 voters: 2 yes votes; 0 no votes. yes voters: 0493e2e3aa0746778448e23df58f1a08, e6ff8fd9f0e04a6d800dac668ee827a3; no voters: 
I20260713 09:07:26.102519 17467 raft_consensus.cc:2804] T 33d41c7fd7584a04bc5e269dac32773c P 0493e2e3aa0746778448e23df58f1a08 [term 4 FOLLOWER]: Leader election won for term 4
I20260713 09:07:26.102998 17467 raft_consensus.cc:697] T 33d41c7fd7584a04bc5e269dac32773c P 0493e2e3aa0746778448e23df58f1a08 [term 4 LEADER]: Becoming Leader. State: Replica: 0493e2e3aa0746778448e23df58f1a08, State: Running, Role: LEADER
I20260713 09:07:26.103663 17185 raft_consensus.cc:2468] T 33d41c7fd7584a04bc5e269dac32773c P 22e38e286aba464aa8aade217ed6fb52 [term 4 FOLLOWER]: Leader election vote request: Granting yes vote for candidate 0493e2e3aa0746778448e23df58f1a08 in term 4.
I20260713 09:07:26.103919 17467 consensus_queue.cc:237] T 33d41c7fd7584a04bc5e269dac32773c P 0493e2e3aa0746778448e23df58f1a08 [LEADER]: Queue going to LEADER mode. State: All replicated index: 0, Majority replicated index: 3, Committed index: 3, Last appended: 3.3, Last appended by leader: 3, Current term: 4, Majority size: 2, State: 0, Mode: LEADER, active raft config: opid_index: -1 OBSOLETE_local: false peers { permanent_uuid: "22e38e286aba464aa8aade217ed6fb52" member_type: VOTER last_known_addr { host: "127.16.43.193" port: 35937 } } peers { permanent_uuid: "0493e2e3aa0746778448e23df58f1a08" member_type: VOTER last_known_addr { host: "127.16.43.194" port: 46609 } } peers { permanent_uuid: "e6ff8fd9f0e04a6d800dac668ee827a3" member_type: VOTER last_known_addr { host: "127.16.43.195" port: 44987 } }
I20260713 09:07:26.110728 17083 catalog_manager.cc:5697] T 33d41c7fd7584a04bc5e269dac32773c P 0493e2e3aa0746778448e23df58f1a08 reported cstate change: term changed from 3 to 4, leader changed from 22e38e286aba464aa8aade217ed6fb52 (127.16.43.193) to 0493e2e3aa0746778448e23df58f1a08 (127.16.43.194). New cstate: current_term: 4 leader_uuid: "0493e2e3aa0746778448e23df58f1a08" committed_config { opid_index: -1 OBSOLETE_local: false peers { permanent_uuid: "22e38e286aba464aa8aade217ed6fb52" member_type: VOTER last_known_addr { host: "127.16.43.193" port: 35937 } health_report { overall_health: UNKNOWN } } peers { permanent_uuid: "0493e2e3aa0746778448e23df58f1a08" member_type: VOTER last_known_addr { host: "127.16.43.194" port: 46609 } health_report { overall_health: HEALTHY } } peers { permanent_uuid: "e6ff8fd9f0e04a6d800dac668ee827a3" member_type: VOTER last_known_addr { host: "127.16.43.195" port: 44987 } health_report { overall_health: UNKNOWN } } }
I20260713 09:07:26.223093 17185 raft_consensus.cc:1275] T 1f1833966ed444d0ad8b3aa29ba291bb P 22e38e286aba464aa8aade217ed6fb52 [term 3 FOLLOWER]: Refusing update from remote peer e6ff8fd9f0e04a6d800dac668ee827a3: Log matching property violated. Preceding OpId in replica: term: 2 index: 2. Preceding OpId from leader: term: 3 index: 3. (index mismatch)
I20260713 09:07:26.224458 17513 consensus_queue.cc:1048] T 1f1833966ed444d0ad8b3aa29ba291bb P e6ff8fd9f0e04a6d800dac668ee827a3 [LEADER]: Connected to new peer: Peer: permanent_uuid: "22e38e286aba464aa8aade217ed6fb52" member_type: VOTER last_known_addr { host: "127.16.43.193" port: 35937 }, Status: LMP_MISMATCH, Last received: 0.0, Next index: 3, Last known committed idx: 2, Time since last communication: 0.000s
I20260713 09:07:26.235555 17263 raft_consensus.cc:1275] T 1f1833966ed444d0ad8b3aa29ba291bb P 0493e2e3aa0746778448e23df58f1a08 [term 3 FOLLOWER]: Refusing update from remote peer e6ff8fd9f0e04a6d800dac668ee827a3: Log matching property violated. Preceding OpId in replica: term: 2 index: 2. Preceding OpId from leader: term: 3 index: 3. (index mismatch)
I20260713 09:07:26.237382 17524 consensus_queue.cc:1048] T 1f1833966ed444d0ad8b3aa29ba291bb P e6ff8fd9f0e04a6d800dac668ee827a3 [LEADER]: Connected to new peer: Peer: permanent_uuid: "0493e2e3aa0746778448e23df58f1a08" member_type: VOTER last_known_addr { host: "127.16.43.194" port: 46609 }, Status: LMP_MISMATCH, Last received: 0.0, Next index: 3, Last known committed idx: 2, Time since last communication: 0.001s
I20260713 09:07:26.454746 17185 raft_consensus.cc:1275] T 342264ed0d6a41978f6eb75d76875efc P 22e38e286aba464aa8aade217ed6fb52 [term 4 FOLLOWER]: Refusing update from remote peer 0493e2e3aa0746778448e23df58f1a08: Log matching property violated. Preceding OpId in replica: term: 3 index: 3. Preceding OpId from leader: term: 4 index: 4. (index mismatch)
I20260713 09:07:26.456187 17467 consensus_queue.cc:1048] T 342264ed0d6a41978f6eb75d76875efc P 0493e2e3aa0746778448e23df58f1a08 [LEADER]: Connected to new peer: Peer: permanent_uuid: "22e38e286aba464aa8aade217ed6fb52" member_type: VOTER last_known_addr { host: "127.16.43.193" port: 35937 }, Status: LMP_MISMATCH, Last received: 0.0, Next index: 4, Last known committed idx: 3, Time since last communication: 0.000s
I20260713 09:07:26.470835 17335 raft_consensus.cc:1275] T 342264ed0d6a41978f6eb75d76875efc P e6ff8fd9f0e04a6d800dac668ee827a3 [term 4 FOLLOWER]: Refusing update from remote peer 0493e2e3aa0746778448e23df58f1a08: Log matching property violated. Preceding OpId in replica: term: 3 index: 3. Preceding OpId from leader: term: 4 index: 4. (index mismatch)
I20260713 09:07:26.472432 17467 consensus_queue.cc:1048] T 342264ed0d6a41978f6eb75d76875efc P 0493e2e3aa0746778448e23df58f1a08 [LEADER]: Connected to new peer: Peer: permanent_uuid: "e6ff8fd9f0e04a6d800dac668ee827a3" member_type: VOTER last_known_addr { host: "127.16.43.195" port: 44987 }, Status: LMP_MISMATCH, Last received: 0.0, Next index: 4, Last known committed idx: 3, Time since last communication: 0.000s
I20260713 09:07:26.503841 17185 raft_consensus.cc:1275] T 33d41c7fd7584a04bc5e269dac32773c P 22e38e286aba464aa8aade217ed6fb52 [term 4 FOLLOWER]: Refusing update from remote peer 0493e2e3aa0746778448e23df58f1a08: Log matching property violated. Preceding OpId in replica: term: 3 index: 3. Preceding OpId from leader: term: 4 index: 4. (index mismatch)
I20260713 09:07:26.505195 17467 consensus_queue.cc:1048] T 33d41c7fd7584a04bc5e269dac32773c P 0493e2e3aa0746778448e23df58f1a08 [LEADER]: Connected to new peer: Peer: permanent_uuid: "22e38e286aba464aa8aade217ed6fb52" member_type: VOTER last_known_addr { host: "127.16.43.193" port: 35937 }, Status: LMP_MISMATCH, Last received: 0.0, Next index: 4, Last known committed idx: 3, Time since last communication: 0.000s
I20260713 09:07:26.514456 17335 raft_consensus.cc:1275] T 33d41c7fd7584a04bc5e269dac32773c P e6ff8fd9f0e04a6d800dac668ee827a3 [term 4 FOLLOWER]: Refusing update from remote peer 0493e2e3aa0746778448e23df58f1a08: Log matching property violated. Preceding OpId in replica: term: 3 index: 3. Preceding OpId from leader: term: 4 index: 4. (index mismatch)
I20260713 09:07:26.516952 17532 consensus_queue.cc:1048] T 33d41c7fd7584a04bc5e269dac32773c P 0493e2e3aa0746778448e23df58f1a08 [LEADER]: Connected to new peer: Peer: permanent_uuid: "e6ff8fd9f0e04a6d800dac668ee827a3" member_type: VOTER last_known_addr { host: "127.16.43.195" port: 44987 }, Status: LMP_MISMATCH, Last received: 0.0, Next index: 4, Last known committed idx: 3, Time since last communication: 0.000s
I20260713 09:07:26.590178 16559 auto_leader_rebalancer.cc:141] leader rebalance for table test-workload
I20260713 09:07:26.596318 16559 tablet_server.cc:179] TabletServer@127.16.43.193:0 shutting down...
I20260713 09:07:26.631608 16559 ts_tablet_manager.cc:1507] Shutting down tablet manager...
I20260713 09:07:26.632371 16559 tablet_replica.cc:333] T 2318e3105a8b49c985e70ebde6ce3109 P 22e38e286aba464aa8aade217ed6fb52: stopping tablet replica
I20260713 09:07:26.633116 16559 raft_consensus.cc:2243] T 2318e3105a8b49c985e70ebde6ce3109 P 22e38e286aba464aa8aade217ed6fb52 [term 3 LEADER]: Raft consensus shutting down.
I20260713 09:07:26.633881 16559 raft_consensus.cc:2272] T 2318e3105a8b49c985e70ebde6ce3109 P 22e38e286aba464aa8aade217ed6fb52 [term 3 FOLLOWER]: Raft consensus is shut down!
I20260713 09:07:26.635896 16559 tablet_replica.cc:333] T 342264ed0d6a41978f6eb75d76875efc P 22e38e286aba464aa8aade217ed6fb52: stopping tablet replica
I20260713 09:07:26.636430 16559 raft_consensus.cc:2243] T 342264ed0d6a41978f6eb75d76875efc P 22e38e286aba464aa8aade217ed6fb52 [term 4 FOLLOWER]: Raft consensus shutting down.
I20260713 09:07:26.636835 16559 raft_consensus.cc:2272] T 342264ed0d6a41978f6eb75d76875efc P 22e38e286aba464aa8aade217ed6fb52 [term 4 FOLLOWER]: Raft consensus is shut down!
I20260713 09:07:26.639061 16559 tablet_replica.cc:333] T 0d5aaba8291e4ea79a1e922feef5b89f P 22e38e286aba464aa8aade217ed6fb52: stopping tablet replica
I20260713 09:07:26.639654 16559 raft_consensus.cc:2243] T 0d5aaba8291e4ea79a1e922feef5b89f P 22e38e286aba464aa8aade217ed6fb52 [term 2 LEADER]: Raft consensus shutting down.
I20260713 09:07:26.640372 16559 raft_consensus.cc:2272] T 0d5aaba8291e4ea79a1e922feef5b89f P 22e38e286aba464aa8aade217ed6fb52 [term 2 FOLLOWER]: Raft consensus is shut down!
I20260713 09:07:26.641955 16559 tablet_replica.cc:333] T 1f1833966ed444d0ad8b3aa29ba291bb P 22e38e286aba464aa8aade217ed6fb52: stopping tablet replica
I20260713 09:07:26.642431 16559 raft_consensus.cc:2243] T 1f1833966ed444d0ad8b3aa29ba291bb P 22e38e286aba464aa8aade217ed6fb52 [term 3 FOLLOWER]: Raft consensus shutting down.
I20260713 09:07:26.642827 16559 raft_consensus.cc:2272] T 1f1833966ed444d0ad8b3aa29ba291bb P 22e38e286aba464aa8aade217ed6fb52 [term 3 FOLLOWER]: Raft consensus is shut down!
I20260713 09:07:26.645354 16559 tablet_replica.cc:333] T 33d41c7fd7584a04bc5e269dac32773c P 22e38e286aba464aa8aade217ed6fb52: stopping tablet replica
I20260713 09:07:26.645907 16559 raft_consensus.cc:2243] T 33d41c7fd7584a04bc5e269dac32773c P 22e38e286aba464aa8aade217ed6fb52 [term 4 FOLLOWER]: Raft consensus shutting down.
I20260713 09:07:26.646376 16559 raft_consensus.cc:2272] T 33d41c7fd7584a04bc5e269dac32773c P 22e38e286aba464aa8aade217ed6fb52 [term 4 FOLLOWER]: Raft consensus is shut down!
W20260713 09:07:26.647475 17229 proxy.cc:239] Call had error, refreshing address and retrying: Remote error: Service unavailable: service kudu.consensus.ConsensusService not registered on TabletServer [suppressed 2 similar messages]
I20260713 09:07:26.649600 16559 tablet_replica.cc:333] T 9bbb37ef87554f86ab830a54eeb9038b P 22e38e286aba464aa8aade217ed6fb52: stopping tablet replica
I20260713 09:07:26.650516 16559 raft_consensus.cc:2243] T 9bbb37ef87554f86ab830a54eeb9038b P 22e38e286aba464aa8aade217ed6fb52 [term 2 FOLLOWER]: Raft consensus shutting down.
W20260713 09:07:26.650944 17229 consensus_peers.cc:597] T 9bbb37ef87554f86ab830a54eeb9038b P 0493e2e3aa0746778448e23df58f1a08 -> Peer 22e38e286aba464aa8aade217ed6fb52 (127.16.43.193:35937): Couldn't send request to peer 22e38e286aba464aa8aade217ed6fb52. Status: Remote error: Service unavailable: service kudu.consensus.ConsensusService not registered on TabletServer. This is attempt 1: this message will repeat every 5th retry.
I20260713 09:07:26.651232 16559 raft_consensus.cc:2272] T 9bbb37ef87554f86ab830a54eeb9038b P 22e38e286aba464aa8aade217ed6fb52 [term 2 FOLLOWER]: Raft consensus is shut down!
I20260713 09:07:26.653707 16559 tablet_replica.cc:333] T 3b609ef694b54f8e99c5c4a91f34d7b3 P 22e38e286aba464aa8aade217ed6fb52: stopping tablet replica
I20260713 09:07:26.654361 16559 raft_consensus.cc:2243] T 3b609ef694b54f8e99c5c4a91f34d7b3 P 22e38e286aba464aa8aade217ed6fb52 [term 2 FOLLOWER]: Raft consensus shutting down.
I20260713 09:07:26.654857 16559 raft_consensus.cc:2272] T 3b609ef694b54f8e99c5c4a91f34d7b3 P 22e38e286aba464aa8aade217ed6fb52 [term 2 FOLLOWER]: Raft consensus is shut down!
I20260713 09:07:26.657383 16559 tablet_replica.cc:333] T 513d1bac4f0f453cb10a7d018a34292b P 22e38e286aba464aa8aade217ed6fb52: stopping tablet replica
I20260713 09:07:26.658138 16559 raft_consensus.cc:2243] T 513d1bac4f0f453cb10a7d018a34292b P 22e38e286aba464aa8aade217ed6fb52 [term 3 LEADER]: Raft consensus shutting down.
I20260713 09:07:26.659082 16559 raft_consensus.cc:2272] T 513d1bac4f0f453cb10a7d018a34292b P 22e38e286aba464aa8aade217ed6fb52 [term 3 FOLLOWER]: Raft consensus is shut down!
I20260713 09:07:26.661496 16559 tablet_replica.cc:333] T 8263968ffde54fc78447147b50e29d49 P 22e38e286aba464aa8aade217ed6fb52: stopping tablet replica
I20260713 09:07:26.662101 16559 raft_consensus.cc:2243] T 8263968ffde54fc78447147b50e29d49 P 22e38e286aba464aa8aade217ed6fb52 [term 5 FOLLOWER]: Raft consensus shutting down.
I20260713 09:07:26.662621 16559 raft_consensus.cc:2272] T 8263968ffde54fc78447147b50e29d49 P 22e38e286aba464aa8aade217ed6fb52 [term 5 FOLLOWER]: Raft consensus is shut down!
I20260713 09:07:26.665055 16559 tablet_replica.cc:333] T efb11b6b319d499181ea15d0eb1e9e85 P 22e38e286aba464aa8aade217ed6fb52: stopping tablet replica
I20260713 09:07:26.665586 16559 raft_consensus.cc:2243] T efb11b6b319d499181ea15d0eb1e9e85 P 22e38e286aba464aa8aade217ed6fb52 [term 2 LEADER]: Raft consensus shutting down.
I20260713 09:07:26.666383 16559 raft_consensus.cc:2272] T efb11b6b319d499181ea15d0eb1e9e85 P 22e38e286aba464aa8aade217ed6fb52 [term 2 FOLLOWER]: Raft consensus is shut down!
I20260713 09:07:26.703325 16559 tablet_server.cc:196] TabletServer@127.16.43.193:0 shutdown complete.
I20260713 09:07:26.723127 16559 tablet_server.cc:179] TabletServer@127.16.43.194:0 shutting down...
W20260713 09:07:26.758147 17303 consensus_peers.cc:597] T 1f1833966ed444d0ad8b3aa29ba291bb P e6ff8fd9f0e04a6d800dac668ee827a3 -> Peer 22e38e286aba464aa8aade217ed6fb52 (127.16.43.193:35937): Couldn't send request to peer 22e38e286aba464aa8aade217ed6fb52. Status: Network error: Client connection negotiation failed: client connection to 127.16.43.193:35937: connect: Connection refused (error 111). This is attempt 1: this message will repeat every 5th retry.
I20260713 09:07:26.760232 16559 ts_tablet_manager.cc:1507] Shutting down tablet manager...
I20260713 09:07:26.760881 16559 tablet_replica.cc:333] T 1f1833966ed444d0ad8b3aa29ba291bb P 0493e2e3aa0746778448e23df58f1a08: stopping tablet replica
I20260713 09:07:26.761644 16559 raft_consensus.cc:2243] T 1f1833966ed444d0ad8b3aa29ba291bb P 0493e2e3aa0746778448e23df58f1a08 [term 3 FOLLOWER]: Raft consensus shutting down.
