I20260713 09:07:14.941628 22555 leader_election.cc:304] T a9539ef69fba4833a1d2846329f541c0 P d7fc0701f5aa4f759acf3c9a72178d0b [CANDIDATE]: Term 1 pre-election: Election decided. Result: candidate lost. Election summary: received 3 responses out of 3 voters: 1 yes votes; 2 no votes. yes voters: d7fc0701f5aa4f759acf3c9a72178d0b; no voters: c477fb897db34b17b81b4291e17ba1cd, e7b74095d80e4c189f85abb911556963
I20260713 09:07:14.941694 22673 consensus_queue.cc:1048] T 26959e83e29f4fc99f26443511ebcad2 P c477fb897db34b17b81b4291e17ba1cd [LEADER]: Connected to new peer: Peer: permanent_uuid: "d7fc0701f5aa4f759acf3c9a72178d0b" member_type: VOTER last_known_addr { host: "127.21.80.195" port: 34239 }, Status: LMP_MISMATCH, Last received: 0.0, Next index: 1, Last known committed idx: 0, Time since last communication: 0.000s
I20260713 09:07:14.942405 22637 raft_consensus.cc:2749] T a9539ef69fba4833a1d2846329f541c0 P d7fc0701f5aa4f759acf3c9a72178d0b [term 0 FOLLOWER]: Leader pre-election lost for term 1. Reason: could not achieve majority
I20260713 09:07:14.946120 22440 raft_consensus.cc:515] T 26959e83e29f4fc99f26443511ebcad2 P e7b74095d80e4c189f85abb911556963 [term 2 FOLLOWER]: Starting forced leader election with config: opid_index: -1 OBSOLETE_local: false peers { permanent_uuid: "c477fb897db34b17b81b4291e17ba1cd" member_type: VOTER last_known_addr { host: "127.21.80.194" port: 34857 } } peers { permanent_uuid: "d7fc0701f5aa4f759acf3c9a72178d0b" member_type: VOTER last_known_addr { host: "127.21.80.195" port: 34239 } } peers { permanent_uuid: "e7b74095d80e4c189f85abb911556963" member_type: VOTER last_known_addr { host: "127.21.80.193" port: 33999 } }
I20260713 09:07:14.947095 22441 raft_consensus.cc:1240] T 26959e83e29f4fc99f26443511ebcad2 P e7b74095d80e4c189f85abb911556963 [term 2 FOLLOWER]: Rejecting Update request from peer c477fb897db34b17b81b4291e17ba1cd for earlier term 1. Current term is 2. Ops: []
I20260713 09:07:14.948789 22440 leader_election.cc:290] T 26959e83e29f4fc99f26443511ebcad2 P e7b74095d80e4c189f85abb911556963 [CANDIDATE]: Term 2 election: Requested vote from peers c477fb897db34b17b81b4291e17ba1cd (127.21.80.194:34857), d7fc0701f5aa4f759acf3c9a72178d0b (127.21.80.195:34239)
I20260713 09:07:14.948712 22516 tablet_service.cc:1917] Received RequestConsensusVote() RPC: tablet_id: "26959e83e29f4fc99f26443511ebcad2" candidate_uuid: "e7b74095d80e4c189f85abb911556963" candidate_term: 2 candidate_status { last_received { term: 1 index: 1 } } ignore_live_leader: true dest_uuid: "c477fb897db34b17b81b4291e17ba1cd"
I20260713 09:07:14.949395 22516 raft_consensus.cc:3055] T 26959e83e29f4fc99f26443511ebcad2 P c477fb897db34b17b81b4291e17ba1cd [term 1 LEADER]: Stepping down as leader of term 1
I20260713 09:07:14.949771 22516 raft_consensus.cc:740] T 26959e83e29f4fc99f26443511ebcad2 P c477fb897db34b17b81b4291e17ba1cd [term 1 LEADER]: Becoming Follower/Learner. State: Replica: c477fb897db34b17b81b4291e17ba1cd, State: Running, Role: LEADER
I20260713 09:07:14.949730 22589 tablet_service.cc:1917] Received RequestConsensusVote() RPC: tablet_id: "26959e83e29f4fc99f26443511ebcad2" candidate_uuid: "e7b74095d80e4c189f85abb911556963" candidate_term: 2 candidate_status { last_received { term: 1 index: 1 } } ignore_live_leader: true dest_uuid: "d7fc0701f5aa4f759acf3c9a72178d0b"
I20260713 09:07:14.950618 22589 raft_consensus.cc:3060] T 26959e83e29f4fc99f26443511ebcad2 P d7fc0701f5aa4f759acf3c9a72178d0b [term 1 FOLLOWER]: Advancing to term 2
I20260713 09:07:14.950621 22516 consensus_queue.cc:260] T 26959e83e29f4fc99f26443511ebcad2 P c477fb897db34b17b81b4291e17ba1cd [NON_LEADER]: Queue going to NON_LEADER mode. State: All replicated index: 0, Majority replicated index: 1, Committed index: 1, Last appended: 1.1, Last appended by leader: 1, Current term: 1, Majority size: -1, State: 0, Mode: NON_LEADER, active raft config: opid_index: -1 OBSOLETE_local: false peers { permanent_uuid: "c477fb897db34b17b81b4291e17ba1cd" member_type: VOTER last_known_addr { host: "127.21.80.194" port: 34857 } } peers { permanent_uuid: "d7fc0701f5aa4f759acf3c9a72178d0b" member_type: VOTER last_known_addr { host: "127.21.80.195" port: 34239 } } peers { permanent_uuid: "e7b74095d80e4c189f85abb911556963" member_type: VOTER last_known_addr { host: "127.21.80.193" port: 33999 } }
I20260713 09:07:14.951870 22516 raft_consensus.cc:3060] T 26959e83e29f4fc99f26443511ebcad2 P c477fb897db34b17b81b4291e17ba1cd [term 1 FOLLOWER]: Advancing to term 2
I20260713 09:07:14.955818 22589 raft_consensus.cc:2468] T 26959e83e29f4fc99f26443511ebcad2 P d7fc0701f5aa4f759acf3c9a72178d0b [term 2 FOLLOWER]: Leader election vote request: Granting yes vote for candidate e7b74095d80e4c189f85abb911556963 in term 2.
I20260713 09:07:14.956738 22405 leader_election.cc:304] T 26959e83e29f4fc99f26443511ebcad2 P e7b74095d80e4c189f85abb911556963 [CANDIDATE]: Term 2 election: Election decided. Result: candidate won. Election summary: received 2 responses out of 3 voters: 2 yes votes; 0 no votes. yes voters: d7fc0701f5aa4f759acf3c9a72178d0b, e7b74095d80e4c189f85abb911556963; no voters: 
I20260713 09:07:14.956984 22516 raft_consensus.cc:2468] T 26959e83e29f4fc99f26443511ebcad2 P c477fb897db34b17b81b4291e17ba1cd [term 2 FOLLOWER]: Leader election vote request: Granting yes vote for candidate e7b74095d80e4c189f85abb911556963 in term 2.
I20260713 09:07:14.957399 22638 raft_consensus.cc:2804] T 26959e83e29f4fc99f26443511ebcad2 P e7b74095d80e4c189f85abb911556963 [term 2 FOLLOWER]: Leader election won for term 2
I20260713 09:07:14.957816 22638 raft_consensus.cc:697] T 26959e83e29f4fc99f26443511ebcad2 P e7b74095d80e4c189f85abb911556963 [term 2 LEADER]: Becoming Leader. State: Replica: e7b74095d80e4c189f85abb911556963, State: Running, Role: LEADER
I20260713 09:07:14.958504 22638 consensus_queue.cc:237] T 26959e83e29f4fc99f26443511ebcad2 P e7b74095d80e4c189f85abb911556963 [LEADER]: Queue going to LEADER mode. State: All replicated index: 0, Majority replicated index: 0, Committed index: 0, Last appended: 1.1, Last appended by leader: 1, Current term: 2, Majority size: 2, State: 0, Mode: LEADER, active raft config: opid_index: -1 OBSOLETE_local: false peers { permanent_uuid: "c477fb897db34b17b81b4291e17ba1cd" member_type: VOTER last_known_addr { host: "127.21.80.194" port: 34857 } } peers { permanent_uuid: "d7fc0701f5aa4f759acf3c9a72178d0b" member_type: VOTER last_known_addr { host: "127.21.80.195" port: 34239 } } peers { permanent_uuid: "e7b74095d80e4c189f85abb911556963" member_type: VOTER last_known_addr { host: "127.21.80.193" port: 33999 } }
I20260713 09:07:14.965126 22339 catalog_manager.cc:5697] T 26959e83e29f4fc99f26443511ebcad2 P e7b74095d80e4c189f85abb911556963 reported cstate change: term changed from 1 to 2, leader changed from c477fb897db34b17b81b4291e17ba1cd (127.21.80.194) to e7b74095d80e4c189f85abb911556963 (127.21.80.193). New cstate: current_term: 2 leader_uuid: "e7b74095d80e4c189f85abb911556963" committed_config { opid_index: -1 OBSOLETE_local: false peers { permanent_uuid: "c477fb897db34b17b81b4291e17ba1cd" member_type: VOTER last_known_addr { host: "127.21.80.194" port: 34857 } health_report { overall_health: UNKNOWN } } peers { permanent_uuid: "d7fc0701f5aa4f759acf3c9a72178d0b" member_type: VOTER last_known_addr { host: "127.21.80.195" port: 34239 } health_report { overall_health: UNKNOWN } } peers { permanent_uuid: "e7b74095d80e4c189f85abb911556963" member_type: VOTER last_known_addr { host: "127.21.80.193" port: 33999 } health_report { overall_health: HEALTHY } } }
I20260713 09:07:14.968257 22638 consensus_queue.cc:1048] T 917ca58de490498b8643e2c07ee68ca4 P e7b74095d80e4c189f85abb911556963 [LEADER]: Connected to new peer: Peer: permanent_uuid: "d7fc0701f5aa4f759acf3c9a72178d0b" member_type: VOTER last_known_addr { host: "127.21.80.195" port: 34239 }, Status: LMP_MISMATCH, Last received: 0.0, Next index: 1, Last known committed idx: 0, Time since last communication: 0.000s
I20260713 09:07:14.977550 22638 consensus_queue.cc:1048] T 917ca58de490498b8643e2c07ee68ca4 P e7b74095d80e4c189f85abb911556963 [LEADER]: Connected to new peer: Peer: permanent_uuid: "c477fb897db34b17b81b4291e17ba1cd" member_type: VOTER last_known_addr { host: "127.21.80.194" port: 34857 }, Status: LMP_MISMATCH, Last received: 0.0, Next index: 1, Last known committed idx: 0, Time since last communication: 0.000s
I20260713 09:07:14.987352 22637 consensus_queue.cc:1048] T 68bed6015df9476cafdbd2c7839eb9dc P d7fc0701f5aa4f759acf3c9a72178d0b [LEADER]: Connected to new peer: Peer: permanent_uuid: "e7b74095d80e4c189f85abb911556963" member_type: VOTER last_known_addr { host: "127.21.80.193" port: 33999 }, Status: LMP_MISMATCH, Last received: 0.0, Next index: 1, Last known committed idx: 0, Time since last communication: 0.000s
I20260713 09:07:14.991492 22589 raft_consensus.cc:3060] T a9539ef69fba4833a1d2846329f541c0 P d7fc0701f5aa4f759acf3c9a72178d0b [term 0 FOLLOWER]: Advancing to term 1
I20260713 09:07:14.995800 22669 raft_consensus.cc:993] T 917ca58de490498b8643e2c07ee68ca4 P e7b74095d80e4c189f85abb911556963: : Instructing follower c477fb897db34b17b81b4291e17ba1cd to start an election
I20260713 09:07:14.996223 22669 raft_consensus.cc:1081] T 917ca58de490498b8643e2c07ee68ca4 P e7b74095d80e4c189f85abb911556963 [term 1 LEADER]: Signalling peer c477fb897db34b17b81b4291e17ba1cd to start an election
I20260713 09:07:14.999586 22637 consensus_queue.cc:1048] T 68bed6015df9476cafdbd2c7839eb9dc P d7fc0701f5aa4f759acf3c9a72178d0b [LEADER]: Connected to new peer: Peer: permanent_uuid: "c477fb897db34b17b81b4291e17ba1cd" member_type: VOTER last_known_addr { host: "127.21.80.194" port: 34857 }, Status: LMP_MISMATCH, Last received: 0.0, Next index: 1, Last known committed idx: 0, Time since last communication: 0.000s
I20260713 09:07:15.001211 22516 tablet_service.cc:2044] Received Run Leader Election RPC: tablet_id: "917ca58de490498b8643e2c07ee68ca4"
dest_uuid: "c477fb897db34b17b81b4291e17ba1cd"
 from {username='slave'} at 127.0.0.1:43540
I20260713 09:07:15.001801 22516 raft_consensus.cc:493] T 917ca58de490498b8643e2c07ee68ca4 P c477fb897db34b17b81b4291e17ba1cd [term 1 FOLLOWER]: Starting forced leader election (received explicit request)
I20260713 09:07:15.002154 22516 raft_consensus.cc:3060] T 917ca58de490498b8643e2c07ee68ca4 P c477fb897db34b17b81b4291e17ba1cd [term 1 FOLLOWER]: Advancing to term 2
I20260713 09:07:15.011234 22673 consensus_queue.cc:1048] T 6b9c587104cd4d19844436fa26f210e4 P c477fb897db34b17b81b4291e17ba1cd [LEADER]: Connected to new peer: Peer: permanent_uuid: "d7fc0701f5aa4f759acf3c9a72178d0b" member_type: VOTER last_known_addr { host: "127.21.80.195" port: 34239 }, Status: LMP_MISMATCH, Last received: 0.0, Next index: 1, Last known committed idx: 0, Time since last communication: 0.000s
I20260713 09:07:15.011940 22516 raft_consensus.cc:515] T 917ca58de490498b8643e2c07ee68ca4 P c477fb897db34b17b81b4291e17ba1cd [term 2 FOLLOWER]: Starting forced leader election with config: opid_index: -1 OBSOLETE_local: false peers { permanent_uuid: "e7b74095d80e4c189f85abb911556963" member_type: VOTER last_known_addr { host: "127.21.80.193" port: 33999 } } peers { permanent_uuid: "c477fb897db34b17b81b4291e17ba1cd" member_type: VOTER last_known_addr { host: "127.21.80.194" port: 34857 } } peers { permanent_uuid: "d7fc0701f5aa4f759acf3c9a72178d0b" member_type: VOTER last_known_addr { host: "127.21.80.195" port: 34239 } }
I20260713 09:07:15.014957 22441 tablet_service.cc:1917] Received RequestConsensusVote() RPC: tablet_id: "917ca58de490498b8643e2c07ee68ca4" candidate_uuid: "c477fb897db34b17b81b4291e17ba1cd" candidate_term: 2 candidate_status { last_received { term: 1 index: 1 } } ignore_live_leader: true dest_uuid: "e7b74095d80e4c189f85abb911556963"
I20260713 09:07:15.015476 22441 raft_consensus.cc:3055] T 917ca58de490498b8643e2c07ee68ca4 P e7b74095d80e4c189f85abb911556963 [term 1 LEADER]: Stepping down as leader of term 1
I20260713 09:07:15.015762 22441 raft_consensus.cc:740] T 917ca58de490498b8643e2c07ee68ca4 P e7b74095d80e4c189f85abb911556963 [term 1 LEADER]: Becoming Follower/Learner. State: Replica: e7b74095d80e4c189f85abb911556963, State: Running, Role: LEADER
I20260713 09:07:15.016438 22441 consensus_queue.cc:260] T 917ca58de490498b8643e2c07ee68ca4 P e7b74095d80e4c189f85abb911556963 [NON_LEADER]: Queue going to NON_LEADER mode. State: All replicated index: 0, Majority replicated index: 1, Committed index: 1, Last appended: 1.1, Last appended by leader: 1, Current term: 1, Majority size: -1, State: 0, Mode: NON_LEADER, active raft config: opid_index: -1 OBSOLETE_local: false peers { permanent_uuid: "e7b74095d80e4c189f85abb911556963" member_type: VOTER last_known_addr { host: "127.21.80.193" port: 33999 } } peers { permanent_uuid: "c477fb897db34b17b81b4291e17ba1cd" member_type: VOTER last_known_addr { host: "127.21.80.194" port: 34857 } } peers { permanent_uuid: "d7fc0701f5aa4f759acf3c9a72178d0b" member_type: VOTER last_known_addr { host: "127.21.80.195" port: 34239 } }
I20260713 09:07:15.017436 22441 raft_consensus.cc:3060] T 917ca58de490498b8643e2c07ee68ca4 P e7b74095d80e4c189f85abb911556963 [term 1 FOLLOWER]: Advancing to term 2
I20260713 09:07:15.018097 22637 raft_consensus.cc:993] T 68bed6015df9476cafdbd2c7839eb9dc P d7fc0701f5aa4f759acf3c9a72178d0b: : Instructing follower c477fb897db34b17b81b4291e17ba1cd to start an election
I20260713 09:07:15.018539 22678 raft_consensus.cc:1081] T 68bed6015df9476cafdbd2c7839eb9dc P d7fc0701f5aa4f759acf3c9a72178d0b [term 1 LEADER]: Signalling peer c477fb897db34b17b81b4291e17ba1cd to start an election
I20260713 09:07:15.020175 22513 tablet_service.cc:2044] Received Run Leader Election RPC: tablet_id: "68bed6015df9476cafdbd2c7839eb9dc"
dest_uuid: "c477fb897db34b17b81b4291e17ba1cd"
 from {username='slave'} at 127.0.0.1:43544
I20260713 09:07:15.020669 22513 raft_consensus.cc:493] T 68bed6015df9476cafdbd2c7839eb9dc P c477fb897db34b17b81b4291e17ba1cd [term 1 FOLLOWER]: Starting forced leader election (received explicit request)
I20260713 09:07:15.021003 22513 raft_consensus.cc:3060] T 68bed6015df9476cafdbd2c7839eb9dc P c477fb897db34b17b81b4291e17ba1cd [term 1 FOLLOWER]: Advancing to term 2
I20260713 09:07:15.024474 22673 consensus_queue.cc:1048] T 6b9c587104cd4d19844436fa26f210e4 P c477fb897db34b17b81b4291e17ba1cd [LEADER]: Connected to new peer: Peer: permanent_uuid: "e7b74095d80e4c189f85abb911556963" member_type: VOTER last_known_addr { host: "127.21.80.193" port: 33999 }, Status: LMP_MISMATCH, Last received: 0.0, Next index: 1, Last known committed idx: 0, Time since last communication: 0.000s
I20260713 09:07:15.024881 22516 leader_election.cc:290] T 917ca58de490498b8643e2c07ee68ca4 P c477fb897db34b17b81b4291e17ba1cd [CANDIDATE]: Term 2 election: Requested vote from peers e7b74095d80e4c189f85abb911556963 (127.21.80.193:33999), d7fc0701f5aa4f759acf3c9a72178d0b (127.21.80.195:34239)
I20260713 09:07:15.029209 22590 tablet_service.cc:1917] Received RequestConsensusVote() RPC: tablet_id: "917ca58de490498b8643e2c07ee68ca4" candidate_uuid: "c477fb897db34b17b81b4291e17ba1cd" candidate_term: 2 candidate_status { last_received { term: 1 index: 1 } } ignore_live_leader: true dest_uuid: "d7fc0701f5aa4f759acf3c9a72178d0b"
I20260713 09:07:15.029718 22590 raft_consensus.cc:3060] T 917ca58de490498b8643e2c07ee68ca4 P d7fc0701f5aa4f759acf3c9a72178d0b [term 1 FOLLOWER]: Advancing to term 2
I20260713 09:07:15.028651 22441 raft_consensus.cc:2468] T 917ca58de490498b8643e2c07ee68ca4 P e7b74095d80e4c189f85abb911556963 [term 2 FOLLOWER]: Leader election vote request: Granting yes vote for candidate c477fb897db34b17b81b4291e17ba1cd in term 2.
I20260713 09:07:15.031113 22479 leader_election.cc:304] T 917ca58de490498b8643e2c07ee68ca4 P c477fb897db34b17b81b4291e17ba1cd [CANDIDATE]: Term 2 election: Election decided. Result: candidate won. Election summary: received 2 responses out of 3 voters: 2 yes votes; 0 no votes. yes voters: c477fb897db34b17b81b4291e17ba1cd, e7b74095d80e4c189f85abb911556963; no voters: 
I20260713 09:07:15.031865 22673 raft_consensus.cc:2804] T 917ca58de490498b8643e2c07ee68ca4 P c477fb897db34b17b81b4291e17ba1cd [term 2 FOLLOWER]: Leader election won for term 2
I20260713 09:07:15.032339 22673 raft_consensus.cc:697] T 917ca58de490498b8643e2c07ee68ca4 P c477fb897db34b17b81b4291e17ba1cd [term 2 LEADER]: Becoming Leader. State: Replica: c477fb897db34b17b81b4291e17ba1cd, State: Running, Role: LEADER
I20260713 09:07:15.033138 22673 consensus_queue.cc:237] T 917ca58de490498b8643e2c07ee68ca4 P c477fb897db34b17b81b4291e17ba1cd [LEADER]: Queue going to LEADER mode. State: All replicated index: 0, Majority replicated index: 1, Committed index: 1, Last appended: 1.1, Last appended by leader: 1, Current term: 2, Majority size: 2, State: 0, Mode: LEADER, active raft config: opid_index: -1 OBSOLETE_local: false peers { permanent_uuid: "e7b74095d80e4c189f85abb911556963" member_type: VOTER last_known_addr { host: "127.21.80.193" port: 33999 } } peers { permanent_uuid: "c477fb897db34b17b81b4291e17ba1cd" member_type: VOTER last_known_addr { host: "127.21.80.194" port: 34857 } } peers { permanent_uuid: "d7fc0701f5aa4f759acf3c9a72178d0b" member_type: VOTER last_known_addr { host: "127.21.80.195" port: 34239 } }
I20260713 09:07:15.036499 22516 raft_consensus.cc:1240] T eca3bcd9aacf4c7fb8f0611e8d09ea0a P c477fb897db34b17b81b4291e17ba1cd [term 2 FOLLOWER]: Rejecting Update request from peer e7b74095d80e4c189f85abb911556963 for earlier term 1. Current term is 2. Ops: []
I20260713 09:07:15.037658 22638 consensus_queue.cc:1059] T eca3bcd9aacf4c7fb8f0611e8d09ea0a P e7b74095d80e4c189f85abb911556963 [LEADER]: Peer responded invalid term: Peer: permanent_uuid: "c477fb897db34b17b81b4291e17ba1cd" member_type: VOTER last_known_addr { host: "127.21.80.194" port: 34857 }, Status: INVALID_TERM, Last received: 0.0, Next index: 1, Last known committed idx: 0, Time since last communication: 0.000s
I20260713 09:07:15.038367 22638 raft_consensus.cc:3055] T eca3bcd9aacf4c7fb8f0611e8d09ea0a P e7b74095d80e4c189f85abb911556963 [term 1 LEADER]: Stepping down as leader of term 1
I20260713 09:07:15.038267 22513 raft_consensus.cc:515] T 68bed6015df9476cafdbd2c7839eb9dc P c477fb897db34b17b81b4291e17ba1cd [term 2 FOLLOWER]: Starting forced leader election with config: opid_index: -1 OBSOLETE_local: false peers { permanent_uuid: "e7b74095d80e4c189f85abb911556963" member_type: VOTER last_known_addr { host: "127.21.80.193" port: 33999 } } peers { permanent_uuid: "c477fb897db34b17b81b4291e17ba1cd" member_type: VOTER last_known_addr { host: "127.21.80.194" port: 34857 } } peers { permanent_uuid: "d7fc0701f5aa4f759acf3c9a72178d0b" member_type: VOTER last_known_addr { host: "127.21.80.195" port: 34239 } }
I20260713 09:07:15.038750 22638 raft_consensus.cc:740] T eca3bcd9aacf4c7fb8f0611e8d09ea0a P e7b74095d80e4c189f85abb911556963 [term 1 LEADER]: Becoming Follower/Learner. State: Replica: e7b74095d80e4c189f85abb911556963, State: Running, Role: LEADER
I20260713 09:07:15.039534 22638 consensus_queue.cc:260] T eca3bcd9aacf4c7fb8f0611e8d09ea0a P e7b74095d80e4c189f85abb911556963 [NON_LEADER]: Queue going to NON_LEADER mode. State: All replicated index: 0, Majority replicated index: 0, Committed index: 0, Last appended: 1.1, Last appended by leader: 1, Current term: 1, Majority size: -1, State: 0, Mode: NON_LEADER, active raft config: opid_index: -1 OBSOLETE_local: false peers { permanent_uuid: "e7b74095d80e4c189f85abb911556963" member_type: VOTER last_known_addr { host: "127.21.80.193" port: 33999 } } peers { permanent_uuid: "c477fb897db34b17b81b4291e17ba1cd" member_type: VOTER last_known_addr { host: "127.21.80.194" port: 34857 } } peers { permanent_uuid: "d7fc0701f5aa4f759acf3c9a72178d0b" member_type: VOTER last_known_addr { host: "127.21.80.195" port: 34239 } }
I20260713 09:07:15.040814 22638 raft_consensus.cc:3060] T eca3bcd9aacf4c7fb8f0611e8d09ea0a P e7b74095d80e4c189f85abb911556963 [term 1 FOLLOWER]: Advancing to term 2
I20260713 09:07:15.043125 22590 raft_consensus.cc:2468] T 917ca58de490498b8643e2c07ee68ca4 P d7fc0701f5aa4f759acf3c9a72178d0b [term 2 FOLLOWER]: Leader election vote request: Granting yes vote for candidate c477fb897db34b17b81b4291e17ba1cd in term 2.
I20260713 09:07:15.047086 22441 tablet_service.cc:1917] Received RequestConsensusVote() RPC: tablet_id: "68bed6015df9476cafdbd2c7839eb9dc" candidate_uuid: "c477fb897db34b17b81b4291e17ba1cd" candidate_term: 2 candidate_status { last_received { term: 1 index: 1 } } ignore_live_leader: true dest_uuid: "e7b74095d80e4c189f85abb911556963"
I20260713 09:07:15.047308 22590 tablet_service.cc:1917] Received RequestConsensusVote() RPC: tablet_id: "68bed6015df9476cafdbd2c7839eb9dc" candidate_uuid: "c477fb897db34b17b81b4291e17ba1cd" candidate_term: 2 candidate_status { last_received { term: 1 index: 1 } } ignore_live_leader: true dest_uuid: "d7fc0701f5aa4f759acf3c9a72178d0b"
I20260713 09:07:15.047621 22441 raft_consensus.cc:3060] T 68bed6015df9476cafdbd2c7839eb9dc P e7b74095d80e4c189f85abb911556963 [term 1 FOLLOWER]: Advancing to term 2
I20260713 09:07:15.047789 22590 raft_consensus.cc:3055] T 68bed6015df9476cafdbd2c7839eb9dc P d7fc0701f5aa4f759acf3c9a72178d0b [term 1 LEADER]: Stepping down as leader of term 1
I20260713 09:07:15.048144 22590 raft_consensus.cc:740] T 68bed6015df9476cafdbd2c7839eb9dc P d7fc0701f5aa4f759acf3c9a72178d0b [term 1 LEADER]: Becoming Follower/Learner. State: Replica: d7fc0701f5aa4f759acf3c9a72178d0b, State: Running, Role: LEADER
I20260713 09:07:15.048873 22590 consensus_queue.cc:260] T 68bed6015df9476cafdbd2c7839eb9dc P d7fc0701f5aa4f759acf3c9a72178d0b [NON_LEADER]: Queue going to NON_LEADER mode. State: All replicated index: 0, Majority replicated index: 1, Committed index: 1, Last appended: 1.1, Last appended by leader: 1, Current term: 1, Majority size: -1, State: 0, Mode: NON_LEADER, active raft config: opid_index: -1 OBSOLETE_local: false peers { permanent_uuid: "e7b74095d80e4c189f85abb911556963" member_type: VOTER last_known_addr { host: "127.21.80.193" port: 33999 } } peers { permanent_uuid: "c477fb897db34b17b81b4291e17ba1cd" member_type: VOTER last_known_addr { host: "127.21.80.194" port: 34857 } } peers { permanent_uuid: "d7fc0701f5aa4f759acf3c9a72178d0b" member_type: VOTER last_known_addr { host: "127.21.80.195" port: 34239 } }
I20260713 09:07:15.049908 22590 raft_consensus.cc:3060] T 68bed6015df9476cafdbd2c7839eb9dc P d7fc0701f5aa4f759acf3c9a72178d0b [term 1 FOLLOWER]: Advancing to term 2
I20260713 09:07:15.051407 22513 leader_election.cc:290] T 68bed6015df9476cafdbd2c7839eb9dc P c477fb897db34b17b81b4291e17ba1cd [CANDIDATE]: Term 2 election: Requested vote from peers e7b74095d80e4c189f85abb911556963 (127.21.80.193:33999), d7fc0701f5aa4f759acf3c9a72178d0b (127.21.80.195:34239)
I20260713 09:07:15.053483 22441 raft_consensus.cc:2468] T 68bed6015df9476cafdbd2c7839eb9dc P e7b74095d80e4c189f85abb911556963 [term 2 FOLLOWER]: Leader election vote request: Granting yes vote for candidate c477fb897db34b17b81b4291e17ba1cd in term 2.
I20260713 09:07:15.054538 22479 leader_election.cc:304] T 68bed6015df9476cafdbd2c7839eb9dc P c477fb897db34b17b81b4291e17ba1cd [CANDIDATE]: Term 2 election: Election decided. Result: candidate won. Election summary: received 2 responses out of 3 voters: 2 yes votes; 0 no votes. yes voters: c477fb897db34b17b81b4291e17ba1cd, e7b74095d80e4c189f85abb911556963; no voters: 
I20260713 09:07:15.055819 22636 raft_consensus.cc:2804] T 68bed6015df9476cafdbd2c7839eb9dc P c477fb897db34b17b81b4291e17ba1cd [term 2 FOLLOWER]: Leader election won for term 2
I20260713 09:07:15.056293 22636 raft_consensus.cc:697] T 68bed6015df9476cafdbd2c7839eb9dc P c477fb897db34b17b81b4291e17ba1cd [term 2 LEADER]: Becoming Leader. State: Replica: c477fb897db34b17b81b4291e17ba1cd, State: Running, Role: LEADER
I20260713 09:07:15.057022 22636 consensus_queue.cc:237] T 68bed6015df9476cafdbd2c7839eb9dc P c477fb897db34b17b81b4291e17ba1cd [LEADER]: Queue going to LEADER mode. State: All replicated index: 0, Majority replicated index: 1, Committed index: 1, Last appended: 1.1, Last appended by leader: 1, Current term: 2, Majority size: 2, State: 0, Mode: LEADER, active raft config: opid_index: -1 OBSOLETE_local: false peers { permanent_uuid: "e7b74095d80e4c189f85abb911556963" member_type: VOTER last_known_addr { host: "127.21.80.193" port: 33999 } } peers { permanent_uuid: "c477fb897db34b17b81b4291e17ba1cd" member_type: VOTER last_known_addr { host: "127.21.80.194" port: 34857 } } peers { permanent_uuid: "d7fc0701f5aa4f759acf3c9a72178d0b" member_type: VOTER last_known_addr { host: "127.21.80.195" port: 34239 } }
I20260713 09:07:15.062422 22337 catalog_manager.cc:5697] T 917ca58de490498b8643e2c07ee68ca4 P c477fb897db34b17b81b4291e17ba1cd reported cstate change: term changed from 1 to 2, leader changed from e7b74095d80e4c189f85abb911556963 (127.21.80.193) to c477fb897db34b17b81b4291e17ba1cd (127.21.80.194). New cstate: current_term: 2 leader_uuid: "c477fb897db34b17b81b4291e17ba1cd" committed_config { opid_index: -1 OBSOLETE_local: false peers { permanent_uuid: "e7b74095d80e4c189f85abb911556963" member_type: VOTER last_known_addr { host: "127.21.80.193" port: 33999 } health_report { overall_health: UNKNOWN } } peers { permanent_uuid: "c477fb897db34b17b81b4291e17ba1cd" member_type: VOTER last_known_addr { host: "127.21.80.194" port: 34857 } health_report { overall_health: HEALTHY } } peers { permanent_uuid: "d7fc0701f5aa4f759acf3c9a72178d0b" member_type: VOTER last_known_addr { host: "127.21.80.195" port: 34239 } health_report { overall_health: UNKNOWN } } }
I20260713 09:07:15.063575 22590 raft_consensus.cc:2468] T 68bed6015df9476cafdbd2c7839eb9dc P d7fc0701f5aa4f759acf3c9a72178d0b [term 2 FOLLOWER]: Leader election vote request: Granting yes vote for candidate c477fb897db34b17b81b4291e17ba1cd in term 2.
I20260713 09:07:15.076969 22337 catalog_manager.cc:5697] T 68bed6015df9476cafdbd2c7839eb9dc P c477fb897db34b17b81b4291e17ba1cd reported cstate change: term changed from 1 to 2, leader changed from d7fc0701f5aa4f759acf3c9a72178d0b (127.21.80.195) to c477fb897db34b17b81b4291e17ba1cd (127.21.80.194). New cstate: current_term: 2 leader_uuid: "c477fb897db34b17b81b4291e17ba1cd" committed_config { opid_index: -1 OBSOLETE_local: false peers { permanent_uuid: "e7b74095d80e4c189f85abb911556963" member_type: VOTER last_known_addr { host: "127.21.80.193" port: 33999 } health_report { overall_health: UNKNOWN } } peers { permanent_uuid: "c477fb897db34b17b81b4291e17ba1cd" member_type: VOTER last_known_addr { host: "127.21.80.194" port: 34857 } health_report { overall_health: HEALTHY } } peers { permanent_uuid: "d7fc0701f5aa4f759acf3c9a72178d0b" member_type: VOTER last_known_addr { host: "127.21.80.195" port: 34239 } health_report { overall_health: UNKNOWN } } }
I20260713 09:07:15.109959 22636 consensus_queue.cc:1048] T 96bb22280ce54d9487db7d5ada6a4b40 P c477fb897db34b17b81b4291e17ba1cd [LEADER]: Connected to new peer: Peer: permanent_uuid: "e7b74095d80e4c189f85abb911556963" member_type: VOTER last_known_addr { host: "127.21.80.193" port: 33999 }, Status: LMP_MISMATCH, Last received: 0.0, Next index: 1, Last known committed idx: 0, Time since last communication: 0.000s
I20260713 09:07:15.119510 22673 consensus_queue.cc:1048] T 96bb22280ce54d9487db7d5ada6a4b40 P c477fb897db34b17b81b4291e17ba1cd [LEADER]: Connected to new peer: Peer: permanent_uuid: "d7fc0701f5aa4f759acf3c9a72178d0b" member_type: VOTER last_known_addr { host: "127.21.80.195" port: 34239 }, Status: LMP_MISMATCH, Last received: 0.0, Next index: 1, Last known committed idx: 0, Time since last communication: 0.000s
I20260713 09:07:15.125679 22670 raft_consensus.cc:993] T 96bb22280ce54d9487db7d5ada6a4b40 P c477fb897db34b17b81b4291e17ba1cd: : Instructing follower d7fc0701f5aa4f759acf3c9a72178d0b to start an election
I20260713 09:07:15.126039 22673 raft_consensus.cc:1081] T 96bb22280ce54d9487db7d5ada6a4b40 P c477fb897db34b17b81b4291e17ba1cd [term 1 LEADER]: Signalling peer d7fc0701f5aa4f759acf3c9a72178d0b to start an election
I20260713 09:07:15.127261 22589 tablet_service.cc:2044] Received Run Leader Election RPC: tablet_id: "96bb22280ce54d9487db7d5ada6a4b40"
dest_uuid: "d7fc0701f5aa4f759acf3c9a72178d0b"
 from {username='slave'} at 127.0.0.1:59910
I20260713 09:07:15.127657 22589 raft_consensus.cc:493] T 96bb22280ce54d9487db7d5ada6a4b40 P d7fc0701f5aa4f759acf3c9a72178d0b [term 1 FOLLOWER]: Starting forced leader election (received explicit request)
I20260713 09:07:15.127909 22589 raft_consensus.cc:3060] T 96bb22280ce54d9487db7d5ada6a4b40 P d7fc0701f5aa4f759acf3c9a72178d0b [term 1 FOLLOWER]: Advancing to term 2
I20260713 09:07:15.132566 22589 raft_consensus.cc:515] T 96bb22280ce54d9487db7d5ada6a4b40 P d7fc0701f5aa4f759acf3c9a72178d0b [term 2 FOLLOWER]: Starting forced leader election with config: opid_index: -1 OBSOLETE_local: false peers { permanent_uuid: "e7b74095d80e4c189f85abb911556963" member_type: VOTER last_known_addr { host: "127.21.80.193" port: 33999 } } peers { permanent_uuid: "c477fb897db34b17b81b4291e17ba1cd" member_type: VOTER last_known_addr { host: "127.21.80.194" port: 34857 } } peers { permanent_uuid: "d7fc0701f5aa4f759acf3c9a72178d0b" member_type: VOTER last_known_addr { host: "127.21.80.195" port: 34239 } }
I20260713 09:07:15.133195 22674 consensus_queue.cc:1048] T 32ef673779bf4cb481a77eb88bcb1238 P d7fc0701f5aa4f759acf3c9a72178d0b [LEADER]: Connected to new peer: Peer: permanent_uuid: "c477fb897db34b17b81b4291e17ba1cd" member_type: VOTER last_known_addr { host: "127.21.80.194" port: 34857 }, Status: LMP_MISMATCH, Last received: 0.0, Next index: 1, Last known committed idx: 0, Time since last communication: 0.000s
I20260713 09:07:15.134936 22440 tablet_service.cc:1917] Received RequestConsensusVote() RPC: tablet_id: "96bb22280ce54d9487db7d5ada6a4b40" candidate_uuid: "d7fc0701f5aa4f759acf3c9a72178d0b" candidate_term: 2 candidate_status { last_received { term: 1 index: 1 } } ignore_live_leader: true dest_uuid: "e7b74095d80e4c189f85abb911556963"
I20260713 09:07:15.135138 22589 leader_election.cc:290] T 96bb22280ce54d9487db7d5ada6a4b40 P d7fc0701f5aa4f759acf3c9a72178d0b [CANDIDATE]: Term 2 election: Requested vote from peers e7b74095d80e4c189f85abb911556963 (127.21.80.193:33999), c477fb897db34b17b81b4291e17ba1cd (127.21.80.194:34857)
I20260713 09:07:15.135560 22440 raft_consensus.cc:3060] T 96bb22280ce54d9487db7d5ada6a4b40 P e7b74095d80e4c189f85abb911556963 [term 1 FOLLOWER]: Advancing to term 2
I20260713 09:07:15.137105 22516 tablet_service.cc:1917] Received RequestConsensusVote() RPC: tablet_id: "96bb22280ce54d9487db7d5ada6a4b40" candidate_uuid: "d7fc0701f5aa4f759acf3c9a72178d0b" candidate_term: 2 candidate_status { last_received { term: 1 index: 1 } } ignore_live_leader: true dest_uuid: "c477fb897db34b17b81b4291e17ba1cd"
I20260713 09:07:15.137650 22516 raft_consensus.cc:3055] T 96bb22280ce54d9487db7d5ada6a4b40 P c477fb897db34b17b81b4291e17ba1cd [term 1 LEADER]: Stepping down as leader of term 1
I20260713 09:07:15.138005 22516 raft_consensus.cc:740] T 96bb22280ce54d9487db7d5ada6a4b40 P c477fb897db34b17b81b4291e17ba1cd [term 1 LEADER]: Becoming Follower/Learner. State: Replica: c477fb897db34b17b81b4291e17ba1cd, State: Running, Role: LEADER
I20260713 09:07:15.138767 22516 consensus_queue.cc:260] T 96bb22280ce54d9487db7d5ada6a4b40 P c477fb897db34b17b81b4291e17ba1cd [NON_LEADER]: Queue going to NON_LEADER mode. State: All replicated index: 0, Majority replicated index: 1, Committed index: 1, Last appended: 1.1, Last appended by leader: 1, Current term: 1, Majority size: -1, State: 0, Mode: NON_LEADER, active raft config: opid_index: -1 OBSOLETE_local: false peers { permanent_uuid: "e7b74095d80e4c189f85abb911556963" member_type: VOTER last_known_addr { host: "127.21.80.193" port: 33999 } } peers { permanent_uuid: "c477fb897db34b17b81b4291e17ba1cd" member_type: VOTER last_known_addr { host: "127.21.80.194" port: 34857 } } peers { permanent_uuid: "d7fc0701f5aa4f759acf3c9a72178d0b" member_type: VOTER last_known_addr { host: "127.21.80.195" port: 34239 } }
I20260713 09:07:15.139854 22516 raft_consensus.cc:3060] T 96bb22280ce54d9487db7d5ada6a4b40 P c477fb897db34b17b81b4291e17ba1cd [term 1 FOLLOWER]: Advancing to term 2
I20260713 09:07:15.140956 22440 raft_consensus.cc:2468] T 96bb22280ce54d9487db7d5ada6a4b40 P e7b74095d80e4c189f85abb911556963 [term 2 FOLLOWER]: Leader election vote request: Granting yes vote for candidate d7fc0701f5aa4f759acf3c9a72178d0b in term 2.
I20260713 09:07:15.141801 22553 leader_election.cc:304] T 96bb22280ce54d9487db7d5ada6a4b40 P d7fc0701f5aa4f759acf3c9a72178d0b [CANDIDATE]: Term 2 election: Election decided. Result: candidate won. Election summary: received 2 responses out of 3 voters: 2 yes votes; 0 no votes. yes voters: d7fc0701f5aa4f759acf3c9a72178d0b, e7b74095d80e4c189f85abb911556963; no voters: 
I20260713 09:07:15.142489 22674 raft_consensus.cc:2804] T 96bb22280ce54d9487db7d5ada6a4b40 P d7fc0701f5aa4f759acf3c9a72178d0b [term 2 FOLLOWER]: Leader election won for term 2
I20260713 09:07:15.142901 22674 raft_consensus.cc:697] T 96bb22280ce54d9487db7d5ada6a4b40 P d7fc0701f5aa4f759acf3c9a72178d0b [term 2 LEADER]: Becoming Leader. State: Replica: d7fc0701f5aa4f759acf3c9a72178d0b, State: Running, Role: LEADER
I20260713 09:07:15.143842 22674 consensus_queue.cc:237] T 96bb22280ce54d9487db7d5ada6a4b40 P d7fc0701f5aa4f759acf3c9a72178d0b [LEADER]: Queue going to LEADER mode. State: All replicated index: 0, Majority replicated index: 1, Committed index: 1, Last appended: 1.1, Last appended by leader: 1, Current term: 2, Majority size: 2, State: 0, Mode: LEADER, active raft config: opid_index: -1 OBSOLETE_local: false peers { permanent_uuid: "e7b74095d80e4c189f85abb911556963" member_type: VOTER last_known_addr { host: "127.21.80.193" port: 33999 } } peers { permanent_uuid: "c477fb897db34b17b81b4291e17ba1cd" member_type: VOTER last_known_addr { host: "127.21.80.194" port: 34857 } } peers { permanent_uuid: "d7fc0701f5aa4f759acf3c9a72178d0b" member_type: VOTER last_known_addr { host: "127.21.80.195" port: 34239 } }
I20260713 09:07:15.151051 22674 consensus_queue.cc:1048] T 32ef673779bf4cb481a77eb88bcb1238 P d7fc0701f5aa4f759acf3c9a72178d0b [LEADER]: Connected to new peer: Peer: permanent_uuid: "e7b74095d80e4c189f85abb911556963" member_type: VOTER last_known_addr { host: "127.21.80.193" port: 33999 }, Status: LMP_MISMATCH, Last received: 0.0, Next index: 1, Last known committed idx: 0, Time since last communication: 0.000s
I20260713 09:07:15.153712 22516 raft_consensus.cc:2468] T 96bb22280ce54d9487db7d5ada6a4b40 P c477fb897db34b17b81b4291e17ba1cd [term 2 FOLLOWER]: Leader election vote request: Granting yes vote for candidate d7fc0701f5aa4f759acf3c9a72178d0b in term 2.
I20260713 09:07:15.156713 22337 catalog_manager.cc:5697] T 96bb22280ce54d9487db7d5ada6a4b40 P d7fc0701f5aa4f759acf3c9a72178d0b reported cstate change: term changed from 1 to 2, leader changed from c477fb897db34b17b81b4291e17ba1cd (127.21.80.194) to d7fc0701f5aa4f759acf3c9a72178d0b (127.21.80.195). New cstate: current_term: 2 leader_uuid: "d7fc0701f5aa4f759acf3c9a72178d0b" committed_config { opid_index: -1 OBSOLETE_local: false peers { permanent_uuid: "e7b74095d80e4c189f85abb911556963" member_type: VOTER last_known_addr { host: "127.21.80.193" port: 33999 } health_report { overall_health: UNKNOWN } } peers { permanent_uuid: "c477fb897db34b17b81b4291e17ba1cd" member_type: VOTER last_known_addr { host: "127.21.80.194" port: 34857 } health_report { overall_health: UNKNOWN } } peers { permanent_uuid: "d7fc0701f5aa4f759acf3c9a72178d0b" member_type: VOTER last_known_addr { host: "127.21.80.195" port: 34239 } health_report { overall_health: HEALTHY } } }
I20260713 09:07:15.165768 22678 raft_consensus.cc:993] T 32ef673779bf4cb481a77eb88bcb1238 P d7fc0701f5aa4f759acf3c9a72178d0b: : Instructing follower e7b74095d80e4c189f85abb911556963 to start an election
I20260713 09:07:15.166100 22716 raft_consensus.cc:1081] T 32ef673779bf4cb481a77eb88bcb1238 P d7fc0701f5aa4f759acf3c9a72178d0b [term 1 LEADER]: Signalling peer e7b74095d80e4c189f85abb911556963 to start an election
I20260713 09:07:15.168517 22440 tablet_service.cc:2044] Received Run Leader Election RPC: tablet_id: "32ef673779bf4cb481a77eb88bcb1238"
dest_uuid: "e7b74095d80e4c189f85abb911556963"
 from {username='slave'} at 127.0.0.1:49420
I20260713 09:07:15.168936 22440 raft_consensus.cc:493] T 32ef673779bf4cb481a77eb88bcb1238 P e7b74095d80e4c189f85abb911556963 [term 1 FOLLOWER]: Starting forced leader election (received explicit request)
I20260713 09:07:15.169205 22440 raft_consensus.cc:3060] T 32ef673779bf4cb481a77eb88bcb1238 P e7b74095d80e4c189f85abb911556963 [term 1 FOLLOWER]: Advancing to term 2
I20260713 09:07:15.174474 22440 raft_consensus.cc:515] T 32ef673779bf4cb481a77eb88bcb1238 P e7b74095d80e4c189f85abb911556963 [term 2 FOLLOWER]: Starting forced leader election with config: opid_index: -1 OBSOLETE_local: false peers { permanent_uuid: "e7b74095d80e4c189f85abb911556963" member_type: VOTER last_known_addr { host: "127.21.80.193" port: 33999 } } peers { permanent_uuid: "c477fb897db34b17b81b4291e17ba1cd" member_type: VOTER last_known_addr { host: "127.21.80.194" port: 34857 } } peers { permanent_uuid: "d7fc0701f5aa4f759acf3c9a72178d0b" member_type: VOTER last_known_addr { host: "127.21.80.195" port: 34239 } }
I20260713 09:07:15.175885 22440 leader_election.cc:290] T 32ef673779bf4cb481a77eb88bcb1238 P e7b74095d80e4c189f85abb911556963 [CANDIDATE]: Term 2 election: Requested vote from peers c477fb897db34b17b81b4291e17ba1cd (127.21.80.194:34857), d7fc0701f5aa4f759acf3c9a72178d0b (127.21.80.195:34239)
I20260713 09:07:15.176599 22516 tablet_service.cc:1917] Received RequestConsensusVote() RPC: tablet_id: "32ef673779bf4cb481a77eb88bcb1238" candidate_uuid: "e7b74095d80e4c189f85abb911556963" candidate_term: 2 candidate_status { last_received { term: 1 index: 1 } } ignore_live_leader: true dest_uuid: "c477fb897db34b17b81b4291e17ba1cd"
I20260713 09:07:15.176901 22589 tablet_service.cc:1917] Received RequestConsensusVote() RPC: tablet_id: "32ef673779bf4cb481a77eb88bcb1238" candidate_uuid: "e7b74095d80e4c189f85abb911556963" candidate_term: 2 candidate_status { last_received { term: 1 index: 1 } } ignore_live_leader: true dest_uuid: "d7fc0701f5aa4f759acf3c9a72178d0b"
I20260713 09:07:15.177032 22516 raft_consensus.cc:3060] T 32ef673779bf4cb481a77eb88bcb1238 P c477fb897db34b17b81b4291e17ba1cd [term 1 FOLLOWER]: Advancing to term 2
I20260713 09:07:15.177415 22589 raft_consensus.cc:3055] T 32ef673779bf4cb481a77eb88bcb1238 P d7fc0701f5aa4f759acf3c9a72178d0b [term 1 LEADER]: Stepping down as leader of term 1
I20260713 09:07:15.177742 22589 raft_consensus.cc:740] T 32ef673779bf4cb481a77eb88bcb1238 P d7fc0701f5aa4f759acf3c9a72178d0b [term 1 LEADER]: Becoming Follower/Learner. State: Replica: d7fc0701f5aa4f759acf3c9a72178d0b, State: Running, Role: LEADER
I20260713 09:07:15.178341 22589 consensus_queue.cc:260] T 32ef673779bf4cb481a77eb88bcb1238 P d7fc0701f5aa4f759acf3c9a72178d0b [NON_LEADER]: Queue going to NON_LEADER mode. State: All replicated index: 0, Majority replicated index: 1, Committed index: 1, Last appended: 1.1, Last appended by leader: 1, Current term: 1, Majority size: -1, State: 0, Mode: NON_LEADER, active raft config: opid_index: -1 OBSOLETE_local: false peers { permanent_uuid: "e7b74095d80e4c189f85abb911556963" member_type: VOTER last_known_addr { host: "127.21.80.193" port: 33999 } } peers { permanent_uuid: "c477fb897db34b17b81b4291e17ba1cd" member_type: VOTER last_known_addr { host: "127.21.80.194" port: 34857 } } peers { permanent_uuid: "d7fc0701f5aa4f759acf3c9a72178d0b" member_type: VOTER last_known_addr { host: "127.21.80.195" port: 34239 } }
I20260713 09:07:15.179193 22589 raft_consensus.cc:3060] T 32ef673779bf4cb481a77eb88bcb1238 P d7fc0701f5aa4f759acf3c9a72178d0b [term 1 FOLLOWER]: Advancing to term 2
I20260713 09:07:15.182039 22516 raft_consensus.cc:2468] T 32ef673779bf4cb481a77eb88bcb1238 P c477fb897db34b17b81b4291e17ba1cd [term 2 FOLLOWER]: Leader election vote request: Granting yes vote for candidate e7b74095d80e4c189f85abb911556963 in term 2.
I20260713 09:07:15.182969 22406 leader_election.cc:304] T 32ef673779bf4cb481a77eb88bcb1238 P e7b74095d80e4c189f85abb911556963 [CANDIDATE]: Term 2 election: Election decided. Result: candidate won. Election summary: received 2 responses out of 3 voters: 2 yes votes; 0 no votes. yes voters: c477fb897db34b17b81b4291e17ba1cd, e7b74095d80e4c189f85abb911556963; no voters: 
I20260713 09:07:15.183663 22669 raft_consensus.cc:2804] T 32ef673779bf4cb481a77eb88bcb1238 P e7b74095d80e4c189f85abb911556963 [term 2 FOLLOWER]: Leader election won for term 2
I20260713 09:07:15.183646 22589 raft_consensus.cc:2468] T 32ef673779bf4cb481a77eb88bcb1238 P d7fc0701f5aa4f759acf3c9a72178d0b [term 2 FOLLOWER]: Leader election vote request: Granting yes vote for candidate e7b74095d80e4c189f85abb911556963 in term 2.
I20260713 09:07:15.184151 22669 raft_consensus.cc:697] T 32ef673779bf4cb481a77eb88bcb1238 P e7b74095d80e4c189f85abb911556963 [term 2 LEADER]: Becoming Leader. State: Replica: e7b74095d80e4c189f85abb911556963, State: Running, Role: LEADER
I20260713 09:07:15.184820 22669 consensus_queue.cc:237] T 32ef673779bf4cb481a77eb88bcb1238 P e7b74095d80e4c189f85abb911556963 [LEADER]: Queue going to LEADER mode. State: All replicated index: 0, Majority replicated index: 1, Committed index: 1, Last appended: 1.1, Last appended by leader: 1, Current term: 2, Majority size: 2, State: 0, Mode: LEADER, active raft config: opid_index: -1 OBSOLETE_local: false peers { permanent_uuid: "e7b74095d80e4c189f85abb911556963" member_type: VOTER last_known_addr { host: "127.21.80.193" port: 33999 } } peers { permanent_uuid: "c477fb897db34b17b81b4291e17ba1cd" member_type: VOTER last_known_addr { host: "127.21.80.194" port: 34857 } } peers { permanent_uuid: "d7fc0701f5aa4f759acf3c9a72178d0b" member_type: VOTER last_known_addr { host: "127.21.80.195" port: 34239 } }
I20260713 09:07:15.190812 22516 raft_consensus.cc:1275] T eca3bcd9aacf4c7fb8f0611e8d09ea0a P c477fb897db34b17b81b4291e17ba1cd [term 2 FOLLOWER]: Refusing update from remote peer d7fc0701f5aa4f759acf3c9a72178d0b: Log matching property violated. Preceding OpId in replica: term: 0 index: 0. Preceding OpId from leader: term: 2 index: 1. (index mismatch)
I20260713 09:07:15.190481 22338 catalog_manager.cc:5697] T 32ef673779bf4cb481a77eb88bcb1238 P e7b74095d80e4c189f85abb911556963 reported cstate change: term changed from 1 to 2, leader changed from d7fc0701f5aa4f759acf3c9a72178d0b (127.21.80.195) to e7b74095d80e4c189f85abb911556963 (127.21.80.193). New cstate: current_term: 2 leader_uuid: "e7b74095d80e4c189f85abb911556963" committed_config { opid_index: -1 OBSOLETE_local: false peers { permanent_uuid: "e7b74095d80e4c189f85abb911556963" member_type: VOTER last_known_addr { host: "127.21.80.193" port: 33999 } health_report { overall_health: HEALTHY } } peers { permanent_uuid: "c477fb897db34b17b81b4291e17ba1cd" member_type: VOTER last_known_addr { host: "127.21.80.194" port: 34857 } health_report { overall_health: UNKNOWN } } peers { permanent_uuid: "d7fc0701f5aa4f759acf3c9a72178d0b" member_type: VOTER last_known_addr { host: "127.21.80.195" port: 34239 } health_report { overall_health: UNKNOWN } } }
I20260713 09:07:15.191802 22716 consensus_queue.cc:1048] T eca3bcd9aacf4c7fb8f0611e8d09ea0a P d7fc0701f5aa4f759acf3c9a72178d0b [LEADER]: Connected to new peer: Peer: permanent_uuid: "c477fb897db34b17b81b4291e17ba1cd" member_type: VOTER last_known_addr { host: "127.21.80.194" port: 34857 }, Status: LMP_MISMATCH, Last received: 0.0, Next index: 1, Last known committed idx: 0, Time since last communication: 0.000s
I20260713 09:07:15.197932 22678 raft_consensus.cc:993] T eca3bcd9aacf4c7fb8f0611e8d09ea0a P d7fc0701f5aa4f759acf3c9a72178d0b: : Instructing follower c477fb897db34b17b81b4291e17ba1cd to start an election
I20260713 09:07:15.198345 22637 raft_consensus.cc:1081] T eca3bcd9aacf4c7fb8f0611e8d09ea0a P d7fc0701f5aa4f759acf3c9a72178d0b [term 2 LEADER]: Signalling peer c477fb897db34b17b81b4291e17ba1cd to start an election
I20260713 09:07:15.202831 22513 tablet_service.cc:2044] Received Run Leader Election RPC: tablet_id: "eca3bcd9aacf4c7fb8f0611e8d09ea0a"
dest_uuid: "c477fb897db34b17b81b4291e17ba1cd"
 from {username='slave'} at 127.0.0.1:43544
I20260713 09:07:15.203073 22440 raft_consensus.cc:1275] T eca3bcd9aacf4c7fb8f0611e8d09ea0a P e7b74095d80e4c189f85abb911556963 [term 2 FOLLOWER]: Refusing update from remote peer d7fc0701f5aa4f759acf3c9a72178d0b: Log matching property violated. Preceding OpId in replica: term: 1 index: 1. Preceding OpId from leader: term: 2 index: 1. (term mismatch)
I20260713 09:07:15.203328 22513 raft_consensus.cc:493] T eca3bcd9aacf4c7fb8f0611e8d09ea0a P c477fb897db34b17b81b4291e17ba1cd [term 2 FOLLOWER]: Starting forced leader election (received explicit request)
I20260713 09:07:15.203531 22440 pending_rounds.cc:85] T eca3bcd9aacf4c7fb8f0611e8d09ea0a P e7b74095d80e4c189f85abb911556963: Aborting all ops after (but not including) 0
I20260713 09:07:15.203795 22513 raft_consensus.cc:3060] T eca3bcd9aacf4c7fb8f0611e8d09ea0a P c477fb897db34b17b81b4291e17ba1cd [term 2 FOLLOWER]: Advancing to term 3
I20260713 09:07:15.203933 22440 pending_rounds.cc:107] T eca3bcd9aacf4c7fb8f0611e8d09ea0a P e7b74095d80e4c189f85abb911556963: Aborting uncommitted NO_OP operation due to leader change: 1.1
I20260713 09:07:15.204392 22440 raft_consensus.cc:2889] T eca3bcd9aacf4c7fb8f0611e8d09ea0a P e7b74095d80e4c189f85abb911556963 [term 2 FOLLOWER]: NO_OP replication failed: Aborted: Op aborted by new leader
I20260713 09:07:15.206211 22637 consensus_queue.cc:1048] T eca3bcd9aacf4c7fb8f0611e8d09ea0a P d7fc0701f5aa4f759acf3c9a72178d0b [LEADER]: Connected to new peer: Peer: permanent_uuid: "e7b74095d80e4c189f85abb911556963" member_type: VOTER last_known_addr { host: "127.21.80.193" port: 33999 }, Status: LMP_MISMATCH, Last received: 0.0, Next index: 1, Last known committed idx: 0, Time since last communication: 0.000s
I20260713 09:07:15.210913 22513 raft_consensus.cc:515] T eca3bcd9aacf4c7fb8f0611e8d09ea0a P c477fb897db34b17b81b4291e17ba1cd [term 3 FOLLOWER]: Starting forced leader election with config: opid_index: -1 OBSOLETE_local: false peers { permanent_uuid: "e7b74095d80e4c189f85abb911556963" member_type: VOTER last_known_addr { host: "127.21.80.193" port: 33999 } } peers { permanent_uuid: "c477fb897db34b17b81b4291e17ba1cd" member_type: VOTER last_known_addr { host: "127.21.80.194" port: 34857 } } peers { permanent_uuid: "d7fc0701f5aa4f759acf3c9a72178d0b" member_type: VOTER last_known_addr { host: "127.21.80.195" port: 34239 } }
I20260713 09:07:15.213145 22440 tablet_service.cc:1917] Received RequestConsensusVote() RPC: tablet_id: "eca3bcd9aacf4c7fb8f0611e8d09ea0a" candidate_uuid: "c477fb897db34b17b81b4291e17ba1cd" candidate_term: 3 candidate_status { last_received { term: 2 index: 1 } } ignore_live_leader: true dest_uuid: "e7b74095d80e4c189f85abb911556963"
I20260713 09:07:15.213414 22513 leader_election.cc:290] T eca3bcd9aacf4c7fb8f0611e8d09ea0a P c477fb897db34b17b81b4291e17ba1cd [CANDIDATE]: Term 3 election: Requested vote from peers e7b74095d80e4c189f85abb911556963 (127.21.80.193:33999), d7fc0701f5aa4f759acf3c9a72178d0b (127.21.80.195:34239)
I20260713 09:07:15.213608 22440 raft_consensus.cc:3060] T eca3bcd9aacf4c7fb8f0611e8d09ea0a P e7b74095d80e4c189f85abb911556963 [term 2 FOLLOWER]: Advancing to term 3
I20260713 09:07:15.213670 22589 tablet_service.cc:1917] Received RequestConsensusVote() RPC: tablet_id: "eca3bcd9aacf4c7fb8f0611e8d09ea0a" candidate_uuid: "c477fb897db34b17b81b4291e17ba1cd" candidate_term: 3 candidate_status { last_received { term: 2 index: 1 } } ignore_live_leader: true dest_uuid: "d7fc0701f5aa4f759acf3c9a72178d0b"
I20260713 09:07:15.214349 22589 raft_consensus.cc:3055] T eca3bcd9aacf4c7fb8f0611e8d09ea0a P d7fc0701f5aa4f759acf3c9a72178d0b [term 2 LEADER]: Stepping down as leader of term 2
I20260713 09:07:15.214650 22589 raft_consensus.cc:740] T eca3bcd9aacf4c7fb8f0611e8d09ea0a P d7fc0701f5aa4f759acf3c9a72178d0b [term 2 LEADER]: Becoming Follower/Learner. State: Replica: d7fc0701f5aa4f759acf3c9a72178d0b, State: Running, Role: LEADER
I20260713 09:07:15.215485 22589 consensus_queue.cc:260] T eca3bcd9aacf4c7fb8f0611e8d09ea0a P d7fc0701f5aa4f759acf3c9a72178d0b [NON_LEADER]: Queue going to NON_LEADER mode. State: All replicated index: 0, Majority replicated index: 1, Committed index: 1, Last appended: 2.1, Last appended by leader: 1, Current term: 2, Majority size: -1, State: 0, Mode: NON_LEADER, active raft config: opid_index: -1 OBSOLETE_local: false peers { permanent_uuid: "e7b74095d80e4c189f85abb911556963" member_type: VOTER last_known_addr { host: "127.21.80.193" port: 33999 } } peers { permanent_uuid: "c477fb897db34b17b81b4291e17ba1cd" member_type: VOTER last_known_addr { host: "127.21.80.194" port: 34857 } } peers { permanent_uuid: "d7fc0701f5aa4f759acf3c9a72178d0b" member_type: VOTER last_known_addr { host: "127.21.80.195" port: 34239 } }
I20260713 09:07:15.216600 22589 raft_consensus.cc:3060] T eca3bcd9aacf4c7fb8f0611e8d09ea0a P d7fc0701f5aa4f759acf3c9a72178d0b [term 2 FOLLOWER]: Advancing to term 3
I20260713 09:07:15.219643 22440 raft_consensus.cc:2468] T eca3bcd9aacf4c7fb8f0611e8d09ea0a P e7b74095d80e4c189f85abb911556963 [term 3 FOLLOWER]: Leader election vote request: Granting yes vote for candidate c477fb897db34b17b81b4291e17ba1cd in term 3.
I20260713 09:07:15.220629 22479 leader_election.cc:304] T eca3bcd9aacf4c7fb8f0611e8d09ea0a P c477fb897db34b17b81b4291e17ba1cd [CANDIDATE]: Term 3 election: Election decided. Result: candidate won. Election summary: received 2 responses out of 3 voters: 2 yes votes; 0 no votes. yes voters: c477fb897db34b17b81b4291e17ba1cd, e7b74095d80e4c189f85abb911556963; no voters: 
I20260713 09:07:15.221338 22673 raft_consensus.cc:2804] T eca3bcd9aacf4c7fb8f0611e8d09ea0a P c477fb897db34b17b81b4291e17ba1cd [term 3 FOLLOWER]: Leader election won for term 3
