W20260713 09:07:23.620746 22951 instance_detector.cc:116] could not retrieve OpenStack instance metadata: Network error: curl error: HTTP response code said error: The requested URL returned error: 404
I20260713 09:07:23.621387 21827 server_base.cc:1061] running on GCE node
I20260713 09:07:23.622314 21827 hybrid_clock.cc:584] initializing the hybrid clock with 'system_unsync' time source
W20260713 09:07:23.622495 21827 system_unsync_time.cc:38] NTP support is disabled. Clock error bounds will not be accurate. This configuration is not suitable for distributed clusters.
I20260713 09:07:23.622646 21827 hybrid_clock.cc:648] HybridClock initialized: now 1783933643622629 us; error 0 us; skew 500 ppm
I20260713 09:07:23.623171 21827 server_base.cc:861] Flag tcmalloc_max_total_thread_cache_bytes is not working since tcmalloc is not enabled.
I20260713 09:07:23.625608 21827 webserver.cc:533] Webserver started at http://127.21.80.194:36485/ using document root <none> and password file <none>
I20260713 09:07:23.626103 21827 fs_manager.cc:362] Metadata directory not provided
I20260713 09:07:23.626334 21827 fs_manager.cc:368] Using write-ahead log directory (fs_wal_dir) as metadata directory
I20260713 09:07:23.626380 22944 heartbeater.cc:344] Connected to a master server at 127.21.80.254:38109
I20260713 09:07:23.626600 21827 server_base.cc:909] This appears to be a new deployment of Kudu; creating new FS layout
I20260713 09:07:23.626758 22944 heartbeater.cc:461] Registering TS with master...
I20260713 09:07:23.627421 22944 heartbeater.cc:507] Master 127.21.80.254:38109 requested a full tablet report, sending...
I20260713 09:07:23.627750 21827 fs_manager.cc:1068] Generated new instance metadata in path /tmp/dist-test-taskLkug9J/test-tmp/auto_leader_rebalancer-test.0.LeaderRebalancerTest.AddTserver.1783933621072251-21827-0/minicluster-data/ts-1-root/instance:
uuid: "133a04411c854d81b3b2b069392cb20c"
format_stamp: "Formatted at 2026-07-13 09:07:23 on dist-test-slave-hl6b"
I20260713 09:07:23.629292 22817 ts_manager.cc:194] Registered new tserver with Master: 90bf172994754f978db94127e178623d (127.21.80.193:45919)
I20260713 09:07:23.630884 22817 master_service.cc:502] Signed X509 certificate for tserver {username='slave'} at 127.0.0.1:45634
I20260713 09:07:23.632141 21827 fs_manager.cc:696] Time spent creating directory manager: real 0.004s	user 0.005s	sys 0.000s
I20260713 09:07:23.635484 22956 log_block_manager.cc:4127] Time spent loading block containers with low live blocks: real 0.000s	user 0.000s	sys 0.000s
I20260713 09:07:23.636189 21827 fs_manager.cc:730] Time spent opening block manager: real 0.002s	user 0.003s	sys 0.000s
I20260713 09:07:23.636410 21827 fs_manager.cc:647] Opened local filesystem: /tmp/dist-test-taskLkug9J/test-tmp/auto_leader_rebalancer-test.0.LeaderRebalancerTest.AddTserver.1783933621072251-21827-0/minicluster-data/ts-1-root
uuid: "133a04411c854d81b3b2b069392cb20c"
format_stamp: "Formatted at 2026-07-13 09:07:23 on dist-test-slave-hl6b"
I20260713 09:07:23.636621 21827 fs_report.cc:389] FS layout report
--------------------
wal directory: /tmp/dist-test-taskLkug9J/test-tmp/auto_leader_rebalancer-test.0.LeaderRebalancerTest.AddTserver.1783933621072251-21827-0/minicluster-data/ts-1-root
metadata directory: /tmp/dist-test-taskLkug9J/test-tmp/auto_leader_rebalancer-test.0.LeaderRebalancerTest.AddTserver.1783933621072251-21827-0/minicluster-data/ts-1-root
1 data directories: /tmp/dist-test-taskLkug9J/test-tmp/auto_leader_rebalancer-test.0.LeaderRebalancerTest.AddTserver.1783933621072251-21827-0/minicluster-data/ts-1-root/data
Total live blocks: 0
Total live bytes: 0
Total live bytes (after alignment): 0
Total number of LBM containers: 0 (0 full)
Did not check for missing blocks
Did not check for orphaned blocks
Total full LBM containers with extra space: 0 (0 repaired)
Total full LBM container extra space in bytes: 0 (0 repaired)
Total incomplete LBM containers: 0 (0 repaired)
Total LBM partial records: 0 (0 repaired)
Total corrupted LBM metadata records in RocksDB: 0 (0 repaired)
I20260713 09:07:23.661430 21827 rpc_server.cc:225] running with OpenSSL 1.1.1  11 Sep 2018
I20260713 09:07:23.662410 21827 kserver.cc:163] Server-wide thread pool size limit: 3276
I20260713 09:07:23.663684 21827 txn_system_client.cc:432] TxnSystemClient initialization is disabled...
I20260713 09:07:23.665639 21827 ts_tablet_manager.cc:585] Loaded tablet metadata (0 total tablets, 0 live tablets)
I20260713 09:07:23.665844 21827 ts_tablet_manager.cc:531] Time spent load tablet metadata: real 0.000s	user 0.000s	sys 0.000s
I20260713 09:07:23.666085 21827 ts_tablet_manager.cc:616] Registered 0 tablets
I20260713 09:07:23.666280 21827 ts_tablet_manager.cc:595] Time spent register tablets: real 0.000s	user 0.000s	sys 0.000s
I20260713 09:07:23.701275 21827 rpc_server.cc:307] RPC server started. Bound to: 127.21.80.194:46045
I20260713 09:07:23.701367 23018 acceptor_pool.cc:272] collecting diagnostics on the listening RPC socket 127.21.80.194:46045 every 8 connection(s)
I20260713 09:07:23.705493 21827 file_cache.cc:504] Constructed file cache file cache with capacity 419430
W20260713 09:07:23.711162 23022 instance_detector.cc:116] could not retrieve AWS instance metadata: Network error: curl error: HTTP response code said error: The requested URL returned error: 404
W20260713 09:07:23.711509 23023 instance_detector.cc:116] could not retrieve Azure instance metadata: Network error: curl error: HTTP response code said error: The requested URL returned error: 404
I20260713 09:07:23.714242 21827 server_base.cc:1061] running on GCE node
W20260713 09:07:23.714371 23025 instance_detector.cc:116] could not retrieve OpenStack instance metadata: Network error: curl error: HTTP response code said error: The requested URL returned error: 404
I20260713 09:07:23.715421 21827 hybrid_clock.cc:584] initializing the hybrid clock with 'system_unsync' time source
W20260713 09:07:23.715727 21827 system_unsync_time.cc:38] NTP support is disabled. Clock error bounds will not be accurate. This configuration is not suitable for distributed clusters.
I20260713 09:07:23.715934 21827 hybrid_clock.cc:648] HybridClock initialized: now 1783933643715911 us; error 0 us; skew 500 ppm
I20260713 09:07:23.716462 21827 server_base.cc:861] Flag tcmalloc_max_total_thread_cache_bytes is not working since tcmalloc is not enabled.
I20260713 09:07:23.716707 23019 heartbeater.cc:344] Connected to a master server at 127.21.80.254:38109
I20260713 09:07:23.717049 23019 heartbeater.cc:461] Registering TS with master...
I20260713 09:07:23.717801 23019 heartbeater.cc:507] Master 127.21.80.254:38109 requested a full tablet report, sending...
I20260713 09:07:23.718762 21827 webserver.cc:533] Webserver started at http://127.21.80.195:34109/ using document root <none> and password file <none>
I20260713 09:07:23.719256 21827 fs_manager.cc:362] Metadata directory not provided
I20260713 09:07:23.719424 21827 fs_manager.cc:368] Using write-ahead log directory (fs_wal_dir) as metadata directory
I20260713 09:07:23.719652 21827 server_base.cc:909] This appears to be a new deployment of Kudu; creating new FS layout
I20260713 09:07:23.719668 22817 ts_manager.cc:194] Registered new tserver with Master: 133a04411c854d81b3b2b069392cb20c (127.21.80.194:46045)
I20260713 09:07:23.720708 21827 fs_manager.cc:1068] Generated new instance metadata in path /tmp/dist-test-taskLkug9J/test-tmp/auto_leader_rebalancer-test.0.LeaderRebalancerTest.AddTserver.1783933621072251-21827-0/minicluster-data/ts-2-root/instance:
uuid: "a30c6ca0067c49508209466b31945cfb"
format_stamp: "Formatted at 2026-07-13 09:07:23 on dist-test-slave-hl6b"
I20260713 09:07:23.720950 22817 master_service.cc:502] Signed X509 certificate for tserver {username='slave'} at 127.0.0.1:45642
I20260713 09:07:23.724725 21827 fs_manager.cc:696] Time spent creating directory manager: real 0.004s	user 0.005s	sys 0.000s
I20260713 09:07:23.727517 23030 log_block_manager.cc:4127] Time spent loading block containers with low live blocks: real 0.000s	user 0.000s	sys 0.000s
I20260713 09:07:23.728163 21827 fs_manager.cc:730] Time spent opening block manager: real 0.002s	user 0.003s	sys 0.000s
I20260713 09:07:23.728408 21827 fs_manager.cc:647] Opened local filesystem: /tmp/dist-test-taskLkug9J/test-tmp/auto_leader_rebalancer-test.0.LeaderRebalancerTest.AddTserver.1783933621072251-21827-0/minicluster-data/ts-2-root
uuid: "a30c6ca0067c49508209466b31945cfb"
format_stamp: "Formatted at 2026-07-13 09:07:23 on dist-test-slave-hl6b"
I20260713 09:07:23.728655 21827 fs_report.cc:389] FS layout report
--------------------
wal directory: /tmp/dist-test-taskLkug9J/test-tmp/auto_leader_rebalancer-test.0.LeaderRebalancerTest.AddTserver.1783933621072251-21827-0/minicluster-data/ts-2-root
metadata directory: /tmp/dist-test-taskLkug9J/test-tmp/auto_leader_rebalancer-test.0.LeaderRebalancerTest.AddTserver.1783933621072251-21827-0/minicluster-data/ts-2-root
1 data directories: /tmp/dist-test-taskLkug9J/test-tmp/auto_leader_rebalancer-test.0.LeaderRebalancerTest.AddTserver.1783933621072251-21827-0/minicluster-data/ts-2-root/data
Total live blocks: 0
Total live bytes: 0
Total live bytes (after alignment): 0
Total number of LBM containers: 0 (0 full)
Did not check for missing blocks
Did not check for orphaned blocks
Total full LBM containers with extra space: 0 (0 repaired)
Total full LBM container extra space in bytes: 0 (0 repaired)
Total incomplete LBM containers: 0 (0 repaired)
Total LBM partial records: 0 (0 repaired)
Total corrupted LBM metadata records in RocksDB: 0 (0 repaired)
I20260713 09:07:23.741492 21827 rpc_server.cc:225] running with OpenSSL 1.1.1  11 Sep 2018
I20260713 09:07:23.742506 21827 kserver.cc:163] Server-wide thread pool size limit: 3276
I20260713 09:07:23.743847 21827 txn_system_client.cc:432] TxnSystemClient initialization is disabled...
I20260713 09:07:23.745793 21827 ts_tablet_manager.cc:585] Loaded tablet metadata (0 total tablets, 0 live tablets)
I20260713 09:07:23.745972 21827 ts_tablet_manager.cc:531] Time spent load tablet metadata: real 0.000s	user 0.000s	sys 0.000s
I20260713 09:07:23.746177 21827 ts_tablet_manager.cc:616] Registered 0 tablets
I20260713 09:07:23.746323 21827 ts_tablet_manager.cc:595] Time spent register tablets: real 0.000s	user 0.000s	sys 0.000s
I20260713 09:07:23.782122 21827 rpc_server.cc:307] RPC server started. Bound to: 127.21.80.195:35379
I20260713 09:07:23.782207 23092 acceptor_pool.cc:272] collecting diagnostics on the listening RPC socket 127.21.80.195:35379 every 8 connection(s)
I20260713 09:07:23.793955 23093 heartbeater.cc:344] Connected to a master server at 127.21.80.254:38109
I20260713 09:07:23.794266 23093 heartbeater.cc:461] Registering TS with master...
I20260713 09:07:23.794955 23093 heartbeater.cc:507] Master 127.21.80.254:38109 requested a full tablet report, sending...
I20260713 09:07:23.796592 22817 ts_manager.cc:194] Registered new tserver with Master: a30c6ca0067c49508209466b31945cfb (127.21.80.195:35379)
I20260713 09:07:23.796818 21827 internal_mini_cluster.cc:371] 3 TS(s) registered with all masters after 0.01182875s
I20260713 09:07:23.797775 22817 master_service.cc:502] Signed X509 certificate for tserver {username='slave'} at 127.0.0.1:45656
I20260713 09:07:23.818549 22817 catalog_manager.cc:2283] Servicing CreateTable request from {username='slave'} at 127.0.0.1:45666:
name: "test-workload"
schema {
  columns {
    name: "key"
    type: INT32
    is_key: true
    is_nullable: false
    encoding: AUTO_ENCODING
    compression: DEFAULT_COMPRESSION
    cfile_block_size: 0
    immutable: false
  }
  columns {
    name: "int_val"
    type: INT32
    is_key: false
    is_nullable: false
    encoding: AUTO_ENCODING
    compression: DEFAULT_COMPRESSION
    cfile_block_size: 0
    immutable: false
  }
  columns {
    name: "string_val"
    type: STRING
    is_key: false
    is_nullable: true
    encoding: AUTO_ENCODING
    compression: DEFAULT_COMPRESSION
    cfile_block_size: 0
    immutable: false
  }
}
num_replicas: 3
split_rows_range_bounds {
  rows: "\004\001\000UUU\005\004\001\000\252\252\252\n\004\001\000\377\377\377\017\004\001\000TUU\025\004\001\000\251\252\252\032\004\001\000\376\377\377\037\004\001\000SUU%\004\001\000\250\252\252*\004\001\000\375\377\377/\004\001\000RUU5\004\001\000\247\252\252:\004\001\000\374\377\377?\004\001\000QUUE\004\001\000\246\252\252J\004\001\000\373\377\377O\004\001\000PUUU\004\001\000\245\252\252Z\004\001\000\372\377\377_\004\001\000OUUe\004\001\000\244\252\252j\004\001\000\371\377\377o\004\001\000NUUu\004\001\000\243\252\252z""\004\001\000UUU\005\004\001\000\252\252\252\n\004\001\000\377\377\377\017\004\001\000TUU\025\004\001\000\251\252\252\032\004\001\000\376\377\377\037\004\001\000SUU%\004\001\000\250\252\252*\004\001\000\375\377\377/\004\001\000RUU5\004\001\000\247\252\252:\004\001\000\374\377\377?\004\001\000QUUE\004\001\000\246\252\252J\004\001\000\373\377\377O\004\001\000PUUU\004\001\000\245\252\252Z\004\001\000\372\377\377_\004\001\000OUUe\004\001\000\244\252\252j\004\001\000\371\377\377o\004\001\000NUUu\004\001\000\243\252\252z"
  indirect_data: """"
}
partition_schema {
  range_schema {
    columns {
      name: "key"
    }
  }
}
W20260713 09:07:23.822038 22817 catalog_manager.cc:7077] The number of live tablet servers is not enough to re-replicate a tablet replica of the newly created table test-workload in case of a server failure: 4 tablet servers would be needed, 3 are available. Consider bringing up more tablet servers.
I20260713 09:07:23.920689 23058 tablet_service.cc:1511] Processing CreateTablet for tablet f242cccca8944ff0aa9eba2a02ad46d5 (DEFAULT_TABLE table=test-workload [id=fa210db71d7a46daa8682cd170cd070d]), partition=RANGE (key) PARTITION VALUES < 89478485
I20260713 09:07:23.921262 23057 tablet_service.cc:1511] Processing CreateTablet for tablet 38b96c46e68f478388e3aa4d60e0deb3 (DEFAULT_TABLE table=test-workload [id=fa210db71d7a46daa8682cd170cd070d]), partition=RANGE (key) PARTITION 89478485 <= VALUES < 178956970
I20260713 09:07:23.922047 23058 data_dirs.cc:400] Could only allocate 1 dirs of requested 3 for tablet f242cccca8944ff0aa9eba2a02ad46d5. 1 dirs total, 0 dirs full, 0 dirs failed
I20260713 09:07:23.923358 23056 tablet_service.cc:1511] Processing CreateTablet for tablet 4c11aeeeb7914a8eb2e86f74106be978 (DEFAULT_TABLE table=test-workload [id=fa210db71d7a46daa8682cd170cd070d]), partition=RANGE (key) PARTITION 178956970 <= VALUES < 268435455
I20260713 09:07:23.924602 23056 data_dirs.cc:400] Could only allocate 1 dirs of requested 3 for tablet 4c11aeeeb7914a8eb2e86f74106be978. 1 dirs total, 0 dirs full, 0 dirs failed
I20260713 09:07:23.927050 23057 data_dirs.cc:400] Could only allocate 1 dirs of requested 3 for tablet 38b96c46e68f478388e3aa4d60e0deb3. 1 dirs total, 0 dirs full, 0 dirs failed
I20260713 09:07:23.930265 23055 tablet_service.cc:1511] Processing CreateTablet for tablet e7497e8b933f4197b34abcad5ac768da (DEFAULT_TABLE table=test-workload [id=fa210db71d7a46daa8682cd170cd070d]), partition=RANGE (key) PARTITION 268435455 <= VALUES < 357913940
I20260713 09:07:23.931457 23055 data_dirs.cc:400] Could only allocate 1 dirs of requested 3 for tablet e7497e8b933f4197b34abcad5ac768da. 1 dirs total, 0 dirs full, 0 dirs failed
I20260713 09:07:23.933573 22984 tablet_service.cc:1511] Processing CreateTablet for tablet f242cccca8944ff0aa9eba2a02ad46d5 (DEFAULT_TABLE table=test-workload [id=fa210db71d7a46daa8682cd170cd070d]), partition=RANGE (key) PARTITION VALUES < 89478485
I20260713 09:07:23.934764 22984 data_dirs.cc:400] Could only allocate 1 dirs of requested 3 for tablet f242cccca8944ff0aa9eba2a02ad46d5. 1 dirs total, 0 dirs full, 0 dirs failed
I20260713 09:07:23.935882 23054 tablet_service.cc:1511] Processing CreateTablet for tablet d0b00efb32aa4f69b5076fab0e21358b (DEFAULT_TABLE table=test-workload [id=fa210db71d7a46daa8682cd170cd070d]), partition=RANGE (key) PARTITION 357913940 <= VALUES < 447392425
I20260713 09:07:23.937108 23054 data_dirs.cc:400] Could only allocate 1 dirs of requested 3 for tablet d0b00efb32aa4f69b5076fab0e21358b. 1 dirs total, 0 dirs full, 0 dirs failed
I20260713 09:07:23.938521 22983 tablet_service.cc:1511] Processing CreateTablet for tablet 38b96c46e68f478388e3aa4d60e0deb3 (DEFAULT_TABLE table=test-workload [id=fa210db71d7a46daa8682cd170cd070d]), partition=RANGE (key) PARTITION 89478485 <= VALUES < 178956970
I20260713 09:07:23.939778 22983 data_dirs.cc:400] Could only allocate 1 dirs of requested 3 for tablet 38b96c46e68f478388e3aa4d60e0deb3. 1 dirs total, 0 dirs full, 0 dirs failed
I20260713 09:07:23.943755 22982 tablet_service.cc:1511] Processing CreateTablet for tablet 4c11aeeeb7914a8eb2e86f74106be978 (DEFAULT_TABLE table=test-workload [id=fa210db71d7a46daa8682cd170cd070d]), partition=RANGE (key) PARTITION 178956970 <= VALUES < 268435455
I20260713 09:07:23.944252 23053 tablet_service.cc:1511] Processing CreateTablet for tablet 23e325968df449ce812d0651274c7842 (DEFAULT_TABLE table=test-workload [id=fa210db71d7a46daa8682cd170cd070d]), partition=RANGE (key) PARTITION 447392425 <= VALUES < 536870910
I20260713 09:07:23.945587 23053 data_dirs.cc:400] Could only allocate 1 dirs of requested 3 for tablet 23e325968df449ce812d0651274c7842. 1 dirs total, 0 dirs full, 0 dirs failed
I20260713 09:07:23.945293 22981 tablet_service.cc:1511] Processing CreateTablet for tablet e7497e8b933f4197b34abcad5ac768da (DEFAULT_TABLE table=test-workload [id=fa210db71d7a46daa8682cd170cd070d]), partition=RANGE (key) PARTITION 268435455 <= VALUES < 357913940
I20260713 09:07:23.946493 22981 data_dirs.cc:400] Could only allocate 1 dirs of requested 3 for tablet e7497e8b933f4197b34abcad5ac768da. 1 dirs total, 0 dirs full, 0 dirs failed
I20260713 09:07:23.947659 22980 tablet_service.cc:1511] Processing CreateTablet for tablet d0b00efb32aa4f69b5076fab0e21358b (DEFAULT_TABLE table=test-workload [id=fa210db71d7a46daa8682cd170cd070d]), partition=RANGE (key) PARTITION 357913940 <= VALUES < 447392425
I20260713 09:07:23.949635 22979 tablet_service.cc:1511] Processing CreateTablet for tablet 23e325968df449ce812d0651274c7842 (DEFAULT_TABLE table=test-workload [id=fa210db71d7a46daa8682cd170cd070d]), partition=RANGE (key) PARTITION 447392425 <= VALUES < 536870910
I20260713 09:07:23.951804 22908 tablet_service.cc:1511] Processing CreateTablet for tablet 38b96c46e68f478388e3aa4d60e0deb3 (DEFAULT_TABLE table=test-workload [id=fa210db71d7a46daa8682cd170cd070d]), partition=RANGE (key) PARTITION 89478485 <= VALUES < 178956970
I20260713 09:07:23.952119 22907 tablet_service.cc:1511] Processing CreateTablet for tablet 4c11aeeeb7914a8eb2e86f74106be978 (DEFAULT_TABLE table=test-workload [id=fa210db71d7a46daa8682cd170cd070d]), partition=RANGE (key) PARTITION 178956970 <= VALUES < 268435455
I20260713 09:07:23.951749 22978 tablet_service.cc:1511] Processing CreateTablet for tablet 16c1391dbc274803938ede7e0707edce (DEFAULT_TABLE table=test-workload [id=fa210db71d7a46daa8682cd170cd070d]), partition=RANGE (key) PARTITION 536870910 <= VALUES < 626349395
I20260713 09:07:23.953907 22978 data_dirs.cc:400] Could only allocate 1 dirs of requested 3 for tablet 16c1391dbc274803938ede7e0707edce. 1 dirs total, 0 dirs full, 0 dirs failed
I20260713 09:07:23.954175 22909 tablet_service.cc:1511] Processing CreateTablet for tablet f242cccca8944ff0aa9eba2a02ad46d5 (DEFAULT_TABLE table=test-workload [id=fa210db71d7a46daa8682cd170cd070d]), partition=RANGE (key) PARTITION VALUES < 89478485
I20260713 09:07:23.953042 22908 data_dirs.cc:400] Could only allocate 1 dirs of requested 3 for tablet 38b96c46e68f478388e3aa4d60e0deb3. 1 dirs total, 0 dirs full, 0 dirs failed
I20260713 09:07:23.955720 22905 tablet_service.cc:1511] Processing CreateTablet for tablet d0b00efb32aa4f69b5076fab0e21358b (DEFAULT_TABLE table=test-workload [id=fa210db71d7a46daa8682cd170cd070d]), partition=RANGE (key) PARTITION 357913940 <= VALUES < 447392425
I20260713 09:07:23.956913 22905 data_dirs.cc:400] Could only allocate 1 dirs of requested 3 for tablet d0b00efb32aa4f69b5076fab0e21358b. 1 dirs total, 0 dirs full, 0 dirs failed
I20260713 09:07:23.956943 22979 data_dirs.cc:400] Could only allocate 1 dirs of requested 3 for tablet 23e325968df449ce812d0651274c7842. 1 dirs total, 0 dirs full, 0 dirs failed
I20260713 09:07:23.954080 22906 tablet_service.cc:1511] Processing CreateTablet for tablet e7497e8b933f4197b34abcad5ac768da (DEFAULT_TABLE table=test-workload [id=fa210db71d7a46daa8682cd170cd070d]), partition=RANGE (key) PARTITION 268435455 <= VALUES < 357913940
I20260713 09:07:23.958282 22904 tablet_service.cc:1511] Processing CreateTablet for tablet 23e325968df449ce812d0651274c7842 (DEFAULT_TABLE table=test-workload [id=fa210db71d7a46daa8682cd170cd070d]), partition=RANGE (key) PARTITION 447392425 <= VALUES < 536870910
I20260713 09:07:23.959802 22904 data_dirs.cc:400] Could only allocate 1 dirs of requested 3 for tablet 23e325968df449ce812d0651274c7842. 1 dirs total, 0 dirs full, 0 dirs failed
I20260713 09:07:23.961516 22980 data_dirs.cc:400] Could only allocate 1 dirs of requested 3 for tablet d0b00efb32aa4f69b5076fab0e21358b. 1 dirs total, 0 dirs full, 0 dirs failed
I20260713 09:07:23.962124 22982 data_dirs.cc:400] Could only allocate 1 dirs of requested 3 for tablet 4c11aeeeb7914a8eb2e86f74106be978. 1 dirs total, 0 dirs full, 0 dirs failed
I20260713 09:07:23.962670 22907 data_dirs.cc:400] Could only allocate 1 dirs of requested 3 for tablet 4c11aeeeb7914a8eb2e86f74106be978. 1 dirs total, 0 dirs full, 0 dirs failed
I20260713 09:07:23.967221 22906 data_dirs.cc:400] Could only allocate 1 dirs of requested 3 for tablet e7497e8b933f4197b34abcad5ac768da. 1 dirs total, 0 dirs full, 0 dirs failed
I20260713 09:07:23.971174 22909 data_dirs.cc:400] Could only allocate 1 dirs of requested 3 for tablet f242cccca8944ff0aa9eba2a02ad46d5. 1 dirs total, 0 dirs full, 0 dirs failed
I20260713 09:07:23.974933 23108 tablet_bootstrap.cc:492] T f242cccca8944ff0aa9eba2a02ad46d5 P a30c6ca0067c49508209466b31945cfb: Bootstrap starting.
I20260713 09:07:23.959798 22903 tablet_service.cc:1511] Processing CreateTablet for tablet 16c1391dbc274803938ede7e0707edce (DEFAULT_TABLE table=test-workload [id=fa210db71d7a46daa8682cd170cd070d]), partition=RANGE (key) PARTITION 536870910 <= VALUES < 626349395
I20260713 09:07:23.977821 22903 data_dirs.cc:400] Could only allocate 1 dirs of requested 3 for tablet 16c1391dbc274803938ede7e0707edce. 1 dirs total, 0 dirs full, 0 dirs failed
I20260713 09:07:23.977541 22902 tablet_service.cc:1511] Processing CreateTablet for tablet fa5aacebddd84ef3b5e58e47daa33e12 (DEFAULT_TABLE table=test-workload [id=fa210db71d7a46daa8682cd170cd070d]), partition=RANGE (key) PARTITION 626349395 <= VALUES < 715827880
I20260713 09:07:23.978823 22902 data_dirs.cc:400] Could only allocate 1 dirs of requested 3 for tablet fa5aacebddd84ef3b5e58e47daa33e12. 1 dirs total, 0 dirs full, 0 dirs failed
I20260713 09:07:23.979039 22977 tablet_service.cc:1511] Processing CreateTablet for tablet fa5aacebddd84ef3b5e58e47daa33e12 (DEFAULT_TABLE table=test-workload [id=fa210db71d7a46daa8682cd170cd070d]), partition=RANGE (key) PARTITION 626349395 <= VALUES < 715827880
I20260713 09:07:23.980209 22977 data_dirs.cc:400] Could only allocate 1 dirs of requested 3 for tablet fa5aacebddd84ef3b5e58e47daa33e12. 1 dirs total, 0 dirs full, 0 dirs failed
I20260713 09:07:23.999545 23058 tablet_service.cc:1511] Processing CreateTablet for tablet 16c1391dbc274803938ede7e0707edce (DEFAULT_TABLE table=test-workload [id=fa210db71d7a46daa8682cd170cd070d]), partition=RANGE (key) PARTITION 536870910 <= VALUES < 626349395
I20260713 09:07:24.000753 23058 data_dirs.cc:400] Could only allocate 1 dirs of requested 3 for tablet 16c1391dbc274803938ede7e0707edce. 1 dirs total, 0 dirs full, 0 dirs failed
I20260713 09:07:24.005143 23108 tablet_bootstrap.cc:654] T f242cccca8944ff0aa9eba2a02ad46d5 P a30c6ca0067c49508209466b31945cfb: Neither blocks nor log segments found. Creating new log.
I20260713 09:07:24.066943 23056 tablet_service.cc:1511] Processing CreateTablet for tablet fa5aacebddd84ef3b5e58e47daa33e12 (DEFAULT_TABLE table=test-workload [id=fa210db71d7a46daa8682cd170cd070d]), partition=RANGE (key) PARTITION 626349395 <= VALUES < 715827880
I20260713 09:07:24.068238 23056 data_dirs.cc:400] Could only allocate 1 dirs of requested 3 for tablet fa5aacebddd84ef3b5e58e47daa33e12. 1 dirs total, 0 dirs full, 0 dirs failed
I20260713 09:07:24.084450 23109 tablet_bootstrap.cc:492] T d0b00efb32aa4f69b5076fab0e21358b P 133a04411c854d81b3b2b069392cb20c: Bootstrap starting.
I20260713 09:07:24.085127 22904 tablet_service.cc:1511] Processing CreateTablet for tablet 74457d98fda84b7091d48e18ce090962 (DEFAULT_TABLE table=test-workload [id=fa210db71d7a46daa8682cd170cd070d]), partition=RANGE (key) PARTITION 715827880 <= VALUES < 805306365
I20260713 09:07:24.086978 22904 data_dirs.cc:400] Could only allocate 1 dirs of requested 3 for tablet 74457d98fda84b7091d48e18ce090962. 1 dirs total, 0 dirs full, 0 dirs failed
I20260713 09:07:24.086140 23111 tablet_bootstrap.cc:492] T e7497e8b933f4197b34abcad5ac768da P 90bf172994754f978db94127e178623d: Bootstrap starting.
I20260713 09:07:24.098402 23109 tablet_bootstrap.cc:654] T d0b00efb32aa4f69b5076fab0e21358b P 133a04411c854d81b3b2b069392cb20c: Neither blocks nor log segments found. Creating new log.
I20260713 09:07:24.102803 23108 tablet_bootstrap.cc:492] T f242cccca8944ff0aa9eba2a02ad46d5 P a30c6ca0067c49508209466b31945cfb: No bootstrap required, opened a new log
I20260713 09:07:24.105382 23111 tablet_bootstrap.cc:654] T e7497e8b933f4197b34abcad5ac768da P 90bf172994754f978db94127e178623d: Neither blocks nor log segments found. Creating new log.
I20260713 09:07:24.106351 22978 tablet_service.cc:1511] Processing CreateTablet for tablet 74457d98fda84b7091d48e18ce090962 (DEFAULT_TABLE table=test-workload [id=fa210db71d7a46daa8682cd170cd070d]), partition=RANGE (key) PARTITION 715827880 <= VALUES < 805306365
I20260713 09:07:24.121820 23108 ts_tablet_manager.cc:1403] T f242cccca8944ff0aa9eba2a02ad46d5 P a30c6ca0067c49508209466b31945cfb: Time spent bootstrapping tablet: real 0.149s	user 0.022s	sys 0.014s
I20260713 09:07:24.121707 23058 tablet_service.cc:1511] Processing CreateTablet for tablet e024c3158ac24b28b4566f55d6377343 (DEFAULT_TABLE table=test-workload [id=fa210db71d7a46daa8682cd170cd070d]), partition=RANGE (key) PARTITION 984263335 <= VALUES < 1073741820
I20260713 09:07:24.122298 22978 data_dirs.cc:400] Could only allocate 1 dirs of requested 3 for tablet 74457d98fda84b7091d48e18ce090962. 1 dirs total, 0 dirs full, 0 dirs failed
I20260713 09:07:24.122920 23058 data_dirs.cc:400] Could only allocate 1 dirs of requested 3 for tablet e024c3158ac24b28b4566f55d6377343. 1 dirs total, 0 dirs full, 0 dirs failed
I20260713 09:07:24.123184 22982 tablet_service.cc:1511] Processing CreateTablet for tablet e024c3158ac24b28b4566f55d6377343 (DEFAULT_TABLE table=test-workload [id=fa210db71d7a46daa8682cd170cd070d]), partition=RANGE (key) PARTITION 984263335 <= VALUES < 1073741820
I20260713 09:07:24.124261 22982 data_dirs.cc:400] Could only allocate 1 dirs of requested 3 for tablet e024c3158ac24b28b4566f55d6377343. 1 dirs total, 0 dirs full, 0 dirs failed
I20260713 09:07:24.109686 22977 tablet_service.cc:1511] Processing CreateTablet for tablet 55a4adf3eea148559374d7d4682fc529 (DEFAULT_TABLE table=test-workload [id=fa210db71d7a46daa8682cd170cd070d]), partition=RANGE (key) PARTITION 805306365 <= VALUES < 894784850
I20260713 09:07:24.124619 23108 raft_consensus.cc:359] T f242cccca8944ff0aa9eba2a02ad46d5 P a30c6ca0067c49508209466b31945cfb [term 0 FOLLOWER]: Replica starting. Triggering 0 pending ops. Active config: opid_index: -1 OBSOLETE_local: false peers { permanent_uuid: "a30c6ca0067c49508209466b31945cfb" member_type: VOTER last_known_addr { host: "127.21.80.195" port: 35379 } } peers { permanent_uuid: "133a04411c854d81b3b2b069392cb20c" member_type: VOTER last_known_addr { host: "127.21.80.194" port: 46045 } } peers { permanent_uuid: "90bf172994754f978db94127e178623d" member_type: VOTER last_known_addr { host: "127.21.80.193" port: 45919 } }
I20260713 09:07:24.110451 22909 tablet_service.cc:1511] Processing CreateTablet for tablet 55a4adf3eea148559374d7d4682fc529 (DEFAULT_TABLE table=test-workload [id=fa210db71d7a46daa8682cd170cd070d]), partition=RANGE (key) PARTITION 805306365 <= VALUES < 894784850
I20260713 09:07:24.111234 23056 tablet_service.cc:1511] Processing CreateTablet for tablet 55a4adf3eea148559374d7d4682fc529 (DEFAULT_TABLE table=test-workload [id=fa210db71d7a46daa8682cd170cd070d]), partition=RANGE (key) PARTITION 805306365 <= VALUES < 894784850
I20260713 09:07:24.112337 23055 tablet_service.cc:1511] Processing CreateTablet for tablet 74457d98fda84b7091d48e18ce090962 (DEFAULT_TABLE table=test-workload [id=fa210db71d7a46daa8682cd170cd070d]), partition=RANGE (key) PARTITION 715827880 <= VALUES < 805306365
I20260713 09:07:24.115368 23054 tablet_service.cc:1511] Processing CreateTablet for tablet 57b93c0f2c0143a09169faadd220207a (DEFAULT_TABLE table=test-workload [id=fa210db71d7a46daa8682cd170cd070d]), partition=RANGE (key) PARTITION 894784850 <= VALUES < 984263335
I20260713 09:07:24.115456 22981 tablet_service.cc:1511] Processing CreateTablet for tablet 57b93c0f2c0143a09169faadd220207a (DEFAULT_TABLE table=test-workload [id=fa210db71d7a46daa8682cd170cd070d]), partition=RANGE (key) PARTITION 894784850 <= VALUES < 984263335
I20260713 09:07:24.112272 22903 tablet_service.cc:1511] Processing CreateTablet for tablet 57b93c0f2c0143a09169faadd220207a (DEFAULT_TABLE table=test-workload [id=fa210db71d7a46daa8682cd170cd070d]), partition=RANGE (key) PARTITION 894784850 <= VALUES < 984263335
I20260713 09:07:24.119025 22907 tablet_service.cc:1511] Processing CreateTablet for tablet e024c3158ac24b28b4566f55d6377343 (DEFAULT_TABLE table=test-workload [id=fa210db71d7a46daa8682cd170cd070d]), partition=RANGE (key) PARTITION 984263335 <= VALUES < 1073741820
I20260713 09:07:24.125391 22977 data_dirs.cc:400] Could only allocate 1 dirs of requested 3 for tablet 55a4adf3eea148559374d7d4682fc529. 1 dirs total, 0 dirs full, 0 dirs failed
I20260713 09:07:24.130050 22903 data_dirs.cc:400] Could only allocate 1 dirs of requested 3 for tablet 57b93c0f2c0143a09169faadd220207a. 1 dirs total, 0 dirs full, 0 dirs failed
I20260713 09:07:24.131108 22981 data_dirs.cc:400] Could only allocate 1 dirs of requested 3 for tablet 57b93c0f2c0143a09169faadd220207a. 1 dirs total, 0 dirs full, 0 dirs failed
I20260713 09:07:24.131829 22904 tablet_service.cc:1511] Processing CreateTablet for tablet 8479f4ab62c64976a47d42da30153ca6 (DEFAULT_TABLE table=test-workload [id=fa210db71d7a46daa8682cd170cd070d]), partition=RANGE (key) PARTITION 1163220305 <= VALUES < 1252698790
I20260713 09:07:24.130803 22906 tablet_service.cc:1511] Processing CreateTablet for tablet 64ab436ff1964b09bde318fbdebe7c26 (DEFAULT_TABLE table=test-workload [id=fa210db71d7a46daa8682cd170cd070d]), partition=RANGE (key) PARTITION 1073741820 <= VALUES < 1163220305
I20260713 09:07:24.132953 22904 data_dirs.cc:400] Could only allocate 1 dirs of requested 3 for tablet 8479f4ab62c64976a47d42da30153ca6. 1 dirs total, 0 dirs full, 0 dirs failed
I20260713 09:07:24.132791 22984 tablet_service.cc:1511] Processing CreateTablet for tablet 64ab436ff1964b09bde318fbdebe7c26 (DEFAULT_TABLE table=test-workload [id=fa210db71d7a46daa8682cd170cd070d]), partition=RANGE (key) PARTITION 1073741820 <= VALUES < 1163220305
I20260713 09:07:24.133679 22906 data_dirs.cc:400] Could only allocate 1 dirs of requested 3 for tablet 64ab436ff1964b09bde318fbdebe7c26. 1 dirs total, 0 dirs full, 0 dirs failed
I20260713 09:07:24.133865 22984 data_dirs.cc:400] Could only allocate 1 dirs of requested 3 for tablet 64ab436ff1964b09bde318fbdebe7c26. 1 dirs total, 0 dirs full, 0 dirs failed
I20260713 09:07:24.125293 23108 raft_consensus.cc:385] T f242cccca8944ff0aa9eba2a02ad46d5 P a30c6ca0067c49508209466b31945cfb [term 0 FOLLOWER]: Consensus starting up: Expiring failure detector timer to make a prompt election more likely
I20260713 09:07:24.137580 22983 tablet_service.cc:1511] Processing CreateTablet for tablet 8479f4ab62c64976a47d42da30153ca6 (DEFAULT_TABLE table=test-workload [id=fa210db71d7a46daa8682cd170cd070d]), partition=RANGE (key) PARTITION 1163220305 <= VALUES < 1252698790
I20260713 09:07:24.138774 22983 data_dirs.cc:400] Could only allocate 1 dirs of requested 3 for tablet 8479f4ab62c64976a47d42da30153ca6. 1 dirs total, 0 dirs full, 0 dirs failed
I20260713 09:07:24.138876 22909 data_dirs.cc:400] Could only allocate 1 dirs of requested 3 for tablet 55a4adf3eea148559374d7d4682fc529. 1 dirs total, 0 dirs full, 0 dirs failed
I20260713 09:07:24.140368 23053 tablet_service.cc:1511] Processing CreateTablet for tablet 64ab436ff1964b09bde318fbdebe7c26 (DEFAULT_TABLE table=test-workload [id=fa210db71d7a46daa8682cd170cd070d]), partition=RANGE (key) PARTITION 1073741820 <= VALUES < 1163220305
I20260713 09:07:24.135335 23108 raft_consensus.cc:740] T f242cccca8944ff0aa9eba2a02ad46d5 P a30c6ca0067c49508209466b31945cfb [term 0 FOLLOWER]: Becoming Follower/Learner. State: Replica: a30c6ca0067c49508209466b31945cfb, State: Initialized, Role: FOLLOWER
I20260713 09:07:24.147493 23108 consensus_queue.cc:260] T f242cccca8944ff0aa9eba2a02ad46d5 P a30c6ca0067c49508209466b31945cfb [NON_LEADER]: Queue going to NON_LEADER mode. State: All replicated index: 0, Majority replicated index: 0, Committed index: 0, Last appended: 0.0, Last appended by leader: 0, Current term: 0, Majority size: -1, State: 0, Mode: NON_LEADER, active raft config: opid_index: -1 OBSOLETE_local: false peers { permanent_uuid: "a30c6ca0067c49508209466b31945cfb" member_type: VOTER last_known_addr { host: "127.21.80.195" port: 35379 } } peers { permanent_uuid: "133a04411c854d81b3b2b069392cb20c" member_type: VOTER last_known_addr { host: "127.21.80.194" port: 46045 } } peers { permanent_uuid: "90bf172994754f978db94127e178623d" member_type: VOTER last_known_addr { host: "127.21.80.193" port: 45919 } }
I20260713 09:07:24.149369 22907 data_dirs.cc:400] Could only allocate 1 dirs of requested 3 for tablet e024c3158ac24b28b4566f55d6377343. 1 dirs total, 0 dirs full, 0 dirs failed
I20260713 09:07:24.149690 23052 tablet_service.cc:1511] Processing CreateTablet for tablet 8479f4ab62c64976a47d42da30153ca6 (DEFAULT_TABLE table=test-workload [id=fa210db71d7a46daa8682cd170cd070d]), partition=RANGE (key) PARTITION 1163220305 <= VALUES < 1252698790
I20260713 09:07:24.154935 23056 data_dirs.cc:400] Could only allocate 1 dirs of requested 3 for tablet 55a4adf3eea148559374d7d4682fc529. 1 dirs total, 0 dirs full, 0 dirs failed
I20260713 09:07:24.158025 23053 data_dirs.cc:400] Could only allocate 1 dirs of requested 3 for tablet 64ab436ff1964b09bde318fbdebe7c26. 1 dirs total, 0 dirs full, 0 dirs failed
I20260713 09:07:24.165277 23054 data_dirs.cc:400] Could only allocate 1 dirs of requested 3 for tablet 57b93c0f2c0143a09169faadd220207a. 1 dirs total, 0 dirs full, 0 dirs failed
I20260713 09:07:24.165891 23052 data_dirs.cc:400] Could only allocate 1 dirs of requested 3 for tablet 8479f4ab62c64976a47d42da30153ca6. 1 dirs total, 0 dirs full, 0 dirs failed
I20260713 09:07:24.174750 23055 data_dirs.cc:400] Could only allocate 1 dirs of requested 3 for tablet 74457d98fda84b7091d48e18ce090962. 1 dirs total, 0 dirs full, 0 dirs failed
I20260713 09:07:24.175256 22902 tablet_service.cc:1511] Processing CreateTablet for tablet b0cf21b2d60749518ef4c4a86d944c1f (DEFAULT_TABLE table=test-workload [id=fa210db71d7a46daa8682cd170cd070d]), partition=RANGE (key) PARTITION 1252698790 <= VALUES < 1342177275
I20260713 09:07:24.176421 22902 data_dirs.cc:400] Could only allocate 1 dirs of requested 3 for tablet b0cf21b2d60749518ef4c4a86d944c1f. 1 dirs total, 0 dirs full, 0 dirs failed
I20260713 09:07:24.178431 23051 tablet_service.cc:1511] Processing CreateTablet for tablet b0cf21b2d60749518ef4c4a86d944c1f (DEFAULT_TABLE table=test-workload [id=fa210db71d7a46daa8682cd170cd070d]), partition=RANGE (key) PARTITION 1252698790 <= VALUES < 1342177275
I20260713 09:07:24.179790 23051 data_dirs.cc:400] Could only allocate 1 dirs of requested 3 for tablet b0cf21b2d60749518ef4c4a86d944c1f. 1 dirs total, 0 dirs full, 0 dirs failed
I20260713 09:07:24.184942 22980 tablet_service.cc:1511] Processing CreateTablet for tablet b0cf21b2d60749518ef4c4a86d944c1f (DEFAULT_TABLE table=test-workload [id=fa210db71d7a46daa8682cd170cd070d]), partition=RANGE (key) PARTITION 1252698790 <= VALUES < 1342177275
I20260713 09:07:24.186084 22980 data_dirs.cc:400] Could only allocate 1 dirs of requested 3 for tablet b0cf21b2d60749518ef4c4a86d944c1f. 1 dirs total, 0 dirs full, 0 dirs failed
I20260713 09:07:24.220304 23093 heartbeater.cc:499] Master 127.21.80.254:38109 was elected leader, sending a full tablet report...
I20260713 09:07:24.223281 23111 tablet_bootstrap.cc:492] T e7497e8b933f4197b34abcad5ac768da P 90bf172994754f978db94127e178623d: No bootstrap required, opened a new log
I20260713 09:07:24.225760 23108 ts_tablet_manager.cc:1434] T f242cccca8944ff0aa9eba2a02ad46d5 P a30c6ca0067c49508209466b31945cfb: Time spent starting tablet: real 0.104s	user 0.004s	sys 0.013s
I20260713 09:07:24.226490 22905 tablet_service.cc:1511] Processing CreateTablet for tablet 0f3ec01a2be54186bc4133534ab6e58d (DEFAULT_TABLE table=test-workload [id=fa210db71d7a46daa8682cd170cd070d]), partition=RANGE (key) PARTITION 1342177275 <= VALUES < 1431655760
I20260713 09:07:24.227774 22905 data_dirs.cc:400] Could only allocate 1 dirs of requested 3 for tablet 0f3ec01a2be54186bc4133534ab6e58d. 1 dirs total, 0 dirs full, 0 dirs failed
I20260713 09:07:24.234583 23108 tablet_bootstrap.cc:492] T 4c11aeeeb7914a8eb2e86f74106be978 P a30c6ca0067c49508209466b31945cfb: Bootstrap starting.
I20260713 09:07:24.235088 22978 tablet_service.cc:1511] Processing CreateTablet for tablet 0f3ec01a2be54186bc4133534ab6e58d (DEFAULT_TABLE table=test-workload [id=fa210db71d7a46daa8682cd170cd070d]), partition=RANGE (key) PARTITION 1342177275 <= VALUES < 1431655760
I20260713 09:07:24.236303 22978 data_dirs.cc:400] Could only allocate 1 dirs of requested 3 for tablet 0f3ec01a2be54186bc4133534ab6e58d. 1 dirs total, 0 dirs full, 0 dirs failed
I20260713 09:07:24.249174 23108 tablet_bootstrap.cc:654] T 4c11aeeeb7914a8eb2e86f74106be978 P a30c6ca0067c49508209466b31945cfb: Neither blocks nor log segments found. Creating new log.
I20260713 09:07:24.251479 23111 ts_tablet_manager.cc:1403] T e7497e8b933f4197b34abcad5ac768da P 90bf172994754f978db94127e178623d: Time spent bootstrapping tablet: real 0.166s	user 0.008s	sys 0.012s
I20260713 09:07:24.254493 23109 tablet_bootstrap.cc:492] T d0b00efb32aa4f69b5076fab0e21358b P 133a04411c854d81b3b2b069392cb20c: No bootstrap required, opened a new log
I20260713 09:07:24.255004 23109 ts_tablet_manager.cc:1403] T d0b00efb32aa4f69b5076fab0e21358b P 133a04411c854d81b3b2b069392cb20c: Time spent bootstrapping tablet: real 0.171s	user 0.021s	sys 0.000s
I20260713 09:07:24.256240 23111 raft_consensus.cc:359] T e7497e8b933f4197b34abcad5ac768da P 90bf172994754f978db94127e178623d [term 0 FOLLOWER]: Replica starting. Triggering 0 pending ops. Active config: opid_index: -1 OBSOLETE_local: false peers { permanent_uuid: "90bf172994754f978db94127e178623d" member_type: VOTER last_known_addr { host: "127.21.80.193" port: 45919 } } peers { permanent_uuid: "133a04411c854d81b3b2b069392cb20c" member_type: VOTER last_known_addr { host: "127.21.80.194" port: 46045 } } peers { permanent_uuid: "a30c6ca0067c49508209466b31945cfb" member_type: VOTER last_known_addr { host: "127.21.80.195" port: 35379 } }
I20260713 09:07:24.256937 23111 raft_consensus.cc:385] T e7497e8b933f4197b34abcad5ac768da P 90bf172994754f978db94127e178623d [term 0 FOLLOWER]: Consensus starting up: Expiring failure detector timer to make a prompt election more likely
I20260713 09:07:24.257207 23111 raft_consensus.cc:740] T e7497e8b933f4197b34abcad5ac768da P 90bf172994754f978db94127e178623d [term 0 FOLLOWER]: Becoming Follower/Learner. State: Replica: 90bf172994754f978db94127e178623d, State: Initialized, Role: FOLLOWER
I20260713 09:07:24.257863 23111 consensus_queue.cc:260] T e7497e8b933f4197b34abcad5ac768da P 90bf172994754f978db94127e178623d [NON_LEADER]: Queue going to NON_LEADER mode. State: All replicated index: 0, Majority replicated index: 0, Committed index: 0, Last appended: 0.0, Last appended by leader: 0, Current term: 0, Majority size: -1, State: 0, Mode: NON_LEADER, active raft config: opid_index: -1 OBSOLETE_local: false peers { permanent_uuid: "90bf172994754f978db94127e178623d" member_type: VOTER last_known_addr { host: "127.21.80.193" port: 45919 } } peers { permanent_uuid: "133a04411c854d81b3b2b069392cb20c" member_type: VOTER last_known_addr { host: "127.21.80.194" port: 46045 } } peers { permanent_uuid: "a30c6ca0067c49508209466b31945cfb" member_type: VOTER last_known_addr { host: "127.21.80.195" port: 35379 } }
I20260713 09:07:24.258131 23109 raft_consensus.cc:359] T d0b00efb32aa4f69b5076fab0e21358b P 133a04411c854d81b3b2b069392cb20c [term 0 FOLLOWER]: Replica starting. Triggering 0 pending ops. Active config: opid_index: -1 OBSOLETE_local: false peers { permanent_uuid: "90bf172994754f978db94127e178623d" member_type: VOTER last_known_addr { host: "127.21.80.193" port: 45919 } } peers { permanent_uuid: "133a04411c854d81b3b2b069392cb20c" member_type: VOTER last_known_addr { host: "127.21.80.194" port: 46045 } } peers { permanent_uuid: "a30c6ca0067c49508209466b31945cfb" member_type: VOTER last_known_addr { host: "127.21.80.195" port: 35379 } }
I20260713 09:07:24.266403 23109 raft_consensus.cc:385] T d0b00efb32aa4f69b5076fab0e21358b P 133a04411c854d81b3b2b069392cb20c [term 0 FOLLOWER]: Consensus starting up: Expiring failure detector timer to make a prompt election more likely
I20260713 09:07:24.266927 23109 raft_consensus.cc:740] T d0b00efb32aa4f69b5076fab0e21358b P 133a04411c854d81b3b2b069392cb20c [term 0 FOLLOWER]: Becoming Follower/Learner. State: Replica: 133a04411c854d81b3b2b069392cb20c, State: Initialized, Role: FOLLOWER
I20260713 09:07:24.267765 23109 consensus_queue.cc:260] T d0b00efb32aa4f69b5076fab0e21358b P 133a04411c854d81b3b2b069392cb20c [NON_LEADER]: Queue going to NON_LEADER mode. State: All replicated index: 0, Majority replicated index: 0, Committed index: 0, Last appended: 0.0, Last appended by leader: 0, Current term: 0, Majority size: -1, State: 0, Mode: NON_LEADER, active raft config: opid_index: -1 OBSOLETE_local: false peers { permanent_uuid: "90bf172994754f978db94127e178623d" member_type: VOTER last_known_addr { host: "127.21.80.193" port: 45919 } } peers { permanent_uuid: "133a04411c854d81b3b2b069392cb20c" member_type: VOTER last_known_addr { host: "127.21.80.194" port: 46045 } } peers { permanent_uuid: "a30c6ca0067c49508209466b31945cfb" member_type: VOTER last_known_addr { host: "127.21.80.195" port: 35379 } }
I20260713 09:07:24.272729 23058 tablet_service.cc:1511] Processing CreateTablet for tablet 0f3ec01a2be54186bc4133534ab6e58d (DEFAULT_TABLE table=test-workload [id=fa210db71d7a46daa8682cd170cd070d]), partition=RANGE (key) PARTITION 1342177275 <= VALUES < 1431655760
I20260713 09:07:24.273921 23058 data_dirs.cc:400] Could only allocate 1 dirs of requested 3 for tablet 0f3ec01a2be54186bc4133534ab6e58d. 1 dirs total, 0 dirs full, 0 dirs failed
I20260713 09:07:24.275941 22982 tablet_service.cc:1511] Processing CreateTablet for tablet b573f7a30aca4ebaa94ea14b47581a8c (DEFAULT_TABLE table=test-workload [id=fa210db71d7a46daa8682cd170cd070d]), partition=RANGE (key) PARTITION 1431655760 <= VALUES < 1521134245
I20260713 09:07:24.277133 22982 data_dirs.cc:400] Could only allocate 1 dirs of requested 3 for tablet b573f7a30aca4ebaa94ea14b47581a8c. 1 dirs total, 0 dirs full, 0 dirs failed
I20260713 09:07:24.278282 22909 tablet_service.cc:1511] Processing CreateTablet for tablet 91b9ae3569934e3d99c72faeec4dc4cf (DEFAULT_TABLE table=test-workload [id=fa210db71d7a46daa8682cd170cd070d]), partition=RANGE (key) PARTITION 1521134245 <= VALUES < 1610612730
I20260713 09:07:24.283749 22904 tablet_service.cc:1511] Processing CreateTablet for tablet b573f7a30aca4ebaa94ea14b47581a8c (DEFAULT_TABLE table=test-workload [id=fa210db71d7a46daa8682cd170cd070d]), partition=RANGE (key) PARTITION 1431655760 <= VALUES < 1521134245
I20260713 09:07:24.288374 22977 tablet_service.cc:1511] Processing CreateTablet for tablet 91b9ae3569934e3d99c72faeec4dc4cf (DEFAULT_TABLE table=test-workload [id=fa210db71d7a46daa8682cd170cd070d]), partition=RANGE (key) PARTITION 1521134245 <= VALUES < 1610612730
I20260713 09:07:24.289510 22977 data_dirs.cc:400] Could only allocate 1 dirs of requested 3 for tablet 91b9ae3569934e3d99c72faeec4dc4cf. 1 dirs total, 0 dirs full, 0 dirs failed
I20260713 09:07:24.289289 23053 tablet_service.cc:1511] Processing CreateTablet for tablet 91b9ae3569934e3d99c72faeec4dc4cf (DEFAULT_TABLE table=test-workload [id=fa210db71d7a46daa8682cd170cd070d]), partition=RANGE (key) PARTITION 1521134245 <= VALUES < 1610612730
I20260713 09:07:24.290089 22907 tablet_service.cc:1511] Processing CreateTablet for tablet 2792825351ac4f07a6773c1c5979f4d7 (DEFAULT_TABLE table=test-workload [id=fa210db71d7a46daa8682cd170cd070d]), partition=RANGE (key) PARTITION 1610612730 <= VALUES < 1700091215
I20260713 09:07:24.291009 23053 data_dirs.cc:400] Could only allocate 1 dirs of requested 3 for tablet 91b9ae3569934e3d99c72faeec4dc4cf. 1 dirs total, 0 dirs full, 0 dirs failed
I20260713 09:07:24.296000 23051 tablet_service.cc:1511] Processing CreateTablet for tablet b573f7a30aca4ebaa94ea14b47581a8c (DEFAULT_TABLE table=test-workload [id=fa210db71d7a46daa8682cd170cd070d]), partition=RANGE (key) PARTITION 1431655760 <= VALUES < 1521134245
I20260713 09:07:24.296377 22980 tablet_service.cc:1511] Processing CreateTablet for tablet 2792825351ac4f07a6773c1c5979f4d7 (DEFAULT_TABLE table=test-workload [id=fa210db71d7a46daa8682cd170cd070d]), partition=RANGE (key) PARTITION 1610612730 <= VALUES < 1700091215
I20260713 09:07:24.296468 23054 tablet_service.cc:1511] Processing CreateTablet for tablet 2792825351ac4f07a6773c1c5979f4d7 (DEFAULT_TABLE table=test-workload [id=fa210db71d7a46daa8682cd170cd070d]), partition=RANGE (key) PARTITION 1610612730 <= VALUES < 1700091215
I20260713 09:07:24.297493 22980 data_dirs.cc:400] Could only allocate 1 dirs of requested 3 for tablet 2792825351ac4f07a6773c1c5979f4d7. 1 dirs total, 0 dirs full, 0 dirs failed
I20260713 09:07:24.297667 23054 data_dirs.cc:400] Could only allocate 1 dirs of requested 3 for tablet 2792825351ac4f07a6773c1c5979f4d7. 1 dirs total, 0 dirs full, 0 dirs failed
I20260713 09:07:24.298256 23019 heartbeater.cc:499] Master 127.21.80.254:38109 was elected leader, sending a full tablet report...
I20260713 09:07:24.300271 23051 data_dirs.cc:400] Could only allocate 1 dirs of requested 3 for tablet b573f7a30aca4ebaa94ea14b47581a8c. 1 dirs total, 0 dirs full, 0 dirs failed
I20260713 09:07:24.305011 23109 ts_tablet_manager.cc:1434] T d0b00efb32aa4f69b5076fab0e21358b P 133a04411c854d81b3b2b069392cb20c: Time spent starting tablet: real 0.050s	user 0.006s	sys 0.000s
I20260713 09:07:24.317202 22902 tablet_service.cc:1511] Processing CreateTablet for tablet f24ff6695f2f4fb7a021706a3eb49688 (DEFAULT_TABLE table=test-workload [id=fa210db71d7a46daa8682cd170cd070d]), partition=RANGE (key) PARTITION 1700091215 <= VALUES < 1789569700
I20260713 09:07:24.320576 23052 tablet_service.cc:1511] Processing CreateTablet for tablet f24ff6695f2f4fb7a021706a3eb49688 (DEFAULT_TABLE table=test-workload [id=fa210db71d7a46daa8682cd170cd070d]), partition=RANGE (key) PARTITION 1700091215 <= VALUES < 1789569700
I20260713 09:07:24.321738 23052 data_dirs.cc:400] Could only allocate 1 dirs of requested 3 for tablet f24ff6695f2f4fb7a021706a3eb49688. 1 dirs total, 0 dirs full, 0 dirs failed
I20260713 09:07:24.321442 22981 tablet_service.cc:1511] Processing CreateTablet for tablet f24ff6695f2f4fb7a021706a3eb49688 (DEFAULT_TABLE table=test-workload [id=fa210db71d7a46daa8682cd170cd070d]), partition=RANGE (key) PARTITION 1700091215 <= VALUES < 1789569700
I20260713 09:07:24.323756 22981 data_dirs.cc:400] Could only allocate 1 dirs of requested 3 for tablet f24ff6695f2f4fb7a021706a3eb49688. 1 dirs total, 0 dirs full, 0 dirs failed
I20260713 09:07:24.315094 22909 data_dirs.cc:400] Could only allocate 1 dirs of requested 3 for tablet 91b9ae3569934e3d99c72faeec4dc4cf. 1 dirs total, 0 dirs full, 0 dirs failed
I20260713 09:07:24.329056 23111 ts_tablet_manager.cc:1434] T e7497e8b933f4197b34abcad5ac768da P 90bf172994754f978db94127e178623d: Time spent starting tablet: real 0.076s	user 0.014s	sys 0.020s
I20260713 09:07:24.329129 22905 tablet_service.cc:1511] Processing CreateTablet for tablet f5bb58e2740142c2b9dc73db423ad355 (DEFAULT_TABLE table=test-workload [id=fa210db71d7a46daa8682cd170cd070d]), partition=RANGE (key) PARTITION 1789569700 <= VALUES < 1879048185
I20260713 09:07:24.330427 22944 heartbeater.cc:499] Master 127.21.80.254:38109 was elected leader, sending a full tablet report...
I20260713 09:07:24.331429 23111 tablet_bootstrap.cc:492] T 38b96c46e68f478388e3aa4d60e0deb3 P 90bf172994754f978db94127e178623d: Bootstrap starting.
I20260713 09:07:24.336052 22906 tablet_service.cc:1511] Processing CreateTablet for tablet dc93766c2d884d9fa29571304896e61e (DEFAULT_TABLE table=test-workload [id=fa210db71d7a46daa8682cd170cd070d]), partition=RANGE (key) PARTITION 1879048185 <= VALUES < 1968526670
I20260713 09:07:24.337785 22984 tablet_service.cc:1511] Processing CreateTablet for tablet dc93766c2d884d9fa29571304896e61e (DEFAULT_TABLE table=test-workload [id=fa210db71d7a46daa8682cd170cd070d]), partition=RANGE (key) PARTITION 1879048185 <= VALUES < 1968526670
I20260713 09:07:24.339250 23055 tablet_service.cc:1511] Processing CreateTablet for tablet f5bb58e2740142c2b9dc73db423ad355 (DEFAULT_TABLE table=test-workload [id=fa210db71d7a46daa8682cd170cd070d]), partition=RANGE (key) PARTITION 1789569700 <= VALUES < 1879048185
