I20260713 09:07:38.824818 22864 raft_consensus.cc:2955] T ddb82b8ccca2431b8220c2c5a1a28f1a P 12b68ede446a466bb1f68d3d57fdbda2 [term 1 FOLLOWER]: Committing config change with OpId 1.2: config changed from index -1 to 2, NON_VOTER 9e53af26bd454dd7ad00b559c7a0cd9c (127.21.56.4) added. New config: { opid_index: 2 OBSOLETE_local: false peers { permanent_uuid: "12b68ede446a466bb1f68d3d57fdbda2" member_type: VOTER last_known_addr { host: "127.21.56.1" port: 44573 } } peers { permanent_uuid: "f086ea45f8604df7bfed739294942d00" member_type: VOTER last_known_addr { host: "127.21.56.2" port: 40947 } } peers { permanent_uuid: "5d309da8c92f45d2b25a6e369c6a2933" member_type: VOTER last_known_addr { host: "127.21.56.3" port: 34961 } attrs { replace: true } } peers { permanent_uuid: "9e53af26bd454dd7ad00b559c7a0cd9c" member_type: NON_VOTER last_known_addr { host: "127.21.56.4" port: 33895 } attrs { promote: true } } }
I20260713 09:07:38.833874 23010 raft_consensus.cc:2955] T ddb82b8ccca2431b8220c2c5a1a28f1a P 5d309da8c92f45d2b25a6e369c6a2933 [term 1 FOLLOWER]: Committing config change with OpId 1.2: config changed from index -1 to 2, NON_VOTER 9e53af26bd454dd7ad00b559c7a0cd9c (127.21.56.4) added. New config: { opid_index: 2 OBSOLETE_local: false peers { permanent_uuid: "12b68ede446a466bb1f68d3d57fdbda2" member_type: VOTER last_known_addr { host: "127.21.56.1" port: 44573 } } peers { permanent_uuid: "f086ea45f8604df7bfed739294942d00" member_type: VOTER last_known_addr { host: "127.21.56.2" port: 40947 } } peers { permanent_uuid: "5d309da8c92f45d2b25a6e369c6a2933" member_type: VOTER last_known_addr { host: "127.21.56.3" port: 34961 } attrs { replace: true } } peers { permanent_uuid: "9e53af26bd454dd7ad00b559c7a0cd9c" member_type: NON_VOTER last_known_addr { host: "127.21.56.4" port: 33895 } attrs { promote: true } } }
I20260713 09:07:38.840245 22939 consensus_queue.cc:237] T 8d7f4b991dac437187930a781462274a P f086ea45f8604df7bfed739294942d00 [LEADER]: Queue going to LEADER mode. State: All replicated index: 0, Majority replicated index: 1, Committed index: 1, Last appended: 1.1, Last appended by leader: 0, Current term: 1, Majority size: 2, State: 0, Mode: LEADER, active raft config: opid_index: 2 OBSOLETE_local: false peers { permanent_uuid: "12b68ede446a466bb1f68d3d57fdbda2" member_type: VOTER last_known_addr { host: "127.21.56.1" port: 44573 } } peers { permanent_uuid: "f086ea45f8604df7bfed739294942d00" member_type: VOTER last_known_addr { host: "127.21.56.2" port: 40947 } } peers { permanent_uuid: "5d309da8c92f45d2b25a6e369c6a2933" member_type: VOTER last_known_addr { host: "127.21.56.3" port: 34961 } attrs { replace: true } } peers { permanent_uuid: "9e53af26bd454dd7ad00b559c7a0cd9c" member_type: NON_VOTER last_known_addr { host: "127.21.56.4" port: 33895 } attrs { promote: true } }
I20260713 09:07:38.841248 22760 catalog_manager.cc:5697] T ddb82b8ccca2431b8220c2c5a1a28f1a P f086ea45f8604df7bfed739294942d00 reported cstate change: config changed from index -1 to 2, NON_VOTER 9e53af26bd454dd7ad00b559c7a0cd9c (127.21.56.4) added. New cstate: current_term: 1 leader_uuid: "f086ea45f8604df7bfed739294942d00" committed_config { opid_index: 2 OBSOLETE_local: false peers { permanent_uuid: "12b68ede446a466bb1f68d3d57fdbda2" member_type: VOTER last_known_addr { host: "127.21.56.1" port: 44573 } health_report { overall_health: HEALTHY } } peers { permanent_uuid: "f086ea45f8604df7bfed739294942d00" member_type: VOTER last_known_addr { host: "127.21.56.2" port: 40947 } health_report { overall_health: HEALTHY } } peers { permanent_uuid: "5d309da8c92f45d2b25a6e369c6a2933" member_type: VOTER last_known_addr { host: "127.21.56.3" port: 34961 } attrs { replace: true } health_report { overall_health: HEALTHY } } peers { permanent_uuid: "9e53af26bd454dd7ad00b559c7a0cd9c" member_type: NON_VOTER last_known_addr { host: "127.21.56.4" port: 33895 } attrs { promote: true } health_report { overall_health: UNKNOWN } } }
W20260713 09:07:38.849576 22904 consensus_peers.cc:597] T 8d7f4b991dac437187930a781462274a P f086ea45f8604df7bfed739294942d00 -> Peer 9e53af26bd454dd7ad00b559c7a0cd9c (127.21.56.4:33895): Couldn't send request to peer 9e53af26bd454dd7ad00b559c7a0cd9c. Error code: TABLET_NOT_FOUND (6). Status: Not found: Tablet not found: 8d7f4b991dac437187930a781462274a. This is attempt 1: this message will repeat every 5th retry.
I20260713 09:07:38.849736 22864 raft_consensus.cc:1275] T 8d7f4b991dac437187930a781462274a P 12b68ede446a466bb1f68d3d57fdbda2 [term 1 FOLLOWER]: Refusing update from remote peer f086ea45f8604df7bfed739294942d00: Log matching property violated. Preceding OpId in replica: term: 1 index: 1. Preceding OpId from leader: term: 1 index: 2. (index mismatch)
I20260713 09:07:38.849736 23010 raft_consensus.cc:1275] T 8d7f4b991dac437187930a781462274a P 5d309da8c92f45d2b25a6e369c6a2933 [term 1 FOLLOWER]: Refusing update from remote peer f086ea45f8604df7bfed739294942d00: Log matching property violated. Preceding OpId in replica: term: 1 index: 1. Preceding OpId from leader: term: 1 index: 2. (index mismatch)
I20260713 09:07:38.852195 23523 consensus_queue.cc:1048] T 8d7f4b991dac437187930a781462274a P f086ea45f8604df7bfed739294942d00 [LEADER]: Connected to new peer: Peer: permanent_uuid: "12b68ede446a466bb1f68d3d57fdbda2" member_type: VOTER last_known_addr { host: "127.21.56.1" port: 44573 }, Status: LMP_MISMATCH, Last received: 0.0, Next index: 2, Last known committed idx: 1, Time since last communication: 0.000s
I20260713 09:07:38.853101 23522 consensus_queue.cc:1048] T 8d7f4b991dac437187930a781462274a P f086ea45f8604df7bfed739294942d00 [LEADER]: Connected to new peer: Peer: permanent_uuid: "5d309da8c92f45d2b25a6e369c6a2933" member_type: VOTER last_known_addr { host: "127.21.56.3" port: 34961 } attrs { replace: true }, Status: LMP_MISMATCH, Last received: 0.0, Next index: 2, Last known committed idx: 1, Time since last communication: 0.000s
I20260713 09:07:38.860890 23522 raft_consensus.cc:2955] T 8d7f4b991dac437187930a781462274a P f086ea45f8604df7bfed739294942d00 [term 1 LEADER]: Committing config change with OpId 1.2: config changed from index -1 to 2, NON_VOTER 9e53af26bd454dd7ad00b559c7a0cd9c (127.21.56.4) added. New config: { opid_index: 2 OBSOLETE_local: false peers { permanent_uuid: "12b68ede446a466bb1f68d3d57fdbda2" member_type: VOTER last_known_addr { host: "127.21.56.1" port: 44573 } } peers { permanent_uuid: "f086ea45f8604df7bfed739294942d00" member_type: VOTER last_known_addr { host: "127.21.56.2" port: 40947 } } peers { permanent_uuid: "5d309da8c92f45d2b25a6e369c6a2933" member_type: VOTER last_known_addr { host: "127.21.56.3" port: 34961 } attrs { replace: true } } peers { permanent_uuid: "9e53af26bd454dd7ad00b559c7a0cd9c" member_type: NON_VOTER last_known_addr { host: "127.21.56.4" port: 33895 } attrs { promote: true } } }
I20260713 09:07:38.862496 22864 raft_consensus.cc:2955] T 8d7f4b991dac437187930a781462274a P 12b68ede446a466bb1f68d3d57fdbda2 [term 1 FOLLOWER]: Committing config change with OpId 1.2: config changed from index -1 to 2, NON_VOTER 9e53af26bd454dd7ad00b559c7a0cd9c (127.21.56.4) added. New config: { opid_index: 2 OBSOLETE_local: false peers { permanent_uuid: "12b68ede446a466bb1f68d3d57fdbda2" member_type: VOTER last_known_addr { host: "127.21.56.1" port: 44573 } } peers { permanent_uuid: "f086ea45f8604df7bfed739294942d00" member_type: VOTER last_known_addr { host: "127.21.56.2" port: 40947 } } peers { permanent_uuid: "5d309da8c92f45d2b25a6e369c6a2933" member_type: VOTER last_known_addr { host: "127.21.56.3" port: 34961 } attrs { replace: true } } peers { permanent_uuid: "9e53af26bd454dd7ad00b559c7a0cd9c" member_type: NON_VOTER last_known_addr { host: "127.21.56.4" port: 33895 } attrs { promote: true } } }
I20260713 09:07:38.862833 23010 raft_consensus.cc:2955] T 8d7f4b991dac437187930a781462274a P 5d309da8c92f45d2b25a6e369c6a2933 [term 1 FOLLOWER]: Committing config change with OpId 1.2: config changed from index -1 to 2, NON_VOTER 9e53af26bd454dd7ad00b559c7a0cd9c (127.21.56.4) added. New config: { opid_index: 2 OBSOLETE_local: false peers { permanent_uuid: "12b68ede446a466bb1f68d3d57fdbda2" member_type: VOTER last_known_addr { host: "127.21.56.1" port: 44573 } } peers { permanent_uuid: "f086ea45f8604df7bfed739294942d00" member_type: VOTER last_known_addr { host: "127.21.56.2" port: 40947 } } peers { permanent_uuid: "5d309da8c92f45d2b25a6e369c6a2933" member_type: VOTER last_known_addr { host: "127.21.56.3" port: 34961 } attrs { replace: true } } peers { permanent_uuid: "9e53af26bd454dd7ad00b559c7a0cd9c" member_type: NON_VOTER last_known_addr { host: "127.21.56.4" port: 33895 } attrs { promote: true } } }
I20260713 09:07:38.879876 22758 catalog_manager.cc:5697] T 8d7f4b991dac437187930a781462274a P 12b68ede446a466bb1f68d3d57fdbda2 reported cstate change: config changed from index -1 to 2, NON_VOTER 9e53af26bd454dd7ad00b559c7a0cd9c (127.21.56.4) added. New cstate: current_term: 1 leader_uuid: "f086ea45f8604df7bfed739294942d00" committed_config { opid_index: 2 OBSOLETE_local: false peers { permanent_uuid: "12b68ede446a466bb1f68d3d57fdbda2" member_type: VOTER last_known_addr { host: "127.21.56.1" port: 44573 } } peers { permanent_uuid: "f086ea45f8604df7bfed739294942d00" member_type: VOTER last_known_addr { host: "127.21.56.2" port: 40947 } } peers { permanent_uuid: "5d309da8c92f45d2b25a6e369c6a2933" member_type: VOTER last_known_addr { host: "127.21.56.3" port: 34961 } attrs { replace: true } } peers { permanent_uuid: "9e53af26bd454dd7ad00b559c7a0cd9c" member_type: NON_VOTER last_known_addr { host: "127.21.56.4" port: 33895 } attrs { promote: true } } }
I20260713 09:07:39.181587 23552 ts_tablet_manager.cc:933] T 32af7b3e24884edaa0c44201ce288fc6 P 9e53af26bd454dd7ad00b559c7a0cd9c: Initiating tablet copy from peer f086ea45f8604df7bfed739294942d00 (127.21.56.2:40947)
I20260713 09:07:39.188668 23552 tablet_copy_client.cc:323] T 32af7b3e24884edaa0c44201ce288fc6 P 9e53af26bd454dd7ad00b559c7a0cd9c: tablet copy: Beginning tablet copy session from remote peer at address 127.21.56.2:40947
I20260713 09:07:39.191038 22949 tablet_copy_service.cc:140] P f086ea45f8604df7bfed739294942d00: Received BeginTabletCopySession request for tablet 32af7b3e24884edaa0c44201ce288fc6 from peer 9e53af26bd454dd7ad00b559c7a0cd9c ({username='slave'} at 127.0.0.1:57260)
I20260713 09:07:39.191670 22949 tablet_copy_service.cc:161] P f086ea45f8604df7bfed739294942d00: Beginning new tablet copy session on tablet 32af7b3e24884edaa0c44201ce288fc6 from peer 9e53af26bd454dd7ad00b559c7a0cd9c at {username='slave'} at 127.0.0.1:57260: session id = 9e53af26bd454dd7ad00b559c7a0cd9c-32af7b3e24884edaa0c44201ce288fc6
I20260713 09:07:39.201738 22949 tablet_copy_source_session.cc:215] T 32af7b3e24884edaa0c44201ce288fc6 P f086ea45f8604df7bfed739294942d00: Tablet Copy: opened 0 blocks and 1 log segments
I20260713 09:07:39.205538 23552 data_dirs.cc:400] Could only allocate 1 dirs of requested 3 for tablet 32af7b3e24884edaa0c44201ce288fc6. 1 dirs total, 0 dirs full, 0 dirs failed
I20260713 09:07:39.228638 23552 tablet_copy_client.cc:806] T 32af7b3e24884edaa0c44201ce288fc6 P 9e53af26bd454dd7ad00b559c7a0cd9c: tablet copy: Starting download of 0 data blocks...
I20260713 09:07:39.229288 23552 tablet_copy_client.cc:670] T 32af7b3e24884edaa0c44201ce288fc6 P 9e53af26bd454dd7ad00b559c7a0cd9c: tablet copy: Starting download of 1 WAL segments...
I20260713 09:07:39.233189 23552 tablet_copy_client.cc:538] T 32af7b3e24884edaa0c44201ce288fc6 P 9e53af26bd454dd7ad00b559c7a0cd9c: tablet copy: Tablet Copy complete. Replacing tablet superblock.
I20260713 09:07:39.238571 23554 ts_tablet_manager.cc:933] T ca4fb6281f854c4ca58df027ef22fc5e P 9e53af26bd454dd7ad00b559c7a0cd9c: Initiating tablet copy from peer 12b68ede446a466bb1f68d3d57fdbda2 (127.21.56.1:44573)
I20260713 09:07:39.240648 23554 tablet_copy_client.cc:323] T ca4fb6281f854c4ca58df027ef22fc5e P 9e53af26bd454dd7ad00b559c7a0cd9c: tablet copy: Beginning tablet copy session from remote peer at address 127.21.56.1:44573
I20260713 09:07:39.241983 23552 tablet_bootstrap.cc:492] T 32af7b3e24884edaa0c44201ce288fc6 P 9e53af26bd454dd7ad00b559c7a0cd9c: Bootstrap starting.
I20260713 09:07:39.242798 22874 tablet_copy_service.cc:140] P 12b68ede446a466bb1f68d3d57fdbda2: Received BeginTabletCopySession request for tablet ca4fb6281f854c4ca58df027ef22fc5e from peer 9e53af26bd454dd7ad00b559c7a0cd9c ({username='slave'} at 127.0.0.1:57536)
I20260713 09:07:39.243530 22874 tablet_copy_service.cc:161] P 12b68ede446a466bb1f68d3d57fdbda2: Beginning new tablet copy session on tablet ca4fb6281f854c4ca58df027ef22fc5e from peer 9e53af26bd454dd7ad00b559c7a0cd9c at {username='slave'} at 127.0.0.1:57536: session id = 9e53af26bd454dd7ad00b559c7a0cd9c-ca4fb6281f854c4ca58df027ef22fc5e
I20260713 09:07:39.254884 22874 tablet_copy_source_session.cc:215] T ca4fb6281f854c4ca58df027ef22fc5e P 12b68ede446a466bb1f68d3d57fdbda2: Tablet Copy: opened 0 blocks and 1 log segments
I20260713 09:07:39.261723 23554 data_dirs.cc:400] Could only allocate 1 dirs of requested 3 for tablet ca4fb6281f854c4ca58df027ef22fc5e. 1 dirs total, 0 dirs full, 0 dirs failed
I20260713 09:07:39.267316 23552 tablet_bootstrap.cc:492] T 32af7b3e24884edaa0c44201ce288fc6 P 9e53af26bd454dd7ad00b559c7a0cd9c: Bootstrap replayed 1/1 log segments. Stats: ops{read=2 overwritten=0 applied=2 ignored=0} inserts{seen=0 ignored=0} mutations{seen=0 ignored=0} orphaned_commits=0. Pending: 0 replicates
I20260713 09:07:39.268625 23552 tablet_bootstrap.cc:492] T 32af7b3e24884edaa0c44201ce288fc6 P 9e53af26bd454dd7ad00b559c7a0cd9c: Bootstrap complete.
I20260713 09:07:39.269333 23552 ts_tablet_manager.cc:1403] T 32af7b3e24884edaa0c44201ce288fc6 P 9e53af26bd454dd7ad00b559c7a0cd9c: Time spent bootstrapping tablet: real 0.028s	user 0.021s	sys 0.005s
I20260713 09:07:39.273434 23552 raft_consensus.cc:359] T 32af7b3e24884edaa0c44201ce288fc6 P 9e53af26bd454dd7ad00b559c7a0cd9c [term 1 LEARNER]: Replica starting. Triggering 0 pending ops. Active config: opid_index: 2 OBSOLETE_local: false peers { permanent_uuid: "12b68ede446a466bb1f68d3d57fdbda2" member_type: VOTER last_known_addr { host: "127.21.56.1" port: 44573 } attrs { replace: true } } peers { permanent_uuid: "f086ea45f8604df7bfed739294942d00" member_type: VOTER last_known_addr { host: "127.21.56.2" port: 40947 } } peers { permanent_uuid: "5d309da8c92f45d2b25a6e369c6a2933" member_type: VOTER last_known_addr { host: "127.21.56.3" port: 34961 } } peers { permanent_uuid: "9e53af26bd454dd7ad00b559c7a0cd9c" member_type: NON_VOTER last_known_addr { host: "127.21.56.4" port: 33895 } attrs { promote: true } }
I20260713 09:07:39.274312 23552 raft_consensus.cc:740] T 32af7b3e24884edaa0c44201ce288fc6 P 9e53af26bd454dd7ad00b559c7a0cd9c [term 1 LEARNER]: Becoming Follower/Learner. State: Replica: 9e53af26bd454dd7ad00b559c7a0cd9c, State: Initialized, Role: LEARNER
I20260713 09:07:39.275017 23552 consensus_queue.cc:260] T 32af7b3e24884edaa0c44201ce288fc6 P 9e53af26bd454dd7ad00b559c7a0cd9c [NON_LEADER]: Queue going to NON_LEADER mode. State: All replicated index: 0, Majority replicated index: 0, Committed index: 2, Last appended: 1.2, Last appended by leader: 2, Current term: 0, Majority size: -1, State: 0, Mode: NON_LEADER, active raft config: opid_index: 2 OBSOLETE_local: false peers { permanent_uuid: "12b68ede446a466bb1f68d3d57fdbda2" member_type: VOTER last_known_addr { host: "127.21.56.1" port: 44573 } attrs { replace: true } } peers { permanent_uuid: "f086ea45f8604df7bfed739294942d00" member_type: VOTER last_known_addr { host: "127.21.56.2" port: 40947 } } peers { permanent_uuid: "5d309da8c92f45d2b25a6e369c6a2933" member_type: VOTER last_known_addr { host: "127.21.56.3" port: 34961 } } peers { permanent_uuid: "9e53af26bd454dd7ad00b559c7a0cd9c" member_type: NON_VOTER last_known_addr { host: "127.21.56.4" port: 33895 } attrs { promote: true } }
I20260713 09:07:39.278366 23552 ts_tablet_manager.cc:1434] T 32af7b3e24884edaa0c44201ce288fc6 P 9e53af26bd454dd7ad00b559c7a0cd9c: Time spent starting tablet: real 0.009s	user 0.006s	sys 0.000s
I20260713 09:07:39.280272 23554 tablet_copy_client.cc:806] T ca4fb6281f854c4ca58df027ef22fc5e P 9e53af26bd454dd7ad00b559c7a0cd9c: tablet copy: Starting download of 0 data blocks...
I20260713 09:07:39.280668 22949 tablet_copy_service.cc:342] P f086ea45f8604df7bfed739294942d00: Request end of tablet copy session 9e53af26bd454dd7ad00b559c7a0cd9c-32af7b3e24884edaa0c44201ce288fc6 received from {username='slave'} at 127.0.0.1:57260
I20260713 09:07:39.281186 22949 tablet_copy_service.cc:434] P f086ea45f8604df7bfed739294942d00: ending tablet copy session 9e53af26bd454dd7ad00b559c7a0cd9c-32af7b3e24884edaa0c44201ce288fc6 on tablet 32af7b3e24884edaa0c44201ce288fc6 with peer 9e53af26bd454dd7ad00b559c7a0cd9c
I20260713 09:07:39.281278 23554 tablet_copy_client.cc:670] T ca4fb6281f854c4ca58df027ef22fc5e P 9e53af26bd454dd7ad00b559c7a0cd9c: tablet copy: Starting download of 1 WAL segments...
I20260713 09:07:39.285429 23554 tablet_copy_client.cc:538] T ca4fb6281f854c4ca58df027ef22fc5e P 9e53af26bd454dd7ad00b559c7a0cd9c: tablet copy: Tablet Copy complete. Replacing tablet superblock.
I20260713 09:07:39.295262 23554 tablet_bootstrap.cc:492] T ca4fb6281f854c4ca58df027ef22fc5e P 9e53af26bd454dd7ad00b559c7a0cd9c: Bootstrap starting.
I20260713 09:07:39.314703 23554 tablet_bootstrap.cc:492] T ca4fb6281f854c4ca58df027ef22fc5e P 9e53af26bd454dd7ad00b559c7a0cd9c: Bootstrap replayed 1/1 log segments. Stats: ops{read=2 overwritten=0 applied=2 ignored=0} inserts{seen=0 ignored=0} mutations{seen=0 ignored=0} orphaned_commits=0. Pending: 0 replicates
I20260713 09:07:39.315627 23554 tablet_bootstrap.cc:492] T ca4fb6281f854c4ca58df027ef22fc5e P 9e53af26bd454dd7ad00b559c7a0cd9c: Bootstrap complete.
I20260713 09:07:39.316293 23554 ts_tablet_manager.cc:1403] T ca4fb6281f854c4ca58df027ef22fc5e P 9e53af26bd454dd7ad00b559c7a0cd9c: Time spent bootstrapping tablet: real 0.021s	user 0.019s	sys 0.000s
I20260713 09:07:39.319054 23554 raft_consensus.cc:359] T ca4fb6281f854c4ca58df027ef22fc5e P 9e53af26bd454dd7ad00b559c7a0cd9c [term 1 LEARNER]: Replica starting. Triggering 0 pending ops. Active config: opid_index: 2 OBSOLETE_local: false peers { permanent_uuid: "12b68ede446a466bb1f68d3d57fdbda2" member_type: VOTER last_known_addr { host: "127.21.56.1" port: 44573 } } peers { permanent_uuid: "f086ea45f8604df7bfed739294942d00" member_type: VOTER last_known_addr { host: "127.21.56.2" port: 40947 } attrs { replace: true } } peers { permanent_uuid: "5d309da8c92f45d2b25a6e369c6a2933" member_type: VOTER last_known_addr { host: "127.21.56.3" port: 34961 } } peers { permanent_uuid: "9e53af26bd454dd7ad00b559c7a0cd9c" member_type: NON_VOTER last_known_addr { host: "127.21.56.4" port: 33895 } attrs { promote: true } }
I20260713 09:07:39.319826 23554 raft_consensus.cc:740] T ca4fb6281f854c4ca58df027ef22fc5e P 9e53af26bd454dd7ad00b559c7a0cd9c [term 1 LEARNER]: Becoming Follower/Learner. State: Replica: 9e53af26bd454dd7ad00b559c7a0cd9c, State: Initialized, Role: LEARNER
I20260713 09:07:39.320874 23554 consensus_queue.cc:260] T ca4fb6281f854c4ca58df027ef22fc5e P 9e53af26bd454dd7ad00b559c7a0cd9c [NON_LEADER]: Queue going to NON_LEADER mode. State: All replicated index: 0, Majority replicated index: 0, Committed index: 2, Last appended: 1.2, Last appended by leader: 2, Current term: 0, Majority size: -1, State: 0, Mode: NON_LEADER, active raft config: opid_index: 2 OBSOLETE_local: false peers { permanent_uuid: "12b68ede446a466bb1f68d3d57fdbda2" member_type: VOTER last_known_addr { host: "127.21.56.1" port: 44573 } } peers { permanent_uuid: "f086ea45f8604df7bfed739294942d00" member_type: VOTER last_known_addr { host: "127.21.56.2" port: 40947 } attrs { replace: true } } peers { permanent_uuid: "5d309da8c92f45d2b25a6e369c6a2933" member_type: VOTER last_known_addr { host: "127.21.56.3" port: 34961 } } peers { permanent_uuid: "9e53af26bd454dd7ad00b559c7a0cd9c" member_type: NON_VOTER last_known_addr { host: "127.21.56.4" port: 33895 } attrs { promote: true } }
I20260713 09:07:39.323280 23554 ts_tablet_manager.cc:1434] T ca4fb6281f854c4ca58df027ef22fc5e P 9e53af26bd454dd7ad00b559c7a0cd9c: Time spent starting tablet: real 0.007s	user 0.000s	sys 0.004s
I20260713 09:07:39.324869 22874 tablet_copy_service.cc:342] P 12b68ede446a466bb1f68d3d57fdbda2: Request end of tablet copy session 9e53af26bd454dd7ad00b559c7a0cd9c-ca4fb6281f854c4ca58df027ef22fc5e received from {username='slave'} at 127.0.0.1:57536
I20260713 09:07:39.325311 22874 tablet_copy_service.cc:434] P 12b68ede446a466bb1f68d3d57fdbda2: ending tablet copy session 9e53af26bd454dd7ad00b559c7a0cd9c-ca4fb6281f854c4ca58df027ef22fc5e on tablet ca4fb6281f854c4ca58df027ef22fc5e with peer 9e53af26bd454dd7ad00b559c7a0cd9c
I20260713 09:07:39.342496 23554 ts_tablet_manager.cc:933] T 8d7f4b991dac437187930a781462274a P 9e53af26bd454dd7ad00b559c7a0cd9c: Initiating tablet copy from peer f086ea45f8604df7bfed739294942d00 (127.21.56.2:40947)
I20260713 09:07:39.344075 23554 tablet_copy_client.cc:323] T 8d7f4b991dac437187930a781462274a P 9e53af26bd454dd7ad00b559c7a0cd9c: tablet copy: Beginning tablet copy session from remote peer at address 127.21.56.2:40947
I20260713 09:07:39.345485 22949 tablet_copy_service.cc:140] P f086ea45f8604df7bfed739294942d00: Received BeginTabletCopySession request for tablet 8d7f4b991dac437187930a781462274a from peer 9e53af26bd454dd7ad00b559c7a0cd9c ({username='slave'} at 127.0.0.1:57260)
I20260713 09:07:39.345899 22949 tablet_copy_service.cc:161] P f086ea45f8604df7bfed739294942d00: Beginning new tablet copy session on tablet 8d7f4b991dac437187930a781462274a from peer 9e53af26bd454dd7ad00b559c7a0cd9c at {username='slave'} at 127.0.0.1:57260: session id = 9e53af26bd454dd7ad00b559c7a0cd9c-8d7f4b991dac437187930a781462274a
I20260713 09:07:39.351016 22949 tablet_copy_source_session.cc:215] T 8d7f4b991dac437187930a781462274a P f086ea45f8604df7bfed739294942d00: Tablet Copy: opened 0 blocks and 1 log segments
I20260713 09:07:39.354117 23554 data_dirs.cc:400] Could only allocate 1 dirs of requested 3 for tablet 8d7f4b991dac437187930a781462274a. 1 dirs total, 0 dirs full, 0 dirs failed
I20260713 09:07:39.369140 23554 tablet_copy_client.cc:806] T 8d7f4b991dac437187930a781462274a P 9e53af26bd454dd7ad00b559c7a0cd9c: tablet copy: Starting download of 0 data blocks...
I20260713 09:07:39.369724 23554 tablet_copy_client.cc:670] T 8d7f4b991dac437187930a781462274a P 9e53af26bd454dd7ad00b559c7a0cd9c: tablet copy: Starting download of 1 WAL segments...
I20260713 09:07:39.373234 23554 tablet_copy_client.cc:538] T 8d7f4b991dac437187930a781462274a P 9e53af26bd454dd7ad00b559c7a0cd9c: tablet copy: Tablet Copy complete. Replacing tablet superblock.
I20260713 09:07:39.382169 23554 tablet_bootstrap.cc:492] T 8d7f4b991dac437187930a781462274a P 9e53af26bd454dd7ad00b559c7a0cd9c: Bootstrap starting.
I20260713 09:07:39.402333 23554 tablet_bootstrap.cc:492] T 8d7f4b991dac437187930a781462274a P 9e53af26bd454dd7ad00b559c7a0cd9c: Bootstrap replayed 1/1 log segments. Stats: ops{read=2 overwritten=0 applied=2 ignored=0} inserts{seen=0 ignored=0} mutations{seen=0 ignored=0} orphaned_commits=0. Pending: 0 replicates
I20260713 09:07:39.403193 23554 tablet_bootstrap.cc:492] T 8d7f4b991dac437187930a781462274a P 9e53af26bd454dd7ad00b559c7a0cd9c: Bootstrap complete.
I20260713 09:07:39.403738 23554 ts_tablet_manager.cc:1403] T 8d7f4b991dac437187930a781462274a P 9e53af26bd454dd7ad00b559c7a0cd9c: Time spent bootstrapping tablet: real 0.022s	user 0.014s	sys 0.005s
I20260713 09:07:39.405853 23554 raft_consensus.cc:359] T 8d7f4b991dac437187930a781462274a P 9e53af26bd454dd7ad00b559c7a0cd9c [term 1 LEARNER]: Replica starting. Triggering 0 pending ops. Active config: opid_index: 2 OBSOLETE_local: false peers { permanent_uuid: "12b68ede446a466bb1f68d3d57fdbda2" member_type: VOTER last_known_addr { host: "127.21.56.1" port: 44573 } } peers { permanent_uuid: "f086ea45f8604df7bfed739294942d00" member_type: VOTER last_known_addr { host: "127.21.56.2" port: 40947 } } peers { permanent_uuid: "5d309da8c92f45d2b25a6e369c6a2933" member_type: VOTER last_known_addr { host: "127.21.56.3" port: 34961 } attrs { replace: true } } peers { permanent_uuid: "9e53af26bd454dd7ad00b559c7a0cd9c" member_type: NON_VOTER last_known_addr { host: "127.21.56.4" port: 33895 } attrs { promote: true } }
I20260713 09:07:39.406446 23554 raft_consensus.cc:740] T 8d7f4b991dac437187930a781462274a P 9e53af26bd454dd7ad00b559c7a0cd9c [term 1 LEARNER]: Becoming Follower/Learner. State: Replica: 9e53af26bd454dd7ad00b559c7a0cd9c, State: Initialized, Role: LEARNER
I20260713 09:07:39.406965 23554 consensus_queue.cc:260] T 8d7f4b991dac437187930a781462274a P 9e53af26bd454dd7ad00b559c7a0cd9c [NON_LEADER]: Queue going to NON_LEADER mode. State: All replicated index: 0, Majority replicated index: 0, Committed index: 2, Last appended: 1.2, Last appended by leader: 2, Current term: 0, Majority size: -1, State: 0, Mode: NON_LEADER, active raft config: opid_index: 2 OBSOLETE_local: false peers { permanent_uuid: "12b68ede446a466bb1f68d3d57fdbda2" member_type: VOTER last_known_addr { host: "127.21.56.1" port: 44573 } } peers { permanent_uuid: "f086ea45f8604df7bfed739294942d00" member_type: VOTER last_known_addr { host: "127.21.56.2" port: 40947 } } peers { permanent_uuid: "5d309da8c92f45d2b25a6e369c6a2933" member_type: VOTER last_known_addr { host: "127.21.56.3" port: 34961 } attrs { replace: true } } peers { permanent_uuid: "9e53af26bd454dd7ad00b559c7a0cd9c" member_type: NON_VOTER last_known_addr { host: "127.21.56.4" port: 33895 } attrs { promote: true } }
I20260713 09:07:39.409180 23552 ts_tablet_manager.cc:933] T ddb82b8ccca2431b8220c2c5a1a28f1a P 9e53af26bd454dd7ad00b559c7a0cd9c: Initiating tablet copy from peer f086ea45f8604df7bfed739294942d00 (127.21.56.2:40947)
I20260713 09:07:39.409293 23554 ts_tablet_manager.cc:1434] T 8d7f4b991dac437187930a781462274a P 9e53af26bd454dd7ad00b559c7a0cd9c: Time spent starting tablet: real 0.005s	user 0.007s	sys 0.001s
I20260713 09:07:39.411360 23552 tablet_copy_client.cc:323] T ddb82b8ccca2431b8220c2c5a1a28f1a P 9e53af26bd454dd7ad00b559c7a0cd9c: tablet copy: Beginning tablet copy session from remote peer at address 127.21.56.2:40947
I20260713 09:07:39.413098 22949 tablet_copy_service.cc:140] P f086ea45f8604df7bfed739294942d00: Received BeginTabletCopySession request for tablet ddb82b8ccca2431b8220c2c5a1a28f1a from peer 9e53af26bd454dd7ad00b559c7a0cd9c ({username='slave'} at 127.0.0.1:57260)
I20260713 09:07:39.413594 22949 tablet_copy_service.cc:161] P f086ea45f8604df7bfed739294942d00: Beginning new tablet copy session on tablet ddb82b8ccca2431b8220c2c5a1a28f1a from peer 9e53af26bd454dd7ad00b559c7a0cd9c at {username='slave'} at 127.0.0.1:57260: session id = 9e53af26bd454dd7ad00b559c7a0cd9c-ddb82b8ccca2431b8220c2c5a1a28f1a
I20260713 09:07:39.417666 22948 tablet_copy_service.cc:342] P f086ea45f8604df7bfed739294942d00: Request end of tablet copy session 9e53af26bd454dd7ad00b559c7a0cd9c-8d7f4b991dac437187930a781462274a received from {username='slave'} at 127.0.0.1:57260
I20260713 09:07:39.418296 22948 tablet_copy_service.cc:434] P f086ea45f8604df7bfed739294942d00: ending tablet copy session 9e53af26bd454dd7ad00b559c7a0cd9c-8d7f4b991dac437187930a781462274a on tablet 8d7f4b991dac437187930a781462274a with peer 9e53af26bd454dd7ad00b559c7a0cd9c
I20260713 09:07:39.422752 22949 tablet_copy_source_session.cc:215] T ddb82b8ccca2431b8220c2c5a1a28f1a P f086ea45f8604df7bfed739294942d00: Tablet Copy: opened 0 blocks and 1 log segments
I20260713 09:07:39.425824 23552 data_dirs.cc:400] Could only allocate 1 dirs of requested 3 for tablet ddb82b8ccca2431b8220c2c5a1a28f1a. 1 dirs total, 0 dirs full, 0 dirs failed
I20260713 09:07:39.443598 23552 tablet_copy_client.cc:806] T ddb82b8ccca2431b8220c2c5a1a28f1a P 9e53af26bd454dd7ad00b559c7a0cd9c: tablet copy: Starting download of 0 data blocks...
I20260713 09:07:39.444227 23552 tablet_copy_client.cc:670] T ddb82b8ccca2431b8220c2c5a1a28f1a P 9e53af26bd454dd7ad00b559c7a0cd9c: tablet copy: Starting download of 1 WAL segments...
I20260713 09:07:39.447361 23552 tablet_copy_client.cc:538] T ddb82b8ccca2431b8220c2c5a1a28f1a P 9e53af26bd454dd7ad00b559c7a0cd9c: tablet copy: Tablet Copy complete. Replacing tablet superblock.
I20260713 09:07:39.456185 23552 tablet_bootstrap.cc:492] T ddb82b8ccca2431b8220c2c5a1a28f1a P 9e53af26bd454dd7ad00b559c7a0cd9c: Bootstrap starting.
I20260713 09:07:39.475757 23552 tablet_bootstrap.cc:492] T ddb82b8ccca2431b8220c2c5a1a28f1a P 9e53af26bd454dd7ad00b559c7a0cd9c: Bootstrap replayed 1/1 log segments. Stats: ops{read=2 overwritten=0 applied=2 ignored=0} inserts{seen=0 ignored=0} mutations{seen=0 ignored=0} orphaned_commits=0. Pending: 0 replicates
I20260713 09:07:39.476702 23552 tablet_bootstrap.cc:492] T ddb82b8ccca2431b8220c2c5a1a28f1a P 9e53af26bd454dd7ad00b559c7a0cd9c: Bootstrap complete.
I20260713 09:07:39.477802 23552 ts_tablet_manager.cc:1403] T ddb82b8ccca2431b8220c2c5a1a28f1a P 9e53af26bd454dd7ad00b559c7a0cd9c: Time spent bootstrapping tablet: real 0.022s	user 0.020s	sys 0.003s
I20260713 09:07:39.480624 23552 raft_consensus.cc:359] T ddb82b8ccca2431b8220c2c5a1a28f1a P 9e53af26bd454dd7ad00b559c7a0cd9c [term 1 LEARNER]: Replica starting. Triggering 0 pending ops. Active config: opid_index: 2 OBSOLETE_local: false peers { permanent_uuid: "12b68ede446a466bb1f68d3d57fdbda2" member_type: VOTER last_known_addr { host: "127.21.56.1" port: 44573 } } peers { permanent_uuid: "f086ea45f8604df7bfed739294942d00" member_type: VOTER last_known_addr { host: "127.21.56.2" port: 40947 } } peers { permanent_uuid: "5d309da8c92f45d2b25a6e369c6a2933" member_type: VOTER last_known_addr { host: "127.21.56.3" port: 34961 } attrs { replace: true } } peers { permanent_uuid: "9e53af26bd454dd7ad00b559c7a0cd9c" member_type: NON_VOTER last_known_addr { host: "127.21.56.4" port: 33895 } attrs { promote: true } }
I20260713 09:07:39.481436 23552 raft_consensus.cc:740] T ddb82b8ccca2431b8220c2c5a1a28f1a P 9e53af26bd454dd7ad00b559c7a0cd9c [term 1 LEARNER]: Becoming Follower/Learner. State: Replica: 9e53af26bd454dd7ad00b559c7a0cd9c, State: Initialized, Role: LEARNER
I20260713 09:07:39.482048 23552 consensus_queue.cc:260] T ddb82b8ccca2431b8220c2c5a1a28f1a P 9e53af26bd454dd7ad00b559c7a0cd9c [NON_LEADER]: Queue going to NON_LEADER mode. State: All replicated index: 0, Majority replicated index: 0, Committed index: 2, Last appended: 1.2, Last appended by leader: 2, Current term: 0, Majority size: -1, State: 0, Mode: NON_LEADER, active raft config: opid_index: 2 OBSOLETE_local: false peers { permanent_uuid: "12b68ede446a466bb1f68d3d57fdbda2" member_type: VOTER last_known_addr { host: "127.21.56.1" port: 44573 } } peers { permanent_uuid: "f086ea45f8604df7bfed739294942d00" member_type: VOTER last_known_addr { host: "127.21.56.2" port: 40947 } } peers { permanent_uuid: "5d309da8c92f45d2b25a6e369c6a2933" member_type: VOTER last_known_addr { host: "127.21.56.3" port: 34961 } attrs { replace: true } } peers { permanent_uuid: "9e53af26bd454dd7ad00b559c7a0cd9c" member_type: NON_VOTER last_known_addr { host: "127.21.56.4" port: 33895 } attrs { promote: true } }
I20260713 09:07:39.484540 23552 ts_tablet_manager.cc:1434] T ddb82b8ccca2431b8220c2c5a1a28f1a P 9e53af26bd454dd7ad00b559c7a0cd9c: Time spent starting tablet: real 0.006s	user 0.008s	sys 0.000s
I20260713 09:07:39.486254 22949 tablet_copy_service.cc:342] P f086ea45f8604df7bfed739294942d00: Request end of tablet copy session 9e53af26bd454dd7ad00b559c7a0cd9c-ddb82b8ccca2431b8220c2c5a1a28f1a received from {username='slave'} at 127.0.0.1:57260
I20260713 09:07:39.486672 22949 tablet_copy_service.cc:434] P f086ea45f8604df7bfed739294942d00: ending tablet copy session 9e53af26bd454dd7ad00b559c7a0cd9c-ddb82b8ccca2431b8220c2c5a1a28f1a on tablet ddb82b8ccca2431b8220c2c5a1a28f1a with peer 9e53af26bd454dd7ad00b559c7a0cd9c
I20260713 09:07:39.677865 23283 raft_consensus.cc:1217] T 32af7b3e24884edaa0c44201ce288fc6 P 9e53af26bd454dd7ad00b559c7a0cd9c [term 1 LEARNER]: Deduplicated request from leader. Original: 1.1->[1.2-1.2]   Dedup: 1.2->[]
I20260713 09:07:39.715170 23283 raft_consensus.cc:1217] T ca4fb6281f854c4ca58df027ef22fc5e P 9e53af26bd454dd7ad00b559c7a0cd9c [term 1 LEARNER]: Deduplicated request from leader. Original: 1.1->[1.2-1.2]   Dedup: 1.2->[]
I20260713 09:07:39.800522 23283 raft_consensus.cc:1217] T ddb82b8ccca2431b8220c2c5a1a28f1a P 9e53af26bd454dd7ad00b559c7a0cd9c [term 1 LEARNER]: Deduplicated request from leader. Original: 1.1->[1.2-1.2]   Dedup: 1.2->[]
I20260713 09:07:39.823117 23283 raft_consensus.cc:1217] T 8d7f4b991dac437187930a781462274a P 9e53af26bd454dd7ad00b559c7a0cd9c [term 1 LEARNER]: Deduplicated request from leader. Original: 1.1->[1.2-1.2]   Dedup: 1.2->[]
I20260713 09:07:40.097715 23522 raft_consensus.cc:1064] T 32af7b3e24884edaa0c44201ce288fc6 P f086ea45f8604df7bfed739294942d00: attempting to promote NON_VOTER 9e53af26bd454dd7ad00b559c7a0cd9c to VOTER
I20260713 09:07:40.099644 23522 consensus_queue.cc:237] T 32af7b3e24884edaa0c44201ce288fc6 P f086ea45f8604df7bfed739294942d00 [LEADER]: Queue going to LEADER mode. State: All replicated index: 0, Majority replicated index: 2, Committed index: 2, Last appended: 1.2, Last appended by leader: 0, Current term: 1, Majority size: 3, State: 0, Mode: LEADER, active raft config: opid_index: 3 OBSOLETE_local: false peers { permanent_uuid: "12b68ede446a466bb1f68d3d57fdbda2" member_type: VOTER last_known_addr { host: "127.21.56.1" port: 44573 } attrs { replace: true } } peers { permanent_uuid: "f086ea45f8604df7bfed739294942d00" member_type: VOTER last_known_addr { host: "127.21.56.2" port: 40947 } } peers { permanent_uuid: "5d309da8c92f45d2b25a6e369c6a2933" member_type: VOTER last_known_addr { host: "127.21.56.3" port: 34961 } } peers { permanent_uuid: "9e53af26bd454dd7ad00b559c7a0cd9c" member_type: VOTER last_known_addr { host: "127.21.56.4" port: 33895 } attrs { promote: false } }
I20260713 09:07:40.106076 23283 raft_consensus.cc:1275] T 32af7b3e24884edaa0c44201ce288fc6 P 9e53af26bd454dd7ad00b559c7a0cd9c [term 1 LEARNER]: Refusing update from remote peer f086ea45f8604df7bfed739294942d00: Log matching property violated. Preceding OpId in replica: term: 1 index: 2. Preceding OpId from leader: term: 1 index: 3. (index mismatch)
I20260713 09:07:40.106648 23010 raft_consensus.cc:1275] T 32af7b3e24884edaa0c44201ce288fc6 P 5d309da8c92f45d2b25a6e369c6a2933 [term 1 FOLLOWER]: Refusing update from remote peer f086ea45f8604df7bfed739294942d00: Log matching property violated. Preceding OpId in replica: term: 1 index: 2. Preceding OpId from leader: term: 1 index: 3. (index mismatch)
I20260713 09:07:40.107046 22864 raft_consensus.cc:1275] T 32af7b3e24884edaa0c44201ce288fc6 P 12b68ede446a466bb1f68d3d57fdbda2 [term 1 FOLLOWER]: Refusing update from remote peer f086ea45f8604df7bfed739294942d00: Log matching property violated. Preceding OpId in replica: term: 1 index: 2. Preceding OpId from leader: term: 1 index: 3. (index mismatch)
I20260713 09:07:40.107640 23523 consensus_queue.cc:1048] T 32af7b3e24884edaa0c44201ce288fc6 P f086ea45f8604df7bfed739294942d00 [LEADER]: Connected to new peer: Peer: permanent_uuid: "9e53af26bd454dd7ad00b559c7a0cd9c" member_type: VOTER last_known_addr { host: "127.21.56.4" port: 33895 } attrs { promote: false }, Status: LMP_MISMATCH, Last received: 0.0, Next index: 3, Last known committed idx: 2, Time since last communication: 0.000s
I20260713 09:07:40.108632 23522 consensus_queue.cc:1048] T 32af7b3e24884edaa0c44201ce288fc6 P f086ea45f8604df7bfed739294942d00 [LEADER]: Connected to new peer: Peer: permanent_uuid: "12b68ede446a466bb1f68d3d57fdbda2" member_type: VOTER last_known_addr { host: "127.21.56.1" port: 44573 } attrs { replace: true }, Status: LMP_MISMATCH, Last received: 0.0, Next index: 3, Last known committed idx: 2, Time since last communication: 0.000s
I20260713 09:07:40.109520 23535 consensus_queue.cc:1048] T 32af7b3e24884edaa0c44201ce288fc6 P f086ea45f8604df7bfed739294942d00 [LEADER]: Connected to new peer: Peer: permanent_uuid: "5d309da8c92f45d2b25a6e369c6a2933" member_type: VOTER last_known_addr { host: "127.21.56.3" port: 34961 }, Status: LMP_MISMATCH, Last received: 0.0, Next index: 3, Last known committed idx: 2, Time since last communication: 0.000s
I20260713 09:07:40.121506 23523 raft_consensus.cc:2955] T 32af7b3e24884edaa0c44201ce288fc6 P f086ea45f8604df7bfed739294942d00 [term 1 LEADER]: Committing config change with OpId 1.3: config changed from index 2 to 3, 9e53af26bd454dd7ad00b559c7a0cd9c (127.21.56.4) changed from NON_VOTER to VOTER. New config: { opid_index: 3 OBSOLETE_local: false peers { permanent_uuid: "12b68ede446a466bb1f68d3d57fdbda2" member_type: VOTER last_known_addr { host: "127.21.56.1" port: 44573 } attrs { replace: true } } peers { permanent_uuid: "f086ea45f8604df7bfed739294942d00" member_type: VOTER last_known_addr { host: "127.21.56.2" port: 40947 } } peers { permanent_uuid: "5d309da8c92f45d2b25a6e369c6a2933" member_type: VOTER last_known_addr { host: "127.21.56.3" port: 34961 } } peers { permanent_uuid: "9e53af26bd454dd7ad00b559c7a0cd9c" member_type: VOTER last_known_addr { host: "127.21.56.4" port: 33895 } attrs { promote: false } } }
I20260713 09:07:40.123526 23283 raft_consensus.cc:2955] T 32af7b3e24884edaa0c44201ce288fc6 P 9e53af26bd454dd7ad00b559c7a0cd9c [term 1 FOLLOWER]: Committing config change with OpId 1.3: config changed from index 2 to 3, 9e53af26bd454dd7ad00b559c7a0cd9c (127.21.56.4) changed from NON_VOTER to VOTER. New config: { opid_index: 3 OBSOLETE_local: false peers { permanent_uuid: "12b68ede446a466bb1f68d3d57fdbda2" member_type: VOTER last_known_addr { host: "127.21.56.1" port: 44573 } attrs { replace: true } } peers { permanent_uuid: "f086ea45f8604df7bfed739294942d00" member_type: VOTER last_known_addr { host: "127.21.56.2" port: 40947 } } peers { permanent_uuid: "5d309da8c92f45d2b25a6e369c6a2933" member_type: VOTER last_known_addr { host: "127.21.56.3" port: 34961 } } peers { permanent_uuid: "9e53af26bd454dd7ad00b559c7a0cd9c" member_type: VOTER last_known_addr { host: "127.21.56.4" port: 33895 } attrs { promote: false } } }
I20260713 09:07:40.129940 22864 raft_consensus.cc:2955] T 32af7b3e24884edaa0c44201ce288fc6 P 12b68ede446a466bb1f68d3d57fdbda2 [term 1 FOLLOWER]: Committing config change with OpId 1.3: config changed from index 2 to 3, 9e53af26bd454dd7ad00b559c7a0cd9c (127.21.56.4) changed from NON_VOTER to VOTER. New config: { opid_index: 3 OBSOLETE_local: false peers { permanent_uuid: "12b68ede446a466bb1f68d3d57fdbda2" member_type: VOTER last_known_addr { host: "127.21.56.1" port: 44573 } attrs { replace: true } } peers { permanent_uuid: "f086ea45f8604df7bfed739294942d00" member_type: VOTER last_known_addr { host: "127.21.56.2" port: 40947 } } peers { permanent_uuid: "5d309da8c92f45d2b25a6e369c6a2933" member_type: VOTER last_known_addr { host: "127.21.56.3" port: 34961 } } peers { permanent_uuid: "9e53af26bd454dd7ad00b559c7a0cd9c" member_type: VOTER last_known_addr { host: "127.21.56.4" port: 33895 } attrs { promote: false } } }
I20260713 09:07:40.137852 22760 catalog_manager.cc:5697] T 32af7b3e24884edaa0c44201ce288fc6 P 9e53af26bd454dd7ad00b559c7a0cd9c reported cstate change: config changed from index 2 to 3, 9e53af26bd454dd7ad00b559c7a0cd9c (127.21.56.4) changed from NON_VOTER to VOTER. New cstate: current_term: 1 leader_uuid: "f086ea45f8604df7bfed739294942d00" committed_config { opid_index: 3 OBSOLETE_local: false peers { permanent_uuid: "12b68ede446a466bb1f68d3d57fdbda2" member_type: VOTER last_known_addr { host: "127.21.56.1" port: 44573 } attrs { replace: true } } peers { permanent_uuid: "f086ea45f8604df7bfed739294942d00" member_type: VOTER last_known_addr { host: "127.21.56.2" port: 40947 } } peers { permanent_uuid: "5d309da8c92f45d2b25a6e369c6a2933" member_type: VOTER last_known_addr { host: "127.21.56.3" port: 34961 } } peers { permanent_uuid: "9e53af26bd454dd7ad00b559c7a0cd9c" member_type: VOTER last_known_addr { host: "127.21.56.4" port: 33895 } attrs { promote: false } } }
I20260713 09:07:40.140829 23009 raft_consensus.cc:2955] T 32af7b3e24884edaa0c44201ce288fc6 P 5d309da8c92f45d2b25a6e369c6a2933 [term 1 FOLLOWER]: Committing config change with OpId 1.3: config changed from index 2 to 3, 9e53af26bd454dd7ad00b559c7a0cd9c (127.21.56.4) changed from NON_VOTER to VOTER. New config: { opid_index: 3 OBSOLETE_local: false peers { permanent_uuid: "12b68ede446a466bb1f68d3d57fdbda2" member_type: VOTER last_known_addr { host: "127.21.56.1" port: 44573 } attrs { replace: true } } peers { permanent_uuid: "f086ea45f8604df7bfed739294942d00" member_type: VOTER last_known_addr { host: "127.21.56.2" port: 40947 } } peers { permanent_uuid: "5d309da8c92f45d2b25a6e369c6a2933" member_type: VOTER last_known_addr { host: "127.21.56.3" port: 34961 } } peers { permanent_uuid: "9e53af26bd454dd7ad00b559c7a0cd9c" member_type: VOTER last_known_addr { host: "127.21.56.4" port: 33895 } attrs { promote: false } } }
I20260713 09:07:40.170560 22939 consensus_queue.cc:237] T 32af7b3e24884edaa0c44201ce288fc6 P f086ea45f8604df7bfed739294942d00 [LEADER]: Queue going to LEADER mode. State: All replicated index: 0, Majority replicated index: 3, Committed index: 3, Last appended: 1.3, Last appended by leader: 0, Current term: 1, Majority size: 2, State: 0, Mode: LEADER, active raft config: opid_index: 4 OBSOLETE_local: false peers { permanent_uuid: "f086ea45f8604df7bfed739294942d00" member_type: VOTER last_known_addr { host: "127.21.56.2" port: 40947 } } peers { permanent_uuid: "5d309da8c92f45d2b25a6e369c6a2933" member_type: VOTER last_known_addr { host: "127.21.56.3" port: 34961 } } peers { permanent_uuid: "9e53af26bd454dd7ad00b559c7a0cd9c" member_type: VOTER last_known_addr { host: "127.21.56.4" port: 33895 } attrs { promote: false } }
I20260713 09:07:40.175204 23282 raft_consensus.cc:1275] T 32af7b3e24884edaa0c44201ce288fc6 P 9e53af26bd454dd7ad00b559c7a0cd9c [term 1 FOLLOWER]: Refusing update from remote peer f086ea45f8604df7bfed739294942d00: Log matching property violated. Preceding OpId in replica: term: 1 index: 3. Preceding OpId from leader: term: 1 index: 4. (index mismatch)
I20260713 09:07:40.176709 23523 consensus_queue.cc:1048] T 32af7b3e24884edaa0c44201ce288fc6 P f086ea45f8604df7bfed739294942d00 [LEADER]: Connected to new peer: Peer: permanent_uuid: "9e53af26bd454dd7ad00b559c7a0cd9c" member_type: VOTER last_known_addr { host: "127.21.56.4" port: 33895 } attrs { promote: false }, Status: LMP_MISMATCH, Last received: 0.0, Next index: 4, Last known committed idx: 3, Time since last communication: 0.000s
I20260713 09:07:40.177002 23009 raft_consensus.cc:1275] T 32af7b3e24884edaa0c44201ce288fc6 P 5d309da8c92f45d2b25a6e369c6a2933 [term 1 FOLLOWER]: Refusing update from remote peer f086ea45f8604df7bfed739294942d00: Log matching property violated. Preceding OpId in replica: term: 1 index: 3. Preceding OpId from leader: term: 1 index: 4. (index mismatch)
I20260713 09:07:40.180104 23523 consensus_queue.cc:1048] T 32af7b3e24884edaa0c44201ce288fc6 P f086ea45f8604df7bfed739294942d00 [LEADER]: Connected to new peer: Peer: permanent_uuid: "5d309da8c92f45d2b25a6e369c6a2933" member_type: VOTER last_known_addr { host: "127.21.56.3" port: 34961 }, Status: LMP_MISMATCH, Last received: 0.0, Next index: 4, Last known committed idx: 3, Time since last communication: 0.000s
I20260713 09:07:40.184675 23535 raft_consensus.cc:2955] T 32af7b3e24884edaa0c44201ce288fc6 P f086ea45f8604df7bfed739294942d00 [term 1 LEADER]: Committing config change with OpId 1.4: config changed from index 3 to 4, VOTER 12b68ede446a466bb1f68d3d57fdbda2 (127.21.56.1) evicted. New config: { opid_index: 4 OBSOLETE_local: false peers { permanent_uuid: "f086ea45f8604df7bfed739294942d00" member_type: VOTER last_known_addr { host: "127.21.56.2" port: 40947 } } peers { permanent_uuid: "5d309da8c92f45d2b25a6e369c6a2933" member_type: VOTER last_known_addr { host: "127.21.56.3" port: 34961 } } peers { permanent_uuid: "9e53af26bd454dd7ad00b559c7a0cd9c" member_type: VOTER last_known_addr { host: "127.21.56.4" port: 33895 } attrs { promote: false } } }
I20260713 09:07:40.189064 23009 raft_consensus.cc:2955] T 32af7b3e24884edaa0c44201ce288fc6 P 5d309da8c92f45d2b25a6e369c6a2933 [term 1 FOLLOWER]: Committing config change with OpId 1.4: config changed from index 3 to 4, VOTER 12b68ede446a466bb1f68d3d57fdbda2 (127.21.56.1) evicted. New config: { opid_index: 4 OBSOLETE_local: false peers { permanent_uuid: "f086ea45f8604df7bfed739294942d00" member_type: VOTER last_known_addr { host: "127.21.56.2" port: 40947 } } peers { permanent_uuid: "5d309da8c92f45d2b25a6e369c6a2933" member_type: VOTER last_known_addr { host: "127.21.56.3" port: 34961 } } peers { permanent_uuid: "9e53af26bd454dd7ad00b559c7a0cd9c" member_type: VOTER last_known_addr { host: "127.21.56.4" port: 33895 } attrs { promote: false } } }
I20260713 09:07:40.193277 22747 catalog_manager.cc:5210] ChangeConfig:REMOVE_PEER RPC for tablet 32af7b3e24884edaa0c44201ce288fc6 with cas_config_opid_index 3: ChangeConfig:REMOVE_PEER succeeded (attempt 1)
I20260713 09:07:40.193502 23282 raft_consensus.cc:2955] T 32af7b3e24884edaa0c44201ce288fc6 P 9e53af26bd454dd7ad00b559c7a0cd9c [term 1 FOLLOWER]: Committing config change with OpId 1.4: config changed from index 3 to 4, VOTER 12b68ede446a466bb1f68d3d57fdbda2 (127.21.56.1) evicted. New config: { opid_index: 4 OBSOLETE_local: false peers { permanent_uuid: "f086ea45f8604df7bfed739294942d00" member_type: VOTER last_known_addr { host: "127.21.56.2" port: 40947 } } peers { permanent_uuid: "5d309da8c92f45d2b25a6e369c6a2933" member_type: VOTER last_known_addr { host: "127.21.56.3" port: 34961 } } peers { permanent_uuid: "9e53af26bd454dd7ad00b559c7a0cd9c" member_type: VOTER last_known_addr { host: "127.21.56.4" port: 33895 } attrs { promote: false } } }
I20260713 09:07:40.201656 22761 catalog_manager.cc:5697] T 32af7b3e24884edaa0c44201ce288fc6 P f086ea45f8604df7bfed739294942d00 reported cstate change: config changed from index 3 to 4, VOTER 12b68ede446a466bb1f68d3d57fdbda2 (127.21.56.1) evicted. New cstate: current_term: 1 leader_uuid: "f086ea45f8604df7bfed739294942d00" committed_config { opid_index: 4 OBSOLETE_local: false peers { permanent_uuid: "f086ea45f8604df7bfed739294942d00" member_type: VOTER last_known_addr { host: "127.21.56.2" port: 40947 } health_report { overall_health: HEALTHY } } peers { permanent_uuid: "5d309da8c92f45d2b25a6e369c6a2933" member_type: VOTER last_known_addr { host: "127.21.56.3" port: 34961 } health_report { overall_health: HEALTHY } } peers { permanent_uuid: "9e53af26bd454dd7ad00b559c7a0cd9c" member_type: VOTER last_known_addr { host: "127.21.56.4" port: 33895 } attrs { promote: false } health_report { overall_health: HEALTHY } } }
I20260713 09:07:40.212975 22853 tablet_service.cc:1558] Processing DeleteTablet for tablet 32af7b3e24884edaa0c44201ce288fc6 with delete_type TABLET_DATA_TOMBSTONED (TS 12b68ede446a466bb1f68d3d57fdbda2 not found in new config with opid_index 4) from {username='slave'} at 127.0.0.1:41284
I20260713 09:07:40.223698 23574 tablet_replica.cc:333] T 32af7b3e24884edaa0c44201ce288fc6 P 12b68ede446a466bb1f68d3d57fdbda2: stopping tablet replica
I20260713 09:07:40.224876 23574 raft_consensus.cc:2243] T 32af7b3e24884edaa0c44201ce288fc6 P 12b68ede446a466bb1f68d3d57fdbda2 [term 1 FOLLOWER]: Raft consensus shutting down.
I20260713 09:07:40.225615 23574 raft_consensus.cc:2272] T 32af7b3e24884edaa0c44201ce288fc6 P 12b68ede446a466bb1f68d3d57fdbda2 [term 1 FOLLOWER]: Raft consensus is shut down!
I20260713 09:07:40.229671 23574 ts_tablet_manager.cc:1916] T 32af7b3e24884edaa0c44201ce288fc6 P 12b68ede446a466bb1f68d3d57fdbda2: Deleting tablet data with delete state TABLET_DATA_TOMBSTONED
I20260713 09:07:40.245880 23574 ts_tablet_manager.cc:1929] T 32af7b3e24884edaa0c44201ce288fc6 P 12b68ede446a466bb1f68d3d57fdbda2: tablet deleted with delete type TABLET_DATA_TOMBSTONED: last-logged OpId 1.3
I20260713 09:07:40.246348 23574 log.cc:1199] T 32af7b3e24884edaa0c44201ce288fc6 P 12b68ede446a466bb1f68d3d57fdbda2: Deleting WAL directory at /tmp/dist-test-taskdD1K7r/test-tmp/auto_leader_rebalancer-test.0.LeaderRebalancerTest.AddTserver.1783933616923810-21728-0/minicluster-data/ts-0-root/wals/32af7b3e24884edaa0c44201ce288fc6
I20260713 09:07:40.248191 22746 catalog_manager.cc:5028] TS 12b68ede446a466bb1f68d3d57fdbda2 (127.21.56.1:44573): tablet 32af7b3e24884edaa0c44201ce288fc6 (table test-workload [id=1ff492b1edf44e7b8d43806bbcbcd722]) successfully deleted
I20260713 09:07:40.250385 23540 raft_consensus.cc:1064] T ca4fb6281f854c4ca58df027ef22fc5e P 12b68ede446a466bb1f68d3d57fdbda2: attempting to promote NON_VOTER 9e53af26bd454dd7ad00b559c7a0cd9c to VOTER
I20260713 09:07:40.252322 23540 consensus_queue.cc:237] T ca4fb6281f854c4ca58df027ef22fc5e P 12b68ede446a466bb1f68d3d57fdbda2 [LEADER]: Queue going to LEADER mode. State: All replicated index: 0, Majority replicated index: 2, Committed index: 2, Last appended: 1.2, Last appended by leader: 0, Current term: 1, Majority size: 3, State: 0, Mode: LEADER, active raft config: opid_index: 3 OBSOLETE_local: false peers { permanent_uuid: "12b68ede446a466bb1f68d3d57fdbda2" member_type: VOTER last_known_addr { host: "127.21.56.1" port: 44573 } } peers { permanent_uuid: "f086ea45f8604df7bfed739294942d00" member_type: VOTER last_known_addr { host: "127.21.56.2" port: 40947 } attrs { replace: true } } peers { permanent_uuid: "5d309da8c92f45d2b25a6e369c6a2933" member_type: VOTER last_known_addr { host: "127.21.56.3" port: 34961 } } peers { permanent_uuid: "9e53af26bd454dd7ad00b559c7a0cd9c" member_type: VOTER last_known_addr { host: "127.21.56.4" port: 33895 } attrs { promote: false } }
