I20260713 09:07:00.314836 22056 tablet_bootstrap.cc:492] T 5f9a347b6bf74d2ab0dadb1c3fa0e79c P 0b0c85fc89bb400ebd3f9d634189a3b9: Bootstrap starting.
I20260713 09:07:00.317737 21757 catalog_manager.cc:5697] T b7b6022264ab47078478afd3923a31e4 P 8da22ec06c8048e1af10a5bd6c42eb41 reported cstate change: term changed from 0 to 1, leader changed from <none> to 8da22ec06c8048e1af10a5bd6c42eb41 (127.21.56.3). New cstate: current_term: 1 leader_uuid: "8da22ec06c8048e1af10a5bd6c42eb41" committed_config { opid_index: -1 OBSOLETE_local: false peers { permanent_uuid: "0b0c85fc89bb400ebd3f9d634189a3b9" member_type: VOTER last_known_addr { host: "127.21.56.1" port: 43335 } health_report { overall_health: UNKNOWN } } peers { permanent_uuid: "c7afdcf94711415eb72f06f8150a6ce6" member_type: VOTER last_known_addr { host: "127.21.56.2" port: 38661 } health_report { overall_health: UNKNOWN } } peers { permanent_uuid: "8da22ec06c8048e1af10a5bd6c42eb41" member_type: VOTER last_known_addr { host: "127.21.56.3" port: 36417 } health_report { overall_health: HEALTHY } } }
I20260713 09:07:00.319046 22062 raft_consensus.cc:515] T 016b8810a0db4d05adf502611ab8193f P 8da22ec06c8048e1af10a5bd6c42eb41 [term 1 FOLLOWER]: Starting leader election with config: opid_index: -1 OBSOLETE_local: false peers { permanent_uuid: "0b0c85fc89bb400ebd3f9d634189a3b9" member_type: VOTER last_known_addr { host: "127.21.56.1" port: 43335 } } peers { permanent_uuid: "c7afdcf94711415eb72f06f8150a6ce6" member_type: VOTER last_known_addr { host: "127.21.56.2" port: 38661 } } peers { permanent_uuid: "8da22ec06c8048e1af10a5bd6c42eb41" member_type: VOTER last_known_addr { host: "127.21.56.3" port: 36417 } }
I20260713 09:07:00.320142 22056 tablet_bootstrap.cc:654] T 5f9a347b6bf74d2ab0dadb1c3fa0e79c P 0b0c85fc89bb400ebd3f9d634189a3b9: Neither blocks nor log segments found. Creating new log.
I20260713 09:07:00.321306 22062 leader_election.cc:290] T 016b8810a0db4d05adf502611ab8193f P 8da22ec06c8048e1af10a5bd6c42eb41 [CANDIDATE]: Term 1 election: Requested vote from peers 0b0c85fc89bb400ebd3f9d634189a3b9 (127.21.56.1:43335), c7afdcf94711415eb72f06f8150a6ce6 (127.21.56.2:38661)
I20260713 09:07:00.322679 21938 tablet_service.cc:1917] Received RequestConsensusVote() RPC: tablet_id: "016b8810a0db4d05adf502611ab8193f" candidate_uuid: "8da22ec06c8048e1af10a5bd6c42eb41" candidate_term: 1 candidate_status { last_received { term: 0 index: 0 } } ignore_live_leader: false dest_uuid: "c7afdcf94711415eb72f06f8150a6ce6"
I20260713 09:07:00.323194 22055 ts_tablet_manager.cc:1434] T 6c415c41a93e4e678046eb7b9747fccf P 8da22ec06c8048e1af10a5bd6c42eb41: Time spent starting tablet: real 0.021s	user 0.007s	sys 0.000s
I20260713 09:07:00.323770 22057 ts_tablet_manager.cc:1434] T bf7cef7e2b1747b7846d599a0e09ecb4 P c7afdcf94711415eb72f06f8150a6ce6: Time spent starting tablet: real 0.018s	user 0.006s	sys 0.000s
W20260713 09:07:00.324118 21977 leader_election.cc:343] T 016b8810a0db4d05adf502611ab8193f P 8da22ec06c8048e1af10a5bd6c42eb41 [CANDIDATE]: Term 1 election: Tablet error from VoteRequest() call to peer c7afdcf94711415eb72f06f8150a6ce6 (127.21.56.2:38661): Illegal state: must be running to vote when last-logged opid is not known
I20260713 09:07:00.324710 22057 tablet_bootstrap.cc:492] T 016b8810a0db4d05adf502611ab8193f P c7afdcf94711415eb72f06f8150a6ce6: Bootstrap starting.
I20260713 09:07:00.324872 22061 leader_election.cc:290] T a810eda92c644291b9b77c781cb19139 P c7afdcf94711415eb72f06f8150a6ce6 [CANDIDATE]: Term 1 pre-election: Requested pre-vote from peers 0b0c85fc89bb400ebd3f9d634189a3b9 (127.21.56.1:43335), 8da22ec06c8048e1af10a5bd6c42eb41 (127.21.56.3:36417)
I20260713 09:07:00.325986 22012 tablet_service.cc:1917] Received RequestConsensusVote() RPC: tablet_id: "a810eda92c644291b9b77c781cb19139" candidate_uuid: "c7afdcf94711415eb72f06f8150a6ce6" candidate_term: 1 candidate_status { last_received { term: 0 index: 0 } } ignore_live_leader: false dest_uuid: "8da22ec06c8048e1af10a5bd6c42eb41" is_pre_election: true
I20260713 09:07:00.326608 22012 raft_consensus.cc:2468] T a810eda92c644291b9b77c781cb19139 P 8da22ec06c8048e1af10a5bd6c42eb41 [term 0 FOLLOWER]: Leader pre-election vote request: Granting yes vote for candidate c7afdcf94711415eb72f06f8150a6ce6 in term 0.
I20260713 09:07:00.304931 22086 raft_consensus.cc:515] T a810eda92c644291b9b77c781cb19139 P c7afdcf94711415eb72f06f8150a6ce6 [term 1 FOLLOWER]: Starting leader election with config: opid_index: -1 OBSOLETE_local: false peers { permanent_uuid: "0b0c85fc89bb400ebd3f9d634189a3b9" member_type: VOTER last_known_addr { host: "127.21.56.1" port: 43335 } } peers { permanent_uuid: "c7afdcf94711415eb72f06f8150a6ce6" member_type: VOTER last_known_addr { host: "127.21.56.2" port: 38661 } } peers { permanent_uuid: "8da22ec06c8048e1af10a5bd6c42eb41" member_type: VOTER last_known_addr { host: "127.21.56.3" port: 36417 } }
I20260713 09:07:00.330520 21863 raft_consensus.cc:2468] T b7b6022264ab47078478afd3923a31e4 P 0b0c85fc89bb400ebd3f9d634189a3b9 [term 1 FOLLOWER]: Leader election vote request: Granting yes vote for candidate 8da22ec06c8048e1af10a5bd6c42eb41 in term 1.
I20260713 09:07:00.333174 22086 leader_election.cc:290] T a810eda92c644291b9b77c781cb19139 P c7afdcf94711415eb72f06f8150a6ce6 [CANDIDATE]: Term 1 election: Requested vote from peers 0b0c85fc89bb400ebd3f9d634189a3b9 (127.21.56.1:43335), 8da22ec06c8048e1af10a5bd6c42eb41 (127.21.56.3:36417)
I20260713 09:07:00.333459 22012 tablet_service.cc:1917] Received RequestConsensusVote() RPC: tablet_id: "a810eda92c644291b9b77c781cb19139" candidate_uuid: "c7afdcf94711415eb72f06f8150a6ce6" candidate_term: 1 candidate_status { last_received { term: 0 index: 0 } } ignore_live_leader: false dest_uuid: "8da22ec06c8048e1af10a5bd6c42eb41"
I20260713 09:07:00.334195 22012 raft_consensus.cc:3060] T a810eda92c644291b9b77c781cb19139 P 8da22ec06c8048e1af10a5bd6c42eb41 [term 0 FOLLOWER]: Advancing to term 1
I20260713 09:07:00.331830 22057 tablet_bootstrap.cc:654] T 016b8810a0db4d05adf502611ab8193f P c7afdcf94711415eb72f06f8150a6ce6: Neither blocks nor log segments found. Creating new log.
I20260713 09:07:00.340591 22012 raft_consensus.cc:2468] T a810eda92c644291b9b77c781cb19139 P 8da22ec06c8048e1af10a5bd6c42eb41 [term 1 FOLLOWER]: Leader election vote request: Granting yes vote for candidate c7afdcf94711415eb72f06f8150a6ce6 in term 1.
I20260713 09:07:00.341815 21904 leader_election.cc:304] T a810eda92c644291b9b77c781cb19139 P c7afdcf94711415eb72f06f8150a6ce6 [CANDIDATE]: Term 1 election: Election decided. Result: candidate won. Election summary: received 2 responses out of 3 voters: 2 yes votes; 0 no votes. yes voters: 8da22ec06c8048e1af10a5bd6c42eb41, c7afdcf94711415eb72f06f8150a6ce6; no voters: 
I20260713 09:07:00.342602 22086 raft_consensus.cc:2804] T a810eda92c644291b9b77c781cb19139 P c7afdcf94711415eb72f06f8150a6ce6 [term 1 FOLLOWER]: Leader election won for term 1
I20260713 09:07:00.343036 22086 raft_consensus.cc:697] T a810eda92c644291b9b77c781cb19139 P c7afdcf94711415eb72f06f8150a6ce6 [term 1 LEADER]: Becoming Leader. State: Replica: c7afdcf94711415eb72f06f8150a6ce6, State: Running, Role: LEADER
I20260713 09:07:00.342976 21862 tablet_service.cc:1917] Received RequestConsensusVote() RPC: tablet_id: "016b8810a0db4d05adf502611ab8193f" candidate_uuid: "8da22ec06c8048e1af10a5bd6c42eb41" candidate_term: 1 candidate_status { last_received { term: 0 index: 0 } } ignore_live_leader: false dest_uuid: "0b0c85fc89bb400ebd3f9d634189a3b9"
I20260713 09:07:00.343690 21862 raft_consensus.cc:3060] T 016b8810a0db4d05adf502611ab8193f P 0b0c85fc89bb400ebd3f9d634189a3b9 [term 0 FOLLOWER]: Advancing to term 1
I20260713 09:07:00.343921 22086 consensus_queue.cc:237] T a810eda92c644291b9b77c781cb19139 P c7afdcf94711415eb72f06f8150a6ce6 [LEADER]: Queue going to LEADER mode. State: All replicated index: 0, Majority replicated index: 0, Committed index: 0, Last appended: 0.0, Last appended by leader: 0, Current term: 1, Majority size: 2, State: 0, Mode: LEADER, active raft config: opid_index: -1 OBSOLETE_local: false peers { permanent_uuid: "0b0c85fc89bb400ebd3f9d634189a3b9" member_type: VOTER last_known_addr { host: "127.21.56.1" port: 43335 } } peers { permanent_uuid: "c7afdcf94711415eb72f06f8150a6ce6" member_type: VOTER last_known_addr { host: "127.21.56.2" port: 38661 } } peers { permanent_uuid: "8da22ec06c8048e1af10a5bd6c42eb41" member_type: VOTER last_known_addr { host: "127.21.56.3" port: 36417 } }
I20260713 09:07:00.350522 21863 tablet_service.cc:1917] Received RequestConsensusVote() RPC: tablet_id: "a810eda92c644291b9b77c781cb19139" candidate_uuid: "c7afdcf94711415eb72f06f8150a6ce6" candidate_term: 1 candidate_status { last_received { term: 0 index: 0 } } ignore_live_leader: false dest_uuid: "0b0c85fc89bb400ebd3f9d634189a3b9"
I20260713 09:07:00.351202 21863 raft_consensus.cc:3060] T a810eda92c644291b9b77c781cb19139 P 0b0c85fc89bb400ebd3f9d634189a3b9 [term 0 FOLLOWER]: Advancing to term 1
I20260713 09:07:00.355660 22063 raft_consensus.cc:493] T 6c415c41a93e4e678046eb7b9747fccf P 0b0c85fc89bb400ebd3f9d634189a3b9 [term 0 FOLLOWER]: Starting pre-election (no leader contacted us within the election timeout)
I20260713 09:07:00.356305 22063 raft_consensus.cc:515] T 6c415c41a93e4e678046eb7b9747fccf P 0b0c85fc89bb400ebd3f9d634189a3b9 [term 0 FOLLOWER]: Starting pre-election with config: opid_index: -1 OBSOLETE_local: false peers { permanent_uuid: "8da22ec06c8048e1af10a5bd6c42eb41" member_type: VOTER last_known_addr { host: "127.21.56.3" port: 36417 } } peers { permanent_uuid: "c7afdcf94711415eb72f06f8150a6ce6" member_type: VOTER last_known_addr { host: "127.21.56.2" port: 38661 } } peers { permanent_uuid: "0b0c85fc89bb400ebd3f9d634189a3b9" member_type: VOTER last_known_addr { host: "127.21.56.1" port: 43335 } }
I20260713 09:07:00.358453 22063 leader_election.cc:290] T 6c415c41a93e4e678046eb7b9747fccf P 0b0c85fc89bb400ebd3f9d634189a3b9 [CANDIDATE]: Term 1 pre-election: Requested pre-vote from peers 8da22ec06c8048e1af10a5bd6c42eb41 (127.21.56.3:36417), c7afdcf94711415eb72f06f8150a6ce6 (127.21.56.2:38661)
I20260713 09:07:00.358968 22063 raft_consensus.cc:493] T 5f65664e7b1d4ed094f843717d1ff845 P 0b0c85fc89bb400ebd3f9d634189a3b9 [term 0 FOLLOWER]: Starting pre-election (no leader contacted us within the election timeout)
I20260713 09:07:00.359555 22063 raft_consensus.cc:515] T 5f65664e7b1d4ed094f843717d1ff845 P 0b0c85fc89bb400ebd3f9d634189a3b9 [term 0 FOLLOWER]: Starting pre-election with config: opid_index: -1 OBSOLETE_local: false peers { permanent_uuid: "0b0c85fc89bb400ebd3f9d634189a3b9" member_type: VOTER last_known_addr { host: "127.21.56.1" port: 43335 } } peers { permanent_uuid: "c7afdcf94711415eb72f06f8150a6ce6" member_type: VOTER last_known_addr { host: "127.21.56.2" port: 38661 } } peers { permanent_uuid: "8da22ec06c8048e1af10a5bd6c42eb41" member_type: VOTER last_known_addr { host: "127.21.56.3" port: 36417 } }
I20260713 09:07:00.361304 21938 tablet_service.cc:1917] Received RequestConsensusVote() RPC: tablet_id: "6c415c41a93e4e678046eb7b9747fccf" candidate_uuid: "0b0c85fc89bb400ebd3f9d634189a3b9" candidate_term: 1 candidate_status { last_received { term: 0 index: 0 } } ignore_live_leader: false dest_uuid: "c7afdcf94711415eb72f06f8150a6ce6" is_pre_election: true
I20260713 09:07:00.361935 21938 raft_consensus.cc:2468] T 6c415c41a93e4e678046eb7b9747fccf P c7afdcf94711415eb72f06f8150a6ce6 [term 0 FOLLOWER]: Leader pre-election vote request: Granting yes vote for candidate 0b0c85fc89bb400ebd3f9d634189a3b9 in term 0.
I20260713 09:07:00.362197 21862 raft_consensus.cc:2468] T 016b8810a0db4d05adf502611ab8193f P 0b0c85fc89bb400ebd3f9d634189a3b9 [term 1 FOLLOWER]: Leader election vote request: Granting yes vote for candidate 8da22ec06c8048e1af10a5bd6c42eb41 in term 1.
I20260713 09:07:00.363792 21975 leader_election.cc:304] T 016b8810a0db4d05adf502611ab8193f P 8da22ec06c8048e1af10a5bd6c42eb41 [CANDIDATE]: Term 1 election: Election decided. Result: candidate won. Election summary: received 3 responses out of 3 voters: 2 yes votes; 1 no votes. yes voters: 0b0c85fc89bb400ebd3f9d634189a3b9, 8da22ec06c8048e1af10a5bd6c42eb41; no voters: c7afdcf94711415eb72f06f8150a6ce6
I20260713 09:07:00.365247 22062 raft_consensus.cc:2804] T 016b8810a0db4d05adf502611ab8193f P 8da22ec06c8048e1af10a5bd6c42eb41 [term 1 FOLLOWER]: Leader election won for term 1
I20260713 09:07:00.365871 22062 raft_consensus.cc:697] T 016b8810a0db4d05adf502611ab8193f P 8da22ec06c8048e1af10a5bd6c42eb41 [term 1 LEADER]: Becoming Leader. State: Replica: 8da22ec06c8048e1af10a5bd6c42eb41, State: Running, Role: LEADER
I20260713 09:07:00.366792 21863 raft_consensus.cc:2468] T a810eda92c644291b9b77c781cb19139 P 0b0c85fc89bb400ebd3f9d634189a3b9 [term 1 FOLLOWER]: Leader election vote request: Granting yes vote for candidate c7afdcf94711415eb72f06f8150a6ce6 in term 1.
I20260713 09:07:00.366925 22062 consensus_queue.cc:237] T 016b8810a0db4d05adf502611ab8193f P 8da22ec06c8048e1af10a5bd6c42eb41 [LEADER]: Queue going to LEADER mode. State: All replicated index: 0, Majority replicated index: 0, Committed index: 0, Last appended: 0.0, Last appended by leader: 0, Current term: 1, Majority size: 2, State: 0, Mode: LEADER, active raft config: opid_index: -1 OBSOLETE_local: false peers { permanent_uuid: "0b0c85fc89bb400ebd3f9d634189a3b9" member_type: VOTER last_known_addr { host: "127.21.56.1" port: 43335 } } peers { permanent_uuid: "c7afdcf94711415eb72f06f8150a6ce6" member_type: VOTER last_known_addr { host: "127.21.56.2" port: 38661 } } peers { permanent_uuid: "8da22ec06c8048e1af10a5bd6c42eb41" member_type: VOTER last_known_addr { host: "127.21.56.3" port: 36417 } }
I20260713 09:07:00.369174 21828 leader_election.cc:304] T 6c415c41a93e4e678046eb7b9747fccf P 0b0c85fc89bb400ebd3f9d634189a3b9 [CANDIDATE]: Term 1 pre-election: Election decided. Result: candidate won. Election summary: received 2 responses out of 3 voters: 2 yes votes; 0 no votes. yes voters: 0b0c85fc89bb400ebd3f9d634189a3b9, c7afdcf94711415eb72f06f8150a6ce6; no voters: 
I20260713 09:07:00.369557 22012 tablet_service.cc:1917] Received RequestConsensusVote() RPC: tablet_id: "6c415c41a93e4e678046eb7b9747fccf" candidate_uuid: "0b0c85fc89bb400ebd3f9d634189a3b9" candidate_term: 1 candidate_status { last_received { term: 0 index: 0 } } ignore_live_leader: false dest_uuid: "8da22ec06c8048e1af10a5bd6c42eb41" is_pre_election: true
I20260713 09:07:00.373579 22012 raft_consensus.cc:2468] T 6c415c41a93e4e678046eb7b9747fccf P 8da22ec06c8048e1af10a5bd6c42eb41 [term 0 FOLLOWER]: Leader pre-election vote request: Granting yes vote for candidate 0b0c85fc89bb400ebd3f9d634189a3b9 in term 0.
I20260713 09:07:00.369750 22061 raft_consensus.cc:493] T 2a722687639c41ca83d096f3c06bc514 P c7afdcf94711415eb72f06f8150a6ce6 [term 0 FOLLOWER]: Starting pre-election (no leader contacted us within the election timeout)
I20260713 09:07:00.375530 22061 raft_consensus.cc:515] T 2a722687639c41ca83d096f3c06bc514 P c7afdcf94711415eb72f06f8150a6ce6 [term 0 FOLLOWER]: Starting pre-election with config: opid_index: -1 OBSOLETE_local: false peers { permanent_uuid: "0b0c85fc89bb400ebd3f9d634189a3b9" member_type: VOTER last_known_addr { host: "127.21.56.1" port: 43335 } } peers { permanent_uuid: "c7afdcf94711415eb72f06f8150a6ce6" member_type: VOTER last_known_addr { host: "127.21.56.2" port: 38661 } } peers { permanent_uuid: "8da22ec06c8048e1af10a5bd6c42eb41" member_type: VOTER last_known_addr { host: "127.21.56.3" port: 36417 } }
I20260713 09:07:00.377108 22063 leader_election.cc:290] T 5f65664e7b1d4ed094f843717d1ff845 P 0b0c85fc89bb400ebd3f9d634189a3b9 [CANDIDATE]: Term 1 pre-election: Requested pre-vote from peers c7afdcf94711415eb72f06f8150a6ce6 (127.21.56.2:38661), 8da22ec06c8048e1af10a5bd6c42eb41 (127.21.56.3:36417)
I20260713 09:07:00.378227 21938 tablet_service.cc:1917] Received RequestConsensusVote() RPC: tablet_id: "5f65664e7b1d4ed094f843717d1ff845" candidate_uuid: "0b0c85fc89bb400ebd3f9d634189a3b9" candidate_term: 1 candidate_status { last_received { term: 0 index: 0 } } ignore_live_leader: false dest_uuid: "c7afdcf94711415eb72f06f8150a6ce6" is_pre_election: true
I20260713 09:07:00.379400 21938 raft_consensus.cc:2393] T 5f65664e7b1d4ed094f843717d1ff845 P c7afdcf94711415eb72f06f8150a6ce6 [term 1 FOLLOWER]: Leader pre-election vote request: Denying vote to candidate 0b0c85fc89bb400ebd3f9d634189a3b9 in current term 1: Already voted for candidate 8da22ec06c8048e1af10a5bd6c42eb41 in this term.
I20260713 09:07:00.379220 22063 raft_consensus.cc:2804] T 6c415c41a93e4e678046eb7b9747fccf P 0b0c85fc89bb400ebd3f9d634189a3b9 [term 0 FOLLOWER]: Leader pre-election won for term 1
I20260713 09:07:00.379880 22063 raft_consensus.cc:493] T 6c415c41a93e4e678046eb7b9747fccf P 0b0c85fc89bb400ebd3f9d634189a3b9 [term 0 FOLLOWER]: Starting leader election (no leader contacted us within the election timeout)
I20260713 09:07:00.380385 22063 raft_consensus.cc:3060] T 6c415c41a93e4e678046eb7b9747fccf P 0b0c85fc89bb400ebd3f9d634189a3b9 [term 0 FOLLOWER]: Advancing to term 1
I20260713 09:07:00.381763 22092 raft_consensus.cc:493] T bf7cef7e2b1747b7846d599a0e09ecb4 P c7afdcf94711415eb72f06f8150a6ce6 [term 0 FOLLOWER]: Starting pre-election (no leader contacted us within the election timeout)
I20260713 09:07:00.382229 22092 raft_consensus.cc:515] T bf7cef7e2b1747b7846d599a0e09ecb4 P c7afdcf94711415eb72f06f8150a6ce6 [term 0 FOLLOWER]: Starting pre-election with config: opid_index: -1 OBSOLETE_local: false peers { permanent_uuid: "0b0c85fc89bb400ebd3f9d634189a3b9" member_type: VOTER last_known_addr { host: "127.21.56.1" port: 43335 } } peers { permanent_uuid: "c7afdcf94711415eb72f06f8150a6ce6" member_type: VOTER last_known_addr { host: "127.21.56.2" port: 38661 } } peers { permanent_uuid: "8da22ec06c8048e1af10a5bd6c42eb41" member_type: VOTER last_known_addr { host: "127.21.56.3" port: 36417 } }
I20260713 09:07:00.384104 22056 tablet_bootstrap.cc:492] T 5f9a347b6bf74d2ab0dadb1c3fa0e79c P 0b0c85fc89bb400ebd3f9d634189a3b9: No bootstrap required, opened a new log
I20260713 09:07:00.384523 22056 ts_tablet_manager.cc:1403] T 5f9a347b6bf74d2ab0dadb1c3fa0e79c P 0b0c85fc89bb400ebd3f9d634189a3b9: Time spent bootstrapping tablet: real 0.070s	user 0.017s	sys 0.002s
I20260713 09:07:00.384441 22092 leader_election.cc:290] T bf7cef7e2b1747b7846d599a0e09ecb4 P c7afdcf94711415eb72f06f8150a6ce6 [CANDIDATE]: Term 1 pre-election: Requested pre-vote from peers 0b0c85fc89bb400ebd3f9d634189a3b9 (127.21.56.1:43335), 8da22ec06c8048e1af10a5bd6c42eb41 (127.21.56.3:36417)
I20260713 09:07:00.387501 21863 tablet_service.cc:1917] Received RequestConsensusVote() RPC: tablet_id: "bf7cef7e2b1747b7846d599a0e09ecb4" candidate_uuid: "c7afdcf94711415eb72f06f8150a6ce6" candidate_term: 1 candidate_status { last_received { term: 0 index: 0 } } ignore_live_leader: false dest_uuid: "0b0c85fc89bb400ebd3f9d634189a3b9" is_pre_election: true
I20260713 09:07:00.388218 21863 raft_consensus.cc:2468] T bf7cef7e2b1747b7846d599a0e09ecb4 P 0b0c85fc89bb400ebd3f9d634189a3b9 [term 0 FOLLOWER]: Leader pre-election vote request: Granting yes vote for candidate c7afdcf94711415eb72f06f8150a6ce6 in term 0.
I20260713 09:07:00.388612 22056 raft_consensus.cc:359] T 5f9a347b6bf74d2ab0dadb1c3fa0e79c P 0b0c85fc89bb400ebd3f9d634189a3b9 [term 0 FOLLOWER]: Replica starting. Triggering 0 pending ops. Active config: opid_index: -1 OBSOLETE_local: false peers { permanent_uuid: "0b0c85fc89bb400ebd3f9d634189a3b9" member_type: VOTER last_known_addr { host: "127.21.56.1" port: 43335 } } peers { permanent_uuid: "c7afdcf94711415eb72f06f8150a6ce6" member_type: VOTER last_known_addr { host: "127.21.56.2" port: 38661 } } peers { permanent_uuid: "8da22ec06c8048e1af10a5bd6c42eb41" member_type: VOTER last_known_addr { host: "127.21.56.3" port: 36417 } }
I20260713 09:07:00.389333 22056 raft_consensus.cc:385] T 5f9a347b6bf74d2ab0dadb1c3fa0e79c P 0b0c85fc89bb400ebd3f9d634189a3b9 [term 0 FOLLOWER]: Consensus starting up: Expiring failure detector timer to make a prompt election more likely
I20260713 09:07:00.389423 21901 leader_election.cc:304] T bf7cef7e2b1747b7846d599a0e09ecb4 P c7afdcf94711415eb72f06f8150a6ce6 [CANDIDATE]: Term 1 pre-election: Election decided. Result: candidate won. Election summary: received 2 responses out of 3 voters: 2 yes votes; 0 no votes. yes voters: 0b0c85fc89bb400ebd3f9d634189a3b9, c7afdcf94711415eb72f06f8150a6ce6; no voters: 
I20260713 09:07:00.389626 22056 raft_consensus.cc:740] T 5f9a347b6bf74d2ab0dadb1c3fa0e79c P 0b0c85fc89bb400ebd3f9d634189a3b9 [term 0 FOLLOWER]: Becoming Follower/Learner. State: Replica: 0b0c85fc89bb400ebd3f9d634189a3b9, State: Initialized, Role: FOLLOWER
I20260713 09:07:00.390226 22086 raft_consensus.cc:2804] T bf7cef7e2b1747b7846d599a0e09ecb4 P c7afdcf94711415eb72f06f8150a6ce6 [term 0 FOLLOWER]: Leader pre-election won for term 1
I20260713 09:07:00.390643 22086 raft_consensus.cc:493] T bf7cef7e2b1747b7846d599a0e09ecb4 P c7afdcf94711415eb72f06f8150a6ce6 [term 0 FOLLOWER]: Starting leader election (no leader contacted us within the election timeout)
I20260713 09:07:00.390403 22056 consensus_queue.cc:260] T 5f9a347b6bf74d2ab0dadb1c3fa0e79c P 0b0c85fc89bb400ebd3f9d634189a3b9 [NON_LEADER]: Queue going to NON_LEADER mode. State: All replicated index: 0, Majority replicated index: 0, Committed index: 0, Last appended: 0.0, Last appended by leader: 0, Current term: 0, Majority size: -1, State: 0, Mode: NON_LEADER, active raft config: opid_index: -1 OBSOLETE_local: false peers { permanent_uuid: "0b0c85fc89bb400ebd3f9d634189a3b9" member_type: VOTER last_known_addr { host: "127.21.56.1" port: 43335 } } peers { permanent_uuid: "c7afdcf94711415eb72f06f8150a6ce6" member_type: VOTER last_known_addr { host: "127.21.56.2" port: 38661 } } peers { permanent_uuid: "8da22ec06c8048e1af10a5bd6c42eb41" member_type: VOTER last_known_addr { host: "127.21.56.3" port: 36417 } }
I20260713 09:07:00.391028 22086 raft_consensus.cc:3060] T bf7cef7e2b1747b7846d599a0e09ecb4 P c7afdcf94711415eb72f06f8150a6ce6 [term 0 FOLLOWER]: Advancing to term 1
I20260713 09:07:00.390954 22012 tablet_service.cc:1917] Received RequestConsensusVote() RPC: tablet_id: "5f65664e7b1d4ed094f843717d1ff845" candidate_uuid: "0b0c85fc89bb400ebd3f9d634189a3b9" candidate_term: 1 candidate_status { last_received { term: 0 index: 0 } } ignore_live_leader: false dest_uuid: "8da22ec06c8048e1af10a5bd6c42eb41" is_pre_election: true
I20260713 09:07:00.391331 22011 tablet_service.cc:1917] Received RequestConsensusVote() RPC: tablet_id: "bf7cef7e2b1747b7846d599a0e09ecb4" candidate_uuid: "c7afdcf94711415eb72f06f8150a6ce6" candidate_term: 1 candidate_status { last_received { term: 0 index: 0 } } ignore_live_leader: false dest_uuid: "8da22ec06c8048e1af10a5bd6c42eb41" is_pre_election: true
I20260713 09:07:00.392006 22011 raft_consensus.cc:2468] T bf7cef7e2b1747b7846d599a0e09ecb4 P 8da22ec06c8048e1af10a5bd6c42eb41 [term 0 FOLLOWER]: Leader pre-election vote request: Granting yes vote for candidate c7afdcf94711415eb72f06f8150a6ce6 in term 0.
I20260713 09:07:00.392513 22056 ts_tablet_manager.cc:1434] T 5f9a347b6bf74d2ab0dadb1c3fa0e79c P 0b0c85fc89bb400ebd3f9d634189a3b9: Time spent starting tablet: real 0.008s	user 0.003s	sys 0.000s
I20260713 09:07:00.392885 21863 tablet_service.cc:1917] Received RequestConsensusVote() RPC: tablet_id: "2a722687639c41ca83d096f3c06bc514" candidate_uuid: "c7afdcf94711415eb72f06f8150a6ce6" candidate_term: 1 candidate_status { last_received { term: 0 index: 0 } } ignore_live_leader: false dest_uuid: "0b0c85fc89bb400ebd3f9d634189a3b9" is_pre_election: true
I20260713 09:07:00.393484 21863 raft_consensus.cc:2468] T 2a722687639c41ca83d096f3c06bc514 P 0b0c85fc89bb400ebd3f9d634189a3b9 [term 0 FOLLOWER]: Leader pre-election vote request: Granting yes vote for candidate c7afdcf94711415eb72f06f8150a6ce6 in term 0.
I20260713 09:07:00.394620 22057 tablet_bootstrap.cc:492] T 016b8810a0db4d05adf502611ab8193f P c7afdcf94711415eb72f06f8150a6ce6: No bootstrap required, opened a new log
I20260713 09:07:00.395037 22057 ts_tablet_manager.cc:1403] T 016b8810a0db4d05adf502611ab8193f P c7afdcf94711415eb72f06f8150a6ce6: Time spent bootstrapping tablet: real 0.071s	user 0.019s	sys 0.011s
I20260713 09:07:00.395195 21901 leader_election.cc:304] T 2a722687639c41ca83d096f3c06bc514 P c7afdcf94711415eb72f06f8150a6ce6 [CANDIDATE]: Term 1 pre-election: Election decided. Result: candidate won. Election summary: received 2 responses out of 3 voters: 2 yes votes; 0 no votes. yes voters: 0b0c85fc89bb400ebd3f9d634189a3b9, c7afdcf94711415eb72f06f8150a6ce6; no voters: 
I20260713 09:07:00.395963 22092 raft_consensus.cc:2804] T 2a722687639c41ca83d096f3c06bc514 P c7afdcf94711415eb72f06f8150a6ce6 [term 0 FOLLOWER]: Leader pre-election won for term 1
I20260713 09:07:00.396302 22092 raft_consensus.cc:493] T 2a722687639c41ca83d096f3c06bc514 P c7afdcf94711415eb72f06f8150a6ce6 [term 0 FOLLOWER]: Starting leader election (no leader contacted us within the election timeout)
I20260713 09:07:00.396498 21829 leader_election.cc:304] T 5f65664e7b1d4ed094f843717d1ff845 P 0b0c85fc89bb400ebd3f9d634189a3b9 [CANDIDATE]: Term 1 pre-election: Election decided. Result: candidate lost. Election summary: received 3 responses out of 3 voters: 1 yes votes; 2 no votes. yes voters: 0b0c85fc89bb400ebd3f9d634189a3b9; no voters: 8da22ec06c8048e1af10a5bd6c42eb41, c7afdcf94711415eb72f06f8150a6ce6
I20260713 09:07:00.396672 22092 raft_consensus.cc:3060] T 2a722687639c41ca83d096f3c06bc514 P c7afdcf94711415eb72f06f8150a6ce6 [term 0 FOLLOWER]: Advancing to term 1
I20260713 09:07:00.397634 22057 raft_consensus.cc:359] T 016b8810a0db4d05adf502611ab8193f P c7afdcf94711415eb72f06f8150a6ce6 [term 0 FOLLOWER]: Replica starting. Triggering 0 pending ops. Active config: opid_index: -1 OBSOLETE_local: false peers { permanent_uuid: "0b0c85fc89bb400ebd3f9d634189a3b9" member_type: VOTER last_known_addr { host: "127.21.56.1" port: 43335 } } peers { permanent_uuid: "c7afdcf94711415eb72f06f8150a6ce6" member_type: VOTER last_known_addr { host: "127.21.56.2" port: 38661 } } peers { permanent_uuid: "8da22ec06c8048e1af10a5bd6c42eb41" member_type: VOTER last_known_addr { host: "127.21.56.3" port: 36417 } }
I20260713 09:07:00.398259 22057 raft_consensus.cc:385] T 016b8810a0db4d05adf502611ab8193f P c7afdcf94711415eb72f06f8150a6ce6 [term 0 FOLLOWER]: Consensus starting up: Expiring failure detector timer to make a prompt election more likely
I20260713 09:07:00.398545 22057 raft_consensus.cc:740] T 016b8810a0db4d05adf502611ab8193f P c7afdcf94711415eb72f06f8150a6ce6 [term 0 FOLLOWER]: Becoming Follower/Learner. State: Replica: c7afdcf94711415eb72f06f8150a6ce6, State: Initialized, Role: FOLLOWER
I20260713 09:07:00.399192 22057 consensus_queue.cc:260] T 016b8810a0db4d05adf502611ab8193f P c7afdcf94711415eb72f06f8150a6ce6 [NON_LEADER]: Queue going to NON_LEADER mode. State: All replicated index: 0, Majority replicated index: 0, Committed index: 0, Last appended: 0.0, Last appended by leader: 0, Current term: 0, Majority size: -1, State: 0, Mode: NON_LEADER, active raft config: opid_index: -1 OBSOLETE_local: false peers { permanent_uuid: "0b0c85fc89bb400ebd3f9d634189a3b9" member_type: VOTER last_known_addr { host: "127.21.56.1" port: 43335 } } peers { permanent_uuid: "c7afdcf94711415eb72f06f8150a6ce6" member_type: VOTER last_known_addr { host: "127.21.56.2" port: 38661 } } peers { permanent_uuid: "8da22ec06c8048e1af10a5bd6c42eb41" member_type: VOTER last_known_addr { host: "127.21.56.3" port: 36417 } }
I20260713 09:07:00.403553 22061 leader_election.cc:290] T 2a722687639c41ca83d096f3c06bc514 P c7afdcf94711415eb72f06f8150a6ce6 [CANDIDATE]: Term 1 pre-election: Requested pre-vote from peers 0b0c85fc89bb400ebd3f9d634189a3b9 (127.21.56.1:43335), 8da22ec06c8048e1af10a5bd6c42eb41 (127.21.56.3:36417)
I20260713 09:07:00.404194 22011 tablet_service.cc:1917] Received RequestConsensusVote() RPC: tablet_id: "2a722687639c41ca83d096f3c06bc514" candidate_uuid: "c7afdcf94711415eb72f06f8150a6ce6" candidate_term: 1 candidate_status { last_received { term: 0 index: 0 } } ignore_live_leader: false dest_uuid: "8da22ec06c8048e1af10a5bd6c42eb41" is_pre_election: true
I20260713 09:07:00.404826 22011 raft_consensus.cc:2468] T 2a722687639c41ca83d096f3c06bc514 P 8da22ec06c8048e1af10a5bd6c42eb41 [term 0 FOLLOWER]: Leader pre-election vote request: Granting yes vote for candidate c7afdcf94711415eb72f06f8150a6ce6 in term 0.
I20260713 09:07:00.405211 22092 raft_consensus.cc:515] T 2a722687639c41ca83d096f3c06bc514 P c7afdcf94711415eb72f06f8150a6ce6 [term 1 FOLLOWER]: Starting leader election with config: opid_index: -1 OBSOLETE_local: false peers { permanent_uuid: "0b0c85fc89bb400ebd3f9d634189a3b9" member_type: VOTER last_known_addr { host: "127.21.56.1" port: 43335 } } peers { permanent_uuid: "c7afdcf94711415eb72f06f8150a6ce6" member_type: VOTER last_known_addr { host: "127.21.56.2" port: 38661 } } peers { permanent_uuid: "8da22ec06c8048e1af10a5bd6c42eb41" member_type: VOTER last_known_addr { host: "127.21.56.3" port: 36417 } }
I20260713 09:07:00.408802 21863 tablet_service.cc:1917] Received RequestConsensusVote() RPC: tablet_id: "2a722687639c41ca83d096f3c06bc514" candidate_uuid: "c7afdcf94711415eb72f06f8150a6ce6" candidate_term: 1 candidate_status { last_received { term: 0 index: 0 } } ignore_live_leader: false dest_uuid: "0b0c85fc89bb400ebd3f9d634189a3b9"
I20260713 09:07:00.408051 21757 catalog_manager.cc:5697] T a810eda92c644291b9b77c781cb19139 P c7afdcf94711415eb72f06f8150a6ce6 reported cstate change: term changed from 0 to 1, leader changed from <none> to c7afdcf94711415eb72f06f8150a6ce6 (127.21.56.2). New cstate: current_term: 1 leader_uuid: "c7afdcf94711415eb72f06f8150a6ce6" committed_config { opid_index: -1 OBSOLETE_local: false peers { permanent_uuid: "0b0c85fc89bb400ebd3f9d634189a3b9" member_type: VOTER last_known_addr { host: "127.21.56.1" port: 43335 } health_report { overall_health: UNKNOWN } } peers { permanent_uuid: "c7afdcf94711415eb72f06f8150a6ce6" member_type: VOTER last_known_addr { host: "127.21.56.2" port: 38661 } health_report { overall_health: HEALTHY } } peers { permanent_uuid: "8da22ec06c8048e1af10a5bd6c42eb41" member_type: VOTER last_known_addr { host: "127.21.56.3" port: 36417 } health_report { overall_health: UNKNOWN } } }
I20260713 09:07:00.409475 21863 raft_consensus.cc:3060] T 2a722687639c41ca83d096f3c06bc514 P 0b0c85fc89bb400ebd3f9d634189a3b9 [term 0 FOLLOWER]: Advancing to term 1
I20260713 09:07:00.416545 21863 raft_consensus.cc:2468] T 2a722687639c41ca83d096f3c06bc514 P 0b0c85fc89bb400ebd3f9d634189a3b9 [term 1 FOLLOWER]: Leader election vote request: Granting yes vote for candidate c7afdcf94711415eb72f06f8150a6ce6 in term 1.
I20260713 09:07:00.418375 22057 ts_tablet_manager.cc:1434] T 016b8810a0db4d05adf502611ab8193f P c7afdcf94711415eb72f06f8150a6ce6: Time spent starting tablet: real 0.023s	user 0.010s	sys 0.001s
I20260713 09:07:00.418840 22011 tablet_service.cc:1917] Received RequestConsensusVote() RPC: tablet_id: "2a722687639c41ca83d096f3c06bc514" candidate_uuid: "c7afdcf94711415eb72f06f8150a6ce6" candidate_term: 1 candidate_status { last_received { term: 0 index: 0 } } ignore_live_leader: false dest_uuid: "8da22ec06c8048e1af10a5bd6c42eb41"
I20260713 09:07:00.419998 22011 raft_consensus.cc:3060] T 2a722687639c41ca83d096f3c06bc514 P 8da22ec06c8048e1af10a5bd6c42eb41 [term 0 FOLLOWER]: Advancing to term 1
I20260713 09:07:00.420293 22057 tablet_bootstrap.cc:492] T 5f9a347b6bf74d2ab0dadb1c3fa0e79c P c7afdcf94711415eb72f06f8150a6ce6: Bootstrap starting.
I20260713 09:07:00.424458 21759 catalog_manager.cc:5697] T 016b8810a0db4d05adf502611ab8193f P 8da22ec06c8048e1af10a5bd6c42eb41 reported cstate change: term changed from 0 to 1, leader changed from <none> to 8da22ec06c8048e1af10a5bd6c42eb41 (127.21.56.3). New cstate: current_term: 1 leader_uuid: "8da22ec06c8048e1af10a5bd6c42eb41" committed_config { opid_index: -1 OBSOLETE_local: false peers { permanent_uuid: "0b0c85fc89bb400ebd3f9d634189a3b9" member_type: VOTER last_known_addr { host: "127.21.56.1" port: 43335 } health_report { overall_health: UNKNOWN } } peers { permanent_uuid: "c7afdcf94711415eb72f06f8150a6ce6" member_type: VOTER last_known_addr { host: "127.21.56.2" port: 38661 } health_report { overall_health: UNKNOWN } } peers { permanent_uuid: "8da22ec06c8048e1af10a5bd6c42eb41" member_type: VOTER last_known_addr { host: "127.21.56.3" port: 36417 } health_report { overall_health: HEALTHY } } }
I20260713 09:07:00.426371 22057 tablet_bootstrap.cc:654] T 5f9a347b6bf74d2ab0dadb1c3fa0e79c P c7afdcf94711415eb72f06f8150a6ce6: Neither blocks nor log segments found. Creating new log.
I20260713 09:07:00.427091 22011 raft_consensus.cc:2468] T 2a722687639c41ca83d096f3c06bc514 P 8da22ec06c8048e1af10a5bd6c42eb41 [term 1 FOLLOWER]: Leader election vote request: Granting yes vote for candidate c7afdcf94711415eb72f06f8150a6ce6 in term 1.
I20260713 09:07:00.419320 22092 leader_election.cc:290] T 2a722687639c41ca83d096f3c06bc514 P c7afdcf94711415eb72f06f8150a6ce6 [CANDIDATE]: Term 1 election: Requested vote from peers 0b0c85fc89bb400ebd3f9d634189a3b9 (127.21.56.1:43335), 8da22ec06c8048e1af10a5bd6c42eb41 (127.21.56.3:36417)
I20260713 09:07:00.428776 21904 leader_election.cc:304] T 2a722687639c41ca83d096f3c06bc514 P c7afdcf94711415eb72f06f8150a6ce6 [CANDIDATE]: Term 1 election: Election decided. Result: candidate won. Election summary: received 2 responses out of 3 voters: 2 yes votes; 0 no votes. yes voters: 8da22ec06c8048e1af10a5bd6c42eb41, c7afdcf94711415eb72f06f8150a6ce6; no voters: 
I20260713 09:07:00.429677 22092 raft_consensus.cc:2804] T 2a722687639c41ca83d096f3c06bc514 P c7afdcf94711415eb72f06f8150a6ce6 [term 1 FOLLOWER]: Leader election won for term 1
I20260713 09:07:00.430182 22092 raft_consensus.cc:697] T 2a722687639c41ca83d096f3c06bc514 P c7afdcf94711415eb72f06f8150a6ce6 [term 1 LEADER]: Becoming Leader. State: Replica: c7afdcf94711415eb72f06f8150a6ce6, State: Running, Role: LEADER
I20260713 09:07:00.431143 22092 consensus_queue.cc:237] T 2a722687639c41ca83d096f3c06bc514 P c7afdcf94711415eb72f06f8150a6ce6 [LEADER]: Queue going to LEADER mode. State: All replicated index: 0, Majority replicated index: 0, Committed index: 0, Last appended: 0.0, Last appended by leader: 0, Current term: 1, Majority size: 2, State: 0, Mode: LEADER, active raft config: opid_index: -1 OBSOLETE_local: false peers { permanent_uuid: "0b0c85fc89bb400ebd3f9d634189a3b9" member_type: VOTER last_known_addr { host: "127.21.56.1" port: 43335 } } peers { permanent_uuid: "c7afdcf94711415eb72f06f8150a6ce6" member_type: VOTER last_known_addr { host: "127.21.56.2" port: 38661 } } peers { permanent_uuid: "8da22ec06c8048e1af10a5bd6c42eb41" member_type: VOTER last_known_addr { host: "127.21.56.3" port: 36417 } }
I20260713 09:07:00.437186 22057 tablet_bootstrap.cc:492] T 5f9a347b6bf74d2ab0dadb1c3fa0e79c P c7afdcf94711415eb72f06f8150a6ce6: No bootstrap required, opened a new log
I20260713 09:07:00.437604 22057 ts_tablet_manager.cc:1403] T 5f9a347b6bf74d2ab0dadb1c3fa0e79c P c7afdcf94711415eb72f06f8150a6ce6: Time spent bootstrapping tablet: real 0.017s	user 0.015s	sys 0.000s
I20260713 09:07:00.440403 22057 raft_consensus.cc:359] T 5f9a347b6bf74d2ab0dadb1c3fa0e79c P c7afdcf94711415eb72f06f8150a6ce6 [term 0 FOLLOWER]: Replica starting. Triggering 0 pending ops. Active config: opid_index: -1 OBSOLETE_local: false peers { permanent_uuid: "0b0c85fc89bb400ebd3f9d634189a3b9" member_type: VOTER last_known_addr { host: "127.21.56.1" port: 43335 } } peers { permanent_uuid: "c7afdcf94711415eb72f06f8150a6ce6" member_type: VOTER last_known_addr { host: "127.21.56.2" port: 38661 } } peers { permanent_uuid: "8da22ec06c8048e1af10a5bd6c42eb41" member_type: VOTER last_known_addr { host: "127.21.56.3" port: 36417 } }
I20260713 09:07:00.441032 22057 raft_consensus.cc:385] T 5f9a347b6bf74d2ab0dadb1c3fa0e79c P c7afdcf94711415eb72f06f8150a6ce6 [term 0 FOLLOWER]: Consensus starting up: Expiring failure detector timer to make a prompt election more likely
I20260713 09:07:00.441273 22057 raft_consensus.cc:740] T 5f9a347b6bf74d2ab0dadb1c3fa0e79c P c7afdcf94711415eb72f06f8150a6ce6 [term 0 FOLLOWER]: Becoming Follower/Learner. State: Replica: c7afdcf94711415eb72f06f8150a6ce6, State: Initialized, Role: FOLLOWER
I20260713 09:07:00.443181 22057 consensus_queue.cc:260] T 5f9a347b6bf74d2ab0dadb1c3fa0e79c P c7afdcf94711415eb72f06f8150a6ce6 [NON_LEADER]: Queue going to NON_LEADER mode. State: All replicated index: 0, Majority replicated index: 0, Committed index: 0, Last appended: 0.0, Last appended by leader: 0, Current term: 0, Majority size: -1, State: 0, Mode: NON_LEADER, active raft config: opid_index: -1 OBSOLETE_local: false peers { permanent_uuid: "0b0c85fc89bb400ebd3f9d634189a3b9" member_type: VOTER last_known_addr { host: "127.21.56.1" port: 43335 } } peers { permanent_uuid: "c7afdcf94711415eb72f06f8150a6ce6" member_type: VOTER last_known_addr { host: "127.21.56.2" port: 38661 } } peers { permanent_uuid: "8da22ec06c8048e1af10a5bd6c42eb41" member_type: VOTER last_known_addr { host: "127.21.56.3" port: 36417 } }
I20260713 09:07:00.445336 22057 ts_tablet_manager.cc:1434] T 5f9a347b6bf74d2ab0dadb1c3fa0e79c P c7afdcf94711415eb72f06f8150a6ce6: Time spent starting tablet: real 0.007s	user 0.007s	sys 0.000s
I20260713 09:07:00.445397 22108 raft_consensus.cc:3060] T 5f65664e7b1d4ed094f843717d1ff845 P 0b0c85fc89bb400ebd3f9d634189a3b9 [term 0 FOLLOWER]: Advancing to term 1
W20260713 09:07:00.449216 21829 outbound_call.cc:321] RPC callback for RPC call kudu.consensus.ConsensusService.RequestConsensusVote -> {remote=127.21.56.3:36417, user_credentials={real_user=slave}} blocked reactor thread for 52816us
I20260713 09:07:00.451771 22086 raft_consensus.cc:515] T bf7cef7e2b1747b7846d599a0e09ecb4 P c7afdcf94711415eb72f06f8150a6ce6 [term 1 FOLLOWER]: Starting leader election with config: opid_index: -1 OBSOLETE_local: false peers { permanent_uuid: "0b0c85fc89bb400ebd3f9d634189a3b9" member_type: VOTER last_known_addr { host: "127.21.56.1" port: 43335 } } peers { permanent_uuid: "c7afdcf94711415eb72f06f8150a6ce6" member_type: VOTER last_known_addr { host: "127.21.56.2" port: 38661 } } peers { permanent_uuid: "8da22ec06c8048e1af10a5bd6c42eb41" member_type: VOTER last_known_addr { host: "127.21.56.3" port: 36417 } }
I20260713 09:07:00.454365 22063 raft_consensus.cc:515] T 6c415c41a93e4e678046eb7b9747fccf P 0b0c85fc89bb400ebd3f9d634189a3b9 [term 1 FOLLOWER]: Starting leader election with config: opid_index: -1 OBSOLETE_local: false peers { permanent_uuid: "8da22ec06c8048e1af10a5bd6c42eb41" member_type: VOTER last_known_addr { host: "127.21.56.3" port: 36417 } } peers { permanent_uuid: "c7afdcf94711415eb72f06f8150a6ce6" member_type: VOTER last_known_addr { host: "127.21.56.2" port: 38661 } } peers { permanent_uuid: "0b0c85fc89bb400ebd3f9d634189a3b9" member_type: VOTER last_known_addr { host: "127.21.56.1" port: 43335 } }
I20260713 09:07:00.453963 21757 catalog_manager.cc:5697] T 2a722687639c41ca83d096f3c06bc514 P c7afdcf94711415eb72f06f8150a6ce6 reported cstate change: term changed from 0 to 1, leader changed from <none> to c7afdcf94711415eb72f06f8150a6ce6 (127.21.56.2). New cstate: current_term: 1 leader_uuid: "c7afdcf94711415eb72f06f8150a6ce6" committed_config { opid_index: -1 OBSOLETE_local: false peers { permanent_uuid: "0b0c85fc89bb400ebd3f9d634189a3b9" member_type: VOTER last_known_addr { host: "127.21.56.1" port: 43335 } health_report { overall_health: UNKNOWN } } peers { permanent_uuid: "c7afdcf94711415eb72f06f8150a6ce6" member_type: VOTER last_known_addr { host: "127.21.56.2" port: 38661 } health_report { overall_health: HEALTHY } } peers { permanent_uuid: "8da22ec06c8048e1af10a5bd6c42eb41" member_type: VOTER last_known_addr { host: "127.21.56.3" port: 36417 } health_report { overall_health: UNKNOWN } } }
I20260713 09:07:00.459872 21863 tablet_service.cc:1917] Received RequestConsensusVote() RPC: tablet_id: "bf7cef7e2b1747b7846d599a0e09ecb4" candidate_uuid: "c7afdcf94711415eb72f06f8150a6ce6" candidate_term: 1 candidate_status { last_received { term: 0 index: 0 } } ignore_live_leader: false dest_uuid: "0b0c85fc89bb400ebd3f9d634189a3b9"
I20260713 09:07:00.460243 22012 tablet_service.cc:1917] Received RequestConsensusVote() RPC: tablet_id: "bf7cef7e2b1747b7846d599a0e09ecb4" candidate_uuid: "c7afdcf94711415eb72f06f8150a6ce6" candidate_term: 1 candidate_status { last_received { term: 0 index: 0 } } ignore_live_leader: false dest_uuid: "8da22ec06c8048e1af10a5bd6c42eb41"
I20260713 09:07:00.459873 22011 tablet_service.cc:1917] Received RequestConsensusVote() RPC: tablet_id: "6c415c41a93e4e678046eb7b9747fccf" candidate_uuid: "0b0c85fc89bb400ebd3f9d634189a3b9" candidate_term: 1 candidate_status { last_received { term: 0 index: 0 } } ignore_live_leader: false dest_uuid: "8da22ec06c8048e1af10a5bd6c42eb41"
I20260713 09:07:00.460511 22086 leader_election.cc:290] T bf7cef7e2b1747b7846d599a0e09ecb4 P c7afdcf94711415eb72f06f8150a6ce6 [CANDIDATE]: Term 1 election: Requested vote from peers 0b0c85fc89bb400ebd3f9d634189a3b9 (127.21.56.1:43335), 8da22ec06c8048e1af10a5bd6c42eb41 (127.21.56.3:36417)
I20260713 09:07:00.460799 21863 raft_consensus.cc:3060] T bf7cef7e2b1747b7846d599a0e09ecb4 P 0b0c85fc89bb400ebd3f9d634189a3b9 [term 0 FOLLOWER]: Advancing to term 1
I20260713 09:07:00.461838 22011 raft_consensus.cc:3060] T 6c415c41a93e4e678046eb7b9747fccf P 8da22ec06c8048e1af10a5bd6c42eb41 [term 0 FOLLOWER]: Advancing to term 1
I20260713 09:07:00.462651 21938 tablet_service.cc:1917] Received RequestConsensusVote() RPC: tablet_id: "6c415c41a93e4e678046eb7b9747fccf" candidate_uuid: "0b0c85fc89bb400ebd3f9d634189a3b9" candidate_term: 1 candidate_status { last_received { term: 0 index: 0 } } ignore_live_leader: false dest_uuid: "c7afdcf94711415eb72f06f8150a6ce6"
I20260713 09:07:00.463198 21938 raft_consensus.cc:3060] T 6c415c41a93e4e678046eb7b9747fccf P c7afdcf94711415eb72f06f8150a6ce6 [term 0 FOLLOWER]: Advancing to term 1
I20260713 09:07:00.462672 22012 raft_consensus.cc:3060] T bf7cef7e2b1747b7846d599a0e09ecb4 P 8da22ec06c8048e1af10a5bd6c42eb41 [term 0 FOLLOWER]: Advancing to term 1
I20260713 09:07:00.468168 22011 raft_consensus.cc:2468] T 6c415c41a93e4e678046eb7b9747fccf P 8da22ec06c8048e1af10a5bd6c42eb41 [term 1 FOLLOWER]: Leader election vote request: Granting yes vote for candidate 0b0c85fc89bb400ebd3f9d634189a3b9 in term 1.
I20260713 09:07:00.469888 21829 leader_election.cc:304] T 6c415c41a93e4e678046eb7b9747fccf P 0b0c85fc89bb400ebd3f9d634189a3b9 [CANDIDATE]: Term 1 election: Election decided. Result: candidate won. Election summary: received 2 responses out of 3 voters: 2 yes votes; 0 no votes. yes voters: 0b0c85fc89bb400ebd3f9d634189a3b9, 8da22ec06c8048e1af10a5bd6c42eb41; no voters: 
I20260713 09:07:00.470813 22105 raft_consensus.cc:2804] T 6c415c41a93e4e678046eb7b9747fccf P 0b0c85fc89bb400ebd3f9d634189a3b9 [term 1 FOLLOWER]: Leader election won for term 1
I20260713 09:07:00.474853 21938 raft_consensus.cc:2468] T 6c415c41a93e4e678046eb7b9747fccf P c7afdcf94711415eb72f06f8150a6ce6 [term 1 FOLLOWER]: Leader election vote request: Granting yes vote for candidate 0b0c85fc89bb400ebd3f9d634189a3b9 in term 1.
I20260713 09:07:00.477008 21863 raft_consensus.cc:2468] T bf7cef7e2b1747b7846d599a0e09ecb4 P 0b0c85fc89bb400ebd3f9d634189a3b9 [term 1 FOLLOWER]: Leader election vote request: Granting yes vote for candidate c7afdcf94711415eb72f06f8150a6ce6 in term 1.
I20260713 09:07:00.479458 22012 raft_consensus.cc:2468] T bf7cef7e2b1747b7846d599a0e09ecb4 P 8da22ec06c8048e1af10a5bd6c42eb41 [term 1 FOLLOWER]: Leader election vote request: Granting yes vote for candidate c7afdcf94711415eb72f06f8150a6ce6 in term 1.
I20260713 09:07:00.479233 21901 leader_election.cc:304] T bf7cef7e2b1747b7846d599a0e09ecb4 P c7afdcf94711415eb72f06f8150a6ce6 [CANDIDATE]: Term 1 election: Election decided. Result: candidate won. Election summary: received 2 responses out of 3 voters: 2 yes votes; 0 no votes. yes voters: 0b0c85fc89bb400ebd3f9d634189a3b9, c7afdcf94711415eb72f06f8150a6ce6; no voters: 
I20260713 09:07:00.461366 22063 leader_election.cc:290] T 6c415c41a93e4e678046eb7b9747fccf P 0b0c85fc89bb400ebd3f9d634189a3b9 [CANDIDATE]: Term 1 election: Requested vote from peers 8da22ec06c8048e1af10a5bd6c42eb41 (127.21.56.3:36417), c7afdcf94711415eb72f06f8150a6ce6 (127.21.56.2:38661)
I20260713 09:07:00.480427 22086 raft_consensus.cc:2804] T bf7cef7e2b1747b7846d599a0e09ecb4 P c7afdcf94711415eb72f06f8150a6ce6 [term 1 FOLLOWER]: Leader election won for term 1
I20260713 09:07:00.481082 22086 raft_consensus.cc:697] T bf7cef7e2b1747b7846d599a0e09ecb4 P c7afdcf94711415eb72f06f8150a6ce6 [term 1 LEADER]: Becoming Leader. State: Replica: c7afdcf94711415eb72f06f8150a6ce6, State: Running, Role: LEADER
I20260713 09:07:00.481861 22086 consensus_queue.cc:237] T bf7cef7e2b1747b7846d599a0e09ecb4 P c7afdcf94711415eb72f06f8150a6ce6 [LEADER]: Queue going to LEADER mode. State: All replicated index: 0, Majority replicated index: 0, Committed index: 0, Last appended: 0.0, Last appended by leader: 0, Current term: 1, Majority size: 2, State: 0, Mode: LEADER, active raft config: opid_index: -1 OBSOLETE_local: false peers { permanent_uuid: "0b0c85fc89bb400ebd3f9d634189a3b9" member_type: VOTER last_known_addr { host: "127.21.56.1" port: 43335 } } peers { permanent_uuid: "c7afdcf94711415eb72f06f8150a6ce6" member_type: VOTER last_known_addr { host: "127.21.56.2" port: 38661 } } peers { permanent_uuid: "8da22ec06c8048e1af10a5bd6c42eb41" member_type: VOTER last_known_addr { host: "127.21.56.3" port: 36417 } }
I20260713 09:07:00.486516 22105 raft_consensus.cc:697] T 6c415c41a93e4e678046eb7b9747fccf P 0b0c85fc89bb400ebd3f9d634189a3b9 [term 1 LEADER]: Becoming Leader. State: Replica: 0b0c85fc89bb400ebd3f9d634189a3b9, State: Running, Role: LEADER
I20260713 09:07:00.487462 22105 consensus_queue.cc:237] T 6c415c41a93e4e678046eb7b9747fccf P 0b0c85fc89bb400ebd3f9d634189a3b9 [LEADER]: Queue going to LEADER mode. State: All replicated index: 0, Majority replicated index: 0, Committed index: 0, Last appended: 0.0, Last appended by leader: 0, Current term: 1, Majority size: 2, State: 0, Mode: LEADER, active raft config: opid_index: -1 OBSOLETE_local: false peers { permanent_uuid: "8da22ec06c8048e1af10a5bd6c42eb41" member_type: VOTER last_known_addr { host: "127.21.56.3" port: 36417 } } peers { permanent_uuid: "c7afdcf94711415eb72f06f8150a6ce6" member_type: VOTER last_known_addr { host: "127.21.56.2" port: 38661 } } peers { permanent_uuid: "0b0c85fc89bb400ebd3f9d634189a3b9" member_type: VOTER last_known_addr { host: "127.21.56.1" port: 43335 } }
I20260713 09:07:00.488845 22108 raft_consensus.cc:2749] T 5f65664e7b1d4ed094f843717d1ff845 P 0b0c85fc89bb400ebd3f9d634189a3b9 [term 1 FOLLOWER]: Leader pre-election lost for term 1. Reason: could not achieve majority
I20260713 09:07:00.497820 21757 catalog_manager.cc:5697] T bf7cef7e2b1747b7846d599a0e09ecb4 P c7afdcf94711415eb72f06f8150a6ce6 reported cstate change: term changed from 0 to 1, leader changed from <none> to c7afdcf94711415eb72f06f8150a6ce6 (127.21.56.2). New cstate: current_term: 1 leader_uuid: "c7afdcf94711415eb72f06f8150a6ce6" committed_config { opid_index: -1 OBSOLETE_local: false peers { permanent_uuid: "0b0c85fc89bb400ebd3f9d634189a3b9" member_type: VOTER last_known_addr { host: "127.21.56.1" port: 43335 } health_report { overall_health: UNKNOWN } } peers { permanent_uuid: "c7afdcf94711415eb72f06f8150a6ce6" member_type: VOTER last_known_addr { host: "127.21.56.2" port: 38661 } health_report { overall_health: HEALTHY } } peers { permanent_uuid: "8da22ec06c8048e1af10a5bd6c42eb41" member_type: VOTER last_known_addr { host: "127.21.56.3" port: 36417 } health_report { overall_health: UNKNOWN } } }
I20260713 09:07:00.502415 21759 catalog_manager.cc:5697] T 6c415c41a93e4e678046eb7b9747fccf P 0b0c85fc89bb400ebd3f9d634189a3b9 reported cstate change: term changed from 0 to 1, leader changed from <none> to 0b0c85fc89bb400ebd3f9d634189a3b9 (127.21.56.1). New cstate: current_term: 1 leader_uuid: "0b0c85fc89bb400ebd3f9d634189a3b9" committed_config { opid_index: -1 OBSOLETE_local: false peers { permanent_uuid: "8da22ec06c8048e1af10a5bd6c42eb41" member_type: VOTER last_known_addr { host: "127.21.56.3" port: 36417 } health_report { overall_health: UNKNOWN } } peers { permanent_uuid: "c7afdcf94711415eb72f06f8150a6ce6" member_type: VOTER last_known_addr { host: "127.21.56.2" port: 38661 } health_report { overall_health: UNKNOWN } } peers { permanent_uuid: "0b0c85fc89bb400ebd3f9d634189a3b9" member_type: VOTER last_known_addr { host: "127.21.56.1" port: 43335 } health_report { overall_health: HEALTHY } } }
I20260713 09:07:00.538443 22077 raft_consensus.cc:493] T 5f9a347b6bf74d2ab0dadb1c3fa0e79c P 8da22ec06c8048e1af10a5bd6c42eb41 [term 0 FOLLOWER]: Starting pre-election (no leader contacted us within the election timeout)
I20260713 09:07:00.538213 22062 consensus_queue.cc:1048] T 5f65664e7b1d4ed094f843717d1ff845 P 8da22ec06c8048e1af10a5bd6c42eb41 [LEADER]: Connected to new peer: Peer: permanent_uuid: "0b0c85fc89bb400ebd3f9d634189a3b9" member_type: VOTER last_known_addr { host: "127.21.56.1" port: 43335 }, Status: LMP_MISMATCH, Last received: 0.0, Next index: 1, Last known committed idx: 0, Time since last communication: 0.000s
I20260713 09:07:00.538918 22077 raft_consensus.cc:515] T 5f9a347b6bf74d2ab0dadb1c3fa0e79c P 8da22ec06c8048e1af10a5bd6c42eb41 [term 0 FOLLOWER]: Starting pre-election with config: opid_index: -1 OBSOLETE_local: false peers { permanent_uuid: "0b0c85fc89bb400ebd3f9d634189a3b9" member_type: VOTER last_known_addr { host: "127.21.56.1" port: 43335 } } peers { permanent_uuid: "c7afdcf94711415eb72f06f8150a6ce6" member_type: VOTER last_known_addr { host: "127.21.56.2" port: 38661 } } peers { permanent_uuid: "8da22ec06c8048e1af10a5bd6c42eb41" member_type: VOTER last_known_addr { host: "127.21.56.3" port: 36417 } }
