I20260713 09:07:08.289479 22350 leader_election.cc:304] T 296622c5f3284530aaf74b0d8d6c2833 P 28a326bfe1de49c29d28c081d97d26d7 [CANDIDATE]: Term 1 pre-election: Election decided. Result: candidate won. Election summary: received 2 responses out of 3 voters: 2 yes votes; 0 no votes. yes voters: 28a326bfe1de49c29d28c081d97d26d7, 74bd859373a84030aa4de46d44ac78ea; no voters: 
I20260713 09:07:08.292222 22233 raft_consensus.cc:2468] T 9c93db5f1d0147f8b075237ccb8ce53a P 81fdf544a27f4fdb93e87a3303ecb356 [term 1 FOLLOWER]: Leader election vote request: Granting yes vote for candidate 74bd859373a84030aa4de46d44ac78ea in term 1.
I20260713 09:07:08.293315 22469 raft_consensus.cc:2804] T 296622c5f3284530aaf74b0d8d6c2833 P 28a326bfe1de49c29d28c081d97d26d7 [term 0 FOLLOWER]: Leader pre-election won for term 1
I20260713 09:07:08.293509 22277 leader_election.cc:304] T 9c93db5f1d0147f8b075237ccb8ce53a P 74bd859373a84030aa4de46d44ac78ea [CANDIDATE]: Term 1 election: Election decided. Result: candidate won. Election summary: received 2 responses out of 3 voters: 2 yes votes; 0 no votes. yes voters: 74bd859373a84030aa4de46d44ac78ea, 81fdf544a27f4fdb93e87a3303ecb356; no voters: 
I20260713 09:07:08.293808 22469 raft_consensus.cc:493] T 296622c5f3284530aaf74b0d8d6c2833 P 28a326bfe1de49c29d28c081d97d26d7 [term 0 FOLLOWER]: Starting leader election (no leader contacted us within the election timeout)
I20260713 09:07:08.294292 22469 raft_consensus.cc:3060] T 296622c5f3284530aaf74b0d8d6c2833 P 28a326bfe1de49c29d28c081d97d26d7 [term 0 FOLLOWER]: Advancing to term 1
I20260713 09:07:08.294334 22464 raft_consensus.cc:2804] T 9c93db5f1d0147f8b075237ccb8ce53a P 74bd859373a84030aa4de46d44ac78ea [term 1 FOLLOWER]: Leader election won for term 1
I20260713 09:07:08.295027 22464 raft_consensus.cc:697] T 9c93db5f1d0147f8b075237ccb8ce53a P 74bd859373a84030aa4de46d44ac78ea [term 1 LEADER]: Becoming Leader. State: Replica: 74bd859373a84030aa4de46d44ac78ea, State: Running, Role: LEADER
I20260713 09:07:08.289830 22442 raft_consensus.cc:493] T 34d8cc5c3c5a43db97823affc8c9733a P 81fdf544a27f4fdb93e87a3303ecb356 [term 0 FOLLOWER]: Starting leader election (no leader contacted us within the election timeout)
I20260713 09:07:08.296202 22464 consensus_queue.cc:237] T 9c93db5f1d0147f8b075237ccb8ce53a P 74bd859373a84030aa4de46d44ac78ea [LEADER]: Queue going to LEADER mode. State: All replicated index: 0, Majority replicated index: 0, Committed index: 0, Last appended: 0.0, Last appended by leader: 0, Current term: 1, Majority size: 2, State: 0, Mode: LEADER, active raft config: opid_index: -1 OBSOLETE_local: false peers { permanent_uuid: "81fdf544a27f4fdb93e87a3303ecb356" member_type: VOTER last_known_addr { host: "127.21.30.193" port: 46659 } } peers { permanent_uuid: "74bd859373a84030aa4de46d44ac78ea" member_type: VOTER last_known_addr { host: "127.21.30.194" port: 42793 } } peers { permanent_uuid: "28a326bfe1de49c29d28c081d97d26d7" member_type: VOTER last_known_addr { host: "127.21.30.195" port: 45147 } }
I20260713 09:07:08.296458 22442 raft_consensus.cc:3060] T 34d8cc5c3c5a43db97823affc8c9733a P 81fdf544a27f4fdb93e87a3303ecb356 [term 0 FOLLOWER]: Advancing to term 1
I20260713 09:07:08.300608 22435 leader_election.cc:290] T 296622c5f3284530aaf74b0d8d6c2833 P 28a326bfe1de49c29d28c081d97d26d7 [CANDIDATE]: Term 1 pre-election: Requested pre-vote from peers 74bd859373a84030aa4de46d44ac78ea (127.21.30.194:42793), 81fdf544a27f4fdb93e87a3303ecb356 (127.21.30.193:46659)
I20260713 09:07:08.301874 22233 tablet_service.cc:1917] Received RequestConsensusVote() RPC: tablet_id: "296622c5f3284530aaf74b0d8d6c2833" candidate_uuid: "28a326bfe1de49c29d28c081d97d26d7" candidate_term: 1 candidate_status { last_received { term: 0 index: 0 } } ignore_live_leader: false dest_uuid: "81fdf544a27f4fdb93e87a3303ecb356" is_pre_election: true
I20260713 09:07:08.301954 22385 tablet_service.cc:1917] Received RequestConsensusVote() RPC: tablet_id: "d0e5a5ec99f34d8ea49265f250509f43" candidate_uuid: "74bd859373a84030aa4de46d44ac78ea" candidate_term: 1 candidate_status { last_received { term: 0 index: 0 } } ignore_live_leader: false dest_uuid: "28a326bfe1de49c29d28c081d97d26d7" is_pre_election: true
I20260713 09:07:08.302532 22233 raft_consensus.cc:2468] T 296622c5f3284530aaf74b0d8d6c2833 P 81fdf544a27f4fdb93e87a3303ecb356 [term 0 FOLLOWER]: Leader pre-election vote request: Granting yes vote for candidate 28a326bfe1de49c29d28c081d97d26d7 in term 0.
I20260713 09:07:08.302548 22385 raft_consensus.cc:2468] T d0e5a5ec99f34d8ea49265f250509f43 P 28a326bfe1de49c29d28c081d97d26d7 [term 0 FOLLOWER]: Leader pre-election vote request: Granting yes vote for candidate 74bd859373a84030aa4de46d44ac78ea in term 0.
I20260713 09:07:08.304621 22429 raft_consensus.cc:515] T d0e5a5ec99f34d8ea49265f250509f43 P 74bd859373a84030aa4de46d44ac78ea [term 1 FOLLOWER]: Starting leader election with config: opid_index: -1 OBSOLETE_local: false peers { permanent_uuid: "81fdf544a27f4fdb93e87a3303ecb356" member_type: VOTER last_known_addr { host: "127.21.30.193" port: 46659 } } peers { permanent_uuid: "74bd859373a84030aa4de46d44ac78ea" member_type: VOTER last_known_addr { host: "127.21.30.194" port: 42793 } } peers { permanent_uuid: "28a326bfe1de49c29d28c081d97d26d7" member_type: VOTER last_known_addr { host: "127.21.30.195" port: 45147 } }
I20260713 09:07:08.307117 22233 tablet_service.cc:1917] Received RequestConsensusVote() RPC: tablet_id: "d0e5a5ec99f34d8ea49265f250509f43" candidate_uuid: "74bd859373a84030aa4de46d44ac78ea" candidate_term: 1 candidate_status { last_received { term: 0 index: 0 } } ignore_live_leader: false dest_uuid: "81fdf544a27f4fdb93e87a3303ecb356"
I20260713 09:07:08.307565 22233 raft_consensus.cc:3060] T d0e5a5ec99f34d8ea49265f250509f43 P 81fdf544a27f4fdb93e87a3303ecb356 [term 0 FOLLOWER]: Advancing to term 1
I20260713 09:07:08.308974 22429 leader_election.cc:290] T d0e5a5ec99f34d8ea49265f250509f43 P 74bd859373a84030aa4de46d44ac78ea [CANDIDATE]: Term 1 election: Requested vote from peers 81fdf544a27f4fdb93e87a3303ecb356 (127.21.30.193:46659), 28a326bfe1de49c29d28c081d97d26d7 (127.21.30.195:45147)
I20260713 09:07:08.312472 22233 raft_consensus.cc:2468] T d0e5a5ec99f34d8ea49265f250509f43 P 81fdf544a27f4fdb93e87a3303ecb356 [term 1 FOLLOWER]: Leader election vote request: Granting yes vote for candidate 74bd859373a84030aa4de46d44ac78ea in term 1.
I20260713 09:07:08.313556 22277 leader_election.cc:304] T d0e5a5ec99f34d8ea49265f250509f43 P 74bd859373a84030aa4de46d44ac78ea [CANDIDATE]: Term 1 election: Election decided. Result: candidate won. Election summary: received 2 responses out of 3 voters: 2 yes votes; 0 no votes. yes voters: 74bd859373a84030aa4de46d44ac78ea, 81fdf544a27f4fdb93e87a3303ecb356; no voters: 
I20260713 09:07:08.314991 22385 tablet_service.cc:1917] Received RequestConsensusVote() RPC: tablet_id: "f01d1fbbce9341978d8838594e4b7de6" candidate_uuid: "81fdf544a27f4fdb93e87a3303ecb356" candidate_term: 1 candidate_status { last_received { term: 0 index: 0 } } ignore_live_leader: false dest_uuid: "28a326bfe1de49c29d28c081d97d26d7"
I20260713 09:07:08.316095 22384 tablet_service.cc:1917] Received RequestConsensusVote() RPC: tablet_id: "9c93db5f1d0147f8b075237ccb8ce53a" candidate_uuid: "74bd859373a84030aa4de46d44ac78ea" candidate_term: 1 candidate_status { last_received { term: 0 index: 0 } } ignore_live_leader: false dest_uuid: "28a326bfe1de49c29d28c081d97d26d7"
I20260713 09:07:08.317045 22384 raft_consensus.cc:3060] T 9c93db5f1d0147f8b075237ccb8ce53a P 28a326bfe1de49c29d28c081d97d26d7 [term 0 FOLLOWER]: Advancing to term 1
I20260713 09:07:08.317783 22311 tablet_service.cc:1917] Received RequestConsensusVote() RPC: tablet_id: "f01d1fbbce9341978d8838594e4b7de6" candidate_uuid: "81fdf544a27f4fdb93e87a3303ecb356" candidate_term: 1 candidate_status { last_received { term: 0 index: 0 } } ignore_live_leader: false dest_uuid: "74bd859373a84030aa4de46d44ac78ea"
I20260713 09:07:08.318298 22311 raft_consensus.cc:3060] T f01d1fbbce9341978d8838594e4b7de6 P 74bd859373a84030aa4de46d44ac78ea [term 0 FOLLOWER]: Advancing to term 1
I20260713 09:07:08.319159 22469 raft_consensus.cc:515] T 296622c5f3284530aaf74b0d8d6c2833 P 28a326bfe1de49c29d28c081d97d26d7 [term 1 FOLLOWER]: Starting leader election with config: opid_index: -1 OBSOLETE_local: false peers { permanent_uuid: "74bd859373a84030aa4de46d44ac78ea" member_type: VOTER last_known_addr { host: "127.21.30.194" port: 42793 } } peers { permanent_uuid: "81fdf544a27f4fdb93e87a3303ecb356" member_type: VOTER last_known_addr { host: "127.21.30.193" port: 46659 } } peers { permanent_uuid: "28a326bfe1de49c29d28c081d97d26d7" member_type: VOTER last_known_addr { host: "127.21.30.195" port: 45147 } }
I20260713 09:07:08.314512 22442 raft_consensus.cc:515] T 34d8cc5c3c5a43db97823affc8c9733a P 81fdf544a27f4fdb93e87a3303ecb356 [term 1 FOLLOWER]: Starting leader election with config: opid_index: -1 OBSOLETE_local: false peers { permanent_uuid: "81fdf544a27f4fdb93e87a3303ecb356" member_type: VOTER last_known_addr { host: "127.21.30.193" port: 46659 } } peers { permanent_uuid: "74bd859373a84030aa4de46d44ac78ea" member_type: VOTER last_known_addr { host: "127.21.30.194" port: 42793 } } peers { permanent_uuid: "28a326bfe1de49c29d28c081d97d26d7" member_type: VOTER last_known_addr { host: "127.21.30.195" port: 45147 } }
I20260713 09:07:08.323443 22385 tablet_service.cc:1917] Received RequestConsensusVote() RPC: tablet_id: "d0e5a5ec99f34d8ea49265f250509f43" candidate_uuid: "74bd859373a84030aa4de46d44ac78ea" candidate_term: 1 candidate_status { last_received { term: 0 index: 0 } } ignore_live_leader: false dest_uuid: "28a326bfe1de49c29d28c081d97d26d7"
I20260713 09:07:08.323992 22385 raft_consensus.cc:3060] T d0e5a5ec99f34d8ea49265f250509f43 P 28a326bfe1de49c29d28c081d97d26d7 [term 0 FOLLOWER]: Advancing to term 1
I20260713 09:07:08.324544 22384 raft_consensus.cc:2468] T 9c93db5f1d0147f8b075237ccb8ce53a P 28a326bfe1de49c29d28c081d97d26d7 [term 1 FOLLOWER]: Leader election vote request: Granting yes vote for candidate 74bd859373a84030aa4de46d44ac78ea in term 1.
W20260713 09:07:08.317687 22200 leader_election.cc:343] T f01d1fbbce9341978d8838594e4b7de6 P 81fdf544a27f4fdb93e87a3303ecb356 [CANDIDATE]: Term 1 election: Tablet error from VoteRequest() call to peer 28a326bfe1de49c29d28c081d97d26d7 (127.21.30.195:45147): Illegal state: must be running to vote when last-logged opid is not known
I20260713 09:07:08.327234 22310 tablet_service.cc:1917] Received RequestConsensusVote() RPC: tablet_id: "34d8cc5c3c5a43db97823affc8c9733a" candidate_uuid: "81fdf544a27f4fdb93e87a3303ecb356" candidate_term: 1 candidate_status { last_received { term: 0 index: 0 } } ignore_live_leader: false dest_uuid: "74bd859373a84030aa4de46d44ac78ea"
I20260713 09:07:08.327737 22310 raft_consensus.cc:3060] T 34d8cc5c3c5a43db97823affc8c9733a P 74bd859373a84030aa4de46d44ac78ea [term 0 FOLLOWER]: Advancing to term 1
I20260713 09:07:08.328783 22311 raft_consensus.cc:2468] T f01d1fbbce9341978d8838594e4b7de6 P 74bd859373a84030aa4de46d44ac78ea [term 1 FOLLOWER]: Leader election vote request: Granting yes vote for candidate 81fdf544a27f4fdb93e87a3303ecb356 in term 1.
I20260713 09:07:08.329655 22428 tablet_bootstrap.cc:654] T 1ea468375c9e4808ad5a7b1026dc71f7 P 28a326bfe1de49c29d28c081d97d26d7: Neither blocks nor log segments found. Creating new log.
I20260713 09:07:08.329850 22201 leader_election.cc:304] T f01d1fbbce9341978d8838594e4b7de6 P 81fdf544a27f4fdb93e87a3303ecb356 [CANDIDATE]: Term 1 election: Election decided. Result: candidate won. Election summary: received 3 responses out of 3 voters: 2 yes votes; 1 no votes. yes voters: 74bd859373a84030aa4de46d44ac78ea, 81fdf544a27f4fdb93e87a3303ecb356; no voters: 28a326bfe1de49c29d28c081d97d26d7
I20260713 09:07:08.315678 22429 raft_consensus.cc:2804] T d0e5a5ec99f34d8ea49265f250509f43 P 74bd859373a84030aa4de46d44ac78ea [term 1 FOLLOWER]: Leader election won for term 1
I20260713 09:07:08.334434 22442 leader_election.cc:290] T 34d8cc5c3c5a43db97823affc8c9733a P 81fdf544a27f4fdb93e87a3303ecb356 [CANDIDATE]: Term 1 election: Requested vote from peers 74bd859373a84030aa4de46d44ac78ea (127.21.30.194:42793), 28a326bfe1de49c29d28c081d97d26d7 (127.21.30.195:45147)
I20260713 09:07:08.335846 22233 tablet_service.cc:1917] Received RequestConsensusVote() RPC: tablet_id: "296622c5f3284530aaf74b0d8d6c2833" candidate_uuid: "28a326bfe1de49c29d28c081d97d26d7" candidate_term: 1 candidate_status { last_received { term: 0 index: 0 } } ignore_live_leader: false dest_uuid: "81fdf544a27f4fdb93e87a3303ecb356"
I20260713 09:07:08.334376 22429 raft_consensus.cc:697] T d0e5a5ec99f34d8ea49265f250509f43 P 74bd859373a84030aa4de46d44ac78ea [term 1 LEADER]: Becoming Leader. State: Replica: 74bd859373a84030aa4de46d44ac78ea, State: Running, Role: LEADER
I20260713 09:07:08.336372 22233 raft_consensus.cc:3060] T 296622c5f3284530aaf74b0d8d6c2833 P 81fdf544a27f4fdb93e87a3303ecb356 [term 0 FOLLOWER]: Advancing to term 1
I20260713 09:07:08.336920 22429 consensus_queue.cc:237] T d0e5a5ec99f34d8ea49265f250509f43 P 74bd859373a84030aa4de46d44ac78ea [LEADER]: Queue going to LEADER mode. State: All replicated index: 0, Majority replicated index: 0, Committed index: 0, Last appended: 0.0, Last appended by leader: 0, Current term: 1, Majority size: 2, State: 0, Mode: LEADER, active raft config: opid_index: -1 OBSOLETE_local: false peers { permanent_uuid: "81fdf544a27f4fdb93e87a3303ecb356" member_type: VOTER last_known_addr { host: "127.21.30.193" port: 46659 } } peers { permanent_uuid: "74bd859373a84030aa4de46d44ac78ea" member_type: VOTER last_known_addr { host: "127.21.30.194" port: 42793 } } peers { permanent_uuid: "28a326bfe1de49c29d28c081d97d26d7" member_type: VOTER last_known_addr { host: "127.21.30.195" port: 45147 } }
I20260713 09:07:08.338317 22131 catalog_manager.cc:5697] T 9c93db5f1d0147f8b075237ccb8ce53a P 74bd859373a84030aa4de46d44ac78ea reported cstate change: term changed from 0 to 1, leader changed from <none> to 74bd859373a84030aa4de46d44ac78ea (127.21.30.194). New cstate: current_term: 1 leader_uuid: "74bd859373a84030aa4de46d44ac78ea" committed_config { opid_index: -1 OBSOLETE_local: false peers { permanent_uuid: "81fdf544a27f4fdb93e87a3303ecb356" member_type: VOTER last_known_addr { host: "127.21.30.193" port: 46659 } health_report { overall_health: UNKNOWN } } peers { permanent_uuid: "74bd859373a84030aa4de46d44ac78ea" member_type: VOTER last_known_addr { host: "127.21.30.194" port: 42793 } health_report { overall_health: HEALTHY } } peers { permanent_uuid: "28a326bfe1de49c29d28c081d97d26d7" member_type: VOTER last_known_addr { host: "127.21.30.195" port: 45147 } health_report { overall_health: UNKNOWN } } }
I20260713 09:07:08.331296 22385 raft_consensus.cc:2468] T d0e5a5ec99f34d8ea49265f250509f43 P 28a326bfe1de49c29d28c081d97d26d7 [term 1 FOLLOWER]: Leader election vote request: Granting yes vote for candidate 74bd859373a84030aa4de46d44ac78ea in term 1.
I20260713 09:07:08.333910 22469 leader_election.cc:290] T 296622c5f3284530aaf74b0d8d6c2833 P 28a326bfe1de49c29d28c081d97d26d7 [CANDIDATE]: Term 1 election: Requested vote from peers 74bd859373a84030aa4de46d44ac78ea (127.21.30.194:42793), 81fdf544a27f4fdb93e87a3303ecb356 (127.21.30.193:46659)
I20260713 09:07:08.340889 22472 raft_consensus.cc:2804] T f01d1fbbce9341978d8838594e4b7de6 P 81fdf544a27f4fdb93e87a3303ecb356 [term 1 FOLLOWER]: Leader election won for term 1
I20260713 09:07:08.341449 22311 tablet_service.cc:1917] Received RequestConsensusVote() RPC: tablet_id: "296622c5f3284530aaf74b0d8d6c2833" candidate_uuid: "28a326bfe1de49c29d28c081d97d26d7" candidate_term: 1 candidate_status { last_received { term: 0 index: 0 } } ignore_live_leader: false dest_uuid: "74bd859373a84030aa4de46d44ac78ea"
I20260713 09:07:08.342056 22384 tablet_service.cc:1917] Received RequestConsensusVote() RPC: tablet_id: "34d8cc5c3c5a43db97823affc8c9733a" candidate_uuid: "81fdf544a27f4fdb93e87a3303ecb356" candidate_term: 1 candidate_status { last_received { term: 0 index: 0 } } ignore_live_leader: false dest_uuid: "28a326bfe1de49c29d28c081d97d26d7"
I20260713 09:07:08.343652 22472 raft_consensus.cc:697] T f01d1fbbce9341978d8838594e4b7de6 P 81fdf544a27f4fdb93e87a3303ecb356 [term 1 LEADER]: Becoming Leader. State: Replica: 81fdf544a27f4fdb93e87a3303ecb356, State: Running, Role: LEADER
I20260713 09:07:08.345746 22311 raft_consensus.cc:3060] T 296622c5f3284530aaf74b0d8d6c2833 P 74bd859373a84030aa4de46d44ac78ea [term 0 FOLLOWER]: Advancing to term 1
I20260713 09:07:08.352895 22233 raft_consensus.cc:2468] T 296622c5f3284530aaf74b0d8d6c2833 P 81fdf544a27f4fdb93e87a3303ecb356 [term 1 FOLLOWER]: Leader election vote request: Granting yes vote for candidate 28a326bfe1de49c29d28c081d97d26d7 in term 1.
I20260713 09:07:08.353462 22464 raft_consensus.cc:493] T ea42b47fc2dc4b228c1ee65af42188c5 P 74bd859373a84030aa4de46d44ac78ea [term 0 FOLLOWER]: Starting pre-election (no leader contacted us within the election timeout)
I20260713 09:07:08.353868 22464 raft_consensus.cc:515] T ea42b47fc2dc4b228c1ee65af42188c5 P 74bd859373a84030aa4de46d44ac78ea [term 0 FOLLOWER]: Starting pre-election with config: opid_index: -1 OBSOLETE_local: false peers { permanent_uuid: "81fdf544a27f4fdb93e87a3303ecb356" member_type: VOTER last_known_addr { host: "127.21.30.193" port: 46659 } } peers { permanent_uuid: "74bd859373a84030aa4de46d44ac78ea" member_type: VOTER last_known_addr { host: "127.21.30.194" port: 42793 } } peers { permanent_uuid: "28a326bfe1de49c29d28c081d97d26d7" member_type: VOTER last_known_addr { host: "127.21.30.195" port: 45147 } }
I20260713 09:07:08.354269 22351 leader_election.cc:304] T 296622c5f3284530aaf74b0d8d6c2833 P 28a326bfe1de49c29d28c081d97d26d7 [CANDIDATE]: Term 1 election: Election decided. Result: candidate won. Election summary: received 2 responses out of 3 voters: 2 yes votes; 0 no votes. yes voters: 28a326bfe1de49c29d28c081d97d26d7, 81fdf544a27f4fdb93e87a3303ecb356; no voters: 
I20260713 09:07:08.355854 22472 consensus_queue.cc:237] T f01d1fbbce9341978d8838594e4b7de6 P 81fdf544a27f4fdb93e87a3303ecb356 [LEADER]: Queue going to LEADER mode. State: All replicated index: 0, Majority replicated index: 0, Committed index: 0, Last appended: 0.0, Last appended by leader: 0, Current term: 1, Majority size: 2, State: 0, Mode: LEADER, active raft config: opid_index: -1 OBSOLETE_local: false peers { permanent_uuid: "81fdf544a27f4fdb93e87a3303ecb356" member_type: VOTER last_known_addr { host: "127.21.30.193" port: 46659 } } peers { permanent_uuid: "74bd859373a84030aa4de46d44ac78ea" member_type: VOTER last_known_addr { host: "127.21.30.194" port: 42793 } } peers { permanent_uuid: "28a326bfe1de49c29d28c081d97d26d7" member_type: VOTER last_known_addr { host: "127.21.30.195" port: 45147 } }
I20260713 09:07:08.356530 22464 leader_election.cc:290] T ea42b47fc2dc4b228c1ee65af42188c5 P 74bd859373a84030aa4de46d44ac78ea [CANDIDATE]: Term 1 pre-election: Requested pre-vote from peers 81fdf544a27f4fdb93e87a3303ecb356 (127.21.30.193:46659), 28a326bfe1de49c29d28c081d97d26d7 (127.21.30.195:45147)
I20260713 09:07:08.358115 22233 tablet_service.cc:1917] Received RequestConsensusVote() RPC: tablet_id: "ea42b47fc2dc4b228c1ee65af42188c5" candidate_uuid: "74bd859373a84030aa4de46d44ac78ea" candidate_term: 1 candidate_status { last_received { term: 0 index: 0 } } ignore_live_leader: false dest_uuid: "81fdf544a27f4fdb93e87a3303ecb356" is_pre_election: true
I20260713 09:07:08.358750 22233 raft_consensus.cc:2468] T ea42b47fc2dc4b228c1ee65af42188c5 P 81fdf544a27f4fdb93e87a3303ecb356 [term 0 FOLLOWER]: Leader pre-election vote request: Granting yes vote for candidate 74bd859373a84030aa4de46d44ac78ea in term 0.
I20260713 09:07:08.359098 22311 raft_consensus.cc:2468] T 296622c5f3284530aaf74b0d8d6c2833 P 74bd859373a84030aa4de46d44ac78ea [term 1 FOLLOWER]: Leader election vote request: Granting yes vote for candidate 28a326bfe1de49c29d28c081d97d26d7 in term 1.
I20260713 09:07:08.345870 22384 raft_consensus.cc:3060] T 34d8cc5c3c5a43db97823affc8c9733a P 28a326bfe1de49c29d28c081d97d26d7 [term 0 FOLLOWER]: Advancing to term 1
I20260713 09:07:08.359871 22277 leader_election.cc:304] T ea42b47fc2dc4b228c1ee65af42188c5 P 74bd859373a84030aa4de46d44ac78ea [CANDIDATE]: Term 1 pre-election: Election decided. Result: candidate won. Election summary: received 2 responses out of 3 voters: 2 yes votes; 0 no votes. yes voters: 74bd859373a84030aa4de46d44ac78ea, 81fdf544a27f4fdb93e87a3303ecb356; no voters: 
I20260713 09:07:08.360615 22464 raft_consensus.cc:2804] T ea42b47fc2dc4b228c1ee65af42188c5 P 74bd859373a84030aa4de46d44ac78ea [term 0 FOLLOWER]: Leader pre-election won for term 1
I20260713 09:07:08.360945 22464 raft_consensus.cc:493] T ea42b47fc2dc4b228c1ee65af42188c5 P 74bd859373a84030aa4de46d44ac78ea [term 0 FOLLOWER]: Starting leader election (no leader contacted us within the election timeout)
I20260713 09:07:08.361281 22464 raft_consensus.cc:3060] T ea42b47fc2dc4b228c1ee65af42188c5 P 74bd859373a84030aa4de46d44ac78ea [term 0 FOLLOWER]: Advancing to term 1
I20260713 09:07:08.363924 22131 catalog_manager.cc:5697] T de9e0fa4fc7e4205a5d00d3b42d74d41 P 74bd859373a84030aa4de46d44ac78ea reported cstate change: term changed from 0 to 1, leader changed from <none> to 74bd859373a84030aa4de46d44ac78ea (127.21.30.194). New cstate: current_term: 1 leader_uuid: "74bd859373a84030aa4de46d44ac78ea" committed_config { opid_index: -1 OBSOLETE_local: false peers { permanent_uuid: "81fdf544a27f4fdb93e87a3303ecb356" member_type: VOTER last_known_addr { host: "127.21.30.193" port: 46659 } health_report { overall_health: UNKNOWN } } peers { permanent_uuid: "74bd859373a84030aa4de46d44ac78ea" member_type: VOTER last_known_addr { host: "127.21.30.194" port: 42793 } health_report { overall_health: HEALTHY } } peers { permanent_uuid: "28a326bfe1de49c29d28c081d97d26d7" member_type: VOTER last_known_addr { host: "127.21.30.195" port: 45147 } health_report { overall_health: UNKNOWN } } }
I20260713 09:07:08.364598 22132 catalog_manager.cc:5697] T 39252aa5943842fdbc62c2f7cb94ffe0 P 81fdf544a27f4fdb93e87a3303ecb356 reported cstate change: term changed from 0 to 1, leader changed from <none> to 81fdf544a27f4fdb93e87a3303ecb356 (127.21.30.193). New cstate: current_term: 1 leader_uuid: "81fdf544a27f4fdb93e87a3303ecb356" committed_config { opid_index: -1 OBSOLETE_local: false peers { permanent_uuid: "81fdf544a27f4fdb93e87a3303ecb356" member_type: VOTER last_known_addr { host: "127.21.30.193" port: 46659 } health_report { overall_health: HEALTHY } } peers { permanent_uuid: "74bd859373a84030aa4de46d44ac78ea" member_type: VOTER last_known_addr { host: "127.21.30.194" port: 42793 } health_report { overall_health: UNKNOWN } } peers { permanent_uuid: "28a326bfe1de49c29d28c081d97d26d7" member_type: VOTER last_known_addr { host: "127.21.30.195" port: 45147 } health_report { overall_health: UNKNOWN } } }
I20260713 09:07:08.369642 22385 tablet_service.cc:1917] Received RequestConsensusVote() RPC: tablet_id: "ea42b47fc2dc4b228c1ee65af42188c5" candidate_uuid: "74bd859373a84030aa4de46d44ac78ea" candidate_term: 1 candidate_status { last_received { term: 0 index: 0 } } ignore_live_leader: false dest_uuid: "28a326bfe1de49c29d28c081d97d26d7" is_pre_election: true
W20260713 09:07:08.371122 22275 leader_election.cc:343] T ea42b47fc2dc4b228c1ee65af42188c5 P 74bd859373a84030aa4de46d44ac78ea [CANDIDATE]: Term 1 pre-election: Tablet error from VoteRequest() call to peer 28a326bfe1de49c29d28c081d97d26d7 (127.21.30.195:45147): Illegal state: must be running to vote when last-logged opid is not known
I20260713 09:07:08.368705 22469 raft_consensus.cc:2804] T 296622c5f3284530aaf74b0d8d6c2833 P 28a326bfe1de49c29d28c081d97d26d7 [term 1 FOLLOWER]: Leader election won for term 1
I20260713 09:07:08.372591 22469 raft_consensus.cc:697] T 296622c5f3284530aaf74b0d8d6c2833 P 28a326bfe1de49c29d28c081d97d26d7 [term 1 LEADER]: Becoming Leader. State: Replica: 28a326bfe1de49c29d28c081d97d26d7, State: Running, Role: LEADER
I20260713 09:07:08.373740 22469 consensus_queue.cc:237] T 296622c5f3284530aaf74b0d8d6c2833 P 28a326bfe1de49c29d28c081d97d26d7 [LEADER]: Queue going to LEADER mode. State: All replicated index: 0, Majority replicated index: 0, Committed index: 0, Last appended: 0.0, Last appended by leader: 0, Current term: 1, Majority size: 2, State: 0, Mode: LEADER, active raft config: opid_index: -1 OBSOLETE_local: false peers { permanent_uuid: "74bd859373a84030aa4de46d44ac78ea" member_type: VOTER last_known_addr { host: "127.21.30.194" port: 42793 } } peers { permanent_uuid: "81fdf544a27f4fdb93e87a3303ecb356" member_type: VOTER last_known_addr { host: "127.21.30.193" port: 46659 } } peers { permanent_uuid: "28a326bfe1de49c29d28c081d97d26d7" member_type: VOTER last_known_addr { host: "127.21.30.195" port: 45147 } }
I20260713 09:07:08.374394 22464 raft_consensus.cc:515] T ea42b47fc2dc4b228c1ee65af42188c5 P 74bd859373a84030aa4de46d44ac78ea [term 1 FOLLOWER]: Starting leader election with config: opid_index: -1 OBSOLETE_local: false peers { permanent_uuid: "81fdf544a27f4fdb93e87a3303ecb356" member_type: VOTER last_known_addr { host: "127.21.30.193" port: 46659 } } peers { permanent_uuid: "74bd859373a84030aa4de46d44ac78ea" member_type: VOTER last_known_addr { host: "127.21.30.194" port: 42793 } } peers { permanent_uuid: "28a326bfe1de49c29d28c081d97d26d7" member_type: VOTER last_known_addr { host: "127.21.30.195" port: 45147 } }
I20260713 09:07:08.378849 22233 tablet_service.cc:1917] Received RequestConsensusVote() RPC: tablet_id: "ea42b47fc2dc4b228c1ee65af42188c5" candidate_uuid: "74bd859373a84030aa4de46d44ac78ea" candidate_term: 1 candidate_status { last_received { term: 0 index: 0 } } ignore_live_leader: false dest_uuid: "81fdf544a27f4fdb93e87a3303ecb356"
I20260713 09:07:08.379413 22233 raft_consensus.cc:3060] T ea42b47fc2dc4b228c1ee65af42188c5 P 81fdf544a27f4fdb93e87a3303ecb356 [term 0 FOLLOWER]: Advancing to term 1
I20260713 09:07:08.369450 22384 raft_consensus.cc:2468] T 34d8cc5c3c5a43db97823affc8c9733a P 28a326bfe1de49c29d28c081d97d26d7 [term 1 FOLLOWER]: Leader election vote request: Granting yes vote for candidate 81fdf544a27f4fdb93e87a3303ecb356 in term 1.
I20260713 09:07:08.374989 22310 raft_consensus.cc:2468] T 34d8cc5c3c5a43db97823affc8c9733a P 74bd859373a84030aa4de46d44ac78ea [term 1 FOLLOWER]: Leader election vote request: Granting yes vote for candidate 81fdf544a27f4fdb93e87a3303ecb356 in term 1.
I20260713 09:07:08.382478 22201 leader_election.cc:304] T 34d8cc5c3c5a43db97823affc8c9733a P 81fdf544a27f4fdb93e87a3303ecb356 [CANDIDATE]: Term 1 election: Election decided. Result: candidate won. Election summary: received 2 responses out of 3 voters: 2 yes votes; 0 no votes. yes voters: 74bd859373a84030aa4de46d44ac78ea, 81fdf544a27f4fdb93e87a3303ecb356; no voters: 
I20260713 09:07:08.383224 22442 raft_consensus.cc:2804] T 34d8cc5c3c5a43db97823affc8c9733a P 81fdf544a27f4fdb93e87a3303ecb356 [term 1 FOLLOWER]: Leader election won for term 1
I20260713 09:07:08.383635 22442 raft_consensus.cc:697] T 34d8cc5c3c5a43db97823affc8c9733a P 81fdf544a27f4fdb93e87a3303ecb356 [term 1 LEADER]: Becoming Leader. State: Replica: 81fdf544a27f4fdb93e87a3303ecb356, State: Running, Role: LEADER
I20260713 09:07:08.384358 22442 consensus_queue.cc:237] T 34d8cc5c3c5a43db97823affc8c9733a P 81fdf544a27f4fdb93e87a3303ecb356 [LEADER]: Queue going to LEADER mode. State: All replicated index: 0, Majority replicated index: 0, Committed index: 0, Last appended: 0.0, Last appended by leader: 0, Current term: 1, Majority size: 2, State: 0, Mode: LEADER, active raft config: opid_index: -1 OBSOLETE_local: false peers { permanent_uuid: "81fdf544a27f4fdb93e87a3303ecb356" member_type: VOTER last_known_addr { host: "127.21.30.193" port: 46659 } } peers { permanent_uuid: "74bd859373a84030aa4de46d44ac78ea" member_type: VOTER last_known_addr { host: "127.21.30.194" port: 42793 } } peers { permanent_uuid: "28a326bfe1de49c29d28c081d97d26d7" member_type: VOTER last_known_addr { host: "127.21.30.195" port: 45147 } }
I20260713 09:07:08.387427 22428 tablet_bootstrap.cc:492] T 1ea468375c9e4808ad5a7b1026dc71f7 P 28a326bfe1de49c29d28c081d97d26d7: No bootstrap required, opened a new log
I20260713 09:07:08.387962 22428 ts_tablet_manager.cc:1403] T 1ea468375c9e4808ad5a7b1026dc71f7 P 28a326bfe1de49c29d28c081d97d26d7: Time spent bootstrapping tablet: real 0.105s	user 0.013s	sys 0.009s
I20260713 09:07:08.393229 22233 raft_consensus.cc:2468] T ea42b47fc2dc4b228c1ee65af42188c5 P 81fdf544a27f4fdb93e87a3303ecb356 [term 1 FOLLOWER]: Leader election vote request: Granting yes vote for candidate 74bd859373a84030aa4de46d44ac78ea in term 1.
I20260713 09:07:08.395865 22277 leader_election.cc:304] T ea42b47fc2dc4b228c1ee65af42188c5 P 74bd859373a84030aa4de46d44ac78ea [CANDIDATE]: Term 1 election: Election decided. Result: candidate won. Election summary: received 2 responses out of 3 voters: 2 yes votes; 0 no votes. yes voters: 74bd859373a84030aa4de46d44ac78ea, 81fdf544a27f4fdb93e87a3303ecb356; no voters: 
I20260713 09:07:08.396654 22454 raft_consensus.cc:2804] T ea42b47fc2dc4b228c1ee65af42188c5 P 74bd859373a84030aa4de46d44ac78ea [term 1 FOLLOWER]: Leader election won for term 1
I20260713 09:07:08.398535 22428 raft_consensus.cc:359] T 1ea468375c9e4808ad5a7b1026dc71f7 P 28a326bfe1de49c29d28c081d97d26d7 [term 0 FOLLOWER]: Replica starting. Triggering 0 pending ops. Active config: opid_index: -1 OBSOLETE_local: false peers { permanent_uuid: "81fdf544a27f4fdb93e87a3303ecb356" member_type: VOTER last_known_addr { host: "127.21.30.193" port: 46659 } } peers { permanent_uuid: "74bd859373a84030aa4de46d44ac78ea" member_type: VOTER last_known_addr { host: "127.21.30.194" port: 42793 } } peers { permanent_uuid: "28a326bfe1de49c29d28c081d97d26d7" member_type: VOTER last_known_addr { host: "127.21.30.195" port: 45147 } }
I20260713 09:07:08.398988 22428 raft_consensus.cc:385] T 1ea468375c9e4808ad5a7b1026dc71f7 P 28a326bfe1de49c29d28c081d97d26d7 [term 0 FOLLOWER]: Consensus starting up: Expiring failure detector timer to make a prompt election more likely
I20260713 09:07:08.399181 22428 raft_consensus.cc:740] T 1ea468375c9e4808ad5a7b1026dc71f7 P 28a326bfe1de49c29d28c081d97d26d7 [term 0 FOLLOWER]: Becoming Follower/Learner. State: Replica: 28a326bfe1de49c29d28c081d97d26d7, State: Initialized, Role: FOLLOWER
I20260713 09:07:08.397078 22454 raft_consensus.cc:697] T ea42b47fc2dc4b228c1ee65af42188c5 P 74bd859373a84030aa4de46d44ac78ea [term 1 LEADER]: Becoming Leader. State: Replica: 74bd859373a84030aa4de46d44ac78ea, State: Running, Role: LEADER
I20260713 09:07:08.400161 22454 consensus_queue.cc:237] T ea42b47fc2dc4b228c1ee65af42188c5 P 74bd859373a84030aa4de46d44ac78ea [LEADER]: Queue going to LEADER mode. State: All replicated index: 0, Majority replicated index: 0, Committed index: 0, Last appended: 0.0, Last appended by leader: 0, Current term: 1, Majority size: 2, State: 0, Mode: LEADER, active raft config: opid_index: -1 OBSOLETE_local: false peers { permanent_uuid: "81fdf544a27f4fdb93e87a3303ecb356" member_type: VOTER last_known_addr { host: "127.21.30.193" port: 46659 } } peers { permanent_uuid: "74bd859373a84030aa4de46d44ac78ea" member_type: VOTER last_known_addr { host: "127.21.30.194" port: 42793 } } peers { permanent_uuid: "28a326bfe1de49c29d28c081d97d26d7" member_type: VOTER last_known_addr { host: "127.21.30.195" port: 45147 } }
I20260713 09:07:08.404089 22428 consensus_queue.cc:260] T 1ea468375c9e4808ad5a7b1026dc71f7 P 28a326bfe1de49c29d28c081d97d26d7 [NON_LEADER]: Queue going to NON_LEADER mode. State: All replicated index: 0, Majority replicated index: 0, Committed index: 0, Last appended: 0.0, Last appended by leader: 0, Current term: 0, Majority size: -1, State: 0, Mode: NON_LEADER, active raft config: opid_index: -1 OBSOLETE_local: false peers { permanent_uuid: "81fdf544a27f4fdb93e87a3303ecb356" member_type: VOTER last_known_addr { host: "127.21.30.193" port: 46659 } } peers { permanent_uuid: "74bd859373a84030aa4de46d44ac78ea" member_type: VOTER last_known_addr { host: "127.21.30.194" port: 42793 } } peers { permanent_uuid: "28a326bfe1de49c29d28c081d97d26d7" member_type: VOTER last_known_addr { host: "127.21.30.195" port: 45147 } }
I20260713 09:07:08.404832 22464 leader_election.cc:290] T ea42b47fc2dc4b228c1ee65af42188c5 P 74bd859373a84030aa4de46d44ac78ea [CANDIDATE]: Term 1 election: Requested vote from peers 81fdf544a27f4fdb93e87a3303ecb356 (127.21.30.193:46659), 28a326bfe1de49c29d28c081d97d26d7 (127.21.30.195:45147)
I20260713 09:07:08.406181 22384 tablet_service.cc:1917] Received RequestConsensusVote() RPC: tablet_id: "ea42b47fc2dc4b228c1ee65af42188c5" candidate_uuid: "74bd859373a84030aa4de46d44ac78ea" candidate_term: 1 candidate_status { last_received { term: 0 index: 0 } } ignore_live_leader: false dest_uuid: "28a326bfe1de49c29d28c081d97d26d7"
I20260713 09:07:08.406378 22132 catalog_manager.cc:5697] T f01d1fbbce9341978d8838594e4b7de6 P 81fdf544a27f4fdb93e87a3303ecb356 reported cstate change: term changed from 0 to 1, leader changed from <none> to 81fdf544a27f4fdb93e87a3303ecb356 (127.21.30.193). New cstate: current_term: 1 leader_uuid: "81fdf544a27f4fdb93e87a3303ecb356" committed_config { opid_index: -1 OBSOLETE_local: false peers { permanent_uuid: "81fdf544a27f4fdb93e87a3303ecb356" member_type: VOTER last_known_addr { host: "127.21.30.193" port: 46659 } health_report { overall_health: HEALTHY } } peers { permanent_uuid: "74bd859373a84030aa4de46d44ac78ea" member_type: VOTER last_known_addr { host: "127.21.30.194" port: 42793 } health_report { overall_health: UNKNOWN } } peers { permanent_uuid: "28a326bfe1de49c29d28c081d97d26d7" member_type: VOTER last_known_addr { host: "127.21.30.195" port: 45147 } health_report { overall_health: UNKNOWN } } }
W20260713 09:07:08.408362 22275 leader_election.cc:343] T ea42b47fc2dc4b228c1ee65af42188c5 P 74bd859373a84030aa4de46d44ac78ea [CANDIDATE]: Term 1 election: Tablet error from VoteRequest() call to peer 28a326bfe1de49c29d28c081d97d26d7 (127.21.30.195:45147): Illegal state: must be running to vote when last-logged opid is not known
I20260713 09:07:08.413405 22428 ts_tablet_manager.cc:1434] T 1ea468375c9e4808ad5a7b1026dc71f7 P 28a326bfe1de49c29d28c081d97d26d7: Time spent starting tablet: real 0.025s	user 0.001s	sys 0.005s
I20260713 09:07:08.414435 22428 tablet_bootstrap.cc:492] T ea42b47fc2dc4b228c1ee65af42188c5 P 28a326bfe1de49c29d28c081d97d26d7: Bootstrap starting.
I20260713 09:07:08.418897 22428 tablet_bootstrap.cc:654] T ea42b47fc2dc4b228c1ee65af42188c5 P 28a326bfe1de49c29d28c081d97d26d7: Neither blocks nor log segments found. Creating new log.
I20260713 09:07:08.422734 22131 catalog_manager.cc:5697] T d0e5a5ec99f34d8ea49265f250509f43 P 74bd859373a84030aa4de46d44ac78ea reported cstate change: term changed from 0 to 1, leader changed from <none> to 74bd859373a84030aa4de46d44ac78ea (127.21.30.194). New cstate: current_term: 1 leader_uuid: "74bd859373a84030aa4de46d44ac78ea" committed_config { opid_index: -1 OBSOLETE_local: false peers { permanent_uuid: "81fdf544a27f4fdb93e87a3303ecb356" member_type: VOTER last_known_addr { host: "127.21.30.193" port: 46659 } health_report { overall_health: UNKNOWN } } peers { permanent_uuid: "74bd859373a84030aa4de46d44ac78ea" member_type: VOTER last_known_addr { host: "127.21.30.194" port: 42793 } health_report { overall_health: HEALTHY } } peers { permanent_uuid: "28a326bfe1de49c29d28c081d97d26d7" member_type: VOTER last_known_addr { host: "127.21.30.195" port: 45147 } health_report { overall_health: UNKNOWN } } }
I20260713 09:07:08.424480 22131 catalog_manager.cc:5697] T ea42b47fc2dc4b228c1ee65af42188c5 P 74bd859373a84030aa4de46d44ac78ea reported cstate change: term changed from 0 to 1, leader changed from <none> to 74bd859373a84030aa4de46d44ac78ea (127.21.30.194). New cstate: current_term: 1 leader_uuid: "74bd859373a84030aa4de46d44ac78ea" committed_config { opid_index: -1 OBSOLETE_local: false peers { permanent_uuid: "81fdf544a27f4fdb93e87a3303ecb356" member_type: VOTER last_known_addr { host: "127.21.30.193" port: 46659 } health_report { overall_health: UNKNOWN } } peers { permanent_uuid: "74bd859373a84030aa4de46d44ac78ea" member_type: VOTER last_known_addr { host: "127.21.30.194" port: 42793 } health_report { overall_health: HEALTHY } } peers { permanent_uuid: "28a326bfe1de49c29d28c081d97d26d7" member_type: VOTER last_known_addr { host: "127.21.30.195" port: 45147 } health_report { overall_health: UNKNOWN } } }
I20260713 09:07:08.426543 22132 catalog_manager.cc:5697] T 34d8cc5c3c5a43db97823affc8c9733a P 81fdf544a27f4fdb93e87a3303ecb356 reported cstate change: term changed from 0 to 1, leader changed from <none> to 81fdf544a27f4fdb93e87a3303ecb356 (127.21.30.193). New cstate: current_term: 1 leader_uuid: "81fdf544a27f4fdb93e87a3303ecb356" committed_config { opid_index: -1 OBSOLETE_local: false peers { permanent_uuid: "81fdf544a27f4fdb93e87a3303ecb356" member_type: VOTER last_known_addr { host: "127.21.30.193" port: 46659 } health_report { overall_health: HEALTHY } } peers { permanent_uuid: "74bd859373a84030aa4de46d44ac78ea" member_type: VOTER last_known_addr { host: "127.21.30.194" port: 42793 } health_report { overall_health: UNKNOWN } } peers { permanent_uuid: "28a326bfe1de49c29d28c081d97d26d7" member_type: VOTER last_known_addr { host: "127.21.30.195" port: 45147 } health_report { overall_health: UNKNOWN } } }
I20260713 09:07:08.432626 22133 catalog_manager.cc:5697] T 296622c5f3284530aaf74b0d8d6c2833 P 28a326bfe1de49c29d28c081d97d26d7 reported cstate change: term changed from 0 to 1, leader changed from <none> to 28a326bfe1de49c29d28c081d97d26d7 (127.21.30.195). New cstate: current_term: 1 leader_uuid: "28a326bfe1de49c29d28c081d97d26d7" committed_config { opid_index: -1 OBSOLETE_local: false peers { permanent_uuid: "74bd859373a84030aa4de46d44ac78ea" member_type: VOTER last_known_addr { host: "127.21.30.194" port: 42793 } health_report { overall_health: UNKNOWN } } peers { permanent_uuid: "81fdf544a27f4fdb93e87a3303ecb356" member_type: VOTER last_known_addr { host: "127.21.30.193" port: 46659 } health_report { overall_health: UNKNOWN } } peers { permanent_uuid: "28a326bfe1de49c29d28c081d97d26d7" member_type: VOTER last_known_addr { host: "127.21.30.195" port: 45147 } health_report { overall_health: HEALTHY } } }
I20260713 09:07:08.440306 22428 tablet_bootstrap.cc:492] T ea42b47fc2dc4b228c1ee65af42188c5 P 28a326bfe1de49c29d28c081d97d26d7: No bootstrap required, opened a new log
I20260713 09:07:08.440778 22428 ts_tablet_manager.cc:1403] T ea42b47fc2dc4b228c1ee65af42188c5 P 28a326bfe1de49c29d28c081d97d26d7: Time spent bootstrapping tablet: real 0.027s	user 0.014s	sys 0.012s
I20260713 09:07:08.443271 22428 raft_consensus.cc:359] T ea42b47fc2dc4b228c1ee65af42188c5 P 28a326bfe1de49c29d28c081d97d26d7 [term 0 FOLLOWER]: Replica starting. Triggering 0 pending ops. Active config: opid_index: -1 OBSOLETE_local: false peers { permanent_uuid: "81fdf544a27f4fdb93e87a3303ecb356" member_type: VOTER last_known_addr { host: "127.21.30.193" port: 46659 } } peers { permanent_uuid: "74bd859373a84030aa4de46d44ac78ea" member_type: VOTER last_known_addr { host: "127.21.30.194" port: 42793 } } peers { permanent_uuid: "28a326bfe1de49c29d28c081d97d26d7" member_type: VOTER last_known_addr { host: "127.21.30.195" port: 45147 } }
I20260713 09:07:08.443836 22428 raft_consensus.cc:385] T ea42b47fc2dc4b228c1ee65af42188c5 P 28a326bfe1de49c29d28c081d97d26d7 [term 0 FOLLOWER]: Consensus starting up: Expiring failure detector timer to make a prompt election more likely
I20260713 09:07:08.444032 22428 raft_consensus.cc:740] T ea42b47fc2dc4b228c1ee65af42188c5 P 28a326bfe1de49c29d28c081d97d26d7 [term 0 FOLLOWER]: Becoming Follower/Learner. State: Replica: 28a326bfe1de49c29d28c081d97d26d7, State: Initialized, Role: FOLLOWER
I20260713 09:07:08.444551 22428 consensus_queue.cc:260] T ea42b47fc2dc4b228c1ee65af42188c5 P 28a326bfe1de49c29d28c081d97d26d7 [NON_LEADER]: Queue going to NON_LEADER mode. State: All replicated index: 0, Majority replicated index: 0, Committed index: 0, Last appended: 0.0, Last appended by leader: 0, Current term: 0, Majority size: -1, State: 0, Mode: NON_LEADER, active raft config: opid_index: -1 OBSOLETE_local: false peers { permanent_uuid: "81fdf544a27f4fdb93e87a3303ecb356" member_type: VOTER last_known_addr { host: "127.21.30.193" port: 46659 } } peers { permanent_uuid: "74bd859373a84030aa4de46d44ac78ea" member_type: VOTER last_known_addr { host: "127.21.30.194" port: 42793 } } peers { permanent_uuid: "28a326bfe1de49c29d28c081d97d26d7" member_type: VOTER last_known_addr { host: "127.21.30.195" port: 45147 } }
I20260713 09:07:08.445851 22428 ts_tablet_manager.cc:1434] T ea42b47fc2dc4b228c1ee65af42188c5 P 28a326bfe1de49c29d28c081d97d26d7: Time spent starting tablet: real 0.005s	user 0.004s	sys 0.000s
I20260713 09:07:08.446476 22428 tablet_bootstrap.cc:492] T f01d1fbbce9341978d8838594e4b7de6 P 28a326bfe1de49c29d28c081d97d26d7: Bootstrap starting.
I20260713 09:07:08.450284 22428 tablet_bootstrap.cc:654] T f01d1fbbce9341978d8838594e4b7de6 P 28a326bfe1de49c29d28c081d97d26d7: Neither blocks nor log segments found. Creating new log.
I20260713 09:07:08.453747 22428 tablet_bootstrap.cc:492] T f01d1fbbce9341978d8838594e4b7de6 P 28a326bfe1de49c29d28c081d97d26d7: No bootstrap required, opened a new log
I20260713 09:07:08.454043 22428 ts_tablet_manager.cc:1403] T f01d1fbbce9341978d8838594e4b7de6 P 28a326bfe1de49c29d28c081d97d26d7: Time spent bootstrapping tablet: real 0.008s	user 0.006s	sys 0.000s
I20260713 09:07:08.455647 22428 raft_consensus.cc:359] T f01d1fbbce9341978d8838594e4b7de6 P 28a326bfe1de49c29d28c081d97d26d7 [term 0 FOLLOWER]: Replica starting. Triggering 0 pending ops. Active config: opid_index: -1 OBSOLETE_local: false peers { permanent_uuid: "81fdf544a27f4fdb93e87a3303ecb356" member_type: VOTER last_known_addr { host: "127.21.30.193" port: 46659 } } peers { permanent_uuid: "74bd859373a84030aa4de46d44ac78ea" member_type: VOTER last_known_addr { host: "127.21.30.194" port: 42793 } } peers { permanent_uuid: "28a326bfe1de49c29d28c081d97d26d7" member_type: VOTER last_known_addr { host: "127.21.30.195" port: 45147 } }
I20260713 09:07:08.456071 22428 raft_consensus.cc:385] T f01d1fbbce9341978d8838594e4b7de6 P 28a326bfe1de49c29d28c081d97d26d7 [term 0 FOLLOWER]: Consensus starting up: Expiring failure detector timer to make a prompt election more likely
I20260713 09:07:08.456254 22428 raft_consensus.cc:740] T f01d1fbbce9341978d8838594e4b7de6 P 28a326bfe1de49c29d28c081d97d26d7 [term 0 FOLLOWER]: Becoming Follower/Learner. State: Replica: 28a326bfe1de49c29d28c081d97d26d7, State: Initialized, Role: FOLLOWER
I20260713 09:07:08.456712 22428 consensus_queue.cc:260] T f01d1fbbce9341978d8838594e4b7de6 P 28a326bfe1de49c29d28c081d97d26d7 [NON_LEADER]: Queue going to NON_LEADER mode. State: All replicated index: 0, Majority replicated index: 0, Committed index: 0, Last appended: 0.0, Last appended by leader: 0, Current term: 0, Majority size: -1, State: 0, Mode: NON_LEADER, active raft config: opid_index: -1 OBSOLETE_local: false peers { permanent_uuid: "81fdf544a27f4fdb93e87a3303ecb356" member_type: VOTER last_known_addr { host: "127.21.30.193" port: 46659 } } peers { permanent_uuid: "74bd859373a84030aa4de46d44ac78ea" member_type: VOTER last_known_addr { host: "127.21.30.194" port: 42793 } } peers { permanent_uuid: "28a326bfe1de49c29d28c081d97d26d7" member_type: VOTER last_known_addr { host: "127.21.30.195" port: 45147 } }
I20260713 09:07:08.457998 22428 ts_tablet_manager.cc:1434] T f01d1fbbce9341978d8838594e4b7de6 P 28a326bfe1de49c29d28c081d97d26d7: Time spent starting tablet: real 0.004s	user 0.004s	sys 0.000s
I20260713 09:07:08.458463 22454 raft_consensus.cc:493] T 1ea468375c9e4808ad5a7b1026dc71f7 P 74bd859373a84030aa4de46d44ac78ea [term 0 FOLLOWER]: Starting pre-election (no leader contacted us within the election timeout)
I20260713 09:07:08.458915 22454 raft_consensus.cc:515] T 1ea468375c9e4808ad5a7b1026dc71f7 P 74bd859373a84030aa4de46d44ac78ea [term 0 FOLLOWER]: Starting pre-election with config: opid_index: -1 OBSOLETE_local: false peers { permanent_uuid: "81fdf544a27f4fdb93e87a3303ecb356" member_type: VOTER last_known_addr { host: "127.21.30.193" port: 46659 } } peers { permanent_uuid: "74bd859373a84030aa4de46d44ac78ea" member_type: VOTER last_known_addr { host: "127.21.30.194" port: 42793 } } peers { permanent_uuid: "28a326bfe1de49c29d28c081d97d26d7" member_type: VOTER last_known_addr { host: "127.21.30.195" port: 45147 } }
I20260713 09:07:08.460664 22454 leader_election.cc:290] T 1ea468375c9e4808ad5a7b1026dc71f7 P 74bd859373a84030aa4de46d44ac78ea [CANDIDATE]: Term 1 pre-election: Requested pre-vote from peers 81fdf544a27f4fdb93e87a3303ecb356 (127.21.30.193:46659), 28a326bfe1de49c29d28c081d97d26d7 (127.21.30.195:45147)
I20260713 09:07:08.461400 22233 tablet_service.cc:1917] Received RequestConsensusVote() RPC: tablet_id: "1ea468375c9e4808ad5a7b1026dc71f7" candidate_uuid: "74bd859373a84030aa4de46d44ac78ea" candidate_term: 1 candidate_status { last_received { term: 0 index: 0 } } ignore_live_leader: false dest_uuid: "81fdf544a27f4fdb93e87a3303ecb356" is_pre_election: true
I20260713 09:07:08.461714 22384 tablet_service.cc:1917] Received RequestConsensusVote() RPC: tablet_id: "1ea468375c9e4808ad5a7b1026dc71f7" candidate_uuid: "74bd859373a84030aa4de46d44ac78ea" candidate_term: 1 candidate_status { last_received { term: 0 index: 0 } } ignore_live_leader: false dest_uuid: "28a326bfe1de49c29d28c081d97d26d7" is_pre_election: true
I20260713 09:07:08.461872 22233 raft_consensus.cc:2468] T 1ea468375c9e4808ad5a7b1026dc71f7 P 81fdf544a27f4fdb93e87a3303ecb356 [term 0 FOLLOWER]: Leader pre-election vote request: Granting yes vote for candidate 74bd859373a84030aa4de46d44ac78ea in term 0.
I20260713 09:07:08.462307 22384 raft_consensus.cc:2468] T 1ea468375c9e4808ad5a7b1026dc71f7 P 28a326bfe1de49c29d28c081d97d26d7 [term 0 FOLLOWER]: Leader pre-election vote request: Granting yes vote for candidate 74bd859373a84030aa4de46d44ac78ea in term 0.
I20260713 09:07:08.462877 22277 leader_election.cc:304] T 1ea468375c9e4808ad5a7b1026dc71f7 P 74bd859373a84030aa4de46d44ac78ea [CANDIDATE]: Term 1 pre-election: Election decided. Result: candidate won. Election summary: received 2 responses out of 3 voters: 2 yes votes; 0 no votes. yes voters: 74bd859373a84030aa4de46d44ac78ea, 81fdf544a27f4fdb93e87a3303ecb356; no voters: 
I20260713 09:07:08.463483 22454 raft_consensus.cc:2804] T 1ea468375c9e4808ad5a7b1026dc71f7 P 74bd859373a84030aa4de46d44ac78ea [term 0 FOLLOWER]: Leader pre-election won for term 1
I20260713 09:07:08.463830 22454 raft_consensus.cc:493] T 1ea468375c9e4808ad5a7b1026dc71f7 P 74bd859373a84030aa4de46d44ac78ea [term 0 FOLLOWER]: Starting leader election (no leader contacted us within the election timeout)
I20260713 09:07:08.464078 22454 raft_consensus.cc:3060] T 1ea468375c9e4808ad5a7b1026dc71f7 P 74bd859373a84030aa4de46d44ac78ea [term 0 FOLLOWER]: Advancing to term 1
I20260713 09:07:08.470679 22454 raft_consensus.cc:515] T 1ea468375c9e4808ad5a7b1026dc71f7 P 74bd859373a84030aa4de46d44ac78ea [term 1 FOLLOWER]: Starting leader election with config: opid_index: -1 OBSOLETE_local: false peers { permanent_uuid: "81fdf544a27f4fdb93e87a3303ecb356" member_type: VOTER last_known_addr { host: "127.21.30.193" port: 46659 } } peers { permanent_uuid: "74bd859373a84030aa4de46d44ac78ea" member_type: VOTER last_known_addr { host: "127.21.30.194" port: 42793 } } peers { permanent_uuid: "28a326bfe1de49c29d28c081d97d26d7" member_type: VOTER last_known_addr { host: "127.21.30.195" port: 45147 } }
I20260713 09:07:08.472213 22454 leader_election.cc:290] T 1ea468375c9e4808ad5a7b1026dc71f7 P 74bd859373a84030aa4de46d44ac78ea [CANDIDATE]: Term 1 election: Requested vote from peers 81fdf544a27f4fdb93e87a3303ecb356 (127.21.30.193:46659), 28a326bfe1de49c29d28c081d97d26d7 (127.21.30.195:45147)
I20260713 09:07:08.472836 22233 tablet_service.cc:1917] Received RequestConsensusVote() RPC: tablet_id: "1ea468375c9e4808ad5a7b1026dc71f7" candidate_uuid: "74bd859373a84030aa4de46d44ac78ea" candidate_term: 1 candidate_status { last_received { term: 0 index: 0 } } ignore_live_leader: false dest_uuid: "81fdf544a27f4fdb93e87a3303ecb356"
I20260713 09:07:08.473219 22384 tablet_service.cc:1917] Received RequestConsensusVote() RPC: tablet_id: "1ea468375c9e4808ad5a7b1026dc71f7" candidate_uuid: "74bd859373a84030aa4de46d44ac78ea" candidate_term: 1 candidate_status { last_received { term: 0 index: 0 } } ignore_live_leader: false dest_uuid: "28a326bfe1de49c29d28c081d97d26d7"
I20260713 09:07:08.473395 22233 raft_consensus.cc:3060] T 1ea468375c9e4808ad5a7b1026dc71f7 P 81fdf544a27f4fdb93e87a3303ecb356 [term 0 FOLLOWER]: Advancing to term 1
I20260713 09:07:08.473732 22384 raft_consensus.cc:3060] T 1ea468375c9e4808ad5a7b1026dc71f7 P 28a326bfe1de49c29d28c081d97d26d7 [term 0 FOLLOWER]: Advancing to term 1
I20260713 09:07:08.476043 22469 raft_consensus.cc:493] T f01d1fbbce9341978d8838594e4b7de6 P 28a326bfe1de49c29d28c081d97d26d7 [term 0 FOLLOWER]: Starting pre-election (no leader contacted us within the election timeout)
I20260713 09:07:08.476420 22469 raft_consensus.cc:515] T f01d1fbbce9341978d8838594e4b7de6 P 28a326bfe1de49c29d28c081d97d26d7 [term 0 FOLLOWER]: Starting pre-election with config: opid_index: -1 OBSOLETE_local: false peers { permanent_uuid: "81fdf544a27f4fdb93e87a3303ecb356" member_type: VOTER last_known_addr { host: "127.21.30.193" port: 46659 } } peers { permanent_uuid: "74bd859373a84030aa4de46d44ac78ea" member_type: VOTER last_known_addr { host: "127.21.30.194" port: 42793 } } peers { permanent_uuid: "28a326bfe1de49c29d28c081d97d26d7" member_type: VOTER last_known_addr { host: "127.21.30.195" port: 45147 } }
