I20260713 09:07:27.324153 23632 raft_consensus.cc:359] T 69fa7c09398243cba0d43211a6524830 P 77e9d1c867fa403caa3a45a4da267470 [term 1 LEARNER]: Replica starting. Triggering 0 pending ops. Active config: opid_index: 2 OBSOLETE_local: false peers { permanent_uuid: "a96b2a5da5d648cdaa5e59e803e0cf9c" member_type: VOTER last_known_addr { host: "127.21.119.65" port: 37221 } } peers { permanent_uuid: "e83278b3a1d044af824349ad905b57d8" member_type: VOTER last_known_addr { host: "127.21.119.66" port: 37667 } } peers { permanent_uuid: "a2ee1453e665434db1f6e434d269770d" member_type: VOTER last_known_addr { host: "127.21.119.67" port: 37105 } attrs { replace: true } } peers { permanent_uuid: "77e9d1c867fa403caa3a45a4da267470" member_type: NON_VOTER last_known_addr { host: "127.21.119.68" port: 41747 } attrs { promote: true } }
I20260713 09:07:27.325042 23632 raft_consensus.cc:740] T 69fa7c09398243cba0d43211a6524830 P 77e9d1c867fa403caa3a45a4da267470 [term 1 LEARNER]: Becoming Follower/Learner. State: Replica: 77e9d1c867fa403caa3a45a4da267470, State: Initialized, Role: LEARNER
I20260713 09:07:27.325729 23632 consensus_queue.cc:260] T 69fa7c09398243cba0d43211a6524830 P 77e9d1c867fa403caa3a45a4da267470 [NON_LEADER]: Queue going to NON_LEADER mode. State: All replicated index: 0, Majority replicated index: 0, Committed index: 2, Last appended: 1.2, Last appended by leader: 2, Current term: 0, Majority size: -1, State: 0, Mode: NON_LEADER, active raft config: opid_index: 2 OBSOLETE_local: false peers { permanent_uuid: "a96b2a5da5d648cdaa5e59e803e0cf9c" member_type: VOTER last_known_addr { host: "127.21.119.65" port: 37221 } } peers { permanent_uuid: "e83278b3a1d044af824349ad905b57d8" member_type: VOTER last_known_addr { host: "127.21.119.66" port: 37667 } } peers { permanent_uuid: "a2ee1453e665434db1f6e434d269770d" member_type: VOTER last_known_addr { host: "127.21.119.67" port: 37105 } attrs { replace: true } } peers { permanent_uuid: "77e9d1c867fa403caa3a45a4da267470" member_type: NON_VOTER last_known_addr { host: "127.21.119.68" port: 41747 } attrs { promote: true } }
I20260713 09:07:27.330230 23632 ts_tablet_manager.cc:1434] T 69fa7c09398243cba0d43211a6524830 P 77e9d1c867fa403caa3a45a4da267470: Time spent starting tablet: real 0.009s	user 0.009s	sys 0.003s
I20260713 09:07:27.332340 23102 tablet_copy_service.cc:342] P a96b2a5da5d648cdaa5e59e803e0cf9c: Request end of tablet copy session 77e9d1c867fa403caa3a45a4da267470-69fa7c09398243cba0d43211a6524830 received from {username='slave'} at 127.0.0.1:34670
I20260713 09:07:27.332875 23102 tablet_copy_service.cc:434] P a96b2a5da5d648cdaa5e59e803e0cf9c: ending tablet copy session 77e9d1c867fa403caa3a45a4da267470-69fa7c09398243cba0d43211a6524830 on tablet 69fa7c09398243cba0d43211a6524830 with peer 77e9d1c867fa403caa3a45a4da267470
I20260713 09:07:27.371032 23632 ts_tablet_manager.cc:933] T c0b94794624d4eb9b3a6c05444e47187 P 77e9d1c867fa403caa3a45a4da267470: Initiating tablet copy from peer a2ee1453e665434db1f6e434d269770d (127.21.119.67:37105)
I20260713 09:07:27.372709 23632 tablet_copy_client.cc:323] T c0b94794624d4eb9b3a6c05444e47187 P 77e9d1c867fa403caa3a45a4da267470: tablet copy: Beginning tablet copy session from remote peer at address 127.21.119.67:37105
I20260713 09:07:27.374527 23251 tablet_copy_service.cc:140] P a2ee1453e665434db1f6e434d269770d: Received BeginTabletCopySession request for tablet c0b94794624d4eb9b3a6c05444e47187 from peer 77e9d1c867fa403caa3a45a4da267470 ({username='slave'} at 127.0.0.1:56464)
I20260713 09:07:27.375090 23251 tablet_copy_service.cc:161] P a2ee1453e665434db1f6e434d269770d: Beginning new tablet copy session on tablet c0b94794624d4eb9b3a6c05444e47187 from peer 77e9d1c867fa403caa3a45a4da267470 at {username='slave'} at 127.0.0.1:56464: session id = 77e9d1c867fa403caa3a45a4da267470-c0b94794624d4eb9b3a6c05444e47187
I20260713 09:07:27.382979 23251 tablet_copy_source_session.cc:215] T c0b94794624d4eb9b3a6c05444e47187 P a2ee1453e665434db1f6e434d269770d: Tablet Copy: opened 0 blocks and 1 log segments
I20260713 09:07:27.386412 23632 data_dirs.cc:400] Could only allocate 1 dirs of requested 3 for tablet c0b94794624d4eb9b3a6c05444e47187. 1 dirs total, 0 dirs full, 0 dirs failed
I20260713 09:07:27.398551 23632 tablet_copy_client.cc:806] T c0b94794624d4eb9b3a6c05444e47187 P 77e9d1c867fa403caa3a45a4da267470: tablet copy: Starting download of 0 data blocks...
I20260713 09:07:27.399097 23632 tablet_copy_client.cc:670] T c0b94794624d4eb9b3a6c05444e47187 P 77e9d1c867fa403caa3a45a4da267470: tablet copy: Starting download of 1 WAL segments...
I20260713 09:07:27.404518 23632 tablet_copy_client.cc:538] T c0b94794624d4eb9b3a6c05444e47187 P 77e9d1c867fa403caa3a45a4da267470: tablet copy: Tablet Copy complete. Replacing tablet superblock.
I20260713 09:07:27.418710 23637 ts_tablet_manager.cc:933] T 118550db6278480fac3dc51d2cdb592e P 77e9d1c867fa403caa3a45a4da267470: Initiating tablet copy from peer a2ee1453e665434db1f6e434d269770d (127.21.119.67:37105)
I20260713 09:07:27.419531 23632 tablet_bootstrap.cc:492] T c0b94794624d4eb9b3a6c05444e47187 P 77e9d1c867fa403caa3a45a4da267470: Bootstrap starting.
I20260713 09:07:27.420573 23637 tablet_copy_client.cc:323] T 118550db6278480fac3dc51d2cdb592e P 77e9d1c867fa403caa3a45a4da267470: tablet copy: Beginning tablet copy session from remote peer at address 127.21.119.67:37105
I20260713 09:07:27.422449 23251 tablet_copy_service.cc:140] P a2ee1453e665434db1f6e434d269770d: Received BeginTabletCopySession request for tablet 118550db6278480fac3dc51d2cdb592e from peer 77e9d1c867fa403caa3a45a4da267470 ({username='slave'} at 127.0.0.1:56464)
I20260713 09:07:27.423034 23251 tablet_copy_service.cc:161] P a2ee1453e665434db1f6e434d269770d: Beginning new tablet copy session on tablet 118550db6278480fac3dc51d2cdb592e from peer 77e9d1c867fa403caa3a45a4da267470 at {username='slave'} at 127.0.0.1:56464: session id = 77e9d1c867fa403caa3a45a4da267470-118550db6278480fac3dc51d2cdb592e
I20260713 09:07:27.430580 23251 tablet_copy_source_session.cc:215] T 118550db6278480fac3dc51d2cdb592e P a2ee1453e665434db1f6e434d269770d: Tablet Copy: opened 0 blocks and 1 log segments
I20260713 09:07:27.433915 23637 data_dirs.cc:400] Could only allocate 1 dirs of requested 3 for tablet 118550db6278480fac3dc51d2cdb592e. 1 dirs total, 0 dirs full, 0 dirs failed
I20260713 09:07:27.449577 23637 tablet_copy_client.cc:806] T 118550db6278480fac3dc51d2cdb592e P 77e9d1c867fa403caa3a45a4da267470: tablet copy: Starting download of 0 data blocks...
I20260713 09:07:27.450187 23637 tablet_copy_client.cc:670] T 118550db6278480fac3dc51d2cdb592e P 77e9d1c867fa403caa3a45a4da267470: tablet copy: Starting download of 1 WAL segments...
I20260713 09:07:27.451293 23632 tablet_bootstrap.cc:492] T c0b94794624d4eb9b3a6c05444e47187 P 77e9d1c867fa403caa3a45a4da267470: Bootstrap replayed 1/1 log segments. Stats: ops{read=2 overwritten=0 applied=2 ignored=0} inserts{seen=0 ignored=0} mutations{seen=0 ignored=0} orphaned_commits=0. Pending: 0 replicates
I20260713 09:07:27.452389 23632 tablet_bootstrap.cc:492] T c0b94794624d4eb9b3a6c05444e47187 P 77e9d1c867fa403caa3a45a4da267470: Bootstrap complete.
I20260713 09:07:27.453058 23632 ts_tablet_manager.cc:1403] T c0b94794624d4eb9b3a6c05444e47187 P 77e9d1c867fa403caa3a45a4da267470: Time spent bootstrapping tablet: real 0.034s	user 0.016s	sys 0.011s
I20260713 09:07:27.453573 23637 tablet_copy_client.cc:538] T 118550db6278480fac3dc51d2cdb592e P 77e9d1c867fa403caa3a45a4da267470: tablet copy: Tablet Copy complete. Replacing tablet superblock.
I20260713 09:07:27.456712 23632 raft_consensus.cc:359] T c0b94794624d4eb9b3a6c05444e47187 P 77e9d1c867fa403caa3a45a4da267470 [term 1 LEARNER]: Replica starting. Triggering 0 pending ops. Active config: opid_index: 2 OBSOLETE_local: false peers { permanent_uuid: "a96b2a5da5d648cdaa5e59e803e0cf9c" member_type: VOTER last_known_addr { host: "127.21.119.65" port: 37221 } } peers { permanent_uuid: "e83278b3a1d044af824349ad905b57d8" member_type: VOTER last_known_addr { host: "127.21.119.66" port: 37667 } attrs { replace: true } } peers { permanent_uuid: "a2ee1453e665434db1f6e434d269770d" member_type: VOTER last_known_addr { host: "127.21.119.67" port: 37105 } } peers { permanent_uuid: "77e9d1c867fa403caa3a45a4da267470" member_type: NON_VOTER last_known_addr { host: "127.21.119.68" port: 41747 } attrs { promote: true } }
I20260713 09:07:27.457665 23632 raft_consensus.cc:740] T c0b94794624d4eb9b3a6c05444e47187 P 77e9d1c867fa403caa3a45a4da267470 [term 1 LEARNER]: Becoming Follower/Learner. State: Replica: 77e9d1c867fa403caa3a45a4da267470, State: Initialized, Role: LEARNER
I20260713 09:07:27.458314 23632 consensus_queue.cc:260] T c0b94794624d4eb9b3a6c05444e47187 P 77e9d1c867fa403caa3a45a4da267470 [NON_LEADER]: Queue going to NON_LEADER mode. State: All replicated index: 0, Majority replicated index: 0, Committed index: 2, Last appended: 1.2, Last appended by leader: 2, Current term: 0, Majority size: -1, State: 0, Mode: NON_LEADER, active raft config: opid_index: 2 OBSOLETE_local: false peers { permanent_uuid: "a96b2a5da5d648cdaa5e59e803e0cf9c" member_type: VOTER last_known_addr { host: "127.21.119.65" port: 37221 } } peers { permanent_uuid: "e83278b3a1d044af824349ad905b57d8" member_type: VOTER last_known_addr { host: "127.21.119.66" port: 37667 } attrs { replace: true } } peers { permanent_uuid: "a2ee1453e665434db1f6e434d269770d" member_type: VOTER last_known_addr { host: "127.21.119.67" port: 37105 } } peers { permanent_uuid: "77e9d1c867fa403caa3a45a4da267470" member_type: NON_VOTER last_known_addr { host: "127.21.119.68" port: 41747 } attrs { promote: true } }
I20260713 09:07:27.462129 23632 ts_tablet_manager.cc:1434] T c0b94794624d4eb9b3a6c05444e47187 P 77e9d1c867fa403caa3a45a4da267470: Time spent starting tablet: real 0.009s	user 0.006s	sys 0.000s
I20260713 09:07:27.465108 23251 tablet_copy_service.cc:342] P a2ee1453e665434db1f6e434d269770d: Request end of tablet copy session 77e9d1c867fa403caa3a45a4da267470-c0b94794624d4eb9b3a6c05444e47187 received from {username='slave'} at 127.0.0.1:56464
I20260713 09:07:27.465624 23251 tablet_copy_service.cc:434] P a2ee1453e665434db1f6e434d269770d: ending tablet copy session 77e9d1c867fa403caa3a45a4da267470-c0b94794624d4eb9b3a6c05444e47187 on tablet c0b94794624d4eb9b3a6c05444e47187 with peer 77e9d1c867fa403caa3a45a4da267470
I20260713 09:07:27.464620 23637 tablet_bootstrap.cc:492] T 118550db6278480fac3dc51d2cdb592e P 77e9d1c867fa403caa3a45a4da267470: Bootstrap starting.
I20260713 09:07:27.483242 23632 ts_tablet_manager.cc:933] T 93596d1e773243989a83535a533f4e50 P 77e9d1c867fa403caa3a45a4da267470: Initiating tablet copy from peer a2ee1453e665434db1f6e434d269770d (127.21.119.67:37105)
I20260713 09:07:27.485293 23632 tablet_copy_client.cc:323] T 93596d1e773243989a83535a533f4e50 P 77e9d1c867fa403caa3a45a4da267470: tablet copy: Beginning tablet copy session from remote peer at address 127.21.119.67:37105
I20260713 09:07:27.487147 23251 tablet_copy_service.cc:140] P a2ee1453e665434db1f6e434d269770d: Received BeginTabletCopySession request for tablet 93596d1e773243989a83535a533f4e50 from peer 77e9d1c867fa403caa3a45a4da267470 ({username='slave'} at 127.0.0.1:56464)
I20260713 09:07:27.487609 23251 tablet_copy_service.cc:161] P a2ee1453e665434db1f6e434d269770d: Beginning new tablet copy session on tablet 93596d1e773243989a83535a533f4e50 from peer 77e9d1c867fa403caa3a45a4da267470 at {username='slave'} at 127.0.0.1:56464: session id = 77e9d1c867fa403caa3a45a4da267470-93596d1e773243989a83535a533f4e50
I20260713 09:07:27.494565 23251 tablet_copy_source_session.cc:215] T 93596d1e773243989a83535a533f4e50 P a2ee1453e665434db1f6e434d269770d: Tablet Copy: opened 0 blocks and 1 log segments
I20260713 09:07:27.495486 23637 tablet_bootstrap.cc:492] T 118550db6278480fac3dc51d2cdb592e P 77e9d1c867fa403caa3a45a4da267470: Bootstrap replayed 1/1 log segments. Stats: ops{read=2 overwritten=0 applied=2 ignored=0} inserts{seen=0 ignored=0} mutations{seen=0 ignored=0} orphaned_commits=0. Pending: 0 replicates
I20260713 09:07:27.496533 23637 tablet_bootstrap.cc:492] T 118550db6278480fac3dc51d2cdb592e P 77e9d1c867fa403caa3a45a4da267470: Bootstrap complete.
I20260713 09:07:27.497098 23637 ts_tablet_manager.cc:1403] T 118550db6278480fac3dc51d2cdb592e P 77e9d1c867fa403caa3a45a4da267470: Time spent bootstrapping tablet: real 0.033s	user 0.018s	sys 0.007s
I20260713 09:07:27.497956 23632 data_dirs.cc:400] Could only allocate 1 dirs of requested 3 for tablet 93596d1e773243989a83535a533f4e50. 1 dirs total, 0 dirs full, 0 dirs failed
I20260713 09:07:27.499431 23637 raft_consensus.cc:359] T 118550db6278480fac3dc51d2cdb592e P 77e9d1c867fa403caa3a45a4da267470 [term 1 LEARNER]: Replica starting. Triggering 0 pending ops. Active config: opid_index: 2 OBSOLETE_local: false peers { permanent_uuid: "a2ee1453e665434db1f6e434d269770d" member_type: VOTER last_known_addr { host: "127.21.119.67" port: 37105 } } peers { permanent_uuid: "e83278b3a1d044af824349ad905b57d8" member_type: VOTER last_known_addr { host: "127.21.119.66" port: 37667 } } peers { permanent_uuid: "a96b2a5da5d648cdaa5e59e803e0cf9c" member_type: VOTER last_known_addr { host: "127.21.119.65" port: 37221 } attrs { replace: true } } peers { permanent_uuid: "77e9d1c867fa403caa3a45a4da267470" member_type: NON_VOTER last_known_addr { host: "127.21.119.68" port: 41747 } attrs { promote: true } }
I20260713 09:07:27.500128 23637 raft_consensus.cc:740] T 118550db6278480fac3dc51d2cdb592e P 77e9d1c867fa403caa3a45a4da267470 [term 1 LEARNER]: Becoming Follower/Learner. State: Replica: 77e9d1c867fa403caa3a45a4da267470, State: Initialized, Role: LEARNER
I20260713 09:07:27.500733 23637 consensus_queue.cc:260] T 118550db6278480fac3dc51d2cdb592e P 77e9d1c867fa403caa3a45a4da267470 [NON_LEADER]: Queue going to NON_LEADER mode. State: All replicated index: 0, Majority replicated index: 0, Committed index: 2, Last appended: 1.2, Last appended by leader: 2, Current term: 0, Majority size: -1, State: 0, Mode: NON_LEADER, active raft config: opid_index: 2 OBSOLETE_local: false peers { permanent_uuid: "a2ee1453e665434db1f6e434d269770d" member_type: VOTER last_known_addr { host: "127.21.119.67" port: 37105 } } peers { permanent_uuid: "e83278b3a1d044af824349ad905b57d8" member_type: VOTER last_known_addr { host: "127.21.119.66" port: 37667 } } peers { permanent_uuid: "a96b2a5da5d648cdaa5e59e803e0cf9c" member_type: VOTER last_known_addr { host: "127.21.119.65" port: 37221 } attrs { replace: true } } peers { permanent_uuid: "77e9d1c867fa403caa3a45a4da267470" member_type: NON_VOTER last_known_addr { host: "127.21.119.68" port: 41747 } attrs { promote: true } }
I20260713 09:07:27.503517 23637 ts_tablet_manager.cc:1434] T 118550db6278480fac3dc51d2cdb592e P 77e9d1c867fa403caa3a45a4da267470: Time spent starting tablet: real 0.006s	user 0.004s	sys 0.000s
I20260713 09:07:27.506455 23251 tablet_copy_service.cc:342] P a2ee1453e665434db1f6e434d269770d: Request end of tablet copy session 77e9d1c867fa403caa3a45a4da267470-118550db6278480fac3dc51d2cdb592e received from {username='slave'} at 127.0.0.1:56464
I20260713 09:07:27.506928 23251 tablet_copy_service.cc:434] P a2ee1453e665434db1f6e434d269770d: ending tablet copy session 77e9d1c867fa403caa3a45a4da267470-118550db6278480fac3dc51d2cdb592e on tablet 118550db6278480fac3dc51d2cdb592e with peer 77e9d1c867fa403caa3a45a4da267470
I20260713 09:07:27.514947 23632 tablet_copy_client.cc:806] T 93596d1e773243989a83535a533f4e50 P 77e9d1c867fa403caa3a45a4da267470: tablet copy: Starting download of 0 data blocks...
I20260713 09:07:27.515511 23632 tablet_copy_client.cc:670] T 93596d1e773243989a83535a533f4e50 P 77e9d1c867fa403caa3a45a4da267470: tablet copy: Starting download of 1 WAL segments...
I20260713 09:07:27.520139 23632 tablet_copy_client.cc:538] T 93596d1e773243989a83535a533f4e50 P 77e9d1c867fa403caa3a45a4da267470: tablet copy: Tablet Copy complete. Replacing tablet superblock.
I20260713 09:07:27.528545 23632 tablet_bootstrap.cc:492] T 93596d1e773243989a83535a533f4e50 P 77e9d1c867fa403caa3a45a4da267470: Bootstrap starting.
I20260713 09:07:27.543160 23632 tablet_bootstrap.cc:492] T 93596d1e773243989a83535a533f4e50 P 77e9d1c867fa403caa3a45a4da267470: Bootstrap replayed 1/1 log segments. Stats: ops{read=2 overwritten=0 applied=2 ignored=0} inserts{seen=0 ignored=0} mutations{seen=0 ignored=0} orphaned_commits=0. Pending: 0 replicates
I20260713 09:07:27.543900 23632 tablet_bootstrap.cc:492] T 93596d1e773243989a83535a533f4e50 P 77e9d1c867fa403caa3a45a4da267470: Bootstrap complete.
I20260713 09:07:27.544418 23632 ts_tablet_manager.cc:1403] T 93596d1e773243989a83535a533f4e50 P 77e9d1c867fa403caa3a45a4da267470: Time spent bootstrapping tablet: real 0.016s	user 0.011s	sys 0.004s
I20260713 09:07:27.546451 23632 raft_consensus.cc:359] T 93596d1e773243989a83535a533f4e50 P 77e9d1c867fa403caa3a45a4da267470 [term 1 LEARNER]: Replica starting. Triggering 0 pending ops. Active config: opid_index: 2 OBSOLETE_local: false peers { permanent_uuid: "a96b2a5da5d648cdaa5e59e803e0cf9c" member_type: VOTER last_known_addr { host: "127.21.119.65" port: 37221 } attrs { replace: true } } peers { permanent_uuid: "e83278b3a1d044af824349ad905b57d8" member_type: VOTER last_known_addr { host: "127.21.119.66" port: 37667 } } peers { permanent_uuid: "a2ee1453e665434db1f6e434d269770d" member_type: VOTER last_known_addr { host: "127.21.119.67" port: 37105 } } peers { permanent_uuid: "77e9d1c867fa403caa3a45a4da267470" member_type: NON_VOTER last_known_addr { host: "127.21.119.68" port: 41747 } attrs { promote: true } }
I20260713 09:07:27.547107 23632 raft_consensus.cc:740] T 93596d1e773243989a83535a533f4e50 P 77e9d1c867fa403caa3a45a4da267470 [term 1 LEARNER]: Becoming Follower/Learner. State: Replica: 77e9d1c867fa403caa3a45a4da267470, State: Initialized, Role: LEARNER
I20260713 09:07:27.547576 23632 consensus_queue.cc:260] T 93596d1e773243989a83535a533f4e50 P 77e9d1c867fa403caa3a45a4da267470 [NON_LEADER]: Queue going to NON_LEADER mode. State: All replicated index: 0, Majority replicated index: 0, Committed index: 2, Last appended: 1.2, Last appended by leader: 2, Current term: 0, Majority size: -1, State: 0, Mode: NON_LEADER, active raft config: opid_index: 2 OBSOLETE_local: false peers { permanent_uuid: "a96b2a5da5d648cdaa5e59e803e0cf9c" member_type: VOTER last_known_addr { host: "127.21.119.65" port: 37221 } attrs { replace: true } } peers { permanent_uuid: "e83278b3a1d044af824349ad905b57d8" member_type: VOTER last_known_addr { host: "127.21.119.66" port: 37667 } } peers { permanent_uuid: "a2ee1453e665434db1f6e434d269770d" member_type: VOTER last_known_addr { host: "127.21.119.67" port: 37105 } } peers { permanent_uuid: "77e9d1c867fa403caa3a45a4da267470" member_type: NON_VOTER last_known_addr { host: "127.21.119.68" port: 41747 } attrs { promote: true } }
I20260713 09:07:27.549193 23632 ts_tablet_manager.cc:1434] T 93596d1e773243989a83535a533f4e50 P 77e9d1c867fa403caa3a45a4da267470: Time spent starting tablet: real 0.005s	user 0.004s	sys 0.000s
I20260713 09:07:27.552711 23251 tablet_copy_service.cc:342] P a2ee1453e665434db1f6e434d269770d: Request end of tablet copy session 77e9d1c867fa403caa3a45a4da267470-93596d1e773243989a83535a533f4e50 received from {username='slave'} at 127.0.0.1:56464
I20260713 09:07:27.553143 23251 tablet_copy_service.cc:434] P a2ee1453e665434db1f6e434d269770d: ending tablet copy session 77e9d1c867fa403caa3a45a4da267470-93596d1e773243989a83535a533f4e50 on tablet 93596d1e773243989a83535a533f4e50 with peer 77e9d1c867fa403caa3a45a4da267470
I20260713 09:07:27.706403 23506 raft_consensus.cc:1217] T 69fa7c09398243cba0d43211a6524830 P 77e9d1c867fa403caa3a45a4da267470 [term 1 LEARNER]: Deduplicated request from leader. Original: 1.1->[1.2-1.2]   Dedup: 1.2->[]
I20260713 09:07:27.857833 23505 raft_consensus.cc:1217] T 93596d1e773243989a83535a533f4e50 P 77e9d1c867fa403caa3a45a4da267470 [term 1 LEARNER]: Deduplicated request from leader. Original: 1.1->[1.2-1.2]   Dedup: 1.2->[]
I20260713 09:07:27.986670 23505 raft_consensus.cc:1217] T c0b94794624d4eb9b3a6c05444e47187 P 77e9d1c867fa403caa3a45a4da267470 [term 1 LEARNER]: Deduplicated request from leader. Original: 1.1->[1.2-1.2]   Dedup: 1.2->[]
I20260713 09:07:27.988930 23506 raft_consensus.cc:1217] T 118550db6278480fac3dc51d2cdb592e P 77e9d1c867fa403caa3a45a4da267470 [term 1 LEARNER]: Deduplicated request from leader. Original: 1.1->[1.2-1.2]   Dedup: 1.2->[]
I20260713 09:07:28.091894 23641 raft_consensus.cc:1064] T 69fa7c09398243cba0d43211a6524830 P a96b2a5da5d648cdaa5e59e803e0cf9c: attempting to promote NON_VOTER 77e9d1c867fa403caa3a45a4da267470 to VOTER
I20260713 09:07:28.094367 23641 consensus_queue.cc:237] T 69fa7c09398243cba0d43211a6524830 P a96b2a5da5d648cdaa5e59e803e0cf9c [LEADER]: Queue going to LEADER mode. State: All replicated index: 0, Majority replicated index: 2, Committed index: 2, Last appended: 1.2, Last appended by leader: 0, Current term: 1, Majority size: 3, State: 0, Mode: LEADER, active raft config: opid_index: 3 OBSOLETE_local: false peers { permanent_uuid: "a96b2a5da5d648cdaa5e59e803e0cf9c" member_type: VOTER last_known_addr { host: "127.21.119.65" port: 37221 } } peers { permanent_uuid: "e83278b3a1d044af824349ad905b57d8" member_type: VOTER last_known_addr { host: "127.21.119.66" port: 37667 } } peers { permanent_uuid: "a2ee1453e665434db1f6e434d269770d" member_type: VOTER last_known_addr { host: "127.21.119.67" port: 37105 } attrs { replace: true } } peers { permanent_uuid: "77e9d1c867fa403caa3a45a4da267470" member_type: VOTER last_known_addr { host: "127.21.119.68" port: 41747 } attrs { promote: false } }
I20260713 09:07:28.101110 23506 raft_consensus.cc:1275] T 69fa7c09398243cba0d43211a6524830 P 77e9d1c867fa403caa3a45a4da267470 [term 1 LEARNER]: Refusing update from remote peer a96b2a5da5d648cdaa5e59e803e0cf9c: Log matching property violated. Preceding OpId in replica: term: 1 index: 2. Preceding OpId from leader: term: 1 index: 3. (index mismatch)
I20260713 09:07:28.103312 23240 raft_consensus.cc:1275] T 69fa7c09398243cba0d43211a6524830 P a2ee1453e665434db1f6e434d269770d [term 1 FOLLOWER]: Refusing update from remote peer a96b2a5da5d648cdaa5e59e803e0cf9c: Log matching property violated. Preceding OpId in replica: term: 1 index: 2. Preceding OpId from leader: term: 1 index: 3. (index mismatch)
I20260713 09:07:28.103261 23641 consensus_queue.cc:1048] T 69fa7c09398243cba0d43211a6524830 P a96b2a5da5d648cdaa5e59e803e0cf9c [LEADER]: Connected to new peer: Peer: permanent_uuid: "77e9d1c867fa403caa3a45a4da267470" member_type: VOTER last_known_addr { host: "127.21.119.68" port: 41747 } attrs { promote: false }, Status: LMP_MISMATCH, Last received: 0.0, Next index: 3, Last known committed idx: 2, Time since last communication: 0.001s
I20260713 09:07:28.103654 23165 raft_consensus.cc:1275] T 69fa7c09398243cba0d43211a6524830 P e83278b3a1d044af824349ad905b57d8 [term 1 FOLLOWER]: Refusing update from remote peer a96b2a5da5d648cdaa5e59e803e0cf9c: Log matching property violated. Preceding OpId in replica: term: 1 index: 2. Preceding OpId from leader: term: 1 index: 3. (index mismatch)
I20260713 09:07:28.104943 23640 consensus_queue.cc:1048] T 69fa7c09398243cba0d43211a6524830 P a96b2a5da5d648cdaa5e59e803e0cf9c [LEADER]: Connected to new peer: Peer: permanent_uuid: "a2ee1453e665434db1f6e434d269770d" member_type: VOTER last_known_addr { host: "127.21.119.67" port: 37105 } attrs { replace: true }, Status: LMP_MISMATCH, Last received: 0.0, Next index: 3, Last known committed idx: 2, Time since last communication: 0.000s
I20260713 09:07:28.106462 23608 consensus_queue.cc:1048] T 69fa7c09398243cba0d43211a6524830 P a96b2a5da5d648cdaa5e59e803e0cf9c [LEADER]: Connected to new peer: Peer: permanent_uuid: "e83278b3a1d044af824349ad905b57d8" member_type: VOTER last_known_addr { host: "127.21.119.66" port: 37667 }, Status: LMP_MISMATCH, Last received: 0.0, Next index: 3, Last known committed idx: 2, Time since last communication: 0.000s
I20260713 09:07:28.117894 23641 raft_consensus.cc:2955] T 69fa7c09398243cba0d43211a6524830 P a96b2a5da5d648cdaa5e59e803e0cf9c [term 1 LEADER]: Committing config change with OpId 1.3: config changed from index 2 to 3, 77e9d1c867fa403caa3a45a4da267470 (127.21.119.68) changed from NON_VOTER to VOTER. New config: { opid_index: 3 OBSOLETE_local: false peers { permanent_uuid: "a96b2a5da5d648cdaa5e59e803e0cf9c" member_type: VOTER last_known_addr { host: "127.21.119.65" port: 37221 } } peers { permanent_uuid: "e83278b3a1d044af824349ad905b57d8" member_type: VOTER last_known_addr { host: "127.21.119.66" port: 37667 } } peers { permanent_uuid: "a2ee1453e665434db1f6e434d269770d" member_type: VOTER last_known_addr { host: "127.21.119.67" port: 37105 } attrs { replace: true } } peers { permanent_uuid: "77e9d1c867fa403caa3a45a4da267470" member_type: VOTER last_known_addr { host: "127.21.119.68" port: 41747 } attrs { promote: false } } }
I20260713 09:07:28.119696 23506 raft_consensus.cc:2955] T 69fa7c09398243cba0d43211a6524830 P 77e9d1c867fa403caa3a45a4da267470 [term 1 FOLLOWER]: Committing config change with OpId 1.3: config changed from index 2 to 3, 77e9d1c867fa403caa3a45a4da267470 (127.21.119.68) changed from NON_VOTER to VOTER. New config: { opid_index: 3 OBSOLETE_local: false peers { permanent_uuid: "a96b2a5da5d648cdaa5e59e803e0cf9c" member_type: VOTER last_known_addr { host: "127.21.119.65" port: 37221 } } peers { permanent_uuid: "e83278b3a1d044af824349ad905b57d8" member_type: VOTER last_known_addr { host: "127.21.119.66" port: 37667 } } peers { permanent_uuid: "a2ee1453e665434db1f6e434d269770d" member_type: VOTER last_known_addr { host: "127.21.119.67" port: 37105 } attrs { replace: true } } peers { permanent_uuid: "77e9d1c867fa403caa3a45a4da267470" member_type: VOTER last_known_addr { host: "127.21.119.68" port: 41747 } attrs { promote: false } } }
I20260713 09:07:28.125645 23165 raft_consensus.cc:2955] T 69fa7c09398243cba0d43211a6524830 P e83278b3a1d044af824349ad905b57d8 [term 1 FOLLOWER]: Committing config change with OpId 1.3: config changed from index 2 to 3, 77e9d1c867fa403caa3a45a4da267470 (127.21.119.68) changed from NON_VOTER to VOTER. New config: { opid_index: 3 OBSOLETE_local: false peers { permanent_uuid: "a96b2a5da5d648cdaa5e59e803e0cf9c" member_type: VOTER last_known_addr { host: "127.21.119.65" port: 37221 } } peers { permanent_uuid: "e83278b3a1d044af824349ad905b57d8" member_type: VOTER last_known_addr { host: "127.21.119.66" port: 37667 } } peers { permanent_uuid: "a2ee1453e665434db1f6e434d269770d" member_type: VOTER last_known_addr { host: "127.21.119.67" port: 37105 } attrs { replace: true } } peers { permanent_uuid: "77e9d1c867fa403caa3a45a4da267470" member_type: VOTER last_known_addr { host: "127.21.119.68" port: 41747 } attrs { promote: false } } }
I20260713 09:07:28.131124 23238 raft_consensus.cc:2955] T 69fa7c09398243cba0d43211a6524830 P a2ee1453e665434db1f6e434d269770d [term 1 FOLLOWER]: Committing config change with OpId 1.3: config changed from index 2 to 3, 77e9d1c867fa403caa3a45a4da267470 (127.21.119.68) changed from NON_VOTER to VOTER. New config: { opid_index: 3 OBSOLETE_local: false peers { permanent_uuid: "a96b2a5da5d648cdaa5e59e803e0cf9c" member_type: VOTER last_known_addr { host: "127.21.119.65" port: 37221 } } peers { permanent_uuid: "e83278b3a1d044af824349ad905b57d8" member_type: VOTER last_known_addr { host: "127.21.119.66" port: 37667 } } peers { permanent_uuid: "a2ee1453e665434db1f6e434d269770d" member_type: VOTER last_known_addr { host: "127.21.119.67" port: 37105 } attrs { replace: true } } peers { permanent_uuid: "77e9d1c867fa403caa3a45a4da267470" member_type: VOTER last_known_addr { host: "127.21.119.68" port: 41747 } attrs { promote: false } } }
I20260713 09:07:28.135070 22986 catalog_manager.cc:5697] T 69fa7c09398243cba0d43211a6524830 P 77e9d1c867fa403caa3a45a4da267470 reported cstate change: config changed from index 2 to 3, 77e9d1c867fa403caa3a45a4da267470 (127.21.119.68) changed from NON_VOTER to VOTER. New cstate: current_term: 1 leader_uuid: "a96b2a5da5d648cdaa5e59e803e0cf9c" committed_config { opid_index: 3 OBSOLETE_local: false peers { permanent_uuid: "a96b2a5da5d648cdaa5e59e803e0cf9c" member_type: VOTER last_known_addr { host: "127.21.119.65" port: 37221 } } peers { permanent_uuid: "e83278b3a1d044af824349ad905b57d8" member_type: VOTER last_known_addr { host: "127.21.119.66" port: 37667 } } peers { permanent_uuid: "a2ee1453e665434db1f6e434d269770d" member_type: VOTER last_known_addr { host: "127.21.119.67" port: 37105 } attrs { replace: true } } peers { permanent_uuid: "77e9d1c867fa403caa3a45a4da267470" member_type: VOTER last_known_addr { host: "127.21.119.68" port: 41747 } attrs { promote: false } } }
I20260713 09:07:28.163604 23089 consensus_queue.cc:237] T 69fa7c09398243cba0d43211a6524830 P a96b2a5da5d648cdaa5e59e803e0cf9c [LEADER]: Queue going to LEADER mode. State: All replicated index: 0, Majority replicated index: 3, Committed index: 3, Last appended: 1.3, Last appended by leader: 0, Current term: 1, Majority size: 2, State: 0, Mode: LEADER, active raft config: opid_index: 4 OBSOLETE_local: false peers { permanent_uuid: "a96b2a5da5d648cdaa5e59e803e0cf9c" member_type: VOTER last_known_addr { host: "127.21.119.65" port: 37221 } } peers { permanent_uuid: "e83278b3a1d044af824349ad905b57d8" member_type: VOTER last_known_addr { host: "127.21.119.66" port: 37667 } } peers { permanent_uuid: "77e9d1c867fa403caa3a45a4da267470" member_type: VOTER last_known_addr { host: "127.21.119.68" port: 41747 } attrs { promote: false } }
I20260713 09:07:28.168699 23506 raft_consensus.cc:1275] T 69fa7c09398243cba0d43211a6524830 P 77e9d1c867fa403caa3a45a4da267470 [term 1 FOLLOWER]: Refusing update from remote peer a96b2a5da5d648cdaa5e59e803e0cf9c: Log matching property violated. Preceding OpId in replica: term: 1 index: 3. Preceding OpId from leader: term: 1 index: 4. (index mismatch)
I20260713 09:07:28.169602 23165 raft_consensus.cc:1275] T 69fa7c09398243cba0d43211a6524830 P e83278b3a1d044af824349ad905b57d8 [term 1 FOLLOWER]: Refusing update from remote peer a96b2a5da5d648cdaa5e59e803e0cf9c: Log matching property violated. Preceding OpId in replica: term: 1 index: 3. Preceding OpId from leader: term: 1 index: 4. (index mismatch)
I20260713 09:07:28.170261 23641 consensus_queue.cc:1048] T 69fa7c09398243cba0d43211a6524830 P a96b2a5da5d648cdaa5e59e803e0cf9c [LEADER]: Connected to new peer: Peer: permanent_uuid: "77e9d1c867fa403caa3a45a4da267470" member_type: VOTER last_known_addr { host: "127.21.119.68" port: 41747 } attrs { promote: false }, Status: LMP_MISMATCH, Last received: 0.0, Next index: 4, Last known committed idx: 3, Time since last communication: 0.000s
I20260713 09:07:28.171108 23640 consensus_queue.cc:1048] T 69fa7c09398243cba0d43211a6524830 P a96b2a5da5d648cdaa5e59e803e0cf9c [LEADER]: Connected to new peer: Peer: permanent_uuid: "e83278b3a1d044af824349ad905b57d8" member_type: VOTER last_known_addr { host: "127.21.119.66" port: 37667 }, Status: LMP_MISMATCH, Last received: 0.0, Next index: 4, Last known committed idx: 3, Time since last communication: 0.000s
I20260713 09:07:28.178714 23640 raft_consensus.cc:2955] T 69fa7c09398243cba0d43211a6524830 P a96b2a5da5d648cdaa5e59e803e0cf9c [term 1 LEADER]: Committing config change with OpId 1.4: config changed from index 3 to 4, VOTER a2ee1453e665434db1f6e434d269770d (127.21.119.67) evicted. New config: { opid_index: 4 OBSOLETE_local: false peers { permanent_uuid: "a96b2a5da5d648cdaa5e59e803e0cf9c" member_type: VOTER last_known_addr { host: "127.21.119.65" port: 37221 } } peers { permanent_uuid: "e83278b3a1d044af824349ad905b57d8" member_type: VOTER last_known_addr { host: "127.21.119.66" port: 37667 } } peers { permanent_uuid: "77e9d1c867fa403caa3a45a4da267470" member_type: VOTER last_known_addr { host: "127.21.119.68" port: 41747 } attrs { promote: false } } }
I20260713 09:07:28.180466 23165 raft_consensus.cc:2955] T 69fa7c09398243cba0d43211a6524830 P e83278b3a1d044af824349ad905b57d8 [term 1 FOLLOWER]: Committing config change with OpId 1.4: config changed from index 3 to 4, VOTER a2ee1453e665434db1f6e434d269770d (127.21.119.67) evicted. New config: { opid_index: 4 OBSOLETE_local: false peers { permanent_uuid: "a96b2a5da5d648cdaa5e59e803e0cf9c" member_type: VOTER last_known_addr { host: "127.21.119.65" port: 37221 } } peers { permanent_uuid: "e83278b3a1d044af824349ad905b57d8" member_type: VOTER last_known_addr { host: "127.21.119.66" port: 37667 } } peers { permanent_uuid: "77e9d1c867fa403caa3a45a4da267470" member_type: VOTER last_known_addr { host: "127.21.119.68" port: 41747 } attrs { promote: false } } }
I20260713 09:07:28.180416 23506 raft_consensus.cc:2955] T 69fa7c09398243cba0d43211a6524830 P 77e9d1c867fa403caa3a45a4da267470 [term 1 FOLLOWER]: Committing config change with OpId 1.4: config changed from index 3 to 4, VOTER a2ee1453e665434db1f6e434d269770d (127.21.119.67) evicted. New config: { opid_index: 4 OBSOLETE_local: false peers { permanent_uuid: "a96b2a5da5d648cdaa5e59e803e0cf9c" member_type: VOTER last_known_addr { host: "127.21.119.65" port: 37221 } } peers { permanent_uuid: "e83278b3a1d044af824349ad905b57d8" member_type: VOTER last_known_addr { host: "127.21.119.66" port: 37667 } } peers { permanent_uuid: "77e9d1c867fa403caa3a45a4da267470" member_type: VOTER last_known_addr { host: "127.21.119.68" port: 41747 } attrs { promote: false } } }
I20260713 09:07:28.191229 22977 catalog_manager.cc:5210] ChangeConfig:REMOVE_PEER RPC for tablet 69fa7c09398243cba0d43211a6524830 with cas_config_opid_index 3: ChangeConfig:REMOVE_PEER succeeded (attempt 1)
I20260713 09:07:28.196009 22990 catalog_manager.cc:5697] T 69fa7c09398243cba0d43211a6524830 P e83278b3a1d044af824349ad905b57d8 reported cstate change: config changed from index 3 to 4, VOTER a2ee1453e665434db1f6e434d269770d (127.21.119.67) evicted. New cstate: current_term: 1 leader_uuid: "a96b2a5da5d648cdaa5e59e803e0cf9c" committed_config { opid_index: 4 OBSOLETE_local: false peers { permanent_uuid: "a96b2a5da5d648cdaa5e59e803e0cf9c" member_type: VOTER last_known_addr { host: "127.21.119.65" port: 37221 } } peers { permanent_uuid: "e83278b3a1d044af824349ad905b57d8" member_type: VOTER last_known_addr { host: "127.21.119.66" port: 37667 } } peers { permanent_uuid: "77e9d1c867fa403caa3a45a4da267470" member_type: VOTER last_known_addr { host: "127.21.119.68" port: 41747 } attrs { promote: false } } }
I20260713 09:07:28.207499 23229 tablet_service.cc:1558] Processing DeleteTablet for tablet 69fa7c09398243cba0d43211a6524830 with delete_type TABLET_DATA_TOMBSTONED (TS a2ee1453e665434db1f6e434d269770d not found in new config with opid_index 4) from {username='slave'} at 127.0.0.1:48586
I20260713 09:07:28.211997 23654 tablet_replica.cc:333] T 69fa7c09398243cba0d43211a6524830 P a2ee1453e665434db1f6e434d269770d: stopping tablet replica
I20260713 09:07:28.213888 23654 raft_consensus.cc:2243] T 69fa7c09398243cba0d43211a6524830 P a2ee1453e665434db1f6e434d269770d [term 1 FOLLOWER]: Raft consensus shutting down.
I20260713 09:07:28.214749 23654 raft_consensus.cc:2272] T 69fa7c09398243cba0d43211a6524830 P a2ee1453e665434db1f6e434d269770d [term 1 FOLLOWER]: Raft consensus is shut down!
I20260713 09:07:28.219224 23654 ts_tablet_manager.cc:1916] T 69fa7c09398243cba0d43211a6524830 P a2ee1453e665434db1f6e434d269770d: Deleting tablet data with delete state TABLET_DATA_TOMBSTONED
I20260713 09:07:28.235112 23654 ts_tablet_manager.cc:1929] T 69fa7c09398243cba0d43211a6524830 P a2ee1453e665434db1f6e434d269770d: tablet deleted with delete type TABLET_DATA_TOMBSTONED: last-logged OpId 1.3
I20260713 09:07:28.235507 23654 log.cc:1199] T 69fa7c09398243cba0d43211a6524830 P a2ee1453e665434db1f6e434d269770d: Deleting WAL directory at /tmp/dist-test-taskHkhT6P/test-tmp/auto_leader_rebalancer-test.0.LeaderRebalancerTest.AddTserver.1783933615125047-21981-0/minicluster-data/ts-2-root/wals/69fa7c09398243cba0d43211a6524830
I20260713 09:07:28.236958 22977 catalog_manager.cc:5028] TS a2ee1453e665434db1f6e434d269770d (127.21.119.67:37105): tablet 69fa7c09398243cba0d43211a6524830 (table test-workload [id=20609d56ca924200b07abd07e92c1306]) successfully deleted
I20260713 09:07:28.480129 23623 raft_consensus.cc:1064] T 93596d1e773243989a83535a533f4e50 P a2ee1453e665434db1f6e434d269770d: attempting to promote NON_VOTER 77e9d1c867fa403caa3a45a4da267470 to VOTER
I20260713 09:07:28.482441 23616 raft_consensus.cc:1064] T 118550db6278480fac3dc51d2cdb592e P a2ee1453e665434db1f6e434d269770d: attempting to promote NON_VOTER 77e9d1c867fa403caa3a45a4da267470 to VOTER
I20260713 09:07:28.482867 23623 consensus_queue.cc:237] T 93596d1e773243989a83535a533f4e50 P a2ee1453e665434db1f6e434d269770d [LEADER]: Queue going to LEADER mode. State: All replicated index: 0, Majority replicated index: 2, Committed index: 2, Last appended: 1.2, Last appended by leader: 0, Current term: 1, Majority size: 3, State: 0, Mode: LEADER, active raft config: opid_index: 3 OBSOLETE_local: false peers { permanent_uuid: "a96b2a5da5d648cdaa5e59e803e0cf9c" member_type: VOTER last_known_addr { host: "127.21.119.65" port: 37221 } attrs { replace: true } } peers { permanent_uuid: "e83278b3a1d044af824349ad905b57d8" member_type: VOTER last_known_addr { host: "127.21.119.66" port: 37667 } } peers { permanent_uuid: "a2ee1453e665434db1f6e434d269770d" member_type: VOTER last_known_addr { host: "127.21.119.67" port: 37105 } } peers { permanent_uuid: "77e9d1c867fa403caa3a45a4da267470" member_type: VOTER last_known_addr { host: "127.21.119.68" port: 41747 } attrs { promote: false } }
I20260713 09:07:28.485016 23616 consensus_queue.cc:237] T 118550db6278480fac3dc51d2cdb592e P a2ee1453e665434db1f6e434d269770d [LEADER]: Queue going to LEADER mode. State: All replicated index: 0, Majority replicated index: 2, Committed index: 2, Last appended: 1.2, Last appended by leader: 0, Current term: 1, Majority size: 3, State: 0, Mode: LEADER, active raft config: opid_index: 3 OBSOLETE_local: false peers { permanent_uuid: "a2ee1453e665434db1f6e434d269770d" member_type: VOTER last_known_addr { host: "127.21.119.67" port: 37105 } } peers { permanent_uuid: "e83278b3a1d044af824349ad905b57d8" member_type: VOTER last_known_addr { host: "127.21.119.66" port: 37667 } } peers { permanent_uuid: "a96b2a5da5d648cdaa5e59e803e0cf9c" member_type: VOTER last_known_addr { host: "127.21.119.65" port: 37221 } attrs { replace: true } } peers { permanent_uuid: "77e9d1c867fa403caa3a45a4da267470" member_type: VOTER last_known_addr { host: "127.21.119.68" port: 41747 } attrs { promote: false } }
I20260713 09:07:28.493770 23506 raft_consensus.cc:1275] T 93596d1e773243989a83535a533f4e50 P 77e9d1c867fa403caa3a45a4da267470 [term 1 LEARNER]: Refusing update from remote peer a2ee1453e665434db1f6e434d269770d: Log matching property violated. Preceding OpId in replica: term: 1 index: 2. Preceding OpId from leader: term: 1 index: 3. (index mismatch)
I20260713 09:07:28.496415 23089 raft_consensus.cc:1275] T 93596d1e773243989a83535a533f4e50 P a96b2a5da5d648cdaa5e59e803e0cf9c [term 1 FOLLOWER]: Refusing update from remote peer a2ee1453e665434db1f6e434d269770d: Log matching property violated. Preceding OpId in replica: term: 1 index: 2. Preceding OpId from leader: term: 1 index: 3. (index mismatch)
I20260713 09:07:28.496145 23623 consensus_queue.cc:1048] T 93596d1e773243989a83535a533f4e50 P a2ee1453e665434db1f6e434d269770d [LEADER]: Connected to new peer: Peer: permanent_uuid: "77e9d1c867fa403caa3a45a4da267470" member_type: VOTER last_known_addr { host: "127.21.119.68" port: 41747 } attrs { promote: false }, Status: LMP_MISMATCH, Last received: 0.0, Next index: 3, Last known committed idx: 2, Time since last communication: 0.000s
I20260713 09:07:28.498512 23165 raft_consensus.cc:1275] T 93596d1e773243989a83535a533f4e50 P e83278b3a1d044af824349ad905b57d8 [term 1 FOLLOWER]: Refusing update from remote peer a2ee1453e665434db1f6e434d269770d: Log matching property violated. Preceding OpId in replica: term: 1 index: 2. Preceding OpId from leader: term: 1 index: 3. (index mismatch)
I20260713 09:07:28.508368 23657 consensus_queue.cc:1048] T 93596d1e773243989a83535a533f4e50 P a2ee1453e665434db1f6e434d269770d [LEADER]: Connected to new peer: Peer: permanent_uuid: "e83278b3a1d044af824349ad905b57d8" member_type: VOTER last_known_addr { host: "127.21.119.66" port: 37667 }, Status: LMP_MISMATCH, Last received: 0.0, Next index: 3, Last known committed idx: 2, Time since last communication: 0.001s
I20260713 09:07:28.511394 23657 consensus_queue.cc:1048] T 93596d1e773243989a83535a533f4e50 P a2ee1453e665434db1f6e434d269770d [LEADER]: Connected to new peer: Peer: permanent_uuid: "a96b2a5da5d648cdaa5e59e803e0cf9c" member_type: VOTER last_known_addr { host: "127.21.119.65" port: 37221 } attrs { replace: true }, Status: LMP_MISMATCH, Last received: 0.0, Next index: 3, Last known committed idx: 2, Time since last communication: 0.001s
I20260713 09:07:28.524992 23623 raft_consensus.cc:1064] T c0b94794624d4eb9b3a6c05444e47187 P a2ee1453e665434db1f6e434d269770d: attempting to promote NON_VOTER 77e9d1c867fa403caa3a45a4da267470 to VOTER
I20260713 09:07:28.526806 23505 raft_consensus.cc:1275] T 118550db6278480fac3dc51d2cdb592e P 77e9d1c867fa403caa3a45a4da267470 [term 1 LEARNER]: Refusing update from remote peer a2ee1453e665434db1f6e434d269770d: Log matching property violated. Preceding OpId in replica: term: 1 index: 2. Preceding OpId from leader: term: 1 index: 3. (index mismatch)
I20260713 09:07:28.528617 23167 raft_consensus.cc:1275] T 118550db6278480fac3dc51d2cdb592e P e83278b3a1d044af824349ad905b57d8 [term 1 FOLLOWER]: Refusing update from remote peer a2ee1453e665434db1f6e434d269770d: Log matching property violated. Preceding OpId in replica: term: 1 index: 2. Preceding OpId from leader: term: 1 index: 3. (index mismatch)
I20260713 09:07:28.530349 23089 raft_consensus.cc:1275] T 118550db6278480fac3dc51d2cdb592e P a96b2a5da5d648cdaa5e59e803e0cf9c [term 1 FOLLOWER]: Refusing update from remote peer a2ee1453e665434db1f6e434d269770d: Log matching property violated. Preceding OpId in replica: term: 1 index: 2. Preceding OpId from leader: term: 1 index: 3. (index mismatch)
I20260713 09:07:28.530371 23657 consensus_queue.cc:1048] T 118550db6278480fac3dc51d2cdb592e P a2ee1453e665434db1f6e434d269770d [LEADER]: Connected to new peer: Peer: permanent_uuid: "77e9d1c867fa403caa3a45a4da267470" member_type: VOTER last_known_addr { host: "127.21.119.68" port: 41747 } attrs { promote: false }, Status: LMP_MISMATCH, Last received: 0.0, Next index: 3, Last known committed idx: 2, Time since last communication: 0.001s
I20260713 09:07:28.532137 23616 consensus_queue.cc:1048] T 118550db6278480fac3dc51d2cdb592e P a2ee1453e665434db1f6e434d269770d [LEADER]: Connected to new peer: Peer: permanent_uuid: "e83278b3a1d044af824349ad905b57d8" member_type: VOTER last_known_addr { host: "127.21.119.66" port: 37667 }, Status: LMP_MISMATCH, Last received: 0.0, Next index: 3, Last known committed idx: 2, Time since last communication: 0.000s
I20260713 09:07:28.534319 23616 consensus_queue.cc:1048] T 118550db6278480fac3dc51d2cdb592e P a2ee1453e665434db1f6e434d269770d [LEADER]: Connected to new peer: Peer: permanent_uuid: "a96b2a5da5d648cdaa5e59e803e0cf9c" member_type: VOTER last_known_addr { host: "127.21.119.65" port: 37221 } attrs { replace: true }, Status: LMP_MISMATCH, Last received: 0.0, Next index: 3, Last known committed idx: 2, Time since last communication: 0.001s
I20260713 09:07:28.533522 23623 consensus_queue.cc:237] T c0b94794624d4eb9b3a6c05444e47187 P a2ee1453e665434db1f6e434d269770d [LEADER]: Queue going to LEADER mode. State: All replicated index: 0, Majority replicated index: 2, Committed index: 2, Last appended: 1.2, Last appended by leader: 0, Current term: 1, Majority size: 3, State: 0, Mode: LEADER, active raft config: opid_index: 3 OBSOLETE_local: false peers { permanent_uuid: "a96b2a5da5d648cdaa5e59e803e0cf9c" member_type: VOTER last_known_addr { host: "127.21.119.65" port: 37221 } } peers { permanent_uuid: "e83278b3a1d044af824349ad905b57d8" member_type: VOTER last_known_addr { host: "127.21.119.66" port: 37667 } attrs { replace: true } } peers { permanent_uuid: "a2ee1453e665434db1f6e434d269770d" member_type: VOTER last_known_addr { host: "127.21.119.67" port: 37105 } } peers { permanent_uuid: "77e9d1c867fa403caa3a45a4da267470" member_type: VOTER last_known_addr { host: "127.21.119.68" port: 41747 } attrs { promote: false } }
I20260713 09:07:28.556854 23625 raft_consensus.cc:2955] T 118550db6278480fac3dc51d2cdb592e P a2ee1453e665434db1f6e434d269770d [term 1 LEADER]: Committing config change with OpId 1.3: config changed from index 2 to 3, 77e9d1c867fa403caa3a45a4da267470 (127.21.119.68) changed from NON_VOTER to VOTER. New config: { opid_index: 3 OBSOLETE_local: false peers { permanent_uuid: "a2ee1453e665434db1f6e434d269770d" member_type: VOTER last_known_addr { host: "127.21.119.67" port: 37105 } } peers { permanent_uuid: "e83278b3a1d044af824349ad905b57d8" member_type: VOTER last_known_addr { host: "127.21.119.66" port: 37667 } } peers { permanent_uuid: "a96b2a5da5d648cdaa5e59e803e0cf9c" member_type: VOTER last_known_addr { host: "127.21.119.65" port: 37221 } attrs { replace: true } } peers { permanent_uuid: "77e9d1c867fa403caa3a45a4da267470" member_type: VOTER last_known_addr { host: "127.21.119.68" port: 41747 } attrs { promote: false } } }
I20260713 09:07:28.564692 23616 raft_consensus.cc:2955] T 93596d1e773243989a83535a533f4e50 P a2ee1453e665434db1f6e434d269770d [term 1 LEADER]: Committing config change with OpId 1.3: config changed from index 2 to 3, 77e9d1c867fa403caa3a45a4da267470 (127.21.119.68) changed from NON_VOTER to VOTER. New config: { opid_index: 3 OBSOLETE_local: false peers { permanent_uuid: "a96b2a5da5d648cdaa5e59e803e0cf9c" member_type: VOTER last_known_addr { host: "127.21.119.65" port: 37221 } attrs { replace: true } } peers { permanent_uuid: "e83278b3a1d044af824349ad905b57d8" member_type: VOTER last_known_addr { host: "127.21.119.66" port: 37667 } } peers { permanent_uuid: "a2ee1453e665434db1f6e434d269770d" member_type: VOTER last_known_addr { host: "127.21.119.67" port: 37105 } } peers { permanent_uuid: "77e9d1c867fa403caa3a45a4da267470" member_type: VOTER last_known_addr { host: "127.21.119.68" port: 41747 } attrs { promote: false } } }
I20260713 09:07:28.583608 23167 raft_consensus.cc:2955] T 93596d1e773243989a83535a533f4e50 P e83278b3a1d044af824349ad905b57d8 [term 1 FOLLOWER]: Committing config change with OpId 1.3: config changed from index 2 to 3, 77e9d1c867fa403caa3a45a4da267470 (127.21.119.68) changed from NON_VOTER to VOTER. New config: { opid_index: 3 OBSOLETE_local: false peers { permanent_uuid: "a96b2a5da5d648cdaa5e59e803e0cf9c" member_type: VOTER last_known_addr { host: "127.21.119.65" port: 37221 } attrs { replace: true } } peers { permanent_uuid: "e83278b3a1d044af824349ad905b57d8" member_type: VOTER last_known_addr { host: "127.21.119.66" port: 37667 } } peers { permanent_uuid: "a2ee1453e665434db1f6e434d269770d" member_type: VOTER last_known_addr { host: "127.21.119.67" port: 37105 } } peers { permanent_uuid: "77e9d1c867fa403caa3a45a4da267470" member_type: VOTER last_known_addr { host: "127.21.119.68" port: 41747 } attrs { promote: false } } }
I20260713 09:07:28.571172 23089 raft_consensus.cc:2955] T 118550db6278480fac3dc51d2cdb592e P a96b2a5da5d648cdaa5e59e803e0cf9c [term 1 FOLLOWER]: Committing config change with OpId 1.3: config changed from index 2 to 3, 77e9d1c867fa403caa3a45a4da267470 (127.21.119.68) changed from NON_VOTER to VOTER. New config: { opid_index: 3 OBSOLETE_local: false peers { permanent_uuid: "a2ee1453e665434db1f6e434d269770d" member_type: VOTER last_known_addr { host: "127.21.119.67" port: 37105 } } peers { permanent_uuid: "e83278b3a1d044af824349ad905b57d8" member_type: VOTER last_known_addr { host: "127.21.119.66" port: 37667 } } peers { permanent_uuid: "a96b2a5da5d648cdaa5e59e803e0cf9c" member_type: VOTER last_known_addr { host: "127.21.119.65" port: 37221 } attrs { replace: true } } peers { permanent_uuid: "77e9d1c867fa403caa3a45a4da267470" member_type: VOTER last_known_addr { host: "127.21.119.68" port: 41747 } attrs { promote: false } } }
I20260713 09:07:28.579663 23506 raft_consensus.cc:2955] T 93596d1e773243989a83535a533f4e50 P 77e9d1c867fa403caa3a45a4da267470 [term 1 FOLLOWER]: Committing config change with OpId 1.3: config changed from index 2 to 3, 77e9d1c867fa403caa3a45a4da267470 (127.21.119.68) changed from NON_VOTER to VOTER. New config: { opid_index: 3 OBSOLETE_local: false peers { permanent_uuid: "a96b2a5da5d648cdaa5e59e803e0cf9c" member_type: VOTER last_known_addr { host: "127.21.119.65" port: 37221 } attrs { replace: true } } peers { permanent_uuid: "e83278b3a1d044af824349ad905b57d8" member_type: VOTER last_known_addr { host: "127.21.119.66" port: 37667 } } peers { permanent_uuid: "a2ee1453e665434db1f6e434d269770d" member_type: VOTER last_known_addr { host: "127.21.119.67" port: 37105 } } peers { permanent_uuid: "77e9d1c867fa403caa3a45a4da267470" member_type: VOTER last_known_addr { host: "127.21.119.68" port: 41747 } attrs { promote: false } } }
