I20260713 09:06:57.068838 22087 consensus_queue.cc:237] T 29fba895e6e646fb93864063b5055eec P ae68736f446445a8a50e8414fc42bcd7 [LEADER]: Queue going to LEADER mode. State: All replicated index: 0, Majority replicated index: 0, Committed index: 0, Last appended: 0.0, Last appended by leader: 0, Current term: 1, Majority size: 2, State: 0, Mode: LEADER, active raft config: opid_index: -1 OBSOLETE_local: false peers { permanent_uuid: "ae68736f446445a8a50e8414fc42bcd7" member_type: VOTER last_known_addr { host: "127.21.52.129" port: 46567 } } peers { permanent_uuid: "e5b9a1b873ae4948a14fcdf203a9120f" member_type: VOTER last_known_addr { host: "127.21.52.130" port: 41019 } } peers { permanent_uuid: "ee36691ce655463abf4308f855394fdd" member_type: VOTER last_known_addr { host: "127.21.52.131" port: 39763 } }
W20260713 09:06:57.077610 21793 auto_rebalancer.cc:288] Could not retrieve cluster info: Service unavailable: Tablet not running
I20260713 09:06:57.085331 21998 raft_consensus.cc:2468] T 29fba895e6e646fb93864063b5055eec P ee36691ce655463abf4308f855394fdd [term 1 FOLLOWER]: Leader election vote request: Granting yes vote for candidate ae68736f446445a8a50e8414fc42bcd7 in term 1.
I20260713 09:06:57.096078 22042 raft_consensus.cc:359] T 052cd9d08e2e4b08a91dcfbfe952c3b3 P e5b9a1b873ae4948a14fcdf203a9120f [term 0 FOLLOWER]: Replica starting. Triggering 0 pending ops. Active config: opid_index: -1 OBSOLETE_local: false peers { permanent_uuid: "ae68736f446445a8a50e8414fc42bcd7" member_type: VOTER last_known_addr { host: "127.21.52.129" port: 46567 } } peers { permanent_uuid: "e5b9a1b873ae4948a14fcdf203a9120f" member_type: VOTER last_known_addr { host: "127.21.52.130" port: 41019 } } peers { permanent_uuid: "ee36691ce655463abf4308f855394fdd" member_type: VOTER last_known_addr { host: "127.21.52.131" port: 39763 } }
I20260713 09:06:57.096727 22042 raft_consensus.cc:385] T 052cd9d08e2e4b08a91dcfbfe952c3b3 P e5b9a1b873ae4948a14fcdf203a9120f [term 0 FOLLOWER]: Consensus starting up: Expiring failure detector timer to make a prompt election more likely
I20260713 09:06:57.084625 21922 raft_consensus.cc:2468] T d45b2fac962a4619aa282582723d2bd3 P e5b9a1b873ae4948a14fcdf203a9120f [term 1 FOLLOWER]: Leader election vote request: Granting yes vote for candidate ae68736f446445a8a50e8414fc42bcd7 in term 1.
I20260713 09:06:57.096961 22042 raft_consensus.cc:740] T 052cd9d08e2e4b08a91dcfbfe952c3b3 P e5b9a1b873ae4948a14fcdf203a9120f [term 0 FOLLOWER]: Becoming Follower/Learner. State: Replica: e5b9a1b873ae4948a14fcdf203a9120f, State: Initialized, Role: FOLLOWER
I20260713 09:06:57.097930 22042 consensus_queue.cc:260] T 052cd9d08e2e4b08a91dcfbfe952c3b3 P e5b9a1b873ae4948a14fcdf203a9120f [NON_LEADER]: Queue going to NON_LEADER mode. State: All replicated index: 0, Majority replicated index: 0, Committed index: 0, Last appended: 0.0, Last appended by leader: 0, Current term: 0, Majority size: -1, State: 0, Mode: NON_LEADER, active raft config: opid_index: -1 OBSOLETE_local: false peers { permanent_uuid: "ae68736f446445a8a50e8414fc42bcd7" member_type: VOTER last_known_addr { host: "127.21.52.129" port: 46567 } } peers { permanent_uuid: "e5b9a1b873ae4948a14fcdf203a9120f" member_type: VOTER last_known_addr { host: "127.21.52.130" port: 41019 } } peers { permanent_uuid: "ee36691ce655463abf4308f855394fdd" member_type: VOTER last_known_addr { host: "127.21.52.131" port: 39763 } }
I20260713 09:06:57.106344 22042 ts_tablet_manager.cc:1434] T 052cd9d08e2e4b08a91dcfbfe952c3b3 P e5b9a1b873ae4948a14fcdf203a9120f: Time spent starting tablet: real 0.022s	user 0.007s	sys 0.000s
I20260713 09:06:57.115116 22043 tablet_bootstrap.cc:492] T 83f9acde08a645669e0c24d3d6170bb9 P ee36691ce655463abf4308f855394fdd: No bootstrap required, opened a new log
I20260713 09:06:57.115574 22043 ts_tablet_manager.cc:1403] T 83f9acde08a645669e0c24d3d6170bb9 P ee36691ce655463abf4308f855394fdd: Time spent bootstrapping tablet: real 0.159s	user 0.025s	sys 0.001s
I20260713 09:06:57.114981 21746 catalog_manager.cc:5697] T 052cd9d08e2e4b08a91dcfbfe952c3b3 P ee36691ce655463abf4308f855394fdd reported cstate change: term changed from 0 to 1, leader changed from <none> to ee36691ce655463abf4308f855394fdd (127.21.52.131). New cstate: current_term: 1 leader_uuid: "ee36691ce655463abf4308f855394fdd" committed_config { opid_index: -1 OBSOLETE_local: false peers { permanent_uuid: "ae68736f446445a8a50e8414fc42bcd7" member_type: VOTER last_known_addr { host: "127.21.52.129" port: 46567 } health_report { overall_health: UNKNOWN } } peers { permanent_uuid: "e5b9a1b873ae4948a14fcdf203a9120f" member_type: VOTER last_known_addr { host: "127.21.52.130" port: 41019 } health_report { overall_health: UNKNOWN } } peers { permanent_uuid: "ee36691ce655463abf4308f855394fdd" member_type: VOTER last_known_addr { host: "127.21.52.131" port: 39763 } health_report { overall_health: HEALTHY } } }
I20260713 09:06:57.118085 21746 catalog_manager.cc:5697] T 737b1013dfeb4eb18e393208d729a1cd P ee36691ce655463abf4308f855394fdd reported cstate change: term changed from 0 to 1, leader changed from <none> to ee36691ce655463abf4308f855394fdd (127.21.52.131). New cstate: current_term: 1 leader_uuid: "ee36691ce655463abf4308f855394fdd" committed_config { opid_index: -1 OBSOLETE_local: false peers { permanent_uuid: "ae68736f446445a8a50e8414fc42bcd7" member_type: VOTER last_known_addr { host: "127.21.52.129" port: 46567 } health_report { overall_health: UNKNOWN } } peers { permanent_uuid: "e5b9a1b873ae4948a14fcdf203a9120f" member_type: VOTER last_known_addr { host: "127.21.52.130" port: 41019 } health_report { overall_health: UNKNOWN } } peers { permanent_uuid: "ee36691ce655463abf4308f855394fdd" member_type: VOTER last_known_addr { host: "127.21.52.131" port: 39763 } health_report { overall_health: HEALTHY } } }
I20260713 09:06:57.118829 22043 raft_consensus.cc:359] T 83f9acde08a645669e0c24d3d6170bb9 P ee36691ce655463abf4308f855394fdd [term 0 FOLLOWER]: Replica starting. Triggering 0 pending ops. Active config: opid_index: -1 OBSOLETE_local: false peers { permanent_uuid: "ae68736f446445a8a50e8414fc42bcd7" member_type: VOTER last_known_addr { host: "127.21.52.129" port: 46567 } } peers { permanent_uuid: "e5b9a1b873ae4948a14fcdf203a9120f" member_type: VOTER last_known_addr { host: "127.21.52.130" port: 41019 } } peers { permanent_uuid: "ee36691ce655463abf4308f855394fdd" member_type: VOTER last_known_addr { host: "127.21.52.131" port: 39763 } }
I20260713 09:06:57.119570 22043 raft_consensus.cc:385] T 83f9acde08a645669e0c24d3d6170bb9 P ee36691ce655463abf4308f855394fdd [term 0 FOLLOWER]: Consensus starting up: Expiring failure detector timer to make a prompt election more likely
I20260713 09:06:57.119865 22043 raft_consensus.cc:740] T 83f9acde08a645669e0c24d3d6170bb9 P ee36691ce655463abf4308f855394fdd [term 0 FOLLOWER]: Becoming Follower/Learner. State: Replica: ee36691ce655463abf4308f855394fdd, State: Initialized, Role: FOLLOWER
I20260713 09:06:57.121227 22043 consensus_queue.cc:260] T 83f9acde08a645669e0c24d3d6170bb9 P ee36691ce655463abf4308f855394fdd [NON_LEADER]: Queue going to NON_LEADER mode. State: All replicated index: 0, Majority replicated index: 0, Committed index: 0, Last appended: 0.0, Last appended by leader: 0, Current term: 0, Majority size: -1, State: 0, Mode: NON_LEADER, active raft config: opid_index: -1 OBSOLETE_local: false peers { permanent_uuid: "ae68736f446445a8a50e8414fc42bcd7" member_type: VOTER last_known_addr { host: "127.21.52.129" port: 46567 } } peers { permanent_uuid: "e5b9a1b873ae4948a14fcdf203a9120f" member_type: VOTER last_known_addr { host: "127.21.52.130" port: 41019 } } peers { permanent_uuid: "ee36691ce655463abf4308f855394fdd" member_type: VOTER last_known_addr { host: "127.21.52.131" port: 39763 } }
I20260713 09:06:57.123320 22043 ts_tablet_manager.cc:1434] T 83f9acde08a645669e0c24d3d6170bb9 P ee36691ce655463abf4308f855394fdd: Time spent starting tablet: real 0.007s	user 0.003s	sys 0.004s
I20260713 09:06:57.117138 21744 catalog_manager.cc:5697] T 29fba895e6e646fb93864063b5055eec P ae68736f446445a8a50e8414fc42bcd7 reported cstate change: term changed from 0 to 1, leader changed from <none> to ae68736f446445a8a50e8414fc42bcd7 (127.21.52.129). New cstate: current_term: 1 leader_uuid: "ae68736f446445a8a50e8414fc42bcd7" committed_config { opid_index: -1 OBSOLETE_local: false peers { permanent_uuid: "ae68736f446445a8a50e8414fc42bcd7" member_type: VOTER last_known_addr { host: "127.21.52.129" port: 46567 } health_report { overall_health: HEALTHY } } peers { permanent_uuid: "e5b9a1b873ae4948a14fcdf203a9120f" member_type: VOTER last_known_addr { host: "127.21.52.130" port: 41019 } health_report { overall_health: UNKNOWN } } peers { permanent_uuid: "ee36691ce655463abf4308f855394fdd" member_type: VOTER last_known_addr { host: "127.21.52.131" port: 39763 } health_report { overall_health: UNKNOWN } } }
I20260713 09:06:57.142341 21744 catalog_manager.cc:5697] T d45b2fac962a4619aa282582723d2bd3 P ae68736f446445a8a50e8414fc42bcd7 reported cstate change: term changed from 0 to 1, leader changed from <none> to ae68736f446445a8a50e8414fc42bcd7 (127.21.52.129). New cstate: current_term: 1 leader_uuid: "ae68736f446445a8a50e8414fc42bcd7" committed_config { opid_index: -1 OBSOLETE_local: false peers { permanent_uuid: "ae68736f446445a8a50e8414fc42bcd7" member_type: VOTER last_known_addr { host: "127.21.52.129" port: 46567 } health_report { overall_health: HEALTHY } } peers { permanent_uuid: "e5b9a1b873ae4948a14fcdf203a9120f" member_type: VOTER last_known_addr { host: "127.21.52.130" port: 41019 } health_report { overall_health: UNKNOWN } } peers { permanent_uuid: "ee36691ce655463abf4308f855394fdd" member_type: VOTER last_known_addr { host: "127.21.52.131" port: 39763 } health_report { overall_health: UNKNOWN } } }
I20260713 09:06:57.188963 22065 consensus_queue.cc:1048] T 13c0a88f6666456a857617360311eeb2 P e5b9a1b873ae4948a14fcdf203a9120f [LEADER]: Connected to new peer: Peer: permanent_uuid: "ee36691ce655463abf4308f855394fdd" member_type: VOTER last_known_addr { host: "127.21.52.131" port: 39763 }, Status: LMP_MISMATCH, Last received: 0.0, Next index: 1, Last known committed idx: 0, Time since last communication: 0.000s
I20260713 09:06:57.195225 21997 raft_consensus.cc:3060] T 83f9acde08a645669e0c24d3d6170bb9 P ee36691ce655463abf4308f855394fdd [term 0 FOLLOWER]: Advancing to term 1
I20260713 09:06:57.202490 22048 consensus_queue.cc:1048] T 13c0a88f6666456a857617360311eeb2 P e5b9a1b873ae4948a14fcdf203a9120f [LEADER]: Connected to new peer: Peer: permanent_uuid: "ae68736f446445a8a50e8414fc42bcd7" member_type: VOTER last_known_addr { host: "127.21.52.129" port: 46567 }, Status: LMP_MISMATCH, Last received: 0.0, Next index: 1, Last known committed idx: 0, Time since last communication: 0.000s
I20260713 09:06:57.207171 22048 raft_consensus.cc:493] T 052cd9d08e2e4b08a91dcfbfe952c3b3 P e5b9a1b873ae4948a14fcdf203a9120f [term 0 FOLLOWER]: Starting pre-election (no leader contacted us within the election timeout)
I20260713 09:06:57.207639 22048 raft_consensus.cc:515] T 052cd9d08e2e4b08a91dcfbfe952c3b3 P e5b9a1b873ae4948a14fcdf203a9120f [term 0 FOLLOWER]: Starting pre-election with config: opid_index: -1 OBSOLETE_local: false peers { permanent_uuid: "ae68736f446445a8a50e8414fc42bcd7" member_type: VOTER last_known_addr { host: "127.21.52.129" port: 46567 } } peers { permanent_uuid: "e5b9a1b873ae4948a14fcdf203a9120f" member_type: VOTER last_known_addr { host: "127.21.52.130" port: 41019 } } peers { permanent_uuid: "ee36691ce655463abf4308f855394fdd" member_type: VOTER last_known_addr { host: "127.21.52.131" port: 39763 } }
I20260713 09:06:57.209894 22087 consensus_queue.cc:1048] T 83f9acde08a645669e0c24d3d6170bb9 P ae68736f446445a8a50e8414fc42bcd7 [LEADER]: Connected to new peer: Peer: permanent_uuid: "ee36691ce655463abf4308f855394fdd" member_type: VOTER last_known_addr { host: "127.21.52.131" port: 39763 }, Status: LMP_MISMATCH, Last received: 0.0, Next index: 1, Last known committed idx: 0, Time since last communication: 0.000s
I20260713 09:06:57.211948 21849 tablet_service.cc:1917] Received RequestConsensusVote() RPC: tablet_id: "052cd9d08e2e4b08a91dcfbfe952c3b3" candidate_uuid: "e5b9a1b873ae4948a14fcdf203a9120f" candidate_term: 1 candidate_status { last_received { term: 0 index: 0 } } ignore_live_leader: false dest_uuid: "ae68736f446445a8a50e8414fc42bcd7" is_pre_election: true
I20260713 09:06:57.212216 21997 tablet_service.cc:1917] Received RequestConsensusVote() RPC: tablet_id: "052cd9d08e2e4b08a91dcfbfe952c3b3" candidate_uuid: "e5b9a1b873ae4948a14fcdf203a9120f" candidate_term: 1 candidate_status { last_received { term: 0 index: 0 } } ignore_live_leader: false dest_uuid: "ee36691ce655463abf4308f855394fdd" is_pre_election: true
I20260713 09:06:57.212741 21849 raft_consensus.cc:2393] T 052cd9d08e2e4b08a91dcfbfe952c3b3 P ae68736f446445a8a50e8414fc42bcd7 [term 1 FOLLOWER]: Leader pre-election vote request: Denying vote to candidate e5b9a1b873ae4948a14fcdf203a9120f in current term 1: Already voted for candidate ee36691ce655463abf4308f855394fdd in this term.
I20260713 09:06:57.214318 21887 leader_election.cc:304] T 052cd9d08e2e4b08a91dcfbfe952c3b3 P e5b9a1b873ae4948a14fcdf203a9120f [CANDIDATE]: Term 1 pre-election: Election decided. Result: candidate lost. Election summary: received 3 responses out of 3 voters: 1 yes votes; 2 no votes. yes voters: e5b9a1b873ae4948a14fcdf203a9120f; no voters: ae68736f446445a8a50e8414fc42bcd7, ee36691ce655463abf4308f855394fdd
I20260713 09:06:57.215070 22063 raft_consensus.cc:3060] T 052cd9d08e2e4b08a91dcfbfe952c3b3 P e5b9a1b873ae4948a14fcdf203a9120f [term 0 FOLLOWER]: Advancing to term 1
I20260713 09:06:57.213932 22048 leader_election.cc:290] T 052cd9d08e2e4b08a91dcfbfe952c3b3 P e5b9a1b873ae4948a14fcdf203a9120f [CANDIDATE]: Term 1 pre-election: Requested pre-vote from peers ae68736f446445a8a50e8414fc42bcd7 (127.21.52.129:46567), ee36691ce655463abf4308f855394fdd (127.21.52.131:39763)
I20260713 09:06:57.225154 22063 raft_consensus.cc:2749] T 052cd9d08e2e4b08a91dcfbfe952c3b3 P e5b9a1b873ae4948a14fcdf203a9120f [term 1 FOLLOWER]: Leader pre-election lost for term 1. Reason: could not achieve majority
I20260713 09:06:57.227746 22051 consensus_queue.cc:1048] T 83f9acde08a645669e0c24d3d6170bb9 P ae68736f446445a8a50e8414fc42bcd7 [LEADER]: Connected to new peer: Peer: permanent_uuid: "e5b9a1b873ae4948a14fcdf203a9120f" member_type: VOTER last_known_addr { host: "127.21.52.130" port: 41019 }, Status: LMP_MISMATCH, Last received: 0.0, Next index: 1, Last known committed idx: 0, Time since last communication: 0.000s
I20260713 09:06:57.228847 22091 consensus_queue.cc:1048] T 8d7b1627697e4f6fb4a935efe72272ea P ee36691ce655463abf4308f855394fdd [LEADER]: Connected to new peer: Peer: permanent_uuid: "e5b9a1b873ae4948a14fcdf203a9120f" member_type: VOTER last_known_addr { host: "127.21.52.130" port: 41019 }, Status: LMP_MISMATCH, Last received: 0.0, Next index: 1, Last known committed idx: 0, Time since last communication: 0.000s
I20260713 09:06:57.258991 22088 consensus_queue.cc:1048] T 8d7b1627697e4f6fb4a935efe72272ea P ee36691ce655463abf4308f855394fdd [LEADER]: Connected to new peer: Peer: permanent_uuid: "ae68736f446445a8a50e8414fc42bcd7" member_type: VOTER last_known_addr { host: "127.21.52.129" port: 46567 }, Status: LMP_MISMATCH, Last received: 0.0, Next index: 1, Last known committed idx: 0, Time since last communication: 0.000s
I20260713 09:06:57.359238 21998 tablet_service.cc:2072] Received LeaderStepDown RPC: tablet_id: "8d7b1627697e4f6fb4a935efe72272ea"
dest_uuid: "ee36691ce655463abf4308f855394fdd"
mode: GRACEFUL
new_leader_uuid: "ae68736f446445a8a50e8414fc42bcd7"
 from {username='slave'} at 127.0.0.1:36392
I20260713 09:06:57.359846 21998 raft_consensus.cc:606] T 8d7b1627697e4f6fb4a935efe72272ea P ee36691ce655463abf4308f855394fdd [term 1 LEADER]: Received request to transfer leadership to TS ae68736f446445a8a50e8414fc42bcd7
I20260713 09:06:57.374277 21924 tablet_service.cc:2072] Received LeaderStepDown RPC: tablet_id: "753a9afa57d54309938069818abcf01b"
dest_uuid: "e5b9a1b873ae4948a14fcdf203a9120f"
mode: GRACEFUL
new_leader_uuid: "ae68736f446445a8a50e8414fc42bcd7"
 from {username='slave'} at 127.0.0.1:54552
I20260713 09:06:57.374927 21924 raft_consensus.cc:606] T 753a9afa57d54309938069818abcf01b P e5b9a1b873ae4948a14fcdf203a9120f [term 1 LEADER]: Received request to transfer leadership to TS ae68736f446445a8a50e8414fc42bcd7
I20260713 09:06:57.385859 21998 tablet_service.cc:2072] Received LeaderStepDown RPC: tablet_id: "abccefc3643c48c8a41117318027580b"
dest_uuid: "ee36691ce655463abf4308f855394fdd"
mode: GRACEFUL
new_leader_uuid: "e5b9a1b873ae4948a14fcdf203a9120f"
 from {username='slave'} at 127.0.0.1:36392
I20260713 09:06:57.386408 21998 raft_consensus.cc:606] T abccefc3643c48c8a41117318027580b P ee36691ce655463abf4308f855394fdd [term 1 LEADER]: Received request to transfer leadership to TS e5b9a1b873ae4948a14fcdf203a9120f
I20260713 09:06:57.391351 21998 tablet_service.cc:2072] Received LeaderStepDown RPC: tablet_id: "737b1013dfeb4eb18e393208d729a1cd"
dest_uuid: "ee36691ce655463abf4308f855394fdd"
mode: GRACEFUL
new_leader_uuid: "e5b9a1b873ae4948a14fcdf203a9120f"
 from {username='slave'} at 127.0.0.1:36392
I20260713 09:06:57.391945 21998 raft_consensus.cc:606] T 737b1013dfeb4eb18e393208d729a1cd P ee36691ce655463abf4308f855394fdd [term 1 LEADER]: Received request to transfer leadership to TS e5b9a1b873ae4948a14fcdf203a9120f
I20260713 09:06:57.400421 21998 tablet_service.cc:2072] Received LeaderStepDown RPC: tablet_id: "052cd9d08e2e4b08a91dcfbfe952c3b3"
dest_uuid: "ee36691ce655463abf4308f855394fdd"
mode: GRACEFUL
new_leader_uuid: "e5b9a1b873ae4948a14fcdf203a9120f"
 from {username='slave'} at 127.0.0.1:36392
I20260713 09:06:57.401015 21998 raft_consensus.cc:606] T 052cd9d08e2e4b08a91dcfbfe952c3b3 P ee36691ce655463abf4308f855394fdd [term 1 LEADER]: Received request to transfer leadership to TS e5b9a1b873ae4948a14fcdf203a9120f
I20260713 09:06:57.407522 22088 consensus_queue.cc:1048] T 052cd9d08e2e4b08a91dcfbfe952c3b3 P ee36691ce655463abf4308f855394fdd [LEADER]: Connected to new peer: Peer: permanent_uuid: "e5b9a1b873ae4948a14fcdf203a9120f" member_type: VOTER last_known_addr { host: "127.21.52.130" port: 41019 }, Status: LMP_MISMATCH, Last received: 0.0, Next index: 1, Last known committed idx: 0, Time since last communication: 0.000s
I20260713 09:06:57.416247 22046 raft_consensus.cc:993] T 052cd9d08e2e4b08a91dcfbfe952c3b3 P ee36691ce655463abf4308f855394fdd: : Instructing follower e5b9a1b873ae4948a14fcdf203a9120f to start an election
I20260713 09:06:57.416723 22046 raft_consensus.cc:1081] T 052cd9d08e2e4b08a91dcfbfe952c3b3 P ee36691ce655463abf4308f855394fdd [term 1 LEADER]: Signalling peer e5b9a1b873ae4948a14fcdf203a9120f to start an election
I20260713 09:06:57.418735 21922 tablet_service.cc:2044] Received Run Leader Election RPC: tablet_id: "052cd9d08e2e4b08a91dcfbfe952c3b3"
dest_uuid: "e5b9a1b873ae4948a14fcdf203a9120f"
 from {username='slave'} at 127.0.0.1:54542
I20260713 09:06:57.419313 21922 raft_consensus.cc:493] T 052cd9d08e2e4b08a91dcfbfe952c3b3 P e5b9a1b873ae4948a14fcdf203a9120f [term 1 FOLLOWER]: Starting forced leader election (received explicit request)
I20260713 09:06:57.419695 21922 raft_consensus.cc:3060] T 052cd9d08e2e4b08a91dcfbfe952c3b3 P e5b9a1b873ae4948a14fcdf203a9120f [term 1 FOLLOWER]: Advancing to term 2
I20260713 09:06:57.426636 21848 tablet_service.cc:2072] Received LeaderStepDown RPC: tablet_id: "d45b2fac962a4619aa282582723d2bd3"
dest_uuid: "ae68736f446445a8a50e8414fc42bcd7"
mode: GRACEFUL
new_leader_uuid: "ee36691ce655463abf4308f855394fdd"
 from {username='slave'} at 127.0.0.1:38048
I20260713 09:06:57.426911 21922 raft_consensus.cc:515] T 052cd9d08e2e4b08a91dcfbfe952c3b3 P e5b9a1b873ae4948a14fcdf203a9120f [term 2 FOLLOWER]: Starting forced leader election with config: opid_index: -1 OBSOLETE_local: false peers { permanent_uuid: "ae68736f446445a8a50e8414fc42bcd7" member_type: VOTER last_known_addr { host: "127.21.52.129" port: 46567 } } peers { permanent_uuid: "e5b9a1b873ae4948a14fcdf203a9120f" member_type: VOTER last_known_addr { host: "127.21.52.130" port: 41019 } } peers { permanent_uuid: "ee36691ce655463abf4308f855394fdd" member_type: VOTER last_known_addr { host: "127.21.52.131" port: 39763 } }
I20260713 09:06:57.427243 21848 raft_consensus.cc:606] T d45b2fac962a4619aa282582723d2bd3 P ae68736f446445a8a50e8414fc42bcd7 [term 1 LEADER]: Received request to transfer leadership to TS ee36691ce655463abf4308f855394fdd
I20260713 09:06:57.430153 22088 consensus_queue.cc:1048] T 052cd9d08e2e4b08a91dcfbfe952c3b3 P ee36691ce655463abf4308f855394fdd [LEADER]: Connected to new peer: Peer: permanent_uuid: "ae68736f446445a8a50e8414fc42bcd7" member_type: VOTER last_known_addr { host: "127.21.52.129" port: 46567 }, Status: LMP_MISMATCH, Last received: 0.0, Next index: 1, Last known committed idx: 0, Time since last communication: 0.000s
I20260713 09:06:57.430943 21924 raft_consensus.cc:1240] T 052cd9d08e2e4b08a91dcfbfe952c3b3 P e5b9a1b873ae4948a14fcdf203a9120f [term 2 FOLLOWER]: Rejecting Update request from peer ee36691ce655463abf4308f855394fdd for earlier term 1. Current term is 2. Ops: []
I20260713 09:06:57.431567 21848 tablet_service.cc:1917] Received RequestConsensusVote() RPC: tablet_id: "052cd9d08e2e4b08a91dcfbfe952c3b3" candidate_uuid: "e5b9a1b873ae4948a14fcdf203a9120f" candidate_term: 2 candidate_status { last_received { term: 1 index: 1 } } ignore_live_leader: true dest_uuid: "ae68736f446445a8a50e8414fc42bcd7"
I20260713 09:06:57.432116 21848 raft_consensus.cc:3060] T 052cd9d08e2e4b08a91dcfbfe952c3b3 P ae68736f446445a8a50e8414fc42bcd7 [term 1 FOLLOWER]: Advancing to term 2
I20260713 09:06:57.432180 21922 leader_election.cc:290] T 052cd9d08e2e4b08a91dcfbfe952c3b3 P e5b9a1b873ae4948a14fcdf203a9120f [CANDIDATE]: Term 2 election: Requested vote from peers ae68736f446445a8a50e8414fc42bcd7 (127.21.52.129:46567), ee36691ce655463abf4308f855394fdd (127.21.52.131:39763)
I20260713 09:06:57.433174 21998 tablet_service.cc:1917] Received RequestConsensusVote() RPC: tablet_id: "052cd9d08e2e4b08a91dcfbfe952c3b3" candidate_uuid: "e5b9a1b873ae4948a14fcdf203a9120f" candidate_term: 2 candidate_status { last_received { term: 1 index: 1 } } ignore_live_leader: true dest_uuid: "ee36691ce655463abf4308f855394fdd"
I20260713 09:06:57.435169 22046 consensus_queue.cc:1059] T 052cd9d08e2e4b08a91dcfbfe952c3b3 P ee36691ce655463abf4308f855394fdd [LEADER]: Peer responded invalid term: Peer: permanent_uuid: "e5b9a1b873ae4948a14fcdf203a9120f" member_type: VOTER last_known_addr { host: "127.21.52.130" port: 41019 }, Status: INVALID_TERM, Last received: 1.1, Next index: 2, Last known committed idx: 0, Time since last communication: 0.000s
I20260713 09:06:57.436247 21998 raft_consensus.cc:3055] T 052cd9d08e2e4b08a91dcfbfe952c3b3 P ee36691ce655463abf4308f855394fdd [term 1 LEADER]: Stepping down as leader of term 1
I20260713 09:06:57.436817 21998 raft_consensus.cc:740] T 052cd9d08e2e4b08a91dcfbfe952c3b3 P ee36691ce655463abf4308f855394fdd [term 1 LEADER]: Becoming Follower/Learner. State: Replica: ee36691ce655463abf4308f855394fdd, State: Running, Role: LEADER
I20260713 09:06:57.437672 21998 consensus_queue.cc:260] T 052cd9d08e2e4b08a91dcfbfe952c3b3 P ee36691ce655463abf4308f855394fdd [NON_LEADER]: Queue going to NON_LEADER mode. State: All replicated index: 0, Majority replicated index: 1, Committed index: 1, Last appended: 1.1, Last appended by leader: 1, Current term: 1, Majority size: -1, State: 0, Mode: NON_LEADER, active raft config: opid_index: -1 OBSOLETE_local: false peers { permanent_uuid: "ae68736f446445a8a50e8414fc42bcd7" member_type: VOTER last_known_addr { host: "127.21.52.129" port: 46567 } } peers { permanent_uuid: "e5b9a1b873ae4948a14fcdf203a9120f" member_type: VOTER last_known_addr { host: "127.21.52.130" port: 41019 } } peers { permanent_uuid: "ee36691ce655463abf4308f855394fdd" member_type: VOTER last_known_addr { host: "127.21.52.131" port: 39763 } }
I20260713 09:06:57.438654 21998 raft_consensus.cc:3060] T 052cd9d08e2e4b08a91dcfbfe952c3b3 P ee36691ce655463abf4308f855394fdd [term 1 FOLLOWER]: Advancing to term 2
I20260713 09:06:57.442085 21848 raft_consensus.cc:2468] T 052cd9d08e2e4b08a91dcfbfe952c3b3 P ae68736f446445a8a50e8414fc42bcd7 [term 2 FOLLOWER]: Leader election vote request: Granting yes vote for candidate e5b9a1b873ae4948a14fcdf203a9120f in term 2.
I20260713 09:06:57.442871 21849 raft_consensus.cc:1240] T 052cd9d08e2e4b08a91dcfbfe952c3b3 P ae68736f446445a8a50e8414fc42bcd7 [term 2 FOLLOWER]: Rejecting Update request from peer ee36691ce655463abf4308f855394fdd for earlier term 1. Current term is 2. Ops: [1.1-1.1]
I20260713 09:06:57.443365 21887 leader_election.cc:304] T 052cd9d08e2e4b08a91dcfbfe952c3b3 P e5b9a1b873ae4948a14fcdf203a9120f [CANDIDATE]: Term 2 election: Election decided. Result: candidate won. Election summary: received 2 responses out of 3 voters: 2 yes votes; 0 no votes. yes voters: ae68736f446445a8a50e8414fc42bcd7, e5b9a1b873ae4948a14fcdf203a9120f; no voters: 
I20260713 09:06:57.444135 22048 raft_consensus.cc:2804] T 052cd9d08e2e4b08a91dcfbfe952c3b3 P e5b9a1b873ae4948a14fcdf203a9120f [term 2 FOLLOWER]: Leader election won for term 2
I20260713 09:06:57.444589 22048 raft_consensus.cc:697] T 052cd9d08e2e4b08a91dcfbfe952c3b3 P e5b9a1b873ae4948a14fcdf203a9120f [term 2 LEADER]: Becoming Leader. State: Replica: e5b9a1b873ae4948a14fcdf203a9120f, State: Running, Role: LEADER
I20260713 09:06:57.445367 22048 consensus_queue.cc:237] T 052cd9d08e2e4b08a91dcfbfe952c3b3 P e5b9a1b873ae4948a14fcdf203a9120f [LEADER]: Queue going to LEADER mode. State: All replicated index: 0, Majority replicated index: 0, Committed index: 0, Last appended: 1.1, Last appended by leader: 1, Current term: 2, Majority size: 2, State: 0, Mode: LEADER, active raft config: opid_index: -1 OBSOLETE_local: false peers { permanent_uuid: "ae68736f446445a8a50e8414fc42bcd7" member_type: VOTER last_known_addr { host: "127.21.52.129" port: 46567 } } peers { permanent_uuid: "e5b9a1b873ae4948a14fcdf203a9120f" member_type: VOTER last_known_addr { host: "127.21.52.130" port: 41019 } } peers { permanent_uuid: "ee36691ce655463abf4308f855394fdd" member_type: VOTER last_known_addr { host: "127.21.52.131" port: 39763 } }
I20260713 09:06:57.446367 21998 raft_consensus.cc:2468] T 052cd9d08e2e4b08a91dcfbfe952c3b3 P ee36691ce655463abf4308f855394fdd [term 2 FOLLOWER]: Leader election vote request: Granting yes vote for candidate e5b9a1b873ae4948a14fcdf203a9120f in term 2.
W20260713 09:06:57.447263 22046 raft_consensus.cc:936] Couldn't advance consensus term.: Illegal state: Can't advance term to: 2 current term: 2 is higher.
I20260713 09:06:57.453181 21745 catalog_manager.cc:5697] T 052cd9d08e2e4b08a91dcfbfe952c3b3 P e5b9a1b873ae4948a14fcdf203a9120f reported cstate change: term changed from 1 to 2, leader changed from ee36691ce655463abf4308f855394fdd (127.21.52.131) to e5b9a1b873ae4948a14fcdf203a9120f (127.21.52.130). New cstate: current_term: 2 leader_uuid: "e5b9a1b873ae4948a14fcdf203a9120f" committed_config { opid_index: -1 OBSOLETE_local: false peers { permanent_uuid: "ae68736f446445a8a50e8414fc42bcd7" member_type: VOTER last_known_addr { host: "127.21.52.129" port: 46567 } health_report { overall_health: UNKNOWN } } peers { permanent_uuid: "e5b9a1b873ae4948a14fcdf203a9120f" member_type: VOTER last_known_addr { host: "127.21.52.130" port: 41019 } health_report { overall_health: HEALTHY } } peers { permanent_uuid: "ee36691ce655463abf4308f855394fdd" member_type: VOTER last_known_addr { host: "127.21.52.131" port: 39763 } health_report { overall_health: UNKNOWN } } }
I20260713 09:06:57.473126 22063 raft_consensus.cc:993] T 753a9afa57d54309938069818abcf01b P e5b9a1b873ae4948a14fcdf203a9120f: : Instructing follower ae68736f446445a8a50e8414fc42bcd7 to start an election
I20260713 09:06:57.473613 22048 raft_consensus.cc:1081] T 753a9afa57d54309938069818abcf01b P e5b9a1b873ae4948a14fcdf203a9120f [term 1 LEADER]: Signalling peer ae68736f446445a8a50e8414fc42bcd7 to start an election
I20260713 09:06:57.475322 21849 tablet_service.cc:2044] Received Run Leader Election RPC: tablet_id: "753a9afa57d54309938069818abcf01b"
dest_uuid: "ae68736f446445a8a50e8414fc42bcd7"
 from {username='slave'} at 127.0.0.1:38032
I20260713 09:06:57.475912 21849 raft_consensus.cc:493] T 753a9afa57d54309938069818abcf01b P ae68736f446445a8a50e8414fc42bcd7 [term 1 FOLLOWER]: Starting forced leader election (received explicit request)
I20260713 09:06:57.476260 21849 raft_consensus.cc:3060] T 753a9afa57d54309938069818abcf01b P ae68736f446445a8a50e8414fc42bcd7 [term 1 FOLLOWER]: Advancing to term 2
I20260713 09:06:57.482154 21849 raft_consensus.cc:515] T 753a9afa57d54309938069818abcf01b P ae68736f446445a8a50e8414fc42bcd7 [term 2 FOLLOWER]: Starting forced leader election with config: opid_index: -1 OBSOLETE_local: false peers { permanent_uuid: "ae68736f446445a8a50e8414fc42bcd7" member_type: VOTER last_known_addr { host: "127.21.52.129" port: 46567 } } peers { permanent_uuid: "e5b9a1b873ae4948a14fcdf203a9120f" member_type: VOTER last_known_addr { host: "127.21.52.130" port: 41019 } } peers { permanent_uuid: "ee36691ce655463abf4308f855394fdd" member_type: VOTER last_known_addr { host: "127.21.52.131" port: 39763 } }
I20260713 09:06:57.483848 21849 leader_election.cc:290] T 753a9afa57d54309938069818abcf01b P ae68736f446445a8a50e8414fc42bcd7 [CANDIDATE]: Term 2 election: Requested vote from peers e5b9a1b873ae4948a14fcdf203a9120f (127.21.52.130:41019), ee36691ce655463abf4308f855394fdd (127.21.52.131:39763)
I20260713 09:06:57.484830 21922 tablet_service.cc:1917] Received RequestConsensusVote() RPC: tablet_id: "753a9afa57d54309938069818abcf01b" candidate_uuid: "ae68736f446445a8a50e8414fc42bcd7" candidate_term: 2 candidate_status { last_received { term: 1 index: 1 } } ignore_live_leader: true dest_uuid: "e5b9a1b873ae4948a14fcdf203a9120f"
I20260713 09:06:57.485136 21998 tablet_service.cc:1917] Received RequestConsensusVote() RPC: tablet_id: "753a9afa57d54309938069818abcf01b" candidate_uuid: "ae68736f446445a8a50e8414fc42bcd7" candidate_term: 2 candidate_status { last_received { term: 1 index: 1 } } ignore_live_leader: true dest_uuid: "ee36691ce655463abf4308f855394fdd"
I20260713 09:06:57.485459 21922 raft_consensus.cc:3055] T 753a9afa57d54309938069818abcf01b P e5b9a1b873ae4948a14fcdf203a9120f [term 1 LEADER]: Stepping down as leader of term 1
I20260713 09:06:57.485716 21998 raft_consensus.cc:3060] T 753a9afa57d54309938069818abcf01b P ee36691ce655463abf4308f855394fdd [term 1 FOLLOWER]: Advancing to term 2
I20260713 09:06:57.485846 21922 raft_consensus.cc:740] T 753a9afa57d54309938069818abcf01b P e5b9a1b873ae4948a14fcdf203a9120f [term 1 LEADER]: Becoming Follower/Learner. State: Replica: e5b9a1b873ae4948a14fcdf203a9120f, State: Running, Role: LEADER
I20260713 09:06:57.486691 21922 consensus_queue.cc:260] T 753a9afa57d54309938069818abcf01b P e5b9a1b873ae4948a14fcdf203a9120f [NON_LEADER]: Queue going to NON_LEADER mode. State: All replicated index: 0, Majority replicated index: 1, Committed index: 1, Last appended: 1.1, Last appended by leader: 1, Current term: 1, Majority size: -1, State: 0, Mode: NON_LEADER, active raft config: opid_index: -1 OBSOLETE_local: false peers { permanent_uuid: "ae68736f446445a8a50e8414fc42bcd7" member_type: VOTER last_known_addr { host: "127.21.52.129" port: 46567 } } peers { permanent_uuid: "e5b9a1b873ae4948a14fcdf203a9120f" member_type: VOTER last_known_addr { host: "127.21.52.130" port: 41019 } } peers { permanent_uuid: "ee36691ce655463abf4308f855394fdd" member_type: VOTER last_known_addr { host: "127.21.52.131" port: 39763 } }
I20260713 09:06:57.487567 21922 raft_consensus.cc:3060] T 753a9afa57d54309938069818abcf01b P e5b9a1b873ae4948a14fcdf203a9120f [term 1 FOLLOWER]: Advancing to term 2
I20260713 09:06:57.491974 21922 raft_consensus.cc:2468] T 753a9afa57d54309938069818abcf01b P e5b9a1b873ae4948a14fcdf203a9120f [term 2 FOLLOWER]: Leader election vote request: Granting yes vote for candidate ae68736f446445a8a50e8414fc42bcd7 in term 2.
I20260713 09:06:57.492345 21998 raft_consensus.cc:2468] T 753a9afa57d54309938069818abcf01b P ee36691ce655463abf4308f855394fdd [term 2 FOLLOWER]: Leader election vote request: Granting yes vote for candidate ae68736f446445a8a50e8414fc42bcd7 in term 2.
I20260713 09:06:57.493089 21814 leader_election.cc:304] T 753a9afa57d54309938069818abcf01b P ae68736f446445a8a50e8414fc42bcd7 [CANDIDATE]: Term 2 election: Election decided. Result: candidate won. Election summary: received 2 responses out of 3 voters: 2 yes votes; 0 no votes. yes voters: ae68736f446445a8a50e8414fc42bcd7, e5b9a1b873ae4948a14fcdf203a9120f; no voters: 
I20260713 09:06:57.493852 22051 raft_consensus.cc:2804] T 753a9afa57d54309938069818abcf01b P ae68736f446445a8a50e8414fc42bcd7 [term 2 FOLLOWER]: Leader election won for term 2
I20260713 09:06:57.494321 22051 raft_consensus.cc:697] T 753a9afa57d54309938069818abcf01b P ae68736f446445a8a50e8414fc42bcd7 [term 2 LEADER]: Becoming Leader. State: Replica: ae68736f446445a8a50e8414fc42bcd7, State: Running, Role: LEADER
I20260713 09:06:57.495075 22051 consensus_queue.cc:237] T 753a9afa57d54309938069818abcf01b P ae68736f446445a8a50e8414fc42bcd7 [LEADER]: Queue going to LEADER mode. State: All replicated index: 0, Majority replicated index: 1, Committed index: 1, Last appended: 1.1, Last appended by leader: 1, Current term: 2, Majority size: 2, State: 0, Mode: LEADER, active raft config: opid_index: -1 OBSOLETE_local: false peers { permanent_uuid: "ae68736f446445a8a50e8414fc42bcd7" member_type: VOTER last_known_addr { host: "127.21.52.129" port: 46567 } } peers { permanent_uuid: "e5b9a1b873ae4948a14fcdf203a9120f" member_type: VOTER last_known_addr { host: "127.21.52.130" port: 41019 } } peers { permanent_uuid: "ee36691ce655463abf4308f855394fdd" member_type: VOTER last_known_addr { host: "127.21.52.131" port: 39763 } }
I20260713 09:06:57.500059 22051 consensus_queue.cc:1048] T d45b2fac962a4619aa282582723d2bd3 P ae68736f446445a8a50e8414fc42bcd7 [LEADER]: Connected to new peer: Peer: permanent_uuid: "ee36691ce655463abf4308f855394fdd" member_type: VOTER last_known_addr { host: "127.21.52.131" port: 39763 }, Status: LMP_MISMATCH, Last received: 0.0, Next index: 1, Last known committed idx: 0, Time since last communication: 0.000s
I20260713 09:06:57.501791 21745 catalog_manager.cc:5697] T 753a9afa57d54309938069818abcf01b P ae68736f446445a8a50e8414fc42bcd7 reported cstate change: term changed from 1 to 2, leader changed from e5b9a1b873ae4948a14fcdf203a9120f (127.21.52.130) to ae68736f446445a8a50e8414fc42bcd7 (127.21.52.129). New cstate: current_term: 2 leader_uuid: "ae68736f446445a8a50e8414fc42bcd7" committed_config { opid_index: -1 OBSOLETE_local: false peers { permanent_uuid: "ae68736f446445a8a50e8414fc42bcd7" member_type: VOTER last_known_addr { host: "127.21.52.129" port: 46567 } health_report { overall_health: HEALTHY } } peers { permanent_uuid: "e5b9a1b873ae4948a14fcdf203a9120f" member_type: VOTER last_known_addr { host: "127.21.52.130" port: 41019 } health_report { overall_health: UNKNOWN } } peers { permanent_uuid: "ee36691ce655463abf4308f855394fdd" member_type: VOTER last_known_addr { host: "127.21.52.131" port: 39763 } health_report { overall_health: UNKNOWN } } }
I20260713 09:06:57.508569 22051 consensus_queue.cc:1048] T d45b2fac962a4619aa282582723d2bd3 P ae68736f446445a8a50e8414fc42bcd7 [LEADER]: Connected to new peer: Peer: permanent_uuid: "e5b9a1b873ae4948a14fcdf203a9120f" member_type: VOTER last_known_addr { host: "127.21.52.130" port: 41019 }, Status: LMP_MISMATCH, Last received: 0.0, Next index: 1, Last known committed idx: 0, Time since last communication: 0.000s
I20260713 09:06:57.512732 22089 raft_consensus.cc:993] T d45b2fac962a4619aa282582723d2bd3 P ae68736f446445a8a50e8414fc42bcd7: : Instructing follower ee36691ce655463abf4308f855394fdd to start an election
I20260713 09:06:57.513171 22087 raft_consensus.cc:1081] T d45b2fac962a4619aa282582723d2bd3 P ae68736f446445a8a50e8414fc42bcd7 [term 1 LEADER]: Signalling peer ee36691ce655463abf4308f855394fdd to start an election
I20260713 09:06:57.514912 22046 consensus_queue.cc:1048] T 737b1013dfeb4eb18e393208d729a1cd P ee36691ce655463abf4308f855394fdd [LEADER]: Connected to new peer: Peer: permanent_uuid: "ae68736f446445a8a50e8414fc42bcd7" member_type: VOTER last_known_addr { host: "127.21.52.129" port: 46567 }, Status: LMP_MISMATCH, Last received: 0.0, Next index: 1, Last known committed idx: 0, Time since last communication: 0.000s
I20260713 09:06:57.524539 21998 tablet_service.cc:2044] Received Run Leader Election RPC: tablet_id: "d45b2fac962a4619aa282582723d2bd3"
dest_uuid: "ee36691ce655463abf4308f855394fdd"
 from {username='slave'} at 127.0.0.1:36388
I20260713 09:06:57.531798 22087 consensus_queue.cc:1048] T 29fba895e6e646fb93864063b5055eec P ae68736f446445a8a50e8414fc42bcd7 [LEADER]: Connected to new peer: Peer: permanent_uuid: "ee36691ce655463abf4308f855394fdd" member_type: VOTER last_known_addr { host: "127.21.52.131" port: 39763 }, Status: LMP_MISMATCH, Last received: 0.0, Next index: 1, Last known committed idx: 0, Time since last communication: 0.000s
I20260713 09:06:57.550591 22091 consensus_queue.cc:1048] T 737b1013dfeb4eb18e393208d729a1cd P ee36691ce655463abf4308f855394fdd [LEADER]: Connected to new peer: Peer: permanent_uuid: "e5b9a1b873ae4948a14fcdf203a9120f" member_type: VOTER last_known_addr { host: "127.21.52.130" port: 41019 }, Status: LMP_MISMATCH, Last received: 0.0, Next index: 1, Last known committed idx: 0, Time since last communication: 0.000s
I20260713 09:06:57.552168 21998 raft_consensus.cc:493] T d45b2fac962a4619aa282582723d2bd3 P ee36691ce655463abf4308f855394fdd [term 1 FOLLOWER]: Starting forced leader election (received explicit request)
I20260713 09:06:57.552628 21998 raft_consensus.cc:3060] T d45b2fac962a4619aa282582723d2bd3 P ee36691ce655463abf4308f855394fdd [term 1 FOLLOWER]: Advancing to term 2
I20260713 09:06:57.560935 21998 raft_consensus.cc:515] T d45b2fac962a4619aa282582723d2bd3 P ee36691ce655463abf4308f855394fdd [term 2 FOLLOWER]: Starting forced leader election with config: opid_index: -1 OBSOLETE_local: false peers { permanent_uuid: "ae68736f446445a8a50e8414fc42bcd7" member_type: VOTER last_known_addr { host: "127.21.52.129" port: 46567 } } peers { permanent_uuid: "e5b9a1b873ae4948a14fcdf203a9120f" member_type: VOTER last_known_addr { host: "127.21.52.130" port: 41019 } } peers { permanent_uuid: "ee36691ce655463abf4308f855394fdd" member_type: VOTER last_known_addr { host: "127.21.52.131" port: 39763 } }
I20260713 09:06:57.564235 21848 tablet_service.cc:1917] Received RequestConsensusVote() RPC: tablet_id: "d45b2fac962a4619aa282582723d2bd3" candidate_uuid: "ee36691ce655463abf4308f855394fdd" candidate_term: 2 candidate_status { last_received { term: 1 index: 1 } } ignore_live_leader: true dest_uuid: "ae68736f446445a8a50e8414fc42bcd7"
I20260713 09:06:57.564955 21848 raft_consensus.cc:3055] T d45b2fac962a4619aa282582723d2bd3 P ae68736f446445a8a50e8414fc42bcd7 [term 1 LEADER]: Stepping down as leader of term 1
I20260713 09:06:57.565500 21848 raft_consensus.cc:740] T d45b2fac962a4619aa282582723d2bd3 P ae68736f446445a8a50e8414fc42bcd7 [term 1 LEADER]: Becoming Follower/Learner. State: Replica: ae68736f446445a8a50e8414fc42bcd7, State: Running, Role: LEADER
I20260713 09:06:57.566398 21848 consensus_queue.cc:260] T d45b2fac962a4619aa282582723d2bd3 P ae68736f446445a8a50e8414fc42bcd7 [NON_LEADER]: Queue going to NON_LEADER mode. State: All replicated index: 0, Majority replicated index: 1, Committed index: 1, Last appended: 1.1, Last appended by leader: 1, Current term: 1, Majority size: -1, State: 0, Mode: NON_LEADER, active raft config: opid_index: -1 OBSOLETE_local: false peers { permanent_uuid: "ae68736f446445a8a50e8414fc42bcd7" member_type: VOTER last_known_addr { host: "127.21.52.129" port: 46567 } } peers { permanent_uuid: "e5b9a1b873ae4948a14fcdf203a9120f" member_type: VOTER last_known_addr { host: "127.21.52.130" port: 41019 } } peers { permanent_uuid: "ee36691ce655463abf4308f855394fdd" member_type: VOTER last_known_addr { host: "127.21.52.131" port: 39763 } }
I20260713 09:06:57.567574 21848 raft_consensus.cc:3060] T d45b2fac962a4619aa282582723d2bd3 P ae68736f446445a8a50e8414fc42bcd7 [term 1 FOLLOWER]: Advancing to term 2
I20260713 09:06:57.573897 22122 consensus_queue.cc:1048] T 29fba895e6e646fb93864063b5055eec P ae68736f446445a8a50e8414fc42bcd7 [LEADER]: Connected to new peer: Peer: permanent_uuid: "e5b9a1b873ae4948a14fcdf203a9120f" member_type: VOTER last_known_addr { host: "127.21.52.130" port: 41019 }, Status: LMP_MISMATCH, Last received: 0.0, Next index: 1, Last known committed idx: 0, Time since last communication: 0.000s
I20260713 09:06:57.588423 21998 leader_election.cc:290] T d45b2fac962a4619aa282582723d2bd3 P ee36691ce655463abf4308f855394fdd [CANDIDATE]: Term 2 election: Requested vote from peers ae68736f446445a8a50e8414fc42bcd7 (127.21.52.129:46567), e5b9a1b873ae4948a14fcdf203a9120f (127.21.52.130:41019)
I20260713 09:06:57.588936 21848 raft_consensus.cc:2468] T d45b2fac962a4619aa282582723d2bd3 P ae68736f446445a8a50e8414fc42bcd7 [term 2 FOLLOWER]: Leader election vote request: Granting yes vote for candidate ee36691ce655463abf4308f855394fdd in term 2.
I20260713 09:06:57.590099 21961 leader_election.cc:304] T d45b2fac962a4619aa282582723d2bd3 P ee36691ce655463abf4308f855394fdd [CANDIDATE]: Term 2 election: Election decided. Result: candidate won. Election summary: received 2 responses out of 3 voters: 2 yes votes; 0 no votes. yes voters: ae68736f446445a8a50e8414fc42bcd7, ee36691ce655463abf4308f855394fdd; no voters: 
I20260713 09:06:57.590809 22091 raft_consensus.cc:2804] T d45b2fac962a4619aa282582723d2bd3 P ee36691ce655463abf4308f855394fdd [term 2 FOLLOWER]: Leader election won for term 2
I20260713 09:06:57.591367 22091 raft_consensus.cc:697] T d45b2fac962a4619aa282582723d2bd3 P ee36691ce655463abf4308f855394fdd [term 2 LEADER]: Becoming Leader. State: Replica: ee36691ce655463abf4308f855394fdd, State: Running, Role: LEADER
I20260713 09:06:57.592152 22091 consensus_queue.cc:237] T d45b2fac962a4619aa282582723d2bd3 P ee36691ce655463abf4308f855394fdd [LEADER]: Queue going to LEADER mode. State: All replicated index: 0, Majority replicated index: 1, Committed index: 1, Last appended: 1.1, Last appended by leader: 1, Current term: 2, Majority size: 2, State: 0, Mode: LEADER, active raft config: opid_index: -1 OBSOLETE_local: false peers { permanent_uuid: "ae68736f446445a8a50e8414fc42bcd7" member_type: VOTER last_known_addr { host: "127.21.52.129" port: 46567 } } peers { permanent_uuid: "e5b9a1b873ae4948a14fcdf203a9120f" member_type: VOTER last_known_addr { host: "127.21.52.130" port: 41019 } } peers { permanent_uuid: "ee36691ce655463abf4308f855394fdd" member_type: VOTER last_known_addr { host: "127.21.52.131" port: 39763 } }
I20260713 09:06:57.593077 22088 raft_consensus.cc:993] T 737b1013dfeb4eb18e393208d729a1cd P ee36691ce655463abf4308f855394fdd: : Instructing follower e5b9a1b873ae4948a14fcdf203a9120f to start an election
I20260713 09:06:57.593492 22088 raft_consensus.cc:1081] T 737b1013dfeb4eb18e393208d729a1cd P ee36691ce655463abf4308f855394fdd [term 1 LEADER]: Signalling peer e5b9a1b873ae4948a14fcdf203a9120f to start an election
I20260713 09:06:57.593411 21922 tablet_service.cc:1917] Received RequestConsensusVote() RPC: tablet_id: "d45b2fac962a4619aa282582723d2bd3" candidate_uuid: "ee36691ce655463abf4308f855394fdd" candidate_term: 2 candidate_status { last_received { term: 1 index: 1 } } ignore_live_leader: true dest_uuid: "e5b9a1b873ae4948a14fcdf203a9120f"
I20260713 09:06:57.594028 21922 raft_consensus.cc:3060] T d45b2fac962a4619aa282582723d2bd3 P e5b9a1b873ae4948a14fcdf203a9120f [term 1 FOLLOWER]: Advancing to term 2
I20260713 09:06:57.595240 21923 tablet_service.cc:2044] Received Run Leader Election RPC: tablet_id: "737b1013dfeb4eb18e393208d729a1cd"
dest_uuid: "e5b9a1b873ae4948a14fcdf203a9120f"
 from {username='slave'} at 127.0.0.1:54542
I20260713 09:06:57.595695 21923 raft_consensus.cc:493] T 737b1013dfeb4eb18e393208d729a1cd P e5b9a1b873ae4948a14fcdf203a9120f [term 1 FOLLOWER]: Starting forced leader election (received explicit request)
I20260713 09:06:57.596004 21923 raft_consensus.cc:3060] T 737b1013dfeb4eb18e393208d729a1cd P e5b9a1b873ae4948a14fcdf203a9120f [term 1 FOLLOWER]: Advancing to term 2
I20260713 09:06:57.600673 21922 raft_consensus.cc:2468] T d45b2fac962a4619aa282582723d2bd3 P e5b9a1b873ae4948a14fcdf203a9120f [term 2 FOLLOWER]: Leader election vote request: Granting yes vote for candidate ee36691ce655463abf4308f855394fdd in term 2.
I20260713 09:06:57.602643 21923 raft_consensus.cc:515] T 737b1013dfeb4eb18e393208d729a1cd P e5b9a1b873ae4948a14fcdf203a9120f [term 2 FOLLOWER]: Starting forced leader election with config: opid_index: -1 OBSOLETE_local: false peers { permanent_uuid: "ae68736f446445a8a50e8414fc42bcd7" member_type: VOTER last_known_addr { host: "127.21.52.129" port: 46567 } } peers { permanent_uuid: "e5b9a1b873ae4948a14fcdf203a9120f" member_type: VOTER last_known_addr { host: "127.21.52.130" port: 41019 } } peers { permanent_uuid: "ee36691ce655463abf4308f855394fdd" member_type: VOTER last_known_addr { host: "127.21.52.131" port: 39763 } }
I20260713 09:06:57.605844 21848 tablet_service.cc:1917] Received RequestConsensusVote() RPC: tablet_id: "737b1013dfeb4eb18e393208d729a1cd" candidate_uuid: "e5b9a1b873ae4948a14fcdf203a9120f" candidate_term: 2 candidate_status { last_received { term: 1 index: 1 } } ignore_live_leader: true dest_uuid: "ae68736f446445a8a50e8414fc42bcd7"
I20260713 09:06:57.606448 21848 raft_consensus.cc:3060] T 737b1013dfeb4eb18e393208d729a1cd P ae68736f446445a8a50e8414fc42bcd7 [term 1 FOLLOWER]: Advancing to term 2
I20260713 09:06:57.608775 21745 catalog_manager.cc:5697] T d45b2fac962a4619aa282582723d2bd3 P ee36691ce655463abf4308f855394fdd reported cstate change: term changed from 1 to 2, leader changed from ae68736f446445a8a50e8414fc42bcd7 (127.21.52.129) to ee36691ce655463abf4308f855394fdd (127.21.52.131). New cstate: current_term: 2 leader_uuid: "ee36691ce655463abf4308f855394fdd" committed_config { opid_index: -1 OBSOLETE_local: false peers { permanent_uuid: "ae68736f446445a8a50e8414fc42bcd7" member_type: VOTER last_known_addr { host: "127.21.52.129" port: 46567 } health_report { overall_health: UNKNOWN } } peers { permanent_uuid: "e5b9a1b873ae4948a14fcdf203a9120f" member_type: VOTER last_known_addr { host: "127.21.52.130" port: 41019 } health_report { overall_health: UNKNOWN } } peers { permanent_uuid: "ee36691ce655463abf4308f855394fdd" member_type: VOTER last_known_addr { host: "127.21.52.131" port: 39763 } health_report { overall_health: HEALTHY } } }
I20260713 09:06:57.614634 21848 raft_consensus.cc:2468] T 737b1013dfeb4eb18e393208d729a1cd P ae68736f446445a8a50e8414fc42bcd7 [term 2 FOLLOWER]: Leader election vote request: Granting yes vote for candidate e5b9a1b873ae4948a14fcdf203a9120f in term 2.
I20260713 09:06:57.618002 21887 leader_election.cc:304] T 737b1013dfeb4eb18e393208d729a1cd P e5b9a1b873ae4948a14fcdf203a9120f [CANDIDATE]: Term 2 election: Election decided. Result: candidate won. Election summary: received 2 responses out of 3 voters: 2 yes votes; 0 no votes. yes voters: ae68736f446445a8a50e8414fc42bcd7, e5b9a1b873ae4948a14fcdf203a9120f; no voters: 
I20260713 09:06:57.618878 22048 raft_consensus.cc:2804] T 737b1013dfeb4eb18e393208d729a1cd P e5b9a1b873ae4948a14fcdf203a9120f [term 2 FOLLOWER]: Leader election won for term 2
I20260713 09:06:57.619333 22048 raft_consensus.cc:697] T 737b1013dfeb4eb18e393208d729a1cd P e5b9a1b873ae4948a14fcdf203a9120f [term 2 LEADER]: Becoming Leader. State: Replica: e5b9a1b873ae4948a14fcdf203a9120f, State: Running, Role: LEADER
I20260713 09:06:57.620159 22048 consensus_queue.cc:237] T 737b1013dfeb4eb18e393208d729a1cd P e5b9a1b873ae4948a14fcdf203a9120f [LEADER]: Queue going to LEADER mode. State: All replicated index: 0, Majority replicated index: 1, Committed index: 1, Last appended: 1.1, Last appended by leader: 1, Current term: 2, Majority size: 2, State: 0, Mode: LEADER, active raft config: opid_index: -1 OBSOLETE_local: false peers { permanent_uuid: "ae68736f446445a8a50e8414fc42bcd7" member_type: VOTER last_known_addr { host: "127.21.52.129" port: 46567 } } peers { permanent_uuid: "e5b9a1b873ae4948a14fcdf203a9120f" member_type: VOTER last_known_addr { host: "127.21.52.130" port: 41019 } } peers { permanent_uuid: "ee36691ce655463abf4308f855394fdd" member_type: VOTER last_known_addr { host: "127.21.52.131" port: 39763 } }
I20260713 09:06:57.606624 21923 leader_election.cc:290] T 737b1013dfeb4eb18e393208d729a1cd P e5b9a1b873ae4948a14fcdf203a9120f [CANDIDATE]: Term 2 election: Requested vote from peers ae68736f446445a8a50e8414fc42bcd7 (127.21.52.129:46567), ee36691ce655463abf4308f855394fdd (127.21.52.131:39763)
I20260713 09:06:57.629658 21998 tablet_service.cc:1917] Received RequestConsensusVote() RPC: tablet_id: "737b1013dfeb4eb18e393208d729a1cd" candidate_uuid: "e5b9a1b873ae4948a14fcdf203a9120f" candidate_term: 2 candidate_status { last_received { term: 1 index: 1 } } ignore_live_leader: true dest_uuid: "ee36691ce655463abf4308f855394fdd"
I20260713 09:06:57.630265 21998 raft_consensus.cc:3055] T 737b1013dfeb4eb18e393208d729a1cd P ee36691ce655463abf4308f855394fdd [term 1 LEADER]: Stepping down as leader of term 1
I20260713 09:06:57.630578 21998 raft_consensus.cc:740] T 737b1013dfeb4eb18e393208d729a1cd P ee36691ce655463abf4308f855394fdd [term 1 LEADER]: Becoming Follower/Learner. State: Replica: ee36691ce655463abf4308f855394fdd, State: Running, Role: LEADER
