I20260713 09:07:41.507890 18360 raft_consensus.cc:697] T 348a947fbaa34d7b9b19673eb4dfc6f2 P beb23069d6934d0fac1b975fb36d0a28 [term 2 LEADER]: Becoming Leader. State: Replica: beb23069d6934d0fac1b975fb36d0a28, State: Running, Role: LEADER
I20260713 09:07:41.508519 17662 raft_consensus.cc:2468] T 348a947fbaa34d7b9b19673eb4dfc6f2 P d8c99953a0c4460a91e923443d8a3711 [term 2 FOLLOWER]: Leader election vote request: Granting yes vote for candidate beb23069d6934d0fac1b975fb36d0a28 in term 2.
I20260713 09:07:41.508723 18360 consensus_queue.cc:237] T 348a947fbaa34d7b9b19673eb4dfc6f2 P beb23069d6934d0fac1b975fb36d0a28 [LEADER]: Queue going to LEADER mode. State: All replicated index: 0, Majority replicated index: 1, Committed index: 1, Last appended: 1.1, Last appended by leader: 1, Current term: 2, Majority size: 2, State: 0, Mode: LEADER, active raft config: opid_index: -1 OBSOLETE_local: false peers { permanent_uuid: "d8c99953a0c4460a91e923443d8a3711" member_type: VOTER last_known_addr { host: "127.16.39.1" port: 36649 } } peers { permanent_uuid: "d5d7943accd544d58eb3deba76389574" member_type: VOTER last_known_addr { host: "127.16.39.2" port: 38953 } } peers { permanent_uuid: "beb23069d6934d0fac1b975fb36d0a28" member_type: VOTER last_known_addr { host: "127.16.39.3" port: 35423 } }
I20260713 09:07:41.516521 17557 catalog_manager.cc:5697] T 348a947fbaa34d7b9b19673eb4dfc6f2 P beb23069d6934d0fac1b975fb36d0a28 reported cstate change: term changed from 1 to 2, leader changed from d8c99953a0c4460a91e923443d8a3711 (127.16.39.1) to beb23069d6934d0fac1b975fb36d0a28 (127.16.39.3). New cstate: current_term: 2 leader_uuid: "beb23069d6934d0fac1b975fb36d0a28" committed_config { opid_index: -1 OBSOLETE_local: false peers { permanent_uuid: "d8c99953a0c4460a91e923443d8a3711" member_type: VOTER last_known_addr { host: "127.16.39.1" port: 36649 } health_report { overall_health: UNKNOWN } } peers { permanent_uuid: "d5d7943accd544d58eb3deba76389574" member_type: VOTER last_known_addr { host: "127.16.39.2" port: 38953 } health_report { overall_health: UNKNOWN } } peers { permanent_uuid: "beb23069d6934d0fac1b975fb36d0a28" member_type: VOTER last_known_addr { host: "127.16.39.3" port: 35423 } health_report { overall_health: HEALTHY } } }
I20260713 09:07:41.552675 17662 raft_consensus.cc:1275] T e62af9f2bae54c92a7a1dc3b9cf4d6a8 P d8c99953a0c4460a91e923443d8a3711 [term 2 FOLLOWER]: Refusing update from remote peer 7348322f64ff478db169fa3c234182b9: Log matching property violated. Preceding OpId in replica: term: 1 index: 4. Preceding OpId from leader: term: 2 index: 5. (index mismatch)
I20260713 09:07:41.554229 18444 consensus_queue.cc:1048] T e62af9f2bae54c92a7a1dc3b9cf4d6a8 P 7348322f64ff478db169fa3c234182b9 [LEADER]: Connected to new peer: Peer: permanent_uuid: "d8c99953a0c4460a91e923443d8a3711" member_type: VOTER last_known_addr { host: "127.16.39.1" port: 36649 }, Status: LMP_MISMATCH, Last received: 0.0, Next index: 5, Last known committed idx: 4, Time since last communication: 0.000s
I20260713 09:07:41.566818 17811 raft_consensus.cc:1275] T e62af9f2bae54c92a7a1dc3b9cf4d6a8 P beb23069d6934d0fac1b975fb36d0a28 [term 2 FOLLOWER]: Refusing update from remote peer 7348322f64ff478db169fa3c234182b9: Log matching property violated. Preceding OpId in replica: term: 1 index: 4. Preceding OpId from leader: term: 2 index: 5. (index mismatch)
I20260713 09:07:41.568867 18461 consensus_queue.cc:1048] T e62af9f2bae54c92a7a1dc3b9cf4d6a8 P 7348322f64ff478db169fa3c234182b9 [LEADER]: Connected to new peer: Peer: permanent_uuid: "beb23069d6934d0fac1b975fb36d0a28" member_type: VOTER last_known_addr { host: "127.16.39.3" port: 35423 }, Status: LMP_MISMATCH, Last received: 0.0, Next index: 5, Last known committed idx: 4, Time since last communication: 0.000s
I20260713 09:07:41.786571 17737 raft_consensus.cc:1275] T c0bfc18c03d546568f49b044085bd0ae P d5d7943accd544d58eb3deba76389574 [term 2 FOLLOWER]: Refusing update from remote peer beb23069d6934d0fac1b975fb36d0a28: Log matching property violated. Preceding OpId in replica: term: 1 index: 1. Preceding OpId from leader: term: 2 index: 2. (index mismatch)
I20260713 09:07:41.787613 18484 consensus_queue.cc:1048] T c0bfc18c03d546568f49b044085bd0ae P beb23069d6934d0fac1b975fb36d0a28 [LEADER]: Connected to new peer: Peer: permanent_uuid: "d5d7943accd544d58eb3deba76389574" member_type: VOTER last_known_addr { host: "127.16.39.2" port: 38953 }, Status: LMP_MISMATCH, Last received: 0.0, Next index: 2, Last known committed idx: 1, Time since last communication: 0.000s
I20260713 09:07:41.796540 17662 raft_consensus.cc:1275] T c0bfc18c03d546568f49b044085bd0ae P d8c99953a0c4460a91e923443d8a3711 [term 2 FOLLOWER]: Refusing update from remote peer beb23069d6934d0fac1b975fb36d0a28: Log matching property violated. Preceding OpId in replica: term: 1 index: 1. Preceding OpId from leader: term: 2 index: 2. (index mismatch)
I20260713 09:07:41.798002 18450 consensus_queue.cc:1048] T c0bfc18c03d546568f49b044085bd0ae P beb23069d6934d0fac1b975fb36d0a28 [LEADER]: Connected to new peer: Peer: permanent_uuid: "d8c99953a0c4460a91e923443d8a3711" member_type: VOTER last_known_addr { host: "127.16.39.1" port: 36649 }, Status: LMP_MISMATCH, Last received: 0.0, Next index: 2, Last known committed idx: 1, Time since last communication: 0.000s
I20260713 09:07:41.981305 17659 raft_consensus.cc:1275] T c9aa8be277a0443e907bbf3a5aff808c P d8c99953a0c4460a91e923443d8a3711 [term 2 FOLLOWER]: Refusing update from remote peer 7348322f64ff478db169fa3c234182b9: Log matching property violated. Preceding OpId in replica: term: 1 index: 4. Preceding OpId from leader: term: 2 index: 5. (index mismatch)
I20260713 09:07:41.982602 18461 consensus_queue.cc:1048] T c9aa8be277a0443e907bbf3a5aff808c P 7348322f64ff478db169fa3c234182b9 [LEADER]: Connected to new peer: Peer: permanent_uuid: "d8c99953a0c4460a91e923443d8a3711" member_type: VOTER last_known_addr { host: "127.16.39.1" port: 36649 }, Status: LMP_MISMATCH, Last received: 0.0, Next index: 5, Last known committed idx: 4, Time since last communication: 0.000s
I20260713 09:07:41.993948 17737 raft_consensus.cc:1275] T c9aa8be277a0443e907bbf3a5aff808c P d5d7943accd544d58eb3deba76389574 [term 2 FOLLOWER]: Refusing update from remote peer 7348322f64ff478db169fa3c234182b9: Log matching property violated. Preceding OpId in replica: term: 1 index: 4. Preceding OpId from leader: term: 2 index: 5. (index mismatch)
I20260713 09:07:41.996292 18444 consensus_queue.cc:1048] T c9aa8be277a0443e907bbf3a5aff808c P 7348322f64ff478db169fa3c234182b9 [LEADER]: Connected to new peer: Peer: permanent_uuid: "d5d7943accd544d58eb3deba76389574" member_type: VOTER last_known_addr { host: "127.16.39.2" port: 38953 }, Status: LMP_MISMATCH, Last received: 0.0, Next index: 5, Last known committed idx: 4, Time since last communication: 0.000s
I20260713 09:07:42.001559 17662 raft_consensus.cc:1275] T 348a947fbaa34d7b9b19673eb4dfc6f2 P d8c99953a0c4460a91e923443d8a3711 [term 2 FOLLOWER]: Refusing update from remote peer beb23069d6934d0fac1b975fb36d0a28: Log matching property violated. Preceding OpId in replica: term: 1 index: 1. Preceding OpId from leader: term: 2 index: 2. (index mismatch)
I20260713 09:07:42.002933 18450 consensus_queue.cc:1048] T 348a947fbaa34d7b9b19673eb4dfc6f2 P beb23069d6934d0fac1b975fb36d0a28 [LEADER]: Connected to new peer: Peer: permanent_uuid: "d8c99953a0c4460a91e923443d8a3711" member_type: VOTER last_known_addr { host: "127.16.39.1" port: 36649 }, Status: LMP_MISMATCH, Last received: 0.0, Next index: 2, Last known committed idx: 1, Time since last communication: 0.000s
I20260713 09:07:42.014855 17737 raft_consensus.cc:1275] T 348a947fbaa34d7b9b19673eb4dfc6f2 P d5d7943accd544d58eb3deba76389574 [term 2 FOLLOWER]: Refusing update from remote peer beb23069d6934d0fac1b975fb36d0a28: Log matching property violated. Preceding OpId in replica: term: 1 index: 1. Preceding OpId from leader: term: 2 index: 2. (index mismatch)
I20260713 09:07:42.018921 18486 consensus_queue.cc:1048] T 348a947fbaa34d7b9b19673eb4dfc6f2 P beb23069d6934d0fac1b975fb36d0a28 [LEADER]: Connected to new peer: Peer: permanent_uuid: "d5d7943accd544d58eb3deba76389574" member_type: VOTER last_known_addr { host: "127.16.39.2" port: 38953 }, Status: LMP_MISMATCH, Last received: 0.0, Next index: 2, Last known committed idx: 1, Time since last communication: 0.000s
I20260713 09:07:42.042057 16540 auto_leader_rebalancer.cc:141] leader rebalance for table test-workload
I20260713 09:07:42.054939 16540 tablet_server.cc:179] TabletServer@127.16.39.1:0 shutting down...
I20260713 09:07:42.082849 16540 ts_tablet_manager.cc:1507] Shutting down tablet manager...
I20260713 09:07:42.083809 16540 tablet_replica.cc:333] T e72e036e4fb944d18aa6aac057adb689 P d8c99953a0c4460a91e923443d8a3711: stopping tablet replica
I20260713 09:07:42.084753 16540 raft_consensus.cc:2243] T e72e036e4fb944d18aa6aac057adb689 P d8c99953a0c4460a91e923443d8a3711 [term 1 FOLLOWER]: Raft consensus shutting down.
I20260713 09:07:42.085623 16540 raft_consensus.cc:2272] T e72e036e4fb944d18aa6aac057adb689 P d8c99953a0c4460a91e923443d8a3711 [term 1 FOLLOWER]: Raft consensus is shut down!
W20260713 09:07:42.086596 17777 proxy.cc:239] Call had error, refreshing address and retrying: Remote error: Service unavailable: service kudu.consensus.ConsensusService not registered on TabletServer [suppressed 1 similar messages]
I20260713 09:07:42.088459 16540 tablet_replica.cc:333] T bfd1b0a5021f440fb003408b04868bdf P d8c99953a0c4460a91e923443d8a3711: stopping tablet replica
I20260713 09:07:42.089171 16540 raft_consensus.cc:2243] T bfd1b0a5021f440fb003408b04868bdf P d8c99953a0c4460a91e923443d8a3711 [term 1 FOLLOWER]: Raft consensus shutting down.
I20260713 09:07:42.090036 16540 raft_consensus.cc:2272] T bfd1b0a5021f440fb003408b04868bdf P d8c99953a0c4460a91e923443d8a3711 [term 1 FOLLOWER]: Raft consensus is shut down!
W20260713 09:07:42.090313 17777 consensus_peers.cc:597] T bfd1b0a5021f440fb003408b04868bdf P beb23069d6934d0fac1b975fb36d0a28 -> Peer d8c99953a0c4460a91e923443d8a3711 (127.16.39.1:36649): Couldn't send request to peer d8c99953a0c4460a91e923443d8a3711. Status: Remote error: Service unavailable: service kudu.consensus.ConsensusService not registered on TabletServer. This is attempt 1: this message will repeat every 5th retry.
I20260713 09:07:42.092577 16540 tablet_replica.cc:333] T c7cccc1124d54a3a9e68146236e593be P d8c99953a0c4460a91e923443d8a3711: stopping tablet replica
I20260713 09:07:42.093411 16540 raft_consensus.cc:2243] T c7cccc1124d54a3a9e68146236e593be P d8c99953a0c4460a91e923443d8a3711 [term 1 LEADER]: Raft consensus shutting down.
I20260713 09:07:42.094168 16540 raft_consensus.cc:2272] T c7cccc1124d54a3a9e68146236e593be P d8c99953a0c4460a91e923443d8a3711 [term 1 FOLLOWER]: Raft consensus is shut down!
I20260713 09:07:42.095744 16540 tablet_replica.cc:333] T 2b10decbd5df4fcea81f62d8c302f4fa P d8c99953a0c4460a91e923443d8a3711: stopping tablet replica
I20260713 09:07:42.096216 16540 raft_consensus.cc:2243] T 2b10decbd5df4fcea81f62d8c302f4fa P d8c99953a0c4460a91e923443d8a3711 [term 1 LEADER]: Raft consensus shutting down.
I20260713 09:07:42.096874 16540 raft_consensus.cc:2272] T 2b10decbd5df4fcea81f62d8c302f4fa P d8c99953a0c4460a91e923443d8a3711 [term 1 FOLLOWER]: Raft consensus is shut down!
I20260713 09:07:42.098982 16540 tablet_replica.cc:333] T d4850c88d389413ca2a262bb9de373e3 P d8c99953a0c4460a91e923443d8a3711: stopping tablet replica
I20260713 09:07:42.099606 16540 raft_consensus.cc:2243] T d4850c88d389413ca2a262bb9de373e3 P d8c99953a0c4460a91e923443d8a3711 [term 1 LEADER]: Raft consensus shutting down.
I20260713 09:07:42.100335 16540 raft_consensus.cc:2272] T d4850c88d389413ca2a262bb9de373e3 P d8c99953a0c4460a91e923443d8a3711 [term 1 FOLLOWER]: Raft consensus is shut down!
I20260713 09:07:42.102174 16540 tablet_replica.cc:333] T c0bfc18c03d546568f49b044085bd0ae P d8c99953a0c4460a91e923443d8a3711: stopping tablet replica
I20260713 09:07:42.102706 16540 raft_consensus.cc:2243] T c0bfc18c03d546568f49b044085bd0ae P d8c99953a0c4460a91e923443d8a3711 [term 2 FOLLOWER]: Raft consensus shutting down.
I20260713 09:07:42.103101 16540 raft_consensus.cc:2272] T c0bfc18c03d546568f49b044085bd0ae P d8c99953a0c4460a91e923443d8a3711 [term 2 FOLLOWER]: Raft consensus is shut down!
I20260713 09:07:42.105913 16