I20260713 09:07:09.057054 17165 raft_consensus.cc:3055] T b377700b690a4566bdef9c23b743212a P f61aeaf1e414441abb4c7c6b8ab79fa4 [term 1 LEADER]: Stepping down as leader of term 1
I20260713 09:07:09.057252 17239 raft_consensus.cc:3060] T b377700b690a4566bdef9c23b743212a P 50eda67a545f4a3dafc087ac9767dce4 [term 1 FOLLOWER]: Advancing to term 2
I20260713 09:07:09.057365 17165 raft_consensus.cc:740] T b377700b690a4566bdef9c23b743212a P f61aeaf1e414441abb4c7c6b8ab79fa4 [term 1 LEADER]: Becoming Follower/Learner. State: Replica: f61aeaf1e414441abb4c7c6b8ab79fa4, State: Running, Role: LEADER
I20260713 09:07:09.058187 17165 consensus_queue.cc:260] T b377700b690a4566bdef9c23b743212a P f61aeaf1e414441abb4c7c6b8ab79fa4 [NON_LEADER]: Queue going to NON_LEADER mode. State: All replicated index: 0, Majority replicated index: 1, Committed index: 1, Last appended: 1.1, Last appended by leader: 1, Current term: 1, Majority size: -1, State: 0, Mode: NON_LEADER, active raft config: opid_index: -1 OBSOLETE_local: false peers { permanent_uuid: "211dee31548b497ab0dcc555c5cbe731" member_type: VOTER last_known_addr { host: "127.16.20.129" port: 37749 } } peers { permanent_uuid: "f61aeaf1e414441abb4c7c6b8ab79fa4" member_type: VOTER last_known_addr { host: "127.16.20.130" port: 42667 } } peers { permanent_uuid: "50eda67a545f4a3dafc087ac9767dce4" member_type: VOTER last_known_addr { host: "127.16.20.131" port: 41565 } }
I20260713 09:07:09.058990 17165 raft_consensus.cc:3060] T b377700b690a4566bdef9c23b743212a P f61aeaf1e414441abb4c7c6b8ab79fa4 [term 1 FOLLOWER]: Advancing to term 2
I20260713 09:07:09.062476 17239 raft_consensus.cc:2468] T b377700b690a4566bdef9c23b743212a P 50eda67a545f4a3dafc087ac9767dce4 [term 2 FOLLOWER]: Leader election vote request: Granting yes vote for candidate 211dee31548b497ab0dcc555c5cbe731 in term 2.
I20260713 09:07:09.062892 17165 raft_consensus.cc:2468] T b377700b690a4566bdef9c23b743212a P f61aeaf1e414441abb4c7c6b8ab79fa4 [term 2 FOLLOWER]: Leader election vote request: Granting yes vote for candidate 211dee31548b497ab0dcc555c5cbe731 in term 2.
I20260713 09:07:09.063704 17060 leader_election.cc:304] T b377700b690a4566bdef9c23b743212a P 211dee31548b497ab0dcc555c5cbe731 [CANDIDATE]: Term 2 election: Election decided. Result: candidate won. Election summary: received 2 responses out of 3 voters: 2 yes votes; 0 no votes. yes voters: 211dee31548b497ab0dcc555c5cbe731, 50eda67a545f4a3dafc087ac9767dce4; no voters: 
I20260713 09:07:09.064456 17385 raft_consensus.cc:2804] T b377700b690a4566bdef9c23b743212a P 211dee31548b497ab0dcc555c5cbe731 [term 2 FOLLOWER]: Leader election won for term 2
I20260713 09:07:09.064863 17385 raft_consensus.cc:697] T b377700b690a4566bdef9c23b743212a P 211dee31548b497ab0dcc555c5cbe731 [term 2 LEADER]: Becoming Leader. State: Replica: 211dee31548b497ab0dcc555c5cbe731, State: Running, Role: LEADER
I20260713 09:07:09.065604 17385 consensus_queue.cc:237] T b377700b690a4566bdef9c23b743212a P 211dee31548b497ab0dcc555c5cbe731 [LEADER]: Queue going to LEADER mode. State: All replicated index: 0, Majority replicated index: 1, Committed index: 1, Last appended: 1.1, Last appended by leader: 1, Current term: 2, Majority size: 2, State: 0, Mode: LEADER, active raft config: opid_index: -1 OBSOLETE_local: false peers { permanent_uuid: "211dee31548b497ab0dcc555c5cbe731" member_type: VOTER last_known_addr { host: "127.16.20.129" port: 37749 } } peers { permanent_uuid: "f61aeaf1e414441abb4c7c6b8ab79fa4" member_type: VOTER last_known_addr { host: "127.16.20.130" port: 42667 } } peers { permanent_uuid: "50eda67a545f4a3dafc087ac9767dce4" member_type: VOTER last_known_addr { host: "127.16.20.131" port: 41565 } }
I20260713 09:07:09.071682 16988 catalog_manager.cc:5697] T b377700b690a4566bdef9c23b743212a P 211dee31548b497ab0dcc555c5cbe731 reported cstate change: term changed from 1 to 2, leader changed from f61aeaf1e414441abb4c7c6b8ab79fa4 (127.16.20.130) to 211dee31548b497ab0dcc555c5cbe731 (127.16.20.129). New cstate: current_term: 2 leader_uuid: "211dee31548b497ab0dcc555c5cbe731" committed_config { opid_index: -1 OBSOLETE_local: false peers { permanent_uuid: "211dee31548b497ab0dcc555c5cbe731" member_type: VOTER last_known_addr { host: "127.16.20.129" port: 37749 } health_report { overall_health: HEALTHY } } peers { permanent_uuid: "f61aeaf1e414441abb4c7c6b8ab79fa4" member_type: VOTER last_known_addr { host: "127.16.20.130" port: 42667 } health_report { overall_health: UNKNOWN } } peers { permanent_uuid: "50eda67a545f4a3dafc087ac9767dce4" member_type: VOTER last_known_addr { host: "127.16.20.131" port: 41565 } health_report { overall_health: UNKNOWN } } }
I20260713 09:07:09.161734 17404 raft_consensus.cc:993] T 6f4f1f95a595408f96983683ac83ffcd P 50eda67a545f4a3dafc087ac9767dce4: : Instructing follower 211dee31548b497ab0dcc555c5cbe731 to start an election
I20260713 09:07:09.162191 17399 raft_consensus.cc:1081] T 6f4f1f95a595408f96983683ac83ffcd P 50eda67a545f4a3dafc087ac9767dce4 [term 3 LEADER]: Signalling peer 211dee31548b497ab0dcc555c5cbe731 to start an election
I20260713 09:07:09.163509 17094 tablet_service.cc:2044] Received Run Leader Election RPC: tablet_id: "6f4f1f95a595408f96983683ac83ffcd"
dest_uuid: "211dee31548b497ab0dcc555c5cbe731"
 from {username='slave'} at 127.0.0.1:58914
I20260713 09:07:09.163960 17094 raft_consensus.cc:493] T 6f4f1f95a595408f96983683ac83ffcd P 211dee31548b497ab0dcc555c5cbe731 [term 3 FOLLOWER]: Starting forced leader election (received explicit request)
I20260713 09:07:09.164325 17094 raft_consensus.cc:3060] T 6f4f1f95a595408f96983683ac83ffcd P 211dee31548b497ab0dcc555c5cbe731 [term 3 FOLLOWER]: Advancing to term 4
I20260713 09:07:09.168066 17094 raft_consensus.cc:515] T 6f4f1f95a595408f96983683ac83ffcd P 211dee31548b497ab0dcc555c5cbe731 [term 4 FOLLOWER]: Starting forced leader election with config: opid_index: -1 OBSOLETE_local: false peers { permanent_uuid: "211dee31548b497ab0dcc555c5cbe731" member_type: VOTER last_known_addr { host: "127.16.20.129" port: 37749 } } peers { permanent_uuid: "f61aeaf1e414441abb4c7c6b8ab79fa4" member_type: VOTER last_known_addr { host: "127.16.20.130" port: 42667 } } peers { permanent_uuid: "50eda67a545f4a3dafc087ac9767dce4" member_type: VOTER last_known_addr { host: "127.16.20.131" port: 41565 } }
I20260713 09:07:09.169654 17094 leader_election.cc:290] T 6f4f1f95a595408f96983683ac83ffcd P 211dee31548b497ab0dcc555c5cbe731 [CANDIDATE]: Term 4 election: Requested vote from peers f61aeaf1e414441abb4c7c6b8ab79fa4 (127.16.20.130:42667), 50eda67a545f4a3dafc087ac9767dce4 (127.16.20.131:41565)
I20260713 09:07:09.170585 17165 tablet_service.cc:1917] Received RequestConsensusVote() RPC: tablet_id: "6f4f1f95a595408f96983683ac83ffcd" candidate_uuid: "211dee31548b497ab0dcc555c5cbe731" candidate_term: 4 candidate_status { last_received { term: 3 index: 3 } } ignore_live_leader: true dest_uuid: "f61aeaf1e414441abb4c7c6b8ab79fa4"
I20260713 09:07:09.170814 17239 tablet_service.cc:1917] Received RequestConsensusVote() RPC: tablet_id: "6f4f1f95a595408f96983683ac83ffcd" candidate_uuid: "211dee31548b497ab0dcc555c5cbe731" candidate_term: 4 candidate_status { last_received { term: 3 index: 3 } } ignore_live_leader: true dest_uuid: "50eda67a545f4a3dafc087ac9767dce4"
I20260713 09:07:09.171060 17165 raft_consensus.cc:3060] T 6f4f1f95a595408f96983683ac83ffcd P f61aeaf1e414441abb4c7c6b8ab79fa4 [term 3 FOLLOWER]: Advancing to term 4
I20260713 09:07:09.171394 17239 raft_consensus.cc:3055] T 6f4f1f95a595408f96983683ac83ffcd P 50eda67a545f4a3dafc087ac9767dce4 [term 3 LEADER]: Stepping down as leader of term 3
I20260713 09:07:09.171725 17239 raft_consensus.cc:740] T 6f4f1f95a595408f96983683ac83ffcd P 50eda67a545f4a3dafc087ac9767dce4 [term 3 LEADER]: Becoming Follower/Learner. State: Replica: 50eda67a545f4a3dafc087ac9767dce4, State: Running, Role: LEADER
I20260713 09:07:09.172382 17239 consensus_queue.cc:260] T 6f4f1f95a595408f96983683ac83ffcd P 50eda67a545f4a3dafc087ac9767dce4 [NON_LEADER]: Queue going to NON_LEADER mode. State: All replicated index: 0, Majority replicated index: 3, Committed index: 3, Last appended: 3.3, Last appended by leader: 3, Current term: 3, Majority size: -1, State: 0, Mode: NON_LEADER, active raft config: opid_index: -1 OBSOLETE_local: false peers { permanent_uuid: "211dee31548b497ab0dcc555c5cbe731" member_type: VOTER last_known_addr { host: "127.16.20.129" port: 37749 } } peers { permanent_uuid: "f61aeaf1e414441abb4c7c6b8ab79fa4" member_type: VOTER last_known_addr { host: "127.16.20.130" port: 42667 } } peers { permanent_uuid: "50eda67a545f4a3dafc087ac9767dce4" member_type: VOTER last_known_addr { host: "127.16.20.131" port: 41565 } }
I20260713 09:07:09.173460 17239 raft_consensus.cc:3060] T 6f4f1f95a595408f96983683ac83ffcd P 50eda67a545f4a3dafc087ac9767dce4 [term 3 FOLLOWER]: Advancing to term 4
I20260713 09:07:09.176267 17165 raft_consensus.cc:2468] T 6f4f1f95a595408f96983683ac83ffcd P f61aeaf1e414441abb4c7c6b8ab79fa4 [term 4 FOLLOWER]: Leader election vote request: Granting yes vote for candidate 211dee31548b497ab0dcc555c5cbe731 in term 4.
I20260713 09:07:09.177184 17058 leader_election.cc:304] T 6f4f1f95a595408f96983683ac83ffcd P 211dee31548b497ab0dcc555c5cbe731 [CANDIDATE]: Term 4 election: Election decided. Result: candidate won. Election summary: received 2 responses out of 3 voters: 2 yes votes; 0 no votes. yes voters: 211dee31548b497ab0dcc555c5cbe731, f61aeaf1e414441abb4c7c6b8ab79fa4; no voters: 
I20260713 09:07:09.177841 17385 raft_consensus.cc:2804] T 6f4f1f95a595408f96983683ac83ffcd P 211dee31548b497ab0dcc555c5cbe731 [term 4 FOLLOWER]: Leader election won for term 4
I20260713 09:07:09.178223 17385 raft_consensus.cc:697] T 6f4f1f95a595408f96983683ac83ffcd P 211dee31548b497ab0dcc555c5cbe731 [term 4 LEADER]: Becoming Leader. State: Replica: 211dee31548b497ab0dcc555c5cbe731, State: Running, Role: LEADER
I20260713 09:07:09.178637 17239 raft_consensus.cc:2468] T 6f4f1f95a595408f96983683ac83ffcd P 50eda67a545f4a3dafc087ac9767dce4 [term 4 FOLLOWER]: Leader election vote request: Granting yes vote for candidate 211dee31548b497ab0dcc555c5cbe731 in term 4.
I20260713 09:07:09.178961 17385 consensus_queue.cc:237] T 6f4f1f95a595408f96983683ac83ffcd P 211dee31548b497ab0dcc555c5cbe731 [LEADER]: Queue going to LEADER mode. State: All replicated index: 0, Majority replicated index: 3, Committed index: 3, Last appended: 3.3, Last appended by leader: 3, Current term: 4, Majority size: 2, State: 0, Mode: LEADER, active raft config: opid_index: -1 OBSOLETE_local: false peers { permanent_uuid: "211dee31548b497ab0dcc555c5cbe731" member_type: VOTER last_known_addr { host: "127.16.20.129" port: 37749 } } peers { permanent_uuid: "f61aeaf1e414441abb4c7c6b8ab79fa4" member_type: VOTER last_known_addr { host: "127.16.20.130" port: 42667 } } peers { permanent_uuid: "50eda67a545f4a3dafc087ac9767dce4" member_type: VOTER last_known_addr { host: "127.16.20.131" port: 41565 } }
I20260713 09:07:09.184512 16988 catalog_manager.cc:5697] T 6f4f1f95a595408f96983683ac83ffcd P 211dee31548b497ab0dcc555c5cbe731 reported cstate change: term changed from 3 to 4, leader changed from 50eda67a545f4a3dafc087ac9767dce4 (127.16.20.131) to 211dee31548b497ab0dcc555c5cbe731 (127.16.20.129). New cstate: current_term: 4 leader_uuid: "211dee31548b497ab0dcc555c5cbe731" committed_config { opid_index: -1 OBSOLETE_local: false peers { permanent_uuid: "211dee31548b497ab0dcc555c5cbe731" member_type: VOTER last_known_addr { host: "127.16.20.129" port: 37749 } health_report { overall_health: HEALTHY } } peers { permanent_uuid: "f61aeaf1e414441abb4c7c6b8ab79fa4" member_type: VOTER last_known_addr { host: "127.16.20.130" port: 42667 } health_report { overall_health: UNKNOWN } } peers { permanent_uuid: "50eda67a545f4a3dafc087ac9767dce4" member_type: VOTER last_known_addr { host: "127.16.20.131" port: 41565 } health_report { overall_health: UNKNOWN } } }
I20260713 09:07:09.190912 17404 raft_consensus.cc:993] T ca94e081a92a468186f7f8156713624f P 50eda67a545f4a3dafc087ac9767dce4: : Instructing follower 211dee31548b497ab0dcc555c5cbe731 to start an election
I20260713 09:07:09.191393 17399 raft_consensus.cc:1081] T ca94e081a92a468186f7f8156713624f P 50eda67a545f4a3dafc087ac9767dce4 [term 2 LEADER]: Signalling peer 211dee31548b497ab0dcc555c5cbe731 to start an election
I20260713 09:07:09.192824 17094 tablet_service.cc:2044] Received Run Leader Election RPC: tablet_id: "ca94e081a92a468186f7f8156713624f"
dest_uuid: "211dee31548b497ab0dcc555c5cbe731"
 from {username='slave'} at 127.0.0.1:58914
I20260713 09:07:09.193241 17094 raft_consensus.cc:493] T ca94e081a92a468186f7f8156713624f P 211dee31548b497ab0dcc555c5cbe731 [term 2 FOLLOWER]: Starting forced leader election (received explicit request)
I20260713 09:07:09.193518 17094 raft_consensus.cc:3060] T ca94e081a92a468186f7f8156713624f P 211dee31548b497ab0dcc555c5cbe731 [term 2 FOLLOWER]: Advancing to term 3
I20260713 09:07:09.197646 17094 raft_consensus.cc:515] T ca94e081a92a468186f7f8156713624f P 211dee31548b497ab0dcc555c5cbe731 [term 3 FOLLOWER]: Starting forced leader election with config: opid_index: -1 OBSOLETE_local: false peers { permanent_uuid: "211dee31548b497ab0dcc555c5cbe731" member_type: VOTER last_known_addr { host: "127.16.20.129" port: 37749 } } peers { permanent_uuid: "f61aeaf1e414441abb4c7c6b8ab79fa4" member_type: VOTER last_known_addr { host: "127.16.20.130" port: 42667 } } peers { permanent_uuid: "50eda67a545f4a3dafc087ac9767dce4" member_type: VOTER last_known_addr { host: "127.16.20.131" port: 41565 } }
I20260713 09:07:09.199120 17094 leader_election.cc:290] T ca94e081a92a468186f7f8156713624f P 211dee31548b497ab0dcc555c5cbe731 [CANDIDATE]: Term 3 election: Requested vote from peers f61aeaf1e414441abb4c7c6b8ab79fa4 (127.16.20.130:42667), 50eda67a545f4a3dafc087ac9767dce4 (127.16.20.131:41565)
I20260713 09:07:09.199864 17165 tablet_service.cc:1917] Received RequestConsensusVote() RPC: tablet_id: "ca94e081a92a468186f7f8156713624f" candidate_uuid: "211dee31548b497ab0dcc555c5cbe731" candidate_term: 3 candidate_status { last_received { term: 2 index: 2 } } ignore_live_leader: true dest_uuid: "f61aeaf1e414441abb4c7c6b8ab79fa4"
I20260713 09:07:09.200040 17239 tablet_service.cc:1917] Received RequestConsensusVote() RPC: tablet_id: "ca94e081a92a468186f7f8156713624f" candidate_uuid: "211dee31548b497ab0dcc555c5cbe731" candidate_term: 3 candidate_status { last_received { term: 2 index: 2 } } ignore_live_leader: true dest_uuid: "50eda67a545f4a3dafc087ac9767dce4"
I20260713 09:07:09.200299 17165 raft_consensus.cc:3060] T ca94e081a92a468186f7f8156713624f P f61aeaf1e414441abb4c7c6b8ab79fa4 [term 2 FOLLOWER]: Advancing to term 3
I20260713 09:07:09.200609 17239 raft_consensus.cc:3055] T ca94e081a92a468186f7f8156713624f P 50eda67a545f4a3dafc087ac9767dce4 [term 2 LEADER]: Stepping down as leader of term 2
I20260713 09:07:09.200887 17239 raft_consensus.cc:740] T ca94e081a92a468186f7f8156713624f P 50eda67a545f4a3dafc087ac9767dce4 [term 2 LEADER]: Becoming Follower/Learner. State: Replica: 50eda67a545f4a3dafc087ac9767dce4, State: Running, Role: LEADER
I20260713 09:07:09.201555 17239 consensus_queue.cc:260] T ca94e081a92a468186f7f8156713624f P 50eda67a545f4a3dafc087ac9767dce4 [NON_LEADER]: Queue going to NON_LEADER mode. State: All replicated index: 0, Majority replicated index: 2, Committed index: 2, Last appended: 2.2, Last appended by leader: 2, Current term: 2, Majority size: -1, State: 0, Mode: NON_LEADER, active raft config: opid_index: -1 OBSOLETE_local: false peers { permanent_uuid: "211dee31548b497ab0dcc555c5cbe731" member_type: VOTER last_known_addr { host: "127.16.20.129" port: 37749 } } peers { permanent_uuid: "f61aeaf1e414441abb4c7c6b8ab79fa4" member_type: VOTER last_known_addr { host: "127.16.20.130" port: 42667 } } peers { permanent_uuid: "50eda67a545f4a3dafc087ac9767dce4" member_type: VOTER last_known_addr { host: "127.16.20.131" port: 41565 } }
I20260713 09:07:09.202414 17239 raft_consensus.cc:3060] T ca94e081a92a468186f7f8156713624f P 50eda67a545f4a3dafc087ac9767dce4 [term 2 FOLLOWER]: Advancing to term 3
I20260713 09:07:09.204317 17165 raft_consensus.cc:2468] T ca94e081a92a468186f7f8156713624f P f61aeaf1e414441abb4c7c6b8ab79fa4 [term 3 FOLLOWER]: Leader election vote request: Granting yes vote for candidate 211dee31548b497ab0dcc555c5cbe731 in term 3.
I20260713 09:07:09.205191 17058 leader_election.cc:304] T ca94e081a92a468186f7f8156713624f P 211dee31548b497ab0dcc555c5cbe731 [CANDIDATE]: Term 3 election: Election decided. Result: candidate won. Election summary: received 2 responses out of 3 voters: 2 yes votes; 0 no votes. yes voters: 211dee31548b497ab0dcc555c5cbe731, f61aeaf1e414441abb4c7c6b8ab79fa4; no voters: 
I20260713 09:07:09.206128 17385 raft_consensus.cc:2804] T ca94e081a92a468186f7f8156713624f P 211dee31548b497ab0dcc555c5cbe731 [term 3 FOLLOWER]: Leader election won for term 3
I20260713 09:07:09.206709 17385 raft_consensus.cc:697] T ca94e081a92a468186f7f8156713624f P 211dee31548b497ab0dcc555c5cbe731 [term 3 LEADER]: Becoming Leader. State: Replica: 211dee31548b497ab0dcc555c5cbe731, State: Running, Role: LEADER
I20260713 09:07:09.207393 17239 raft_consensus.cc:2468] T ca94e081a92a468186f7f8156713624f P 50eda67a545f4a3dafc087ac9767dce4 [term 3 FOLLOWER]: Leader election vote request: Granting yes vote for candidate 211dee31548b497ab0dcc555c5cbe731 in term 3.
I20260713 09:07:09.207816 17385 consensus_queue.cc:237] T ca94e081a92a468186f7f8156713624f P 211dee31548b497ab0dcc555c5cbe731 [LEADER]: Queue going to LEADER mode. State: All replicated index: 0, Majority replicated index: 2, Committed index: 2, Last appended: 2.2, Last appended by leader: 2, Current term: 3, Majority size: 2, State: 0, Mode: LEADER, active raft config: opid_index: -1 OBSOLETE_local: false peers { permanent_uuid: "211dee31548b497ab0dcc555c5cbe731" member_type: VOTER last_known_addr { host: "127.16.20.129" port: 37749 } } peers { permanent_uuid: "f61aeaf1e414441abb4c7c6b8ab79fa4" member_type: VOTER last_known_addr { host: "127.16.20.130" port: 42667 } } peers { permanent_uuid: "50eda67a545f4a3dafc087ac9767dce4" member_type: VOTER last_known_addr { host: "127.16.20.131" port: 41565 } }
I20260713 09:07:09.214183 16988 catalog_manager.cc:5697] T ca94e081a92a468186f7f8156713624f P 211dee31548b497ab0dcc555c5cbe731 reported cstate change: term changed from 2 to 3, leader changed from 50eda67a545f4a3dafc087ac9767dce4 (127.16.20.131) to 211dee31548b497ab0dcc555c5cbe731 (127.16.20.129). New cstate: current_term: 3 leader_uuid: "211dee31548b497ab0dcc555c5cbe731" committed_config { opid_index: -1 OBSOLETE_local: false peers { permanent_uuid: "211dee31548b497ab0dcc555c5cbe731" member_type: VOTER last_known_addr { host: "127.16.20.129" port: 37749 } health_report { overall_health: HEALTHY } } peers { permanent_uuid: "f61aeaf1e414441abb4c7c6b8ab79fa4" member_type: VOTER last_known_addr { host: "127.16.20.130" port: 42667 } health_report { overall_health: UNKNOWN } } peers { permanent_uuid: "50eda67a545f4a3dafc087ac9767dce4" member_type: VOTER last_known_addr { host: "127.16.20.131" port: 41565 } health_report { overall_health: UNKNOWN } } }
I20260713 09:07:09.308198 17406 raft_consensus.cc:993] T 1ca8a570efe8475cacf3a56c6ef31f19 P f61aeaf1e414441abb4c7c6b8ab79fa4: : Instructing follower 211dee31548b497ab0dcc555c5cbe731 to start an election
I20260713 09:07:09.308619 17319 raft_consensus.cc:1081] T 1ca8a570efe8475cacf3a56c6ef31f19 P f61aeaf1e414441abb4c7c6b8ab79fa4 [term 2 LEADER]: Signalling peer 211dee31548b497ab0dcc555c5cbe731 to start an election
I20260713 09:07:09.309911 17094 tablet_service.cc:2044] Received Run Leader Election RPC: tablet_id: "1ca8a570efe8475cacf3a56c6ef31f19"
dest_uuid: "211dee31548b497ab0dcc555c5cbe731"
 from {username='slave'} at 127.0.0.1:58916
I20260713 09:07:09.310351 17094 raft_consensus.cc:493] T 1ca8a570efe8475cacf3a56c6ef31f19 P 211dee31548b497ab0dcc555c5cbe731 [term 2 FOLLOWER]: Starting forced leader election (received explicit request)
I20260713 09:07:09.310623 17094 raft_consensus.cc:3060] T 1ca8a570efe8475cacf3a56c6ef31f19 P 211dee31548b497ab0dcc555c5cbe731 [term 2 FOLLOWER]: Advancing to term 3
I20260713 09:07:09.314615 17094 raft_consensus.cc:515] T 1ca8a570efe8475cacf3a56c6ef31f19 P 211dee31548b497ab0dcc555c5cbe731 [term 3 FOLLOWER]: Starting forced leader election with config: opid_index: -1 OBSOLETE_local: false peers { permanent_uuid: "211dee31548b497ab0dcc555c5cbe731" member_type: VOTER last_known_addr { host: "127.16.20.129" port: 37749 } } peers { permanent_uuid: "f61aeaf1e414441abb4c7c6b8ab79fa4" member_type: VOTER last_known_addr { host: "127.16.20.130" port: 42667 } } peers { permanent_uuid: "50eda67a545f4a3dafc087ac9767dce4" member_type: VOTER last_known_addr { host: "127.16.20.131" port: 41565 } }
I20260713 09:07:09.315892 17094 leader_election.cc:290] T 1ca8a570efe8475cacf3a56c6ef31f19 P 211dee31548b497ab0dcc555c5cbe731 [CANDIDATE]: Term 3 election: Requested vote from peers f61aeaf1e414441abb4c7c6b8ab79fa4 (127.16.20.130:42667), 50eda67a545f4a3dafc087ac9767dce4 (127.16.20.131:41565)
I20260713 09:07:09.316788 17165 tablet_service.cc:1917] Received RequestConsensusVote() RPC: tablet_id: "1ca8a570efe8475cacf3a56c6ef31f19" candidate_uuid: "211dee31548b497ab0dcc555c5cbe731" candidate_term: 3 candidate_status { last_received { term: 2 index: 2 } } ignore_live_leader: true dest_uuid: "f61aeaf1e414441abb4c7c6b8ab79fa4"
I20260713 09:07:09.317000 17239 tablet_service.cc:1917] Received RequestConsensusVote() RPC: tablet_id: "1ca8a570efe8475cacf3a56c6ef31f19" candidate_uuid: "211dee31548b497ab0dcc555c5cbe731" candidate_term: 3 candidate_status { last_received { term: 2 index: 2 } } ignore_live_leader: true dest_uuid: "50eda67a545f4a3dafc087ac9767dce4"
I20260713 09:07:09.317203 17165 raft_consensus.cc:3055] T 1ca8a570efe8475cacf3a56c6ef31f19 P f61aeaf1e414441abb4c7c6b8ab79fa4 [term 2 LEADER]: Stepping down as leader of term 2
I20260713 09:07:09.317587 17239 raft_consensus.cc:3060] T 1ca8a570efe8475cacf3a56c6ef31f19 P 50eda67a545f4a3dafc087ac9767dce4 [term 2 FOLLOWER]: Advancing to term 3
I20260713 09:07:09.317637 17165 raft_consensus.cc:740] T 1ca8a570efe8475cacf3a56c6ef31f19 P f61aeaf1e414441abb4c7c6b8ab79fa4 [term 2 LEADER]: Becoming Follower/Learner. State: Replica: f61aeaf1e414441abb4c7c6b8ab79fa4, State: Running, Role: LEADER
I20260713 09:07:09.318490 17165 consensus_queue.cc:260] T 1ca8a570efe8475cacf3a56c6ef31f19 P f61aeaf1e414441abb4c7c6b8ab79fa4 [NON_LEADER]: Queue going to NON_LEADER mode. State: All replicated index: 0, Majority replicated index: 2, Committed index: 2, Last appended: 2.2, Last appended by leader: 2, Current term: 2, Majority size: -1, State: 0, Mode: NON_LEADER, active raft config: opid_index: -1 OBSOLETE_local: false peers { permanent_uuid: "211dee31548b497ab0dcc555c5cbe731" member_type: VOTER last_known_addr { host: "127.16.20.129" port: 37749 } } peers { permanent_uuid: "f61aeaf1e414441abb4c7c6b8ab79fa4" member_type: VOTER last_known_addr { host: "127.16.20.130" port: 42667 } } peers { permanent_uuid: "50eda67a545f4a3dafc087ac9767dce4" member_type: VOTER last_known_addr { host: "127.16.20.131" port: 41565 } }
I20260713 09:07:09.319296 17165 raft_consensus.cc:3060] T 1ca8a570efe8475cacf3a56c6ef31f19 P f61aeaf1e414441abb4c7c6b8ab79fa4 [term 2 FOLLOWER]: Advancing to term 3
I20260713 09:07:09.322695 17239 raft_consensus.cc:2468] T 1ca8a570efe8475cacf3a56c6ef31f19 P 50eda67a545f4a3dafc087ac9767dce4 [term 3 FOLLOWER]: Leader election vote request: Granting yes vote for candidate 211dee31548b497ab0dcc555c5cbe731 in term 3.
I20260713 09:07:09.323251 17165 raft_consensus.cc:2468] T 1ca8a570efe8475cacf3a56c6ef31f19 P f61aeaf1e414441abb4c7c6b8ab79fa4 [term 3 FOLLOWER]: Leader election vote request: Granting yes vote for candidate 211dee31548b497ab0dcc555c5cbe731 in term 3.
I20260713 09:07:09.323885 17060 leader_election.cc:304] T 1ca8a570efe8475cacf3a56c6ef31f19 P 211dee31548b497ab0dcc555c5cbe731 [CANDIDATE]: Term 3 election: Election decided. Result: candidate won. Election summary: received 2 responses out of 3 voters: 2 yes votes; 0 no votes. yes voters: 211dee31548b497ab0dcc555c5cbe731, 50eda67a545f4a3dafc087ac9767dce4; no voters: 
I20260713 09:07:09.324695 17385 raft_consensus.cc:2804] T 1ca8a570efe8475cacf3a56c6ef31f19 P 211dee31548b497ab0dcc555c5cbe731 [term 3 FOLLOWER]: Leader election won for term 3
I20260713 09:07:09.325152 17385 raft_consensus.cc:697] T 1ca8a570efe8475cacf3a56c6ef31f19 P 211dee31548b497ab0dcc555c5cbe731 [term 3 LEADER]: Becoming Leader. State: Replica: 211dee31548b497ab0dcc555c5cbe731, State: Running, Role: LEADER
I20260713 09:07:09.325835 17385 consensus_queue.cc:237] T 1ca8a570efe8475cacf3a56c6ef31f19 P 211dee31548b497ab0dcc555c5cbe731 [LEADER]: Queue going to LEADER mode. State: All replicated index: 0, Majority replicated index: 2, Committed index: 2, Last appended: 2.2, Last appended by leader: 2, Current term: 3, Majority size: 2, State: 0, Mode: LEADER, active raft config: opid_index: -1 OBSOLETE_local: false peers { permanent_uuid: "211dee31548b497ab0dcc555c5cbe731" member_type: VOTER last_known_addr { host: "127.16.20.129" port: 37749 } } peers { permanent_uuid: "f61aeaf1e414441abb4c7c6b8ab79fa4" member_type: VOTER last_known_addr { host: "127.16.20.130" port: 42667 } } peers { permanent_uuid: "50eda67a545f4a3dafc087ac9767dce4" member_type: VOTER last_known_addr { host: "127.16.20.131" port: 41565 } }
I20260713 09:07:09.332525 16988 catalog_manager.cc:5697] T 1ca8a570efe8475cacf3a56c6ef31f19 P 211dee31548b497ab0dcc555c5cbe731 reported cstate change: term changed from 2 to 3, leader changed from f61aeaf1e414441abb4c7c6b8ab79fa4 (127.16.20.130) to 211dee31548b497ab0dcc555c5cbe731 (127.16.20.129). New cstate: current_term: 3 leader_uuid: "211dee31548b497ab0dcc555c5cbe731" committed_config { opid_index: -1 OBSOLETE_local: false peers { permanent_uuid: "211dee31548b497ab0dcc555c5cbe731" member_type: VOTER last_known_addr { host: "127.16.20.129" port: 37749 } health_report { overall_health: HEALTHY } } peers { permanent_uuid: "f61aeaf1e414441abb4c7c6b8ab79fa4" member_type: VOTER last_known_addr { host: "127.16.20.130" port: 42667 } health_report { overall_health: UNKNOWN } } peers { permanent_uuid: "50eda67a545f4a3dafc087ac9767dce4" member_type: VOTER last_known_addr { host: "127.16.20.131" port: 41565 } health_report { overall_health: UNKNOWN } } }
I20260713 09:07:09.454622 17165 raft_consensus.cc:1275] T a6b98bb645eb4e6e92ed6a92d5525100 P f61aeaf1e414441abb4c7c6b8ab79fa4 [term 3 FOLLOWER]: Refusing update from remote peer 211dee31548b497ab0dcc555c5cbe731: Log matching property violated. Preceding OpId in replica: term: 2 index: 2. Preceding OpId from leader: term: 3 index: 3. (index mismatch)
I20260713 09:07:09.455901 17385 consensus_queue.cc:1048] T a6b98bb645eb4e6e92ed6a92d5525100 P 211dee31548b497ab0dcc555c5cbe731 [LEADER]: Connected to new peer: Peer: permanent_uuid: "f61aeaf1e414441abb4c7c6b8ab79fa4" member_type: VOTER last_known_addr { host: "127.16.20.130" port: 42667 }, Status: LMP_MISMATCH, Last received: 0.0, Next index: 3, Last known committed idx: 2, Time since last communication: 0.000s
I20260713 09:07:09.465090 17239 raft_consensus.cc:1275] T a6b98bb645eb4e6e92ed6a92d5525100 P 50eda67a545f4a3dafc087ac9767dce4 [term 3 FOLLOWER]: Refusing update from remote peer 211dee31548b497ab0dcc555c5cbe731: Log matching property violated. Preceding OpId in replica: term: 2 index: 2. Preceding OpId from leader: term: 3 index: 3. (index mismatch)
I20260713 09:07:09.466895 17407 consensus_queue.cc:1048] T a6b98bb645eb4e6e92ed6a92d5525100 P 211dee31548b497ab0dcc555c5cbe731 [LEADER]: Connected to new peer: Peer: permanent_uuid: "50eda67a545f4a3dafc087ac9767dce4" member_type: VOTER last_known_addr { host: "127.16.20.131" port: 41565 }, Status: LMP_MISMATCH, Last received: 0.0, Next index: 3, Last known committed idx: 2, Time since last communication: 0.000s
I20260713 09:07:09.514802 17239 raft_consensus.cc:1275] T b377700b690a4566bdef9c23b743212a P 50eda67a545f4a3dafc087ac9767dce4 [term 2 FOLLOWER]: Refusing update from remote peer 211dee31548b497ab0dcc555c5cbe731: Log matching property violated. Preceding OpId in replica: term: 1 index: 1. Preceding OpId from leader: term: 2 index: 2. (index mismatch)
I20260713 09:07:09.516085 17407 consensus_queue.cc:1048] T b377700b690a4566bdef9c23b743212a P 211dee31548b497ab0dcc555c5cbe731 [LEADER]: Connected to new peer: Peer: permanent_uuid: "50eda67a545f4a3dafc087ac9767dce4" member_type: VOTER last_known_addr { host: "127.16.20.131" port: 41565 }, Status: LMP_MISMATCH, Last received: 0.0, Next index: 2, Last known committed idx: 1, Time since last communication: 0.000s
I20260713 09:07:09.524667 17168 raft_consensus.cc:1275] T b377700b690a4566bdef9c23b743212a P f61aeaf1e414441abb4c7c6b8ab79fa4 [term 2 FOLLOWER]: Refusing update from remote peer 211dee31548b497ab0dcc555c5cbe731: Log matching property violated. Preceding OpId in replica: term: 1 index: 1. Preceding OpId from leader: term: 2 index: 2. (index mismatch)
I20260713 09:07:09.526167 17385 consensus_queue.cc:1048] T b377700b690a4566bdef9c23b743212a P 211dee31548b497ab0dcc555c5cbe731 [LEADER]: Connected to new peer: Peer: permanent_uuid: "f61aeaf1e414441abb4c7c6b8ab79fa4" member_type: VOTER last_known_addr { host: "127.16.20.130" port: 42667 }, Status: LMP_MISMATCH, Last received: 0.0, Next index: 2, Last known committed idx: 1, Time since last communication: 0.000s
I20260713 09:07:09.653415 17168 raft_consensus.cc:1275] T 6f4f1f95a595408f96983683ac83ffcd P f61aeaf1e414441abb4c7c6b8ab79fa4 [term 4 FOLLOWER]: Refusing update from remote peer 211dee31548b497ab0dcc555c5cbe731: Log matching property violated. Preceding OpId in replica: term: 3 index: 3. Preceding OpId from leader: term: 4 index: 4. (index mismatch)
I20260713 09:07:09.654793 17385 consensus_queue.cc:1048] T 6f4f1f95a595408f96983683ac83ffcd P 211dee31548b497ab0dcc555c5cbe731 [LEADER]: Connected to new peer: Peer: permanent_uuid: "f61aeaf1e414441abb4c7c6b8ab79fa4" member_type: VOTER last_known_addr { host: "127.16.20.130" port: 42667 }, Status: LMP_MISMATCH, Last received: 0.0, Next index: 4, Last known committed idx: 3, Time since last communication: 0.000s
I20260713 09:07:09.662461 17239 raft_consensus.cc:1275] T 6f4f1f95a595408f96983683ac83ffcd P 50eda67a545f4a3dafc087ac9767dce4 [term 4 FOLLOWER]: Refusing update from remote peer 211dee31548b497ab0dcc555c5cbe731: Log matching property violated. Preceding OpId in replica: term: 3 index: 3. Preceding OpId from leader: term: 4 index: 4. (index mismatch)
I20260713 09:07:09.664644 17420 consensus_queue.cc:1048] T 6f4f1f95a595408f96983683ac83ffcd P 211dee31548b497ab0dcc555c5cbe731 [LEADER]: Connected to new peer: Peer: permanent_uuid: "50eda67a545f4a3dafc087ac9767dce4" member_type: VOTER last_known_addr { host: "127.16.20.131" port: 41565 }, Status: LMP_MISMATCH, Last received: 0.0, Next index: 4, Last known committed idx: 3, Time since last communication: 0.000s
I20260713 09:07:09.760480 17168 raft_consensus.cc:1275] T ca94e081a92a468186f7f8156713624f P f61aeaf1e414441abb4c7c6b8ab79fa4 [term 3 FOLLOWER]: Refusing update from remote peer 211dee31548b497ab0dcc555c5cbe731: Log matching property violated. Preceding OpId in replica: term: 2 index: 2. Preceding OpId from leader: term: 3 index: 3. (index mismatch)
I20260713 09:07:09.761831 17420 consensus_queue.cc:1048] T ca94e081a92a468186f7f8156713624f P 211dee31548b497ab0dcc555c5cbe731 [LEADER]: Connected to new peer: Peer: permanent_uuid: "f61aeaf1e414441abb4c7c6b8ab79fa4" member_type: VOTER last_known_addr { host: "127.16.20.130" port: 42667 }, Status: LMP_MISMATCH, Last received: 0.0, Next index: 3, Last known committed idx: 2, Time since last communication: 0.000s
I20260713 09:07:09.804317 17239 raft_consensus.cc:1275] T ca94e081a92a468186f7f8156713624f P 50eda67a545f4a3dafc087ac9767dce4 [term 3 FOLLOWER]: Refusing update from remote peer 211dee31548b497ab0dcc555c5cbe731: Log matching property violated. Preceding OpId in replica: term: 2 index: 2. Preceding OpId from leader: term: 3 index: 3. (index mismatch)
I20260713 09:07:09.812172 17407 consensus_queue.cc:1048] T ca94e081a92a468186f7f8156713624f P 211dee31548b497ab0dcc555c5cbe731 [LEADER]: Connected to new peer: Peer: permanent_uuid: "50eda67a545f4a3dafc087ac9767dce4" member_type: VOTER last_known_addr { host: "127.16.20.131" port: 41565 }, Status: LMP_MISMATCH, Last received: 0.0, Next index: 3, Last known committed idx: 2, Time since last communication: 0.001s
I20260713 09:07:09.824311 17239 raft_consensus.cc:1275] T 1ca8a570efe8475cacf3a56c6ef31f19 P 50eda67a545f4a3dafc087ac9767dce4 [term 3 FOLLOWER]: Refusing update from remote peer 211dee31548b497ab0dcc555c5cbe731: Log matching property violated. Preceding OpId in replica: term: 2 index: 2. Preceding OpId from leader: term: 3 index: 3. (index mismatch)
I20260713 09:07:09.825526 17407 consensus_queue.cc:1048] T 1ca8a570efe8475cacf3a56c6ef31f19 P 211dee31548b497ab0dcc555c5cbe731 [LEADER]: Connected to new peer: Peer: permanent_uuid: "50eda67a545f4a3dafc087ac9767dce4" member_type: VOTER last_known_addr { host: "127.16.20.131" port: 41565 }, Status: LMP_MISMATCH, Last received: 0.0, Next index: 3, Last known committed idx: 2, Time since last communication: 0.000s
I20260713 09:07:09.836097 17168 raft_consensus.cc:1275] T 1ca8a570efe8475cacf3a56c6ef31f19 P f61aeaf1e414441abb4c7c6b8ab79fa4 [term 3 FOLLOWER]: Refusing update from remote peer 211dee31548b497ab0dcc555c5cbe731: Log matching property violated. Preceding OpId in replica: term: 2 index: 2. Preceding OpId from leader: term: 3 index: 3. (index mismatch)
I20260713 09:07:09.838073 17407 consensus_queue.cc:1048] T 1ca8a570efe8475cacf3a56c6ef31f19 P 211dee31548b497ab0dcc555c5cbe731 [LEADER]: Connected to new peer: Peer: permanent_uuid: "f61aeaf1e414441abb4c7c6b8ab79fa4" member_type: VOTER last_known_addr { host: "127.16.20.130" port: 42667 }, Status: LMP_MISMATCH, Last received: 0.0, Next index: 3, Last known committed idx: 2, Time since last communication: 0.000s
I20260713 09:07:11.861507 16466 auto_leader_rebalancer.cc:141] leader rebalance for table test-workload
I20260713 09:07:11.869045 17094 tablet_service.cc:2072] Received LeaderStepDown RPC: tablet_id: "85e27ac7488b49dba0f9e293e27484a5"
dest_uuid: "211dee31548b497ab0dcc555c5cbe731"
mode: GRACEFUL
new_leader_uuid: "f61aeaf1e414441abb4c7c6b8ab79fa4"
 from {username='slave'} at 127.0.0.1:44068
I20260713 09:07:11.869848 17094 raft_consensus.cc:606] T 85e27ac7488b49dba0f9e293e27484a5 P 211dee31548b497ab0dcc555c5cbe731 [term 2 LEADER]: Received request to transfer leadership to TS f61aeaf1e414441abb4c7c6b8ab79fa4
I20260713 09:07:11.872633 17094 tablet_service.cc:2072] Received LeaderStepDown RPC: tablet_id: "a6b98bb645eb4e6e92ed6a92d5525100"
dest_uuid: "211dee31548b497ab0dcc555c5cbe731"
mode: GRACEFUL
new_leader_uuid: "50eda67a545f4a3dafc087ac9767dce4"
 from {username='slave'} at 127.0.0.1:44068
I20260713 09:07:11.873090 17094 raft_consensus.cc:606] T a6b98bb645eb4e6e92ed6a92d5525100 P 211dee31548b497ab0dcc555c5cbe731 [term 3 LEADER]: Received request to transfer leadership to TS 50eda67a545f4a3dafc087ac9767dce4
I20260713 09:07:11.875430 17094 tablet_service.cc:2072] Received LeaderStepDown RPC: tablet_id: "ae3ace1763804cf0a03bf5c94e48e368"
dest_uuid: "211dee31548b497ab0dcc555c5cbe731"
mode: GRACEFUL
new_leader_uuid: "f61aeaf1e414441abb4c7c6b8ab79fa4"
 from {username='slave'} at 127.0.0.1:44068
I20260713 09:07:11.875926 17094 raft_consensus.cc:606] T ae3ace1763804cf0a03bf5c94e48e368 P 211dee31548b497ab0dcc555c5cbe731 [term 2 LEADER]: Received request to transfer leadership to TS f61aeaf1e414441abb4c7c6b8ab79fa4
I20260713 09:07:11.876031 17385 raft_consensus.cc:993] T a6b98bb645eb4e6e92ed6a92d5525100 P 211dee31548b497ab0dcc555c5cbe731: : Instructing follower 50eda67a545f4a3dafc087ac9767dce4 to start an election
I20260713 09:07:11.876609 17430 raft_consensus.cc:1081] T a6b98bb645eb4e6e92ed6a92d5525100 P 211dee31548b497ab0dcc555c5cbe731 [term 3 LEADER]: Signalling peer 50eda67a545f4a3dafc087ac9767dce4 to start an election
I20260713 09:07:11.878247 17239 tablet_service.cc:2044] Received Run Leader Election RPC: tablet_id: "a6b98bb645eb4e6e92ed6a92d5525100"
dest_uuid: "50eda67a545f4a3dafc087ac9767dce4"
 from {username='slave'} at 127.0.0.1:39038
I20260713 09:07:11.878372 17094 tablet_service.cc:2072] Received LeaderStepDown RPC: tablet_id: "b377700b690a4566bdef9c23b743212a"
dest_uuid: "211dee31548b497ab0dcc555c5cbe731"
mode: GRACEFUL
new_leader_uuid: "50eda67a545f4a3dafc087ac9767dce4"
 from {username='slave'} at 127.0.0.1:44068
I20260713 09:07:11.878813 17239 raft_consensus.cc:493] T a6b98bb645eb4e6e92ed6a92d5525100 P 50eda67a545f4a3dafc087ac9767dce4 [term 3 FOLLOWER]: Starting forced leader election (received explicit request)
I20260713 09:07:11.878823 17094 raft_consensus.cc:606] T b377700b690a4566bdef9c23b743212a P 211dee31548b497ab0dcc555c5cbe731 [term 2 LEADER]: Received request to transfer leadership to TS 50eda67a545f4a3dafc087ac9767dce4
I20260713 09:07:11.879290 17239 raft_consensus.cc:3060] T a6b98bb645eb4e6e92ed6a92d5525100 P 50eda67a545f4a3dafc087ac9767dce4 [term 3 FOLLOWER]: Advancing to term 4
I20260713 09:07:11.880265 16466 auto_leader_rebalancer.cc:479] table: test-workload, leader rebalance finish, leader transfer count: 4
I20260713 09:07:11.880746 16466 auto_leader_rebalancer.cc:554] All tables' leader rebalancing finished this round
I20260713 09:07:11.884742 17239 raft_consensus.cc:515] T a6b98bb645eb4e6e92ed6a92d5525100 P 50eda67a545f4a3dafc087ac9767dce4 [term 4 FOLLOWER]: Starting forced leader election with config: opid_index: -1 OBSOLETE_local: false peers { permanent_uuid: "211dee31548b497ab0dcc555c5cbe731" member_type: VOTER last_known_addr { host: "127.16.20.129" port: 37749 } } peers { permanent_uuid: "f61aeaf1e414441abb4c7c6b8ab79fa4" member_type: VOTER last_known_addr { host: "127.16.20.130" port: 42667 } } peers { permanent_uuid: "50eda67a545f4a3dafc087ac9767dce4" member_type: VOTER last_known_addr { host: "127.16.20.131" port: 41565 } }
I20260713 09:07:11.886214 17239 leader_election.cc:290] T a6b98bb645eb4e6e92ed6a92d5525100 P 50eda67a545f4a3dafc087ac9767dce4 [CANDIDATE]: Term 4 election: Requested vote from peers 211dee31548b497ab0dcc555c5cbe731 (127.16.20.129:37749), f61aeaf1e414441abb4c7c6b8ab79fa4 (127.16.20.130:42667)
I20260713 09:07:11.887112 17094 tablet_service.cc:1917] Received RequestConsensusVote() RPC: tablet_id: "a6b98bb645eb4e6e92ed6a92d5525100" candidate_uuid: "50eda67a545f4a3dafc087ac9767dce4" candidate_term: 4 candidate_status { last_received { term: 3 index: 3 } } ignore_live_leader: true dest_uuid: "211dee31548b497ab0dcc555c5cbe731"
I20260713 09:07:11.887382 17168 tablet_service.cc:1917] Received RequestConsensusVote() RPC: tablet_id: "a6b98bb645eb4e6e92ed6a92d5525100" candidate_uuid: "50eda67a545f4a3dafc087ac9767dce4" candidate_term: 4 candidate_status { last_received { term: 3 index: 3 } } ignore_live_leader: true dest_uuid: "f61aeaf1e414441abb4c7c6b8ab79fa4"
I20260713 09:07:11.887727 17094 raft_consensus.cc:3055] T a6b98bb645eb4e6e92ed6a92d5525100 P 211dee31548b497ab0dcc555c5cbe731 [term 3 LEADER]: Stepping down as leader of term 3
I20260713 09:07:11.887898 17168 raft_consensus.cc:3060] T a6b98bb645eb4e6e92ed6a92d5525100 P f61aeaf1e414441abb4c7c6b8ab79fa4 [term 3 FOLLOWER]: Advancing to term 4
I20260713 09:07:11.888034 17094 raft_consensus.cc:740] T a6b98bb645eb4e6e92ed6a92d5525100 P 211dee31548b497ab0dcc555c5cbe731 [term 3 LEADER]: Becoming Follower/Learner. State: Replica: 211dee31548b497ab0dcc555c5cbe731, State: Running, Role: LEADER
I20260713 09:07:11.888942 17094 consensus_queue.cc:260] T a6b98bb645eb4e6e92ed6a92d5525100 P 211dee31548b497ab0dcc555c5cbe731 [NON_LEADER]: Queue going to NON_LEADER mode. State: All replicated index: 0, Majority replicated index: 3, Committed index: 3, Last appended: 3.3, Last appended by leader: 3, Current term: 3, Majority size: -1, State: 0, Mode: NON_LEADER, active raft config: opid_index: -1 OBSOLETE_local: false peers { permanent_uuid: "211dee31548b497ab0dcc555c5cbe731" member_type: VOTER last_known_addr { host: "127.16.20.129" port: 37749 } } peers { permanent_uuid: "f61aeaf1e414441abb4c7c6b8ab79fa4" member_type: VOTER last_known_addr { host: "127.16.20.130" port: 42667 } } peers { permanent_uuid: "50eda67a545f4a3dafc087ac9767dce4" member_type: VOTER last_known_addr { host: "127.16.20.131" port: 41565 } }
I20260713 09:07:11.890218 17094 raft_consensus.cc:3060] T a6b98bb645eb4e6e92ed6a92d5525100 P 211dee31548b497ab0dcc555c5cbe731 [term 3 FOLLOWER]: Advancing to term 4
I20260713 09:07:11.894831 17168 raft_consensus.cc:2468] T a6b98bb645eb4e6e92ed6a92d5525100 P f61aeaf1e414441abb4c7c6b8ab79fa4 [term 4 FOLLOWER]: Leader election vote request: Granting yes vote for candidate 50eda67a545f4a3dafc087ac9767dce4 in term 4.
I20260713 09:07:11.896265 17207 leader_election.cc:304] T a6b98bb645eb4e6e92ed6a92d5525100 P 50eda67a545f4a3dafc087ac9767dce4 [CANDIDATE]: Term 4 election: Election decided. Result: candidate won. Election summary: received 2 responses out of 3 voters: 2 yes votes; 0 no votes. yes voters: 50eda67a545f4a3dafc087ac9767dce4, f61aeaf1e414441abb4c7c6b8ab79fa4; no voters: 
I20260713 09:07:11.897032 17094 raft_consensus.cc:2468] T a6b98bb645eb4e6e92ed6a92d5525100 P 211dee31548b497ab0dcc555c5cbe731 [term 4 FOLLOWER]: Leader election vote request: Granting yes vote for candidate 50eda67a545f4a3dafc087ac9767dce4 in term 4.
I20260713 09:07:11.897367 17399 raft_consensus.cc:2804] T a6b98bb645eb4e6e92ed6a92d5525100 P 50eda67a545f4a3dafc087ac9767dce4 [term 4 FOLLOWER]: Leader election won for term 4
I20260713 09:07:11.898581 17399 raft_consensus.cc:697] T a6b98bb645eb4e6e92ed6a92d5525100 P 50eda67a545f4a3dafc087ac9767dce4 [term 4 LEADER]: Becoming Leader. State: Replica: 50eda67a545f4a3dafc087ac9767dce4, State: Running, Role: LEADER
I20260713 09:07:11.899544 17399 consensus_queue.cc:237] T a6b98bb645eb4e6e92ed6a92d5525100 P 50eda67a545f4a3dafc087ac9767dce4 [LEADER]: Queue going to LEADER mode. State: All replicated index: 0, Majority replicated index: 3, Committed index: 3, Last appended: 3.3, Last appended by leader: 3, Current term: 4, Majority size: 2, State: 0, Mode: LEADER, active raft config: opid_index: -1 OBSOLETE_local: false peers { permanent_uuid: "211dee31548b497ab0dcc555c5cbe731" member_type: VOTER last_known_addr { host: "127.16.20.129" port: 37749 } } peers { permanent_uuid: "f61aeaf1e414441abb4c7c6b8ab79fa4" member_type: VOTER last_known_addr { host: "127.16.20.130" port: 42667 } } peers { permanent_uuid: "50eda67a545f4a3dafc087ac9767dce4" member_type: VOTER last_known_addr { host: "127.16.20.131" port: 41565 } }
I20260713 09:07:11.906319 17385 raft_consensus.cc:993] T b377700b690a4566bdef9c23b743212a P 211dee31548b497ab0dcc555c5cbe731: : Instructing follower 50eda67a545f4a3dafc087ac9767dce4 to start an election
I20260713 09:07:11.906733 17430 raft_consensus.cc:1081] T b377700b690a4566bdef9c23b743212a P 211dee31548b497ab0dcc555c5cbe731 [term 2 LEADER]: Signalling peer 50eda67a545f4a3dafc087ac9767dce4 to start an election
I20260713 09:07:11.907003 16988 catalog_manager.cc:5697] T a6b98bb645eb4e6e92ed6a92d5525100 P 50eda67a545f4a3dafc087ac9767dce4 reported cstate change: term changed from 3 to 4, leader changed from 211dee31548b497ab0dcc555c5cbe731 (127.16.20.129) to 50eda67a545f4a3dafc087ac9767dce4 (127.16.20.131). New cstate: current_term: 4 leader_uuid: "50eda67a545f4a3dafc087ac9767dce4" committed_config { opid_index: -1 OBSOLETE_local: false peers { permanent_uuid: "211dee31548b497ab0dcc555c5cbe731" member_type: VOTER last_known_addr { host: "127.16.20.129" port: 37749 } health_report { overall_health: UNKNOWN } } peers { permanent_uuid: "f61aeaf1e414441abb4c7c6b8ab79fa4" member_type: VOTER last_known_addr { host: "127.16.20.130" port: 42667 } health_report { overall_health: UNKNOWN } } peers { permanent_uuid: "50eda67a545f4a3dafc087ac9767dce4" member_type: VOTER last_known_addr { host: "127.16.20.131" port: 41565 } health_report { overall_health: HEALTHY } } }
I20260713 09:07:11.908061 17239 tablet_service.cc:2044] Received Run Leader Election RPC: tablet_id: "b377700b690a4566bdef9c23b743212a"
dest_uuid: "50eda67a545f4a3dafc087ac9767dce4"
 from {username='slave'} at 127.0.0.1:39038
I20260713 09:07:11.908511 17239 raft_consensus.cc:493] T b377700b690a4566bdef9c23b743212a P 50eda67a545f4a3dafc087ac9767dce4 [term 2 FOLLOWER]: Starting forced leader election (received explicit request)
I20260713 09:07:11.908847 17239 raft_consensus.cc:3060] T b377700b690a4566bdef9c23b743212a P 50eda67a545f4a3dafc087ac9767dce4 [term 2 FOLLOWER]: Advancing to term 3
I20260713 09:07:11.914163 17239 raft_consensus.cc:515] T b377700b690a4566bdef9c23b743212a P 50eda67a545f4a3dafc087ac9767dce4 [term 3 FOLLOWER]: Starting forced leader election with config: opid_index: -1 OBSOLETE_local: false peers { permanent_uuid: "211dee31548b497ab0dcc555c5cbe731" member_type: VOTER last_known_addr { host: "127.16.20.129" port: 37749 } } peers { permanent_uuid: "f61aeaf1e414441abb4c7c6b8ab79fa4" member_type: VOTER last_known_addr { host: "127.16.20.130" port: 42667 } } peers { permanent_uuid: "50eda67a545f4a3dafc087ac9767dce4" member_type: VOTER last_known_addr { host: "127.16.20.131" port: 41565 } }
I20260713 09:07:11.916139 17239 leader_election.cc:290] T b377700b690a4566bdef9c23b743212a P 50eda67a545f4a3dafc087ac9767dce4 [CANDIDATE]: Term 3 election: Requested vote from peers 211dee31548b497ab0dcc555c5cbe731 (127.16.20.129:37749), f61aeaf1e414441abb4c7c6b8ab79fa4 (127.16.20.130:42667)
I20260713 09:07:11.916901 17094 tablet_service.cc:1917] Received RequestConsensusVote() RPC: tablet_id: "b377700b690a4566bdef9c23b743212a" candidate_uuid: "50eda67a545f4a3dafc087ac9767dce4" candidate_term: 3 candidate_status { last_received { term: 2 index: 2 } } ignore_live_leader: true dest_uuid: "211dee31548b497ab0dcc555c5cbe731"
I20260713 09:07:11.917560 17094 raft_consensus.cc:3055] T b377700b690a4566bdef9c23b743212a P 211dee31548b497ab0dcc555c5cbe731 [term 2 LEADER]: Stepping down as leader of term 2
I20260713 09:07:11.917827 17094 raft_consensus.cc:740] T b377700b690a4566bdef9c23b743212a P 211dee31548b497ab0dcc555c5cbe731 [term 2 LEADER]: Becoming Follower/Learner. State: Replica: 211dee31548b497ab0dcc555c5cbe731, State: Running, Role: LEADER
I20260713 09:07:11.918212 17168 tablet_service.cc:1917] Received RequestConsensusVote() RPC: tablet_id: "b377700b690a4566bdef9c23b743212a" candidate_uuid: "50eda67a545f4a3dafc087ac9767dce4" candidate_term: 3 candidate_status { last_received { term: 2 index: 2 } } ignore_live_leader: true dest_uuid: "f61aeaf1e414441abb4c7c6b8ab79fa4"
I20260713 09:07:11.918778 17168 raft_consensus.cc:3060] T b377700b690a4566bdef9c23b743212a P f61aeaf1e414441abb4c7c6b8ab79fa4 [term 2 FOLLOWER]: Advancing to term 3
I20260713 09:07:11.918527 17094 consensus_queue.cc:260] T b377700b690a4566bdef9c23b743212a P 211dee31548b497ab0dcc555c5cbe731 [NON_LEADER]: Queue going to NON_LEADER mode. State: All replicated index: 0, Majority replicated index: 2, Committed index: 2, Last appended: 2.2, Last appended by leader: 2, Current term: 2, Majority size: -1, State: 0, Mode: NON_LEADER, active raft config: opid_index: -1 OBSOLETE_local: false peers { permanent_uuid: "211dee31548b497ab0dcc555c5cbe731" member_type: VOTER last_known_addr { host: "127.16.20.129" port: 37749 } } peers { permanent_uuid: "f61aeaf1e414441abb4c7c6b8ab79fa4" member_type: VOTER last_known_addr { host: "127.16.20.130" port: 42667 } } peers { permanent_uuid: "50eda67a545f4a3dafc087ac9767dce4" member_type: VOTER last_known_addr { host: "127.16.20.131" port: 41565 } }
I20260713 09:07:11.919696 17094 raft_consensus.cc:3060] T b377700b690a4566bdef9c23b743212a P 211dee31548b497ab0dcc555c5cbe731 [term 2 FOLLOWER]: Advancing to term 3
I20260713 09:07:11.926239 17094 raft_consensus.cc:2468] T b377700b690a4566bdef9c23b743212a P 211dee31548b497ab0dcc555c5cbe731 [term 3 FOLLOWER]: Leader election vote request: Granting yes vote for candidate 50eda67a545f4a3dafc087ac9767dce4 in term 3.
I20260713 09:07:11.927544 17168 raft_consensus.cc:2468] T b377700b690a4566bdef9c23b743212a P f61aeaf1e414441abb4c7c6b8ab79fa4 [term 3 FOLLOWER]: Leader election vote request: Granting yes vote for candidate 50eda67a545f4a3dafc087ac9767dce4 in term 3.
I20260713 09:07:11.927537 17208 leader_election.cc:304] T b377700b690a4566bdef9c23b743212a P 50eda67a545f4a3dafc087ac9767dce4 [CANDIDATE]: Term 3 election: Election decided. Result: candidate won. Election summary: received 2 responses out of 3 voters: 2 yes votes; 0 no votes. yes voters: 211dee31548b497ab0dcc555c5cbe731, 50eda67a545f4a3dafc087ac9767dce4; no voters: 
I20260713 09:07:11.928475 17399 raft_consensus.cc:2804] T b377700b690a4566bdef9c23b743212a P 50eda67a545f4a3dafc087ac9767dce4 [term 3 FOLLOWER]: Leader election won for term 3
I20260713 09:07:11.928845 17399 raft_consensus.cc:697] T b377700b690a4566bdef9c23b743212a P 50eda67a545f4a3dafc087ac9767dce4 [term 3 LEADER]: Becoming Leader. State: Replica: 50eda67a545f4a3dafc087ac9767dce4, State: Running, Role: LEADER
I20260713 09:07:11.929458 17399 consensus_queue.cc:237] T b377700b690a4566bdef9c23b743212a P 50eda67a545f4a3dafc087ac9767dce4 [LEADER]: Queue going to LEADER mode. State: All replicated index: 0, Majority replicated index: 2, Committed index: 2, Last appended: 2.2, Last appended by leader: 2, Current term: 3, Majority size: 2, State: 0, Mode: LEADER, active raft config: opid_index: -1 OBSOLETE_local: false peers { permanent_uuid: "211dee31548b497ab0dcc555c5cbe731" member_type: VOTER last_known_addr { host: "127.16.20.129" port: 37749 } } peers { permanent_uuid: "f61aeaf1e414441abb4c7c6b8ab79fa4" member_type: VOTER last_known_addr { host: "127.16.20.130" port: 42667 } } peers { permanent_uuid: "50eda67a545f4a3dafc087ac9767dce4" member_type: VOTER last_known_addr { host: "127.16.20.131" port: 41565 } }
