I20260713 09:07:21.648675 17479 catalog_manager.cc:5697] T d32c4e7ed2904d52b8435b1cd6526a72 P 91addcf32237477aa3b3e42cb4ca1dad reported cstate change: config changed from index -1 to 2, NON_VOTER 586c22ee925a4a338d14ef95f71d4479 (127.16.20.132) added. New cstate: current_term: 1 leader_uuid: "91addcf32237477aa3b3e42cb4ca1dad" committed_config { opid_index: 2 OBSOLETE_local: false peers { permanent_uuid: "91addcf32237477aa3b3e42cb4ca1dad" member_type: VOTER last_known_addr { host: "127.16.20.129" port: 37229 } health_report { overall_health: HEALTHY } } peers { permanent_uuid: "7b3f33ac678646c58bec39eebe8e2b24" member_type: VOTER last_known_addr { host: "127.16.20.130" port: 44093 } attrs { replace: true } health_report { overall_health: HEALTHY } } peers { permanent_uuid: "f43459e9d66741509e1ed724a430eed2" member_type: VOTER last_known_addr { host: "127.16.20.131" port: 40789 } health_report { overall_health: HEALTHY } } peers { permanent_uuid: "586c22ee925a4a338d14ef95f71d4479" member_type: NON_VOTER last_known_addr { host: "127.16.20.132" port: 42901 } attrs { promote: true } health_report { overall_health: UNKNOWN } } }
I20260713 09:07:21.674937 18043 raft_consensus.cc:2955] T 79d6128be9bf4ce8b5a4b2cd16c7a155 P f43459e9d66741509e1ed724a430eed2 [term 1 LEADER]: Committing config change with OpId 1.2: config changed from index -1 to 2, NON_VOTER 586c22ee925a4a338d14ef95f71d4479 (127.16.20.132) added. New config: { opid_index: 2 OBSOLETE_local: false peers { permanent_uuid: "91addcf32237477aa3b3e42cb4ca1dad" member_type: VOTER last_known_addr { host: "127.16.20.129" port: 37229 } attrs { replace: true } } peers { permanent_uuid: "7b3f33ac678646c58bec39eebe8e2b24" member_type: VOTER last_known_addr { host: "127.16.20.130" port: 44093 } } peers { permanent_uuid: "f43459e9d66741509e1ed724a430eed2" member_type: VOTER last_known_addr { host: "127.16.20.131" port: 40789 } } peers { permanent_uuid: "586c22ee925a4a338d14ef95f71d4479" member_type: NON_VOTER last_known_addr { host: "127.16.20.132" port: 42901 } attrs { promote: true } } }
I20260713 09:07:21.694427 17581 consensus_queue.cc:237] T a71eba30d2a946e6b15a5122576599c7 P 91addcf32237477aa3b3e42cb4ca1dad [LEADER]: Queue going to LEADER mode. State: All replicated index: 0, Majority replicated index: 1, Committed index: 1, Last appended: 1.1, Last appended by leader: 0, Current term: 1, Majority size: 2, State: 0, Mode: LEADER, active raft config: opid_index: 2 OBSOLETE_local: false peers { permanent_uuid: "91addcf32237477aa3b3e42cb4ca1dad" member_type: VOTER last_known_addr { host: "127.16.20.129" port: 37229 } } peers { permanent_uuid: "7b3f33ac678646c58bec39eebe8e2b24" member_type: VOTER last_known_addr { host: "127.16.20.130" port: 44093 } } peers { permanent_uuid: "f43459e9d66741509e1ed724a430eed2" member_type: VOTER last_known_addr { host: "127.16.20.131" port: 40789 } attrs { replace: true } } peers { permanent_uuid: "586c22ee925a4a338d14ef95f71d4479" member_type: NON_VOTER last_known_addr { host: "127.16.20.132" port: 42901 } attrs { promote: true } }
W20260713 09:07:21.695706 17695 consensus_peers.cc:597] T 79d6128be9bf4ce8b5a4b2cd16c7a155 P f43459e9d66741509e1ed724a430eed2 -> Peer 586c22ee925a4a338d14ef95f71d4479 (127.16.20.132:42901): Couldn't send request to peer 586c22ee925a4a338d14ef95f71d4479. Error code: TABLET_NOT_FOUND (6). Status: Not found: Tablet not found: 79d6128be9bf4ce8b5a4b2cd16c7a155. This is attempt 1: this message will repeat every 5th retry.
I20260713 09:07:21.695231 17479 catalog_manager.cc:5697] T 79d6128be9bf4ce8b5a4b2cd16c7a155 P f43459e9d66741509e1ed724a430eed2 reported cstate change: config changed from index -1 to 2, NON_VOTER 586c22ee925a4a338d14ef95f71d4479 (127.16.20.132) added. New cstate: current_term: 1 leader_uuid: "f43459e9d66741509e1ed724a430eed2" committed_config { opid_index: 2 OBSOLETE_local: false peers { permanent_uuid: "91addcf32237477aa3b3e42cb4ca1dad" member_type: VOTER last_known_addr { host: "127.16.20.129" port: 37229 } attrs { replace: true } health_report { overall_health: UNKNOWN } } peers { permanent_uuid: "7b3f33ac678646c58bec39eebe8e2b24" member_type: VOTER last_known_addr { host: "127.16.20.130" port: 44093 } health_report { overall_health: HEALTHY } } peers { permanent_uuid: "f43459e9d66741509e1ed724a430eed2" member_type: VOTER last_known_addr { host: "127.16.20.131" port: 40789 } health_report { overall_health: HEALTHY } } peers { permanent_uuid: "586c22ee925a4a338d14ef95f71d4479" member_type: NON_VOTER last_known_addr { host: "127.16.20.132" port: 42901 } attrs { promote: true } health_report { overall_health: UNKNOWN } } }
I20260713 09:07:21.722836 17728 raft_consensus.cc:1275] T a71eba30d2a946e6b15a5122576599c7 P f43459e9d66741509e1ed724a430eed2 [term 1 FOLLOWER]: Refusing update from remote peer 91addcf32237477aa3b3e42cb4ca1dad: Log matching property violated. Preceding OpId in replica: term: 1 index: 1. Preceding OpId from leader: term: 1 index: 2. (index mismatch)
I20260713 09:07:21.722738 17580 raft_consensus.cc:2955] T 79d6128be9bf4ce8b5a4b2cd16c7a155 P 91addcf32237477aa3b3e42cb4ca1dad [term 1 FOLLOWER]: Committing config change with OpId 1.2: config changed from index -1 to 2, NON_VOTER 586c22ee925a4a338d14ef95f71d4479 (127.16.20.132) added. New config: { opid_index: 2 OBSOLETE_local: false peers { permanent_uuid: "91addcf32237477aa3b3e42cb4ca1dad" member_type: VOTER last_known_addr { host: "127.16.20.129" port: 37229 } attrs { replace: true } } peers { permanent_uuid: "7b3f33ac678646c58bec39eebe8e2b24" member_type: VOTER last_known_addr { host: "127.16.20.130" port: 44093 } } peers { permanent_uuid: "f43459e9d66741509e1ed724a430eed2" member_type: VOTER last_known_addr { host: "127.16.20.131" port: 40789 } } peers { permanent_uuid: "586c22ee925a4a338d14ef95f71d4479" member_type: NON_VOTER last_known_addr { host: "127.16.20.132" port: 42901 } attrs { promote: true } } }
I20260713 09:07:21.725337 17653 raft_consensus.cc:2955] T 79d6128be9bf4ce8b5a4b2cd16c7a155 P 7b3f33ac678646c58bec39eebe8e2b24 [term 1 FOLLOWER]: Committing config change with OpId 1.2: config changed from index -1 to 2, NON_VOTER 586c22ee925a4a338d14ef95f71d4479 (127.16.20.132) added. New config: { opid_index: 2 OBSOLETE_local: false peers { permanent_uuid: "91addcf32237477aa3b3e42cb4ca1dad" member_type: VOTER last_known_addr { host: "127.16.20.129" port: 37229 } attrs { replace: true } } peers { permanent_uuid: "7b3f33ac678646c58bec39eebe8e2b24" member_type: VOTER last_known_addr { host: "127.16.20.130" port: 44093 } } peers { permanent_uuid: "f43459e9d66741509e1ed724a430eed2" member_type: VOTER last_known_addr { host: "127.16.20.131" port: 40789 } } peers { permanent_uuid: "586c22ee925a4a338d14ef95f71d4479" member_type: NON_VOTER last_known_addr { host: "127.16.20.132" port: 42901 } attrs { promote: true } } }
W20260713 09:07:21.727627 17546 consensus_peers.cc:597] T a71eba30d2a946e6b15a5122576599c7 P 91addcf32237477aa3b3e42cb4ca1dad -> Peer 586c22ee925a4a338d14ef95f71d4479 (127.16.20.132:42901): Couldn't send request to peer 586c22ee925a4a338d14ef95f71d4479. Error code: TABLET_NOT_FOUND (6). Status: Not found: Tablet not found: a71eba30d2a946e6b15a5122576599c7. This is attempt 1: this message will repeat every 5th retry.
I20260713 09:07:21.729983 18042 consensus_queue.cc:1048] T a71eba30d2a946e6b15a5122576599c7 P 91addcf32237477aa3b3e42cb4ca1dad [LEADER]: Connected to new peer: Peer: permanent_uuid: "f43459e9d66741509e1ed724a430eed2" member_type: VOTER last_known_addr { host: "127.16.20.131" port: 40789 } attrs { replace: true }, Status: LMP_MISMATCH, Last received: 0.0, Next index: 2, Last known committed idx: 1, Time since last communication: 0.000s
I20260713 09:07:21.731986 17654 raft_consensus.cc:1275] T a71eba30d2a946e6b15a5122576599c7 P 7b3f33ac678646c58bec39eebe8e2b24 [term 1 FOLLOWER]: Refusing update from remote peer 91addcf32237477aa3b3e42cb4ca1dad: Log matching property violated. Preceding OpId in replica: term: 1 index: 1. Preceding OpId from leader: term: 1 index: 2. (index mismatch)
I20260713 09:07:21.733434 18042 consensus_queue.cc:1048] T a71eba30d2a946e6b15a5122576599c7 P 91addcf32237477aa3b3e42cb4ca1dad [LEADER]: Connected to new peer: Peer: permanent_uuid: "7b3f33ac678646c58bec39eebe8e2b24" member_type: VOTER last_known_addr { host: "127.16.20.130" port: 44093 }, Status: LMP_MISMATCH, Last received: 0.0, Next index: 2, Last known committed idx: 1, Time since last communication: 0.000s
W20260713 09:07:21.773536 18060 log.cc:927] Time spent T a71eba30d2a946e6b15a5122576599c7 P 91addcf32237477aa3b3e42cb4ca1dad: Append to log took a long time: real 0.055s	user 0.001s	sys 0.000s
I20260713 09:07:21.789294 18062 ts_tablet_manager.cc:933] T 7b6d61a385aa4e80b3e738cbb281006d P 586c22ee925a4a338d14ef95f71d4479: Initiating tablet copy from peer 7b3f33ac678646c58bec39eebe8e2b24 (127.16.20.130:44093)
I20260713 09:07:21.788515 18042 raft_consensus.cc:2955] T a71eba30d2a946e6b15a5122576599c7 P 91addcf32237477aa3b3e42cb4ca1dad [term 1 LEADER]: Committing config change with OpId 1.2: config changed from index -1 to 2, NON_VOTER 586c22ee925a4a338d14ef95f71d4479 (127.16.20.132) added. New config: { opid_index: 2 OBSOLETE_local: false peers { permanent_uuid: "91addcf32237477aa3b3e42cb4ca1dad" member_type: VOTER last_known_addr { host: "127.16.20.129" port: 37229 } } peers { permanent_uuid: "7b3f33ac678646c58bec39eebe8e2b24" member_type: VOTER last_known_addr { host: "127.16.20.130" port: 44093 } } peers { permanent_uuid: "f43459e9d66741509e1ed724a430eed2" member_type: VOTER last_known_addr { host: "127.16.20.131" port: 40789 } attrs { replace: true } } peers { permanent_uuid: "586c22ee925a4a338d14ef95f71d4479" member_type: NON_VOTER last_known_addr { host: "127.16.20.132" port: 42901 } attrs { promote: true } } }
I20260713 09:07:21.794056 17728 raft_consensus.cc:2955] T a71eba30d2a946e6b15a5122576599c7 P f43459e9d66741509e1ed724a430eed2 [term 1 FOLLOWER]: Committing config change with OpId 1.2: config changed from index -1 to 2, NON_VOTER 586c22ee925a4a338d14ef95f71d4479 (127.16.20.132) added. New config: { opid_index: 2 OBSOLETE_local: false peers { permanent_uuid: "91addcf32237477aa3b3e42cb4ca1dad" member_type: VOTER last_known_addr { host: "127.16.20.129" port: 37229 } } peers { permanent_uuid: "7b3f33ac678646c58bec39eebe8e2b24" member_type: VOTER last_known_addr { host: "127.16.20.130" port: 44093 } } peers { permanent_uuid: "f43459e9d66741509e1ed724a430eed2" member_type: VOTER last_known_addr { host: "127.16.20.131" port: 40789 } attrs { replace: true } } peers { permanent_uuid: "586c22ee925a4a338d14ef95f71d4479" member_type: NON_VOTER last_known_addr { host: "127.16.20.132" port: 42901 } attrs { promote: true } } }
I20260713 09:07:21.802351 17654 raft_consensus.cc:2955] T a71eba30d2a946e6b15a5122576599c7 P 7b3f33ac678646c58bec39eebe8e2b24 [term 1 FOLLOWER]: Committing config change with OpId 1.2: config changed from index -1 to 2, NON_VOTER 586c22ee925a4a338d14ef95f71d4479 (127.16.20.132) added. New config: { opid_index: 2 OBSOLETE_local: false peers { permanent_uuid: "91addcf32237477aa3b3e42cb4ca1dad" member_type: VOTER last_known_addr { host: "127.16.20.129" port: 37229 } } peers { permanent_uuid: "7b3f33ac678646c58bec39eebe8e2b24" member_type: VOTER last_known_addr { host: "127.16.20.130" port: 44093 } } peers { permanent_uuid: "f43459e9d66741509e1ed724a430eed2" member_type: VOTER last_known_addr { host: "127.16.20.131" port: 40789 } attrs { replace: true } } peers { permanent_uuid: "586c22ee925a4a338d14ef95f71d4479" member_type: NON_VOTER last_known_addr { host: "127.16.20.132" port: 42901 } attrs { promote: true } } }
I20260713 09:07:21.808861 17479 catalog_manager.cc:5697] T a71eba30d2a946e6b15a5122576599c7 P f43459e9d66741509e1ed724a430eed2 reported cstate change: config changed from index -1 to 2, NON_VOTER 586c22ee925a4a338d14ef95f71d4479 (127.16.20.132) added. New cstate: current_term: 1 leader_uuid: "91addcf32237477aa3b3e42cb4ca1dad" committed_config { opid_index: 2 OBSOLETE_local: false peers { permanent_uuid: "91addcf32237477aa3b3e42cb4ca1dad" member_type: VOTER last_known_addr { host: "127.16.20.129" port: 37229 } } peers { permanent_uuid: "7b3f33ac678646c58bec39eebe8e2b24" member_type: VOTER last_known_addr { host: "127.16.20.130" port: 44093 } } peers { permanent_uuid: "f43459e9d66741509e1ed724a430eed2" member_type: VOTER last_known_addr { host: "127.16.20.131" port: 40789 } attrs { replace: true } } peers { permanent_uuid: "586c22ee925a4a338d14ef95f71d4479" member_type: NON_VOTER last_known_addr { host: "127.16.20.132" port: 42901 } attrs { promote: true } } }
I20260713 09:07:21.834311 18062 tablet_copy_client.cc:323] T 7b6d61a385aa4e80b3e738cbb281006d P 586c22ee925a4a338d14ef95f71d4479: tablet copy: Beginning tablet copy session from remote peer at address 127.16.20.130:44093
I20260713 09:07:21.878134 17667 tablet_copy_service.cc:140] P 7b3f33ac678646c58bec39eebe8e2b24: Received BeginTabletCopySession request for tablet 7b6d61a385aa4e80b3e738cbb281006d from peer 586c22ee925a4a338d14ef95f71d4479 ({username='slave'} at 127.0.0.1:42650)
I20260713 09:07:21.878837 17667 tablet_copy_service.cc:161] P 7b3f33ac678646c58bec39eebe8e2b24: Beginning new tablet copy session on tablet 7b6d61a385aa4e80b3e738cbb281006d from peer 586c22ee925a4a338d14ef95f71d4479 at {username='slave'} at 127.0.0.1:42650: session id = 586c22ee925a4a338d14ef95f71d4479-7b6d61a385aa4e80b3e738cbb281006d
I20260713 09:07:21.892112 17667 tablet_copy_source_session.cc:215] T 7b6d61a385aa4e80b3e738cbb281006d P 7b3f33ac678646c58bec39eebe8e2b24: Tablet Copy: opened 0 blocks and 1 log segments
I20260713 09:07:21.896534 18062 data_dirs.cc:400] Could only allocate 1 dirs of requested 3 for tablet 7b6d61a385aa4e80b3e738cbb281006d. 1 dirs total, 0 dirs full, 0 dirs failed
I20260713 09:07:21.924726 18062 tablet_copy_client.cc:806] T 7b6d61a385aa4e80b3e738cbb281006d P 586c22ee925a4a338d14ef95f71d4479: tablet copy: Starting download of 0 data blocks...
I20260713 09:07:21.925504 18062 tablet_copy_client.cc:670] T 7b6d61a385aa4e80b3e738cbb281006d P 586c22ee925a4a338d14ef95f71d4479: tablet copy: Starting download of 1 WAL segments...
I20260713 09:07:21.930503 18062 tablet_copy_client.cc:538] T 7b6d61a385aa4e80b3e738cbb281006d P 586c22ee925a4a338d14ef95f71d4479: tablet copy: Tablet Copy complete. Replacing tablet superblock.
I20260713 09:07:21.942322 18062 tablet_bootstrap.cc:492] T 7b6d61a385aa4e80b3e738cbb281006d P 586c22ee925a4a338d14ef95f71d4479: Bootstrap starting.
I20260713 09:07:21.951579 18067 ts_tablet_manager.cc:933] T d32c4e7ed2904d52b8435b1cd6526a72 P 586c22ee925a4a338d14ef95f71d4479: Initiating tablet copy from peer 91addcf32237477aa3b3e42cb4ca1dad (127.16.20.129:37229)
I20260713 09:07:21.987879 18067 tablet_copy_client.cc:323] T d32c4e7ed2904d52b8435b1cd6526a72 P 586c22ee925a4a338d14ef95f71d4479: tablet copy: Beginning tablet copy session from remote peer at address 127.16.20.129:37229
I20260713 09:07:21.999086 18062 tablet_bootstrap.cc:492] T 7b6d61a385aa4e80b3e738cbb281006d P 586c22ee925a4a338d14ef95f71d4479: Bootstrap replayed 1/1 log segments. Stats: ops{read=2 overwritten=0 applied=2 ignored=0} inserts{seen=0 ignored=0} mutations{seen=0 ignored=0} orphaned_commits=0. Pending: 0 replicates
I20260713 09:07:22.000169 18062 tablet_bootstrap.cc:492] T 7b6d61a385aa4e80b3e738cbb281006d P 586c22ee925a4a338d14ef95f71d4479: Bootstrap complete.
I20260713 09:07:22.000887 18062 ts_tablet_manager.cc:1403] T 7b6d61a385aa4e80b3e738cbb281006d P 586c22ee925a4a338d14ef95f71d4479: Time spent bootstrapping tablet: real 0.059s	user 0.018s	sys 0.010s
I20260713 09:07:22.004179 18062 raft_consensus.cc:359] T 7b6d61a385aa4e80b3e738cbb281006d P 586c22ee925a4a338d14ef95f71d4479 [term 1 LEARNER]: Replica starting. Triggering 0 pending ops. Active config: opid_index: 2 OBSOLETE_local: false peers { permanent_uuid: "91addcf32237477aa3b3e42cb4ca1dad" member_type: VOTER last_known_addr { host: "127.16.20.129" port: 37229 } } peers { permanent_uuid: "7b3f33ac678646c58bec39eebe8e2b24" member_type: VOTER last_known_addr { host: "127.16.20.130" port: 44093 } } peers { permanent_uuid: "f43459e9d66741509e1ed724a430eed2" member_type: VOTER last_known_addr { host: "127.16.20.131" port: 40789 } attrs { replace: true } } peers { permanent_uuid: "586c22ee925a4a338d14ef95f71d4479" member_type: NON_VOTER last_known_addr { host: "127.16.20.132" port: 42901 } attrs { promote: true } }
I20260713 09:07:22.005249 18062 raft_consensus.cc:740] T 7b6d61a385aa4e80b3e738cbb281006d P 586c22ee925a4a338d14ef95f71d4479 [term 1 LEARNER]: Becoming Follower/Learner. State: Replica: 586c22ee925a4a338d14ef95f71d4479, State: Initialized, Role: LEARNER
I20260713 09:07:22.006625 18062 consensus_queue.cc:260] T 7b6d61a385aa4e80b3e738cbb281006d P 586c22ee925a4a338d14ef95f71d4479 [NON_LEADER]: Queue going to NON_LEADER mode. State: All replicated index: 0, Majority replicated index: 0, Committed index: 2, Last appended: 1.2, Last appended by leader: 2, Current term: 0, Majority size: -1, State: 0, Mode: NON_LEADER, active raft config: opid_index: 2 OBSOLETE_local: false peers { permanent_uuid: "91addcf32237477aa3b3e42cb4ca1dad" member_type: VOTER last_known_addr { host: "127.16.20.129" port: 37229 } } peers { permanent_uuid: "7b3f33ac678646c58bec39eebe8e2b24" member_type: VOTER last_known_addr { host: "127.16.20.130" port: 44093 } } peers { permanent_uuid: "f43459e9d66741509e1ed724a430eed2" member_type: VOTER last_known_addr { host: "127.16.20.131" port: 40789 } attrs { replace: true } } peers { permanent_uuid: "586c22ee925a4a338d14ef95f71d4479" member_type: NON_VOTER last_known_addr { host: "127.16.20.132" port: 42901 } attrs { promote: true } }
I20260713 09:07:22.043676 18062 ts_tablet_manager.cc:1434] T 7b6d61a385aa4e80b3e738cbb281006d P 586c22ee925a4a338d14ef95f71d4479: Time spent starting tablet: real 0.042s	user 0.033s	sys 0.009s
I20260713 09:07:22.048026 17667 tablet_copy_service.cc:342] P 7b3f33ac678646c58bec39eebe8e2b24: Request end of tablet copy session 586c22ee925a4a338d14ef95f71d4479-7b6d61a385aa4e80b3e738cbb281006d received from {username='slave'} at 127.0.0.1:42650
I20260713 09:07:22.048506 17667 tablet_copy_service.cc:434] P 7b3f33ac678646c58bec39eebe8e2b24: ending tablet copy session 586c22ee925a4a338d14ef95f71d4479-7b6d61a385aa4e80b3e738cbb281006d on tablet 7b6d61a385aa4e80b3e738cbb281006d with peer 586c22ee925a4a338d14ef95f71d4479
I20260713 09:07:22.066684 17592 tablet_copy_service.cc:140] P 91addcf32237477aa3b3e42cb4ca1dad: Received BeginTabletCopySession request for tablet d32c4e7ed2904d52b8435b1cd6526a72 from peer 586c22ee925a4a338d14ef95f71d4479 ({username='slave'} at 127.0.0.1:49842)
I20260713 09:07:22.067282 17592 tablet_copy_service.cc:161] P 91addcf32237477aa3b3e42cb4ca1dad: Beginning new tablet copy session on tablet d32c4e7ed2904d52b8435b1cd6526a72 from peer 586c22ee925a4a338d14ef95f71d4479 at {username='slave'} at 127.0.0.1:49842: session id = 586c22ee925a4a338d14ef95f71d4479-d32c4e7ed2904d52b8435b1cd6526a72
I20260713 09:07:22.080010 17592 tablet_copy_source_session.cc:215] T d32c4e7ed2904d52b8435b1cd6526a72 P 91addcf32237477aa3b3e42cb4ca1dad: Tablet Copy: opened 0 blocks and 1 log segments
I20260713 09:07:22.083163 18067 data_dirs.cc:400] Could only allocate 1 dirs of requested 3 for tablet d32c4e7ed2904d52b8435b1cd6526a72. 1 dirs total, 0 dirs full, 0 dirs failed
I20260713 09:07:22.114602 18067 tablet_copy_client.cc:806] T d32c4e7ed2904d52b8435b1cd6526a72 P 586c22ee925a4a338d14ef95f71d4479: tablet copy: Starting download of 0 data blocks...
I20260713 09:07:22.115281 18067 tablet_copy_client.cc:670] T d32c4e7ed2904d52b8435b1cd6526a72 P 586c22ee925a4a338d14ef95f71d4479: tablet copy: Starting download of 1 WAL segments...
I20260713 09:07:22.119855 18067 tablet_copy_client.cc:538] T d32c4e7ed2904d52b8435b1cd6526a72 P 586c22ee925a4a338d14ef95f71d4479: tablet copy: Tablet Copy complete. Replacing tablet superblock.
I20260713 09:07:22.129293 18067 tablet_bootstrap.cc:492] T d32c4e7ed2904d52b8435b1cd6526a72 P 586c22ee925a4a338d14ef95f71d4479: Bootstrap starting.
I20260713 09:07:22.145112 18062 ts_tablet_manager.cc:933] T 79d6128be9bf4ce8b5a4b2cd16c7a155 P 586c22ee925a4a338d14ef95f71d4479: Initiating tablet copy from peer f43459e9d66741509e1ed724a430eed2 (127.16.20.131:40789)
I20260713 09:07:22.158517 18062 tablet_copy_client.cc:323] T 79d6128be9bf4ce8b5a4b2cd16c7a155 P 586c22ee925a4a338d14ef95f71d4479: tablet copy: Beginning tablet copy session from remote peer at address 127.16.20.131:40789
I20260713 09:07:22.177003 18006 raft_consensus.cc:1217] T 7b6d61a385aa4e80b3e738cbb281006d P 586c22ee925a4a338d14ef95f71d4479 [term 1 LEARNER]: Deduplicated request from leader. Original: 1.1->[1.2-1.2]   Dedup: 1.2->[]
I20260713 09:07:22.189663 17741 tablet_copy_service.cc:140] P f43459e9d66741509e1ed724a430eed2: Received BeginTabletCopySession request for tablet 79d6128be9bf4ce8b5a4b2cd16c7a155 from peer 586c22ee925a4a338d14ef95f71d4479 ({username='slave'} at 127.0.0.1:42010)
I20260713 09:07:22.190258 17741 tablet_copy_service.cc:161] P f43459e9d66741509e1ed724a430eed2: Beginning new tablet copy session on tablet 79d6128be9bf4ce8b5a4b2cd16c7a155 from peer 586c22ee925a4a338d14ef95f71d4479 at {username='slave'} at 127.0.0.1:42010: session id = 586c22ee925a4a338d14ef95f71d4479-79d6128be9bf4ce8b5a4b2cd16c7a155
I20260713 09:07:22.199479 17741 tablet_copy_source_session.cc:215] T 79d6128be9bf4ce8b5a4b2cd16c7a155 P f43459e9d66741509e1ed724a430eed2: Tablet Copy: opened 0 blocks and 1 log segments
I20260713 09:07:22.202546 18067 tablet_bootstrap.cc:492] T d32c4e7ed2904d52b8435b1cd6526a72 P 586c22ee925a4a338d14ef95f71d4479: Bootstrap replayed 1/1 log segments. Stats: ops{read=2 overwritten=0 applied=2 ignored=0} inserts{seen=0 ignored=0} mutations{seen=0 ignored=0} orphaned_commits=0. Pending: 0 replicates
I20260713 09:07:22.202633 18062 data_dirs.cc:400] Could only allocate 1 dirs of requested 3 for tablet 79d6128be9bf4ce8b5a4b2cd16c7a155. 1 dirs total, 0 dirs full, 0 dirs failed
I20260713 09:07:22.203836 18067 tablet_bootstrap.cc:492] T d32c4e7ed2904d52b8435b1cd6526a72 P 586c22ee925a4a338d14ef95f71d4479: Bootstrap complete.
I20260713 09:07:22.204692 18067 ts_tablet_manager.cc:1403] T d32c4e7ed2904d52b8435b1cd6526a72 P 586c22ee925a4a338d14ef95f71d4479: Time spent bootstrapping tablet: real 0.076s	user 0.025s	sys 0.000s
I20260713 09:07:22.208348 18067 raft_consensus.cc:359] T d32c4e7ed2904d52b8435b1cd6526a72 P 586c22ee925a4a338d14ef95f71d4479 [term 1 LEARNER]: Replica starting. Triggering 0 pending ops. Active config: opid_index: 2 OBSOLETE_local: false peers { permanent_uuid: "91addcf32237477aa3b3e42cb4ca1dad" member_type: VOTER last_known_addr { host: "127.16.20.129" port: 37229 } } peers { permanent_uuid: "7b3f33ac678646c58bec39eebe8e2b24" member_type: VOTER last_known_addr { host: "127.16.20.130" port: 44093 } attrs { replace: true } } peers { permanent_uuid: "f43459e9d66741509e1ed724a430eed2" member_type: VOTER last_known_addr { host: "127.16.20.131" port: 40789 } } peers { permanent_uuid: "586c22ee925a4a338d14ef95f71d4479" member_type: NON_VOTER last_known_addr { host: "127.16.20.132" port: 42901 } attrs { promote: true } }
I20260713 09:07:22.209463 18067 raft_consensus.cc:740] T d32c4e7ed2904d52b8435b1cd6526a72 P 586c22ee925a4a338d14ef95f71d4479 [term 1 LEARNER]: Becoming Follower/Learner. State: Replica: 586c22ee925a4a338d14ef95f71d4479, State: Initialized, Role: LEARNER
I20260713 09:07:22.218930 18075 ts_tablet_manager.cc:933] T a71eba30d2a946e6b15a5122576599c7 P 586c22ee925a4a338d14ef95f71d4479: Initiating tablet copy from peer 91addcf32237477aa3b3e42cb4ca1dad (127.16.20.129:37229)
I20260713 09:07:22.219211 18067 consensus_queue.cc:260] T d32c4e7ed2904d52b8435b1cd6526a72 P 586c22ee925a4a338d14ef95f71d4479 [NON_LEADER]: Queue going to NON_LEADER mode. State: All replicated index: 0, Majority replicated index: 0, Committed index: 2, Last appended: 1.2, Last appended by leader: 2, Current term: 0, Majority size: -1, State: 0, Mode: NON_LEADER, active raft config: opid_index: 2 OBSOLETE_local: false peers { permanent_uuid: "91addcf32237477aa3b3e42cb4ca1dad" member_type: VOTER last_known_addr { host: "127.16.20.129" port: 37229 } } peers { permanent_uuid: "7b3f33ac678646c58bec39eebe8e2b24" member_type: VOTER last_known_addr { host: "127.16.20.130" port: 44093 } attrs { replace: true } } peers { permanent_uuid: "f43459e9d66741509e1ed724a430eed2" member_type: VOTER last_known_addr { host: "127.16.20.131" port: 40789 } } peers { permanent_uuid: "586c22ee925a4a338d14ef95f71d4479" member_type: NON_VOTER last_known_addr { host: "127.16.20.132" port: 42901 } attrs { promote: true } }
I20260713 09:07:22.221427 18067 ts_tablet_manager.cc:1434] T d32c4e7ed2904d52b8435b1cd6526a72 P 586c22ee925a4a338d14ef95f71d4479: Time spent starting tablet: real 0.016s	user 0.004s	sys 0.004s
I20260713 09:07:22.223553 17592 tablet_copy_service.cc:342] P 91addcf32237477aa3b3e42cb4ca1dad: Request end of tablet copy session 586c22ee925a4a338d14ef95f71d4479-d32c4e7ed2904d52b8435b1cd6526a72 received from {username='slave'} at 127.0.0.1:49842
I20260713 09:07:22.223981 17592 tablet_copy_service.cc:434] P 91addcf32237477aa3b3e42cb4ca1dad: ending tablet copy session 586c22ee925a4a338d14ef95f71d4479-d32c4e7ed2904d52b8435b1cd6526a72 on tablet d32c4e7ed2904d52b8435b1cd6526a72 with peer 586c22ee925a4a338d14ef95f71d4479
I20260713 09:07:22.224284 18062 tablet_copy_client.cc:806] T 79d6128be9bf4ce8b5a4b2cd16c7a155 P 586c22ee925a4a338d14ef95f71d4479: tablet copy: Starting download of 0 data blocks...
I20260713 09:07:22.224817 18062 tablet_copy_client.cc:670] T 79d6128be9bf4ce8b5a4b2cd16c7a155 P 586c22ee925a4a338d14ef95f71d4479: tablet copy: Starting download of 1 WAL segments...
I20260713 09:07:22.229666 18062 tablet_copy_client.cc:538] T 79d6128be9bf4ce8b5a4b2cd16c7a155 P 586c22ee925a4a338d14ef95f71d4479: tablet copy: Tablet Copy complete. Replacing tablet superblock.
I20260713 09:07:22.238613 18075 tablet_copy_client.cc:323] T a71eba30d2a946e6b15a5122576599c7 P 586c22ee925a4a338d14ef95f71d4479: tablet copy: Beginning tablet copy session from remote peer at address 127.16.20.129:37229
I20260713 09:07:22.240414 17592 tablet_copy_service.cc:140] P 91addcf32237477aa3b3e42cb4ca1dad: Received BeginTabletCopySession request for tablet a71eba30d2a946e6b15a5122576599c7 from peer 586c22ee925a4a338d14ef95f71d4479 ({username='slave'} at 127.0.0.1:49842)
I20260713 09:07:22.240934 17592 tablet_copy_service.cc:161] P 91addcf32237477aa3b3e42cb4ca1dad: Beginning new tablet copy session on tablet a71eba30d2a946e6b15a5122576599c7 from peer 586c22ee925a4a338d14ef95f71d4479 at {username='slave'} at 127.0.0.1:49842: session id = 586c22ee925a4a338d14ef95f71d4479-a71eba30d2a946e6b15a5122576599c7
I20260713 09:07:22.248826 17592 tablet_copy_source_session.cc:215] T a71eba30d2a946e6b15a5122576599c7 P 91addcf32237477aa3b3e42cb4ca1dad: Tablet Copy: opened 0 blocks and 1 log segments
I20260713 09:07:22.252315 18075 data_dirs.cc:400] Could only allocate 1 dirs of requested 3 for tablet a71eba30d2a946e6b15a5122576599c7. 1 dirs total, 0 dirs full, 0 dirs failed
I20260713 09:07:22.263906 18062 tablet_bootstrap.cc:492] T 79d6128be9bf4ce8b5a4b2cd16c7a155 P 586c22ee925a4a338d14ef95f71d4479: Bootstrap starting.
I20260713 09:07:22.289577 18075 tablet_copy_client.cc:806] T a71eba30d2a946e6b15a5122576599c7 P 586c22ee925a4a338d14ef95f71d4479: tablet copy: Starting download of 0 data blocks...
I20260713 09:07:22.290293 18075 tablet_copy_client.cc:670] T a71eba30d2a946e6b15a5122576599c7 P 586c22ee925a4a338d14ef95f71d4479: tablet copy: Starting download of 1 WAL segments...
I20260713 09:07:22.294044 18075 tablet_copy_client.cc:538] T a71eba30d2a946e6b15a5122576599c7 P 586c22ee925a4a338d14ef95f71d4479: tablet copy: Tablet Copy complete. Replacing tablet superblock.
I20260713 09:07:22.303013 18075 tablet_bootstrap.cc:492] T a71eba30d2a946e6b15a5122576599c7 P 586c22ee925a4a338d14ef95f71d4479: Bootstrap starting.
I20260713 09:07:22.321913 18062 tablet_bootstrap.cc:492] T 79d6128be9bf4ce8b5a4b2cd16c7a155 P 586c22ee925a4a338d14ef95f71d4479: Bootstrap replayed 1/1 log segments. Stats: ops{read=2 overwritten=0 applied=2 ignored=0} inserts{seen=0 ignored=0} mutations{seen=0 ignored=0} orphaned_commits=0. Pending: 0 replicates
I20260713 09:07:22.325032 18062 tablet_bootstrap.cc:492] T 79d6128be9bf4ce8b5a4b2cd16c7a155 P 586c22ee925a4a338d14ef95f71d4479: Bootstrap complete.
I20260713 09:07:22.325672 18062 ts_tablet_manager.cc:1403] T 79d6128be9bf4ce8b5a4b2cd16c7a155 P 586c22ee925a4a338d14ef95f71d4479: Time spent bootstrapping tablet: real 0.062s	user 0.019s	sys 0.009s
I20260713 09:07:22.328915 18062 raft_consensus.cc:359] T 79d6128be9bf4ce8b5a4b2cd16c7a155 P 586c22ee925a4a338d14ef95f71d4479 [term 1 LEARNER]: Replica starting. Triggering 0 pending ops. Active config: opid_index: 2 OBSOLETE_local: false peers { permanent_uuid: "91addcf32237477aa3b3e42cb4ca1dad" member_type: VOTER last_known_addr { host: "127.16.20.129" port: 37229 } attrs { replace: true } } peers { permanent_uuid: "7b3f33ac678646c58bec39eebe8e2b24" member_type: VOTER last_known_addr { host: "127.16.20.130" port: 44093 } } peers { permanent_uuid: "f43459e9d66741509e1ed724a430eed2" member_type: VOTER last_known_addr { host: "127.16.20.131" port: 40789 } } peers { permanent_uuid: "586c22ee925a4a338d14ef95f71d4479" member_type: NON_VOTER last_known_addr { host: "127.16.20.132" port: 42901 } attrs { promote: true } }
I20260713 09:07:22.329839 18062 raft_consensus.cc:740] T 79d6128be9bf4ce8b5a4b2cd16c7a155 P 586c22ee925a4a338d14ef95f71d4479 [term 1 LEARNER]: Becoming Follower/Learner. State: Replica: 586c22ee925a4a338d14ef95f71d4479, State: Initialized, Role: LEARNER
I20260713 09:07:22.330559 18062 consensus_queue.cc:260] T 79d6128be9bf4ce8b5a4b2cd16c7a155 P 586c22ee925a4a338d14ef95f71d4479 [NON_LEADER]: Queue going to NON_LEADER mode. State: All replicated index: 0, Majority replicated index: 0, Committed index: 2, Last appended: 1.2, Last appended by leader: 2, Current term: 0, Majority size: -1, State: 0, Mode: NON_LEADER, active raft config: opid_index: 2 OBSOLETE_local: false peers { permanent_uuid: "91addcf32237477aa3b3e42cb4ca1dad" member_type: VOTER last_known_addr { host: "127.16.20.129" port: 37229 } attrs { replace: true } } peers { permanent_uuid: "7b3f33ac678646c58bec39eebe8e2b24" member_type: VOTER last_known_addr { host: "127.16.20.130" port: 44093 } } peers { permanent_uuid: "f43459e9d66741509e1ed724a430eed2" member_type: VOTER last_known_addr { host: "127.16.20.131" port: 40789 } } peers { permanent_uuid: "586c22ee925a4a338d14ef95f71d4479" member_type: NON_VOTER last_known_addr { host: "127.16.20.132" port: 42901 } attrs { promote: true } }
I20260713 09:07:22.339738 18062 ts_tablet_manager.cc:1434] T 79d6128be9bf4ce8b5a4b2cd16c7a155 P 586c22ee925a4a338d14ef95f71d4479: Time spent starting tablet: real 0.014s	user 0.006s	sys 0.000s
I20260713 09:07:22.347680 17741 tablet_copy_service.cc:342] P f43459e9d66741509e1ed724a430eed2: Request end of tablet copy session 586c22ee925a4a338d14ef95f71d4479-79d6128be9bf4ce8b5a4b2cd16c7a155 received from {username='slave'} at 127.0.0.1:42010
I20260713 09:07:22.348084 17741 tablet_copy_service.cc:434] P f43459e9d66741509e1ed724a430eed2: ending tablet copy session 586c22ee925a4a338d14ef95f71d4479-79d6128be9bf4ce8b5a4b2cd16c7a155 on tablet 79d6128be9bf4ce8b5a4b2cd16c7a155 with peer 586c22ee925a4a338d14ef95f71d4479
I20260713 09:07:22.352917 18075 tablet_bootstrap.cc:492] T a71eba30d2a946e6b15a5122576599c7 P 586c22ee925a4a338d14ef95f71d4479: Bootstrap replayed 1/1 log segments. Stats: ops{read=2 overwritten=0 applied=2 ignored=0} inserts{seen=0 ignored=0} mutations{seen=0 ignored=0} orphaned_commits=0. Pending: 0 replicates
I20260713 09:07:22.356993 18075 tablet_bootstrap.cc:492] T a71eba30d2a946e6b15a5122576599c7 P 586c22ee925a4a338d14ef95f71d4479: Bootstrap complete.
I20260713 09:07:22.357671 18075 ts_tablet_manager.cc:1403] T a71eba30d2a946e6b15a5122576599c7 P 586c22ee925a4a338d14ef95f71d4479: Time spent bootstrapping tablet: real 0.055s	user 0.011s	sys 0.011s
I20260713 09:07:22.360471 18075 raft_consensus.cc:359] T a71eba30d2a946e6b15a5122576599c7 P 586c22ee925a4a338d14ef95f71d4479 [term 1 LEARNER]: Replica starting. Triggering 0 pending ops. Active config: opid_index: 2 OBSOLETE_local: false peers { permanent_uuid: "91addcf32237477aa3b3e42cb4ca1dad" member_type: VOTER last_known_addr { host: "127.16.20.129" port: 37229 } } peers { permanent_uuid: "7b3f33ac678646c58bec39eebe8e2b24" member_type: VOTER last_known_addr { host: "127.16.20.130" port: 44093 } } peers { permanent_uuid: "f43459e9d66741509e1ed724a430eed2" member_type: VOTER last_known_addr { host: "127.16.20.131" port: 40789 } attrs { replace: true } } peers { permanent_uuid: "586c22ee925a4a338d14ef95f71d4479" member_type: NON_VOTER last_known_addr { host: "127.16.20.132" port: 42901 } attrs { promote: true } }
I20260713 09:07:22.361310 18075 raft_consensus.cc:740] T a71eba30d2a946e6b15a5122576599c7 P 586c22ee925a4a338d14ef95f71d4479 [term 1 LEARNER]: Becoming Follower/Learner. State: Replica: 586c22ee925a4a338d14ef95f71d4479, State: Initialized, Role: LEARNER
I20260713 09:07:22.361964 18075 consensus_queue.cc:260] T a71eba30d2a946e6b15a5122576599c7 P 586c22ee925a4a338d14ef95f71d4479 [NON_LEADER]: Queue going to NON_LEADER mode. State: All replicated index: 0, Majority replicated index: 0, Committed index: 2, Last appended: 1.2, Last appended by leader: 2, Current term: 0, Majority size: -1, State: 0, Mode: NON_LEADER, active raft config: opid_index: 2 OBSOLETE_local: false peers { permanent_uuid: "91addcf32237477aa3b3e42cb4ca1dad" member_type: VOTER last_known_addr { host: "127.16.20.129" port: 37229 } } peers { permanent_uuid: "7b3f33ac678646c58bec39eebe8e2b24" member_type: VOTER last_known_addr { host: "127.16.20.130" port: 44093 } } peers { permanent_uuid: "f43459e9d66741509e1ed724a430eed2" member_type: VOTER last_known_addr { host: "127.16.20.131" port: 40789 } attrs { replace: true } } peers { permanent_uuid: "586c22ee925a4a338d14ef95f71d4479" member_type: NON_VOTER last_known_addr { host: "127.16.20.132" port: 42901 } attrs { promote: true } }
I20260713 09:07:22.376041 18075 ts_tablet_manager.cc:1434] T a71eba30d2a946e6b15a5122576599c7 P 586c22ee925a4a338d14ef95f71d4479: Time spent starting tablet: real 0.018s	user 0.005s	sys 0.001s
I20260713 09:07:22.383316 17592 tablet_copy_service.cc:342] P 91addcf32237477aa3b3e42cb4ca1dad: Request end of tablet copy session 586c22ee925a4a338d14ef95f71d4479-a71eba30d2a946e6b15a5122576599c7 received from {username='slave'} at 127.0.0.1:49842
I20260713 09:07:22.383737 17592 tablet_copy_service.cc:434] P 91addcf32237477aa3b3e42cb4ca1dad: ending tablet copy session 586c22ee925a4a338d14ef95f71d4479-a71eba30d2a946e6b15a5122576599c7 on tablet a71eba30d2a946e6b15a5122576599c7 with peer 586c22ee925a4a338d14ef95f71d4479
I20260713 09:07:22.558431 18006 raft_consensus.cc:1217] T d32c4e7ed2904d52b8435b1cd6526a72 P 586c22ee925a4a338d14ef95f71d4479 [term 1 LEARNER]: Deduplicated request from leader. Original: 1.1->[1.2-1.2]   Dedup: 1.2->[]
I20260713 09:07:22.580897 18006 raft_consensus.cc:1217] T a71eba30d2a946e6b15a5122576599c7 P 586c22ee925a4a338d14ef95f71d4479 [term 1 LEARNER]: Deduplicated request from leader. Original: 1.1->[1.2-1.2]   Dedup: 1.2->[]
I20260713 09:07:22.692262 18006 raft_consensus.cc:1217] T 79d6128be9bf4ce8b5a4b2cd16c7a155 P 586c22ee925a4a338d14ef95f71d4479 [term 1 LEARNER]: Deduplicated request from leader. Original: 1.1->[1.2-1.2]   Dedup: 1.2->[]
I20260713 09:07:22.704895 17779 raft_consensus.cc:1064] T 7b6d61a385aa4e80b3e738cbb281006d P 7b3f33ac678646c58bec39eebe8e2b24: attempting to promote NON_VOTER 586c22ee925a4a338d14ef95f71d4479 to VOTER
I20260713 09:07:22.707352 17779 consensus_queue.cc:237] T 7b6d61a385aa4e80b3e738cbb281006d P 7b3f33ac678646c58bec39eebe8e2b24 [LEADER]: Queue going to LEADER mode. State: All replicated index: 0, Majority replicated index: 2, Committed index: 2, Last appended: 1.2, Last appended by leader: 0, Current term: 1, Majority size: 3, State: 0, Mode: LEADER, active raft config: opid_index: 3 OBSOLETE_local: false peers { permanent_uuid: "91addcf32237477aa3b3e42cb4ca1dad" member_type: VOTER last_known_addr { host: "127.16.20.129" port: 37229 } } peers { permanent_uuid: "7b3f33ac678646c58bec39eebe8e2b24" member_type: VOTER last_known_addr { host: "127.16.20.130" port: 44093 } } peers { permanent_uuid: "f43459e9d66741509e1ed724a430eed2" member_type: VOTER last_known_addr { host: "127.16.20.131" port: 40789 } attrs { replace: true } } peers { permanent_uuid: "586c22ee925a4a338d14ef95f71d4479" member_type: VOTER last_known_addr { host: "127.16.20.132" port: 42901 } attrs { promote: false } }
I20260713 09:07:22.734481 18005 raft_consensus.cc:1275] T 7b6d61a385aa4e80b3e738cbb281006d P 586c22ee925a4a338d14ef95f71d4479 [term 1 LEARNER]: Refusing update from remote peer 7b3f33ac678646c58bec39eebe8e2b24: Log matching property violated. Preceding OpId in replica: term: 1 index: 2. Preceding OpId from leader: term: 1 index: 3. (index mismatch)
I20260713 09:07:22.736050 17860 consensus_queue.cc:1048] T 7b6d61a385aa4e80b3e738cbb281006d P 7b3f33ac678646c58bec39eebe8e2b24 [LEADER]: Connected to new peer: Peer: permanent_uuid: "586c22ee925a4a338d14ef95f71d4479" member_type: VOTER last_known_addr { host: "127.16.20.132" port: 42901 } attrs { promote: false }, Status: LMP_MISMATCH, Last received: 0.0, Next index: 3, Last known committed idx: 2, Time since last communication: 0.000s
I20260713 09:07:22.745353 17728 raft_consensus.cc:1275] T 7b6d61a385aa4e80b3e738cbb281006d P f43459e9d66741509e1ed724a430eed2 [term 1 FOLLOWER]: Refusing update from remote peer 7b3f33ac678646c58bec39eebe8e2b24: Log matching property violated. Preceding OpId in replica: term: 1 index: 2. Preceding OpId from leader: term: 1 index: 3. (index mismatch)
I20260713 09:07:22.747375 17860 consensus_queue.cc:1048] T 7b6d61a385aa4e80b3e738cbb281006d P 7b3f33ac678646c58bec39eebe8e2b24 [LEADER]: Connected to new peer: Peer: permanent_uuid: "f43459e9d66741509e1ed724a430eed2" member_type: VOTER last_known_addr { host: "127.16.20.131" port: 40789 } attrs { replace: true }, Status: LMP_MISMATCH, Last received: 0.0, Next index: 3, Last known committed idx: 2, Time since last communication: 0.001s
I20260713 09:07:22.756366 17581 raft_consensus.cc:1275] T 7b6d61a385aa4e80b3e738cbb281006d P 91addcf32237477aa3b3e42cb4ca1dad [term 1 FOLLOWER]: Refusing update from remote peer 7b3f33ac678646c58bec39eebe8e2b24: Log matching property violated. Preceding OpId in replica: term: 1 index: 2. Preceding OpId from leader: term: 1 index: 3. (index mismatch)
I20260713 09:07:22.760919 17860 consensus_queue.cc:1048] T 7b6d61a385aa4e80b3e738cbb281006d P 7b3f33ac678646c58bec39eebe8e2b24 [LEADER]: Connected to new peer: Peer: permanent_uuid: "91addcf32237477aa3b3e42cb4ca1dad" member_type: VOTER last_known_addr { host: "127.16.20.129" port: 37229 }, Status: LMP_MISMATCH, Last received: 0.0, Next index: 3, Last known committed idx: 2, Time since last communication: 0.000s
I20260713 09:07:22.774609 17860 raft_consensus.cc:2955] T 7b6d61a385aa4e80b3e738cbb281006d P 7b3f33ac678646c58bec39eebe8e2b24 [term 1 LEADER]: Committing config change with OpId 1.3: config changed from index 2 to 3, 586c22ee925a4a338d14ef95f71d4479 (127.16.20.132) changed from NON_VOTER to VOTER. New config: { opid_index: 3 OBSOLETE_local: false peers { permanent_uuid: "91addcf32237477aa3b3e42cb4ca1dad" member_type: VOTER last_known_addr { host: "127.16.20.129" port: 37229 } } peers { permanent_uuid: "7b3f33ac678646c58bec39eebe8e2b24" member_type: VOTER last_known_addr { host: "127.16.20.130" port: 44093 } } peers { permanent_uuid: "f43459e9d66741509e1ed724a430eed2" member_type: VOTER last_known_addr { host: "127.16.20.131" port: 40789 } attrs { replace: true } } peers { permanent_uuid: "586c22ee925a4a338d14ef95f71d4479" member_type: VOTER last_known_addr { host: "127.16.20.132" port: 42901 } attrs { promote: false } } }
I20260713 09:07:22.789842 18005 raft_consensus.cc:2955] T 7b6d61a385aa4e80b3e738cbb281006d P 586c22ee925a4a338d14ef95f71d4479 [term 1 FOLLOWER]: Committing config change with OpId 1.3: config changed from index 2 to 3, 586c22ee925a4a338d14ef95f71d4479 (127.16.20.132) changed from NON_VOTER to VOTER. New config: { opid_index: 3 OBSOLETE_local: false peers { permanent_uuid: "91addcf32237477aa3b3e42cb4ca1dad" member_type: VOTER last_known_addr { host: "127.16.20.129" port: 37229 } } peers { permanent_uuid: "7b3f33ac678646c58bec39eebe8e2b24" member_type: VOTER last_known_addr { host: "127.16.20.130" port: 44093 } } peers { permanent_uuid: "f43459e9d66741509e1ed724a430eed2" member_type: VOTER last_known_addr { host: "127.16.20.131" port: 40789 } attrs { replace: true } } peers { permanent_uuid: "586c22ee925a4a338d14ef95f71d4479" member_type: VOTER last_known_addr { host: "127.16.20.132" port: 42901 } attrs { promote: false } } }
I20260713 09:07:22.794296 17728 raft_consensus.cc:2955] T 7b6d61a385aa4e80b3e738cbb281006d P f43459e9d66741509e1ed724a430eed2 [term 1 FOLLOWER]: Committing config change with OpId 1.3: config changed from index 2 to 3, 586c22ee925a4a338d14ef95f71d4479 (127.16.20.132) changed from NON_VOTER to VOTER. New config: { opid_index: 3 OBSOLETE_local: false peers { permanent_uuid: "91addcf32237477aa3b3e42cb4ca1dad" member_type: VOTER last_known_addr { host: "127.16.20.129" port: 37229 } } peers { permanent_uuid: "7b3f33ac678646c58bec39eebe8e2b24" member_type: VOTER last_known_addr { host: "127.16.20.130" port: 44093 } } peers { permanent_uuid: "f43459e9d66741509e1ed724a430eed2" member_type: VOTER last_known_addr { host: "127.16.20.131" port: 40789 } attrs { replace: true } } peers { permanent_uuid: "586c22ee925a4a338d14ef95f71d4479" member_type: VOTER last_known_addr { host: "127.16.20.132" port: 42901 } attrs { promote: false } } }
I20260713 09:07:22.801254 17581 raft_consensus.cc:2955] T 7b6d61a385aa4e80b3e738cbb281006d P 91addcf32237477aa3b3e42cb4ca1dad [term 1 FOLLOWER]: Committing config change with OpId 1.3: config changed from index 2 to 3, 586c22ee925a4a338d14ef95f71d4479 (127.16.20.132) changed from NON_VOTER to VOTER. New config: { opid_index: 3 OBSOLETE_local: false peers { permanent_uuid: "91addcf32237477aa3b3e42cb4ca1dad" member_type: VOTER last_known_addr { host: "127.16.20.129" port: 37229 } } peers { permanent_uuid: "7b3f33ac678646c58bec39eebe8e2b24" member_type: VOTER last_known_addr { host: "127.16.20.130" port: 44093 } } peers { permanent_uuid: "f43459e9d66741509e1ed724a430eed2" member_type: VOTER last_known_addr { host: "127.16.20.131" port: 40789 } attrs { replace: true } } peers { permanent_uuid: "586c22ee925a4a338d14ef95f71d4479" member_type: VOTER last_known_addr { host: "127.16.20.132" port: 42901 } attrs { promote: false } } }
I20260713 09:07:22.816329 17479 catalog_manager.cc:5697] T 7b6d61a385aa4e80b3e738cbb281006d P f43459e9d66741509e1ed724a430eed2 reported cstate change: config changed from index 2 to 3, 586c22ee925a4a338d14ef95f71d4479 (127.16.20.132) changed from NON_VOTER to VOTER. New cstate: current_term: 1 leader_uuid: "7b3f33ac678646c58bec39eebe8e2b24" committed_config { opid_index: 3 OBSOLETE_local: false peers { permanent_uuid: "91addcf32237477aa3b3e42cb4ca1dad" member_type: VOTER last_known_addr { host: "127.16.20.129" port: 37229 } } peers { permanent_uuid: "7b3f33ac678646c58bec39eebe8e2b24" member_type: VOTER last_known_addr { host: "127.16.20.130" port: 44093 } } peers { permanent_uuid: "f43459e9d66741509e1ed724a430eed2" member_type: VOTER last_known_addr { host: "127.16.20.131" port: 40789 } attrs { replace: true } } peers { permanent_uuid: "586c22ee925a4a338d14ef95f71d4479" member_type: VOTER last_known_addr { host: "127.16.20.132" port: 42901 } attrs { promote: false } } }
I20260713 09:07:22.871260 17653 consensus_queue.cc:237] T 7b6d61a385aa4e80b3e738cbb281006d P 7b3f33ac678646c58bec39eebe8e2b24 [LEADER]: Queue going to LEADER mode. State: All replicated index: 0, Majority replicated index: 3, Committed index: 3, Last appended: 1.3, Last appended by leader: 0, Current term: 1, Majority size: 2, State: 0, Mode: LEADER, active raft config: opid_index: 4 OBSOLETE_local: false peers { permanent_uuid: "91addcf32237477aa3b3e42cb4ca1dad" member_type: VOTER last_known_addr { host: "127.16.20.129" port: 37229 } } peers { permanent_uuid: "7b3f33ac678646c58bec39eebe8e2b24" member_type: VOTER last_known_addr { host: "127.16.20.130" port: 44093 } } peers { permanent_uuid: "586c22ee925a4a338d14ef95f71d4479" member_type: VOTER last_known_addr { host: "127.16.20.132" port: 42901 } attrs { promote: false } }
I20260713 09:07:22.879324 18005 raft_consensus.cc:1275] T 7b6d61a385aa4e80b3e738cbb281006d P 586c22ee925a4a338d14ef95f71d4479 [term 1 FOLLOWER]: Refusing update from remote peer 7b3f33ac678646c58bec39eebe8e2b24: Log matching property violated. Preceding OpId in replica: term: 1 index: 3. Preceding OpId from leader: term: 1 index: 4. (index mismatch)
I20260713 09:07:22.881152 17860 consensus_queue.cc:1048] T 7b6d61a385aa4e80b3e738cbb281006d P 7b3f33ac678646c58bec39eebe8e2b24 [LEADER]: Connected to new peer: Peer: permanent_uuid: "586c22ee925a4a338d14ef95f71d4479" member_type: VOTER last_known_addr { host: "127.16.20.132" port: 42901 } attrs { promote: false }, Status: LMP_MISMATCH, Last received: 0.0, Next index: 4, Last known committed idx: 3, Time since last communication: 0.000s
I20260713 09:07:22.889171 17860 raft_consensus.cc:2955] T 7b6d61a385aa4e80b3e738cbb281006d P 7b3f33ac678646c58bec39eebe8e2b24 [term 1 LEADER]: Committing config change with OpId 1.4: config changed from index 3 to 4, VOTER f43459e9d66741509e1ed724a430eed2 (127.16.20.131) evicted. New config: { opid_index: 4 OBSOLETE_local: false peers { permanent_uuid: "91addcf32237477aa3b3e42cb4ca1dad" member_type: VOTER last_known_addr { host: "127.16.20.129" port: 37229 } } peers { permanent_uuid: "7b3f33ac678646c58bec39eebe8e2b24" member_type: VOTER last_known_addr { host: "127.16.20.130" port: 44093 } } peers { permanent_uuid: "586c22ee925a4a338d14ef95f71d4479" member_type: VOTER last_known_addr { host: "127.16.20.132" port: 42901 } attrs { promote: false } } }
I20260713 09:07:22.891898 18005 raft_consensus.cc:2955] T 7b6d61a385aa4e80b3e738cbb281006d P 586c22ee925a4a338d14ef95f71d4479 [term 1 FOLLOWER]: Committing config change with OpId 1.4: config changed from index 3 to 4, VOTER f43459e9d66741509e1ed724a430eed2 (127.16.20.131) evicted. New config: { opid_index: 4 OBSOLETE_local: false peers { permanent_uuid: "91addcf32237477aa3b3e42cb4ca1dad" member_type: VOTER last_known_addr { host: "127.16.20.129" port: 37229 } } peers { permanent_uuid: "7b3f33ac678646c58bec39eebe8e2b24" member_type: VOTER last_known_addr { host: "127.16.20.130" port: 44093 } } peers { permanent_uuid: "586c22ee925a4a338d14ef95f71d4479" member_type: VOTER last_known_addr { host: "127.16.20.132" port: 42901 } attrs { promote: false } } }
I20260713 09:07:22.899626 17581 raft_consensus.cc:1275] T 7b6d61a385aa4e80b3e738cbb281006d P 91addcf32237477aa3b3e42cb4ca1dad [term 1 FOLLOWER]: Refusing update from remote peer 7b3f33ac678646c58bec39eebe8e2b24: Log matching property violated. Preceding OpId in replica: term: 1 index: 3. Preceding OpId from leader: term: 1 index: 4. (index mismatch)
I20260713 09:07:22.901069 17779 consensus_queue.cc:1048] T 7b6d61a385aa4e80b3e738cbb281006d P 7b3f33ac678646c58bec39eebe8e2b24 [LEADER]: Connected to new peer: Peer: permanent_uuid: "91addcf32237477aa3b3e42cb4ca1dad" member_type: VOTER last_known_addr { host: "127.16.20.129" port: 37229 }, Status: LMP_MISMATCH, Last received: 0.0, Next index: 4, Last known committed idx: 3, Time since last communication: 0.000s
I20260713 09:07:22.905341 17581 raft_consensus.cc:2955] T 7b6d61a385aa4e80b3e738cbb281006d P 91addcf32237477aa3b3e42cb4ca1dad [term 1 FOLLOWER]: Committing config change with OpId 1.4: config changed from index 3 to 4, VOTER f43459e9d66741509e1ed724a430eed2 (127.16.20.131) evicted. New config: { opid_index: 4 OBSOLETE_local: false peers { permanent_uuid: "91addcf32237477aa3b3e42cb4ca1dad" member_type: VOTER last_known_addr { host: "127.16.20.129" port: 37229 } } peers { permanent_uuid: "7b3f33ac678646c58bec39eebe8e2b24" member_type: VOTER last_known_addr { host: "127.16.20.130" port: 44093 } } peers { permanent_uuid: "586c22ee925a4a338d14ef95f71d4479" member_type: VOTER last_known_addr { host: "127.16.20.132" port: 42901 } attrs { promote: false } } }
I20260713 09:07:22.942695 17478 catalog_manager.cc:5697] T 7b6d61a385aa4e80b3e738cbb281006d P 91addcf32237477aa3b3e42cb4ca1dad reported cstate change: config changed from index 3 to 4, VOTER f43459e9d66741509e1ed724a430eed2 (127.16.20.131) evicted. New cstate: current_term: 1 leader_uuid: "7b3f33ac678646c58bec39eebe8e2b24" committed_config { opid_index: 4 OBSOLETE_local: false peers { permanent_uuid: "91addcf32237477aa3b3e42cb4ca1dad" member_type: VOTER last_known_addr { host: "127.16.20.129" port: 37229 } } peers { permanent_uuid: "7b3f33ac678646c58bec39eebe8e2b24" member_type: VOTER last_known_addr { host: "127.16.20.130" port: 44093 } } peers { permanent_uuid: "586c22ee925a4a338d14ef95f71d4479" member_type: VOTER last_known_addr { host: "127.16.20.132" port: 42901 } attrs { promote: false } } }
I20260713 09:07:22.950179 17464 catalog_manager.cc:5210] ChangeConfig:REMOVE_PEER RPC for tablet 7b6d61a385aa4e80b3e738cbb281006d with cas_config_opid_index 3: ChangeConfig:REMOVE_PEER succeeded (attempt 1)
I20260713 09:07:22.980293 17715 tablet_service.cc:1558] Processing DeleteTablet for tablet 7b6d61a385aa4e80b3e738cbb281006d with delete_type TABLET_DATA_TOMBSTONED (TS f43459e9d66741509e1ed724a430eed2 not found in new config with opid_index 4) from {username='slave'} at 127.0.0.1:37356
