I20260713 09:06:52.447021 16667 leader_election.cc:304] T a212847a6ef4429a9eff69c3f4a2de26 P f8ca39c779e04b44b7207559567a5908 [CANDIDATE]: Term 1 pre-election: Election decided. Result: candidate lost. Election summary: received 3 responses out of 3 voters: 1 yes votes; 2 no votes. yes voters: f8ca39c779e04b44b7207559567a5908; no voters: 772dff72ba0046ce8463f88dd3b9a543, f8cdfba324d64dbf96d70bf0df08d4f5
I20260713 09:06:52.451491 16774 raft_consensus.cc:2393] T 29088b0fdc0c4c7f8c96056bd78aa697 P f8cdfba324d64dbf96d70bf0df08d4f5 [term 1 FOLLOWER]: Leader pre-election vote request: Denying vote to candidate 772dff72ba0046ce8463f88dd3b9a543 in current term 1: Already voted for candidate f8cdfba324d64dbf96d70bf0df08d4f5 in this term.
I20260713 09:06:52.462333 16825 raft_consensus.cc:515] T f3ea30ac7b784002b3dafb064f7ea428 P f8ca39c779e04b44b7207559567a5908 [term 1 FOLLOWER]: Starting leader election with config: opid_index: -1 OBSOLETE_local: false peers { permanent_uuid: "772dff72ba0046ce8463f88dd3b9a543" member_type: VOTER last_known_addr { host: "127.16.27.1" port: 41651 } } peers { permanent_uuid: "f8ca39c779e04b44b7207559567a5908" member_type: VOTER last_known_addr { host: "127.16.27.2" port: 35323 } } peers { permanent_uuid: "f8cdfba324d64dbf96d70bf0df08d4f5" member_type: VOTER last_known_addr { host: "127.16.27.3" port: 35245 } }
I20260713 09:06:52.465246 16701 tablet_service.cc:1917] Received RequestConsensusVote() RPC: tablet_id: "29088b0fdc0c4c7f8c96056bd78aa697" candidate_uuid: "f8cdfba324d64dbf96d70bf0df08d4f5" candidate_term: 1 candidate_status { last_received { term: 0 index: 0 } } ignore_live_leader: false dest_uuid: "f8ca39c779e04b44b7207559567a5908"
I20260713 09:06:52.465638 16625 tablet_service.cc:1917] Received RequestConsensusVote() RPC: tablet_id: "29088b0fdc0c4c7f8c96056bd78aa697" candidate_uuid: "f8cdfba324d64dbf96d70bf0df08d4f5" candidate_term: 1 candidate_status { last_received { term: 0 index: 0 } } ignore_live_leader: false dest_uuid: "772dff72ba0046ce8463f88dd3b9a543"
I20260713 09:06:52.465862 16701 raft_consensus.cc:3060] T 29088b0fdc0c4c7f8c96056bd78aa697 P f8ca39c779e04b44b7207559567a5908 [term 0 FOLLOWER]: Advancing to term 1
I20260713 09:06:52.466058 16825 leader_election.cc:290] T f3ea30ac7b784002b3dafb064f7ea428 P f8ca39c779e04b44b7207559567a5908 [CANDIDATE]: Term 1 election: Requested vote from peers 772dff72ba0046ce8463f88dd3b9a543 (127.16.27.1:41651), f8cdfba324d64dbf96d70bf0df08d4f5 (127.16.27.3:35245)
I20260713 09:06:52.466269 16625 raft_consensus.cc:3060] T 29088b0fdc0c4c7f8c96056bd78aa697 P 772dff72ba0046ce8463f88dd3b9a543 [term 0 FOLLOWER]: Advancing to term 1
I20260713 09:06:52.467252 16819 tablet_bootstrap.cc:654] T df59de6fb88345a48cde59cc16d45d34 P 772dff72ba0046ce8463f88dd3b9a543: Neither blocks nor log segments found. Creating new log.
I20260713 09:06:52.466923 16848 leader_election.cc:290] T 29088b0fdc0c4c7f8c96056bd78aa697 P f8cdfba324d64dbf96d70bf0df08d4f5 [CANDIDATE]: Term 1 election: Requested vote from peers f8ca39c779e04b44b7207559567a5908 (127.16.27.2:35323), 772dff72ba0046ce8463f88dd3b9a543 (127.16.27.1:41651)
I20260713 09:06:52.470525 16774 tablet_service.cc:1917] Received RequestConsensusVote() RPC: tablet_id: "f3ea30ac7b784002b3dafb064f7ea428" candidate_uuid: "f8ca39c779e04b44b7207559567a5908" candidate_term: 1 candidate_status { last_received { term: 0 index: 0 } } ignore_live_leader: false dest_uuid: "f8cdfba324d64dbf96d70bf0df08d4f5"
I20260713 09:06:52.472257 16627 tablet_service.cc:1917] Received RequestConsensusVote() RPC: tablet_id: "f3ea30ac7b784002b3dafb064f7ea428" candidate_uuid: "f8ca39c779e04b44b7207559567a5908" candidate_term: 1 candidate_status { last_received { term: 0 index: 0 } } ignore_live_leader: false dest_uuid: "772dff72ba0046ce8463f88dd3b9a543"
I20260713 09:06:52.473392 16627 raft_consensus.cc:3060] T f3ea30ac7b784002b3dafb064f7ea428 P 772dff72ba0046ce8463f88dd3b9a543 [term 0 FOLLOWER]: Advancing to term 1
I20260713 09:06:52.466953 16825 raft_consensus.cc:2749] T a212847a6ef4429a9eff69c3f4a2de26 P f8ca39c779e04b44b7207559567a5908 [term 0 FOLLOWER]: Leader pre-election lost for term 1. Reason: could not achieve majority
I20260713 09:06:52.480221 16821 tablet_bootstrap.cc:654] T 34e8b698ca4d4397b37af3a77bcd0310 P f8cdfba324d64dbf96d70bf0df08d4f5: Neither blocks nor log segments found. Creating new log.
W20260713 09:06:52.475899 16667 leader_election.cc:343] T f3ea30ac7b784002b3dafb064f7ea428 P f8ca39c779e04b44b7207559567a5908 [CANDIDATE]: Term 1 pre-election: Tablet error from VoteRequest() call to peer f8cdfba324d64dbf96d70bf0df08d4f5 (127.16.27.3:35245): Illegal state: must be running to vote when last-logged opid is not known
W20260713 09:06:52.483011 16667 leader_election.cc:343] T f3ea30ac7b784002b3dafb064f7ea428 P f8ca39c779e04b44b7207559567a5908 [CANDIDATE]: Term 1 election: Tablet error from VoteRequest() call to peer f8cdfba324d64dbf96d70bf0df08d4f5 (127.16.27.3:35245): Illegal state: must be running to vote when last-logged opid is not known
I20260713 09:06:52.489111 16625 raft_consensus.cc:2468] T 29088b0fdc0c4c7f8c96056bd78aa697 P 772dff72ba0046ce8463f88dd3b9a543 [term 1 FOLLOWER]: Leader election vote request: Granting yes vote for candidate f8cdfba324d64dbf96d70bf0df08d4f5 in term 1.
I20260713 09:06:52.490114 16627 raft_consensus.cc:2468] T f3ea30ac7b784002b3dafb064f7ea428 P 772dff72ba0046ce8463f88dd3b9a543 [term 1 FOLLOWER]: Leader election vote request: Granting yes vote for candidate f8ca39c779e04b44b7207559567a5908 in term 1.
I20260713 09:06:52.490794 16702 tablet_service.cc:1917] Received RequestConsensusVote() RPC: tablet_id: "29088b0fdc0c4c7f8c96056bd78aa697" candidate_uuid: "772dff72ba0046ce8463f88dd3b9a543" candidate_term: 1 candidate_status { last_received { term: 0 index: 0 } } ignore_live_leader: false dest_uuid: "f8ca39c779e04b44b7207559567a5908" is_pre_election: true
I20260713 09:06:52.490867 16701 raft_consensus.cc:2468] T 29088b0fdc0c4c7f8c96056bd78aa697 P f8ca39c779e04b44b7207559567a5908 [term 1 FOLLOWER]: Leader election vote request: Granting yes vote for candidate f8cdfba324d64dbf96d70bf0df08d4f5 in term 1.
I20260713 09:06:52.491338 16666 leader_election.cc:304] T f3ea30ac7b784002b3dafb064f7ea428 P f8ca39c779e04b44b7207559567a5908 [CANDIDATE]: Term 1 election: Election decided. Result: candidate won. Election summary: received 3 responses out of 3 voters: 2 yes votes; 1 no votes. yes voters: 772dff72ba0046ce8463f88dd3b9a543, f8ca39c779e04b44b7207559567a5908; no voters: f8cdfba324d64dbf96d70bf0df08d4f5
I20260713 09:06:52.494258 16740 leader_election.cc:304] T 29088b0fdc0c4c7f8c96056bd78aa697 P f8cdfba324d64dbf96d70bf0df08d4f5 [CANDIDATE]: Term 1 election: Election decided. Result: candidate won. Election summary: received 2 responses out of 3 voters: 2 yes votes; 0 no votes. yes voters: 772dff72ba0046ce8463f88dd3b9a543, f8cdfba324d64dbf96d70bf0df08d4f5; no voters: 
I20260713 09:06:52.494799 16825 raft_consensus.cc:2804] T f3ea30ac7b784002b3dafb064f7ea428 P f8ca39c779e04b44b7207559567a5908 [term 1 FOLLOWER]: Leader election won for term 1
I20260713 09:06:52.495383 16825 raft_consensus.cc:697] T f3ea30ac7b784002b3dafb064f7ea428 P f8ca39c779e04b44b7207559567a5908 [term 1 LEADER]: Becoming Leader. State: Replica: f8ca39c779e04b44b7207559567a5908, State: Running, Role: LEADER
I20260713 09:06:52.496755 16590 leader_election.cc:304] T 29088b0fdc0c4c7f8c96056bd78aa697 P 772dff72ba0046ce8463f88dd3b9a543 [CANDIDATE]: Term 1 pre-election: Election decided. Result: candidate lost. Election summary: received 3 responses out of 3 voters: 1 yes votes; 2 no votes. yes voters: 772dff72ba0046ce8463f88dd3b9a543; no voters: f8ca39c779e04b44b7207559567a5908, f8cdfba324d64dbf96d70bf0df08d4f5
I20260713 09:06:52.498426 16827 raft_consensus.cc:2749] T 29088b0fdc0c4c7f8c96056bd78aa697 P 772dff72ba0046ce8463f88dd3b9a543 [term 1 FOLLOWER]: Leader pre-election lost for term 1. Reason: could not achieve majority
I20260713 09:06:52.496338 16826 raft_consensus.cc:2804] T 29088b0fdc0c4c7f8c96056bd78aa697 P f8cdfba324d64dbf96d70bf0df08d4f5 [term 1 FOLLOWER]: Leader election won for term 1
I20260713 09:06:52.500676 16825 consensus_queue.cc:237] T f3ea30ac7b784002b3dafb064f7ea428 P f8ca39c779e04b44b7207559567a5908 [LEADER]: Queue going to LEADER mode. State: All replicated index: 0, Majority replicated index: 0, Committed index: 0, Last appended: 0.0, Last appended by leader: 0, Current term: 1, Majority size: 2, State: 0, Mode: LEADER, active raft config: opid_index: -1 OBSOLETE_local: false peers { permanent_uuid: "772dff72ba0046ce8463f88dd3b9a543" member_type: VOTER last_known_addr { host: "127.16.27.1" port: 41651 } } peers { permanent_uuid: "f8ca39c779e04b44b7207559567a5908" member_type: VOTER last_known_addr { host: "127.16.27.2" port: 35323 } } peers { permanent_uuid: "f8cdfba324d64dbf96d70bf0df08d4f5" member_type: VOTER last_known_addr { host: "127.16.27.3" port: 35245 } }
I20260713 09:06:52.500598 16522 catalog_manager.cc:5697] T a09dcdfb598e43d7953b32426409082c P f8cdfba324d64dbf96d70bf0df08d4f5 reported cstate change: term changed from 0 to 1, leader changed from <none> to f8cdfba324d64dbf96d70bf0df08d4f5 (127.16.27.3). New cstate: current_term: 1 leader_uuid: "f8cdfba324d64dbf96d70bf0df08d4f5" committed_config { opid_index: -1 OBSOLETE_local: false peers { permanent_uuid: "772dff72ba0046ce8463f88dd3b9a543" member_type: VOTER last_known_addr { host: "127.16.27.1" port: 41651 } health_report { overall_health: UNKNOWN } } peers { permanent_uuid: "f8ca39c779e04b44b7207559567a5908" member_type: VOTER last_known_addr { host: "127.16.27.2" port: 35323 } health_report { overall_health: UNKNOWN } } peers { permanent_uuid: "f8cdfba324d64dbf96d70bf0df08d4f5" member_type: VOTER last_known_addr { host: "127.16.27.3" port: 35245 } health_report { overall_health: HEALTHY } } }
I20260713 09:06:52.501538 16826 raft_consensus.cc:697] T 29088b0fdc0c4c7f8c96056bd78aa697 P f8cdfba324d64dbf96d70bf0df08d4f5 [term 1 LEADER]: Becoming Leader. State: Replica: f8cdfba324d64dbf96d70bf0df08d4f5, State: Running, Role: LEADER
I20260713 09:06:52.503655 16826 consensus_queue.cc:237] T 29088b0fdc0c4c7f8c96056bd78aa697 P f8cdfba324d64dbf96d70bf0df08d4f5 [LEADER]: Queue going to LEADER mode. State: All replicated index: 0, Majority replicated index: 0, Committed index: 0, Last appended: 0.0, Last appended by leader: 0, Current term: 1, Majority size: 2, State: 0, Mode: LEADER, active raft config: opid_index: -1 OBSOLETE_local: false peers { permanent_uuid: "f8ca39c779e04b44b7207559567a5908" member_type: VOTER last_known_addr { host: "127.16.27.2" port: 35323 } } peers { permanent_uuid: "f8cdfba324d64dbf96d70bf0df08d4f5" member_type: VOTER last_known_addr { host: "127.16.27.3" port: 35245 } } peers { permanent_uuid: "772dff72ba0046ce8463f88dd3b9a543" member_type: VOTER last_known_addr { host: "127.16.27.1" port: 41651 } }
I20260713 09:06:52.505749 16820 tablet_bootstrap.cc:492] T a09dcdfb598e43d7953b32426409082c P f8ca39c779e04b44b7207559567a5908: No bootstrap required, opened a new log
I20260713 09:06:52.506217 16820 ts_tablet_manager.cc:1403] T a09dcdfb598e43d7953b32426409082c P f8ca39c779e04b44b7207559567a5908: Time spent bootstrapping tablet: real 0.117s	user 0.002s	sys 0.018s
I20260713 09:06:52.514910 16851 raft_consensus.cc:493] T 1eb29b3053a84fa38e3317479fbd3077 P f8ca39c779e04b44b7207559567a5908 [term 0 FOLLOWER]: Starting pre-election (no leader contacted us within the election timeout)
I20260713 09:06:52.519986 16851 raft_consensus.cc:515] T 1eb29b3053a84fa38e3317479fbd3077 P f8ca39c779e04b44b7207559567a5908 [term 0 FOLLOWER]: Starting pre-election with config: opid_index: -1 OBSOLETE_local: false peers { permanent_uuid: "772dff72ba0046ce8463f88dd3b9a543" member_type: VOTER last_known_addr { host: "127.16.27.1" port: 41651 } } peers { permanent_uuid: "f8ca39c779e04b44b7207559567a5908" member_type: VOTER last_known_addr { host: "127.16.27.2" port: 35323 } } peers { permanent_uuid: "f8cdfba324d64dbf96d70bf0df08d4f5" member_type: VOTER last_known_addr { host: "127.16.27.3" port: 35245 } }
I20260713 09:06:52.525236 16851 leader_election.cc:290] T 1eb29b3053a84fa38e3317479fbd3077 P f8ca39c779e04b44b7207559567a5908 [CANDIDATE]: Term 1 pre-election: Requested pre-vote from peers 772dff72ba0046ce8463f88dd3b9a543 (127.16.27.1:41651), f8cdfba324d64dbf96d70bf0df08d4f5 (127.16.27.3:35245)
I20260713 09:06:52.526129 16625 tablet_service.cc:1917] Received RequestConsensusVote() RPC: tablet_id: "1eb29b3053a84fa38e3317479fbd3077" candidate_uuid: "f8ca39c779e04b44b7207559567a5908" candidate_term: 1 candidate_status { last_received { term: 0 index: 0 } } ignore_live_leader: false dest_uuid: "772dff72ba0046ce8463f88dd3b9a543" is_pre_election: true
W20260713 09:06:52.528002 16666 leader_election.cc:343] T 1eb29b3053a84fa38e3317479fbd3077 P f8ca39c779e04b44b7207559567a5908 [CANDIDATE]: Term 1 pre-election: Tablet error from VoteRequest() call to peer 772dff72ba0046ce8463f88dd3b9a543 (127.16.27.1:41651): Illegal state: must be running to vote when last-logged opid is not known
I20260713 09:06:52.526332 16774 tablet_service.cc:1917] Received RequestConsensusVote() RPC: tablet_id: "1eb29b3053a84fa38e3317479fbd3077" candidate_uuid: "f8ca39c779e04b44b7207559567a5908" candidate_term: 1 candidate_status { last_received { term: 0 index: 0 } } ignore_live_leader: false dest_uuid: "f8cdfba324d64dbf96d70bf0df08d4f5" is_pre_election: true
I20260713 09:06:52.528939 16774 raft_consensus.cc:2468] T 1eb29b3053a84fa38e3317479fbd3077 P f8cdfba324d64dbf96d70bf0df08d4f5 [term 0 FOLLOWER]: Leader pre-election vote request: Granting yes vote for candidate f8ca39c779e04b44b7207559567a5908 in term 0.
I20260713 09:06:52.530217 16667 leader_election.cc:304] T 1eb29b3053a84fa38e3317479fbd3077 P f8ca39c779e04b44b7207559567a5908 [CANDIDATE]: Term 1 pre-election: Election decided. Result: candidate won. Election summary: received 3 responses out of 3 voters: 2 yes votes; 1 no votes. yes voters: f8ca39c779e04b44b7207559567a5908, f8cdfba324d64dbf96d70bf0df08d4f5; no voters: 772dff72ba0046ce8463f88dd3b9a543
I20260713 09:06:52.531239 16851 raft_consensus.cc:2804] T 1eb29b3053a84fa38e3317479fbd3077 P f8ca39c779e04b44b7207559567a5908 [term 0 FOLLOWER]: Leader pre-election won for term 1
I20260713 09:06:52.531592 16851 raft_consensus.cc:493] T 1eb29b3053a84fa38e3317479fbd3077 P f8ca39c779e04b44b7207559567a5908 [term 0 FOLLOWER]: Starting leader election (no leader contacted us within the election timeout)
I20260713 09:06:52.531927 16851 raft_consensus.cc:3060] T 1eb29b3053a84fa38e3317479fbd3077 P f8ca39c779e04b44b7207559567a5908 [term 0 FOLLOWER]: Advancing to term 1
I20260713 09:06:52.542593 16524 catalog_manager.cc:5697] T f3ea30ac7b784002b3dafb064f7ea428 P f8ca39c779e04b44b7207559567a5908 reported cstate change: term changed from 0 to 1, leader changed from <none> to f8ca39c779e04b44b7207559567a5908 (127.16.27.2). New cstate: current_term: 1 leader_uuid: "f8ca39c779e04b44b7207559567a5908" committed_config { opid_index: -1 OBSOLETE_local: false peers { permanent_uuid: "772dff72ba0046ce8463f88dd3b9a543" member_type: VOTER last_known_addr { host: "127.16.27.1" port: 41651 } health_report { overall_health: UNKNOWN } } peers { permanent_uuid: "f8ca39c779e04b44b7207559567a5908" member_type: VOTER last_known_addr { host: "127.16.27.2" port: 35323 } health_report { overall_health: HEALTHY } } peers { permanent_uuid: "f8cdfba324d64dbf96d70bf0df08d4f5" member_type: VOTER last_known_addr { host: "127.16.27.3" port: 35245 } health_report { overall_health: UNKNOWN } } }
I20260713 09:06:52.543879 16851 raft_consensus.cc:515] T 1eb29b3053a84fa38e3317479fbd3077 P f8ca39c779e04b44b7207559567a5908 [term 1 FOLLOWER]: Starting leader election with config: opid_index: -1 OBSOLETE_local: false peers { permanent_uuid: "772dff72ba0046ce8463f88dd3b9a543" member_type: VOTER last_known_addr { host: "127.16.27.1" port: 41651 } } peers { permanent_uuid: "f8ca39c779e04b44b7207559567a5908" member_type: VOTER last_known_addr { host: "127.16.27.2" port: 35323 } } peers { permanent_uuid: "f8cdfba324d64dbf96d70bf0df08d4f5" member_type: VOTER last_known_addr { host: "127.16.27.3" port: 35245 } }
I20260713 09:06:52.546440 16821 tablet_bootstrap.cc:492] T 34e8b698ca4d4397b37af3a77bcd0310 P f8cdfba324d64dbf96d70bf0df08d4f5: No bootstrap required, opened a new log
I20260713 09:06:52.546305 16820 raft_consensus.cc:359] T a09dcdfb598e43d7953b32426409082c P f8ca39c779e04b44b7207559567a5908 [term 0 FOLLOWER]: Replica starting. Triggering 0 pending ops. Active config: opid_index: -1 OBSOLETE_local: false peers { permanent_uuid: "772dff72ba0046ce8463f88dd3b9a543" member_type: VOTER last_known_addr { host: "127.16.27.1" port: 41651 } } peers { permanent_uuid: "f8ca39c779e04b44b7207559567a5908" member_type: VOTER last_known_addr { host: "127.16.27.2" port: 35323 } } peers { permanent_uuid: "f8cdfba324d64dbf96d70bf0df08d4f5" member_type: VOTER last_known_addr { host: "127.16.27.3" port: 35245 } }
I20260713 09:06:52.547048 16820 raft_consensus.cc:385] T a09dcdfb598e43d7953b32426409082c P f8ca39c779e04b44b7207559567a5908 [term 0 FOLLOWER]: Consensus starting up: Expiring failure detector timer to make a prompt election more likely
I20260713 09:06:52.546979 16625 tablet_service.cc:1917] Received RequestConsensusVote() RPC: tablet_id: "1eb29b3053a84fa38e3317479fbd3077" candidate_uuid: "f8ca39c779e04b44b7207559567a5908" candidate_term: 1 candidate_status { last_received { term: 0 index: 0 } } ignore_live_leader: false dest_uuid: "772dff72ba0046ce8463f88dd3b9a543"
I20260713 09:06:52.546999 16821 ts_tablet_manager.cc:1403] T 34e8b698ca4d4397b37af3a77bcd0310 P f8cdfba324d64dbf96d70bf0df08d4f5: Time spent bootstrapping tablet: real 0.128s	user 0.012s	sys 0.005s
I20260713 09:06:52.547528 16851 leader_election.cc:290] T 1eb29b3053a84fa38e3317479fbd3077 P f8ca39c779e04b44b7207559567a5908 [CANDIDATE]: Term 1 election: Requested vote from peers 772dff72ba0046ce8463f88dd3b9a543 (127.16.27.1:41651), f8cdfba324d64dbf96d70bf0df08d4f5 (127.16.27.3:35245)
I20260713 09:06:52.548225 16774 tablet_service.cc:1917] Received RequestConsensusVote() RPC: tablet_id: "1eb29b3053a84fa38e3317479fbd3077" candidate_uuid: "f8ca39c779e04b44b7207559567a5908" candidate_term: 1 candidate_status { last_received { term: 0 index: 0 } } ignore_live_leader: false dest_uuid: "f8cdfba324d64dbf96d70bf0df08d4f5"
I20260713 09:06:52.549000 16774 raft_consensus.cc:3060] T 1eb29b3053a84fa38e3317479fbd3077 P f8cdfba324d64dbf96d70bf0df08d4f5 [term 0 FOLLOWER]: Advancing to term 1
W20260713 09:06:52.549068 16666 leader_election.cc:343] T 1eb29b3053a84fa38e3317479fbd3077 P f8ca39c779e04b44b7207559567a5908 [CANDIDATE]: Term 1 election: Tablet error from VoteRequest() call to peer 772dff72ba0046ce8463f88dd3b9a543 (127.16.27.1:41651): Illegal state: must be running to vote when last-logged opid is not known
I20260713 09:06:52.550572 16848 raft_consensus.cc:493] T df59de6fb88345a48cde59cc16d45d34 P f8cdfba324d64dbf96d70bf0df08d4f5 [term 0 FOLLOWER]: Starting pre-election (no leader contacted us within the election timeout)
I20260713 09:06:52.551120 16848 raft_consensus.cc:515] T df59de6fb88345a48cde59cc16d45d34 P f8cdfba324d64dbf96d70bf0df08d4f5 [term 0 FOLLOWER]: Starting pre-election with config: opid_index: -1 OBSOLETE_local: false peers { permanent_uuid: "772dff72ba0046ce8463f88dd3b9a543" member_type: VOTER last_known_addr { host: "127.16.27.1" port: 41651 } } peers { permanent_uuid: "f8ca39c779e04b44b7207559567a5908" member_type: VOTER last_known_addr { host: "127.16.27.2" port: 35323 } } peers { permanent_uuid: "f8cdfba324d64dbf96d70bf0df08d4f5" member_type: VOTER last_known_addr { host: "127.16.27.3" port: 35245 } }
I20260713 09:06:52.552112 16819 tablet_bootstrap.cc:492] T df59de6fb88345a48cde59cc16d45d34 P 772dff72ba0046ce8463f88dd3b9a543: No bootstrap required, opened a new log
I20260713 09:06:52.552591 16819 ts_tablet_manager.cc:1403] T df59de6fb88345a48cde59cc16d45d34 P 772dff72ba0046ce8463f88dd3b9a543: Time spent bootstrapping tablet: real 0.168s	user 0.030s	sys 0.011s
I20260713 09:06:52.553215 16848 leader_election.cc:290] T df59de6fb88345a48cde59cc16d45d34 P f8cdfba324d64dbf96d70bf0df08d4f5 [CANDIDATE]: Term 1 pre-election: Requested pre-vote from peers 772dff72ba0046ce8463f88dd3b9a543 (127.16.27.1:41651), f8ca39c779e04b44b7207559567a5908 (127.16.27.2:35323)
I20260713 09:06:52.555135 16701 tablet_service.cc:1917] Received RequestConsensusVote() RPC: tablet_id: "df59de6fb88345a48cde59cc16d45d34" candidate_uuid: "f8cdfba324d64dbf96d70bf0df08d4f5" candidate_term: 1 candidate_status { last_received { term: 0 index: 0 } } ignore_live_leader: false dest_uuid: "f8ca39c779e04b44b7207559567a5908" is_pre_election: true
I20260713 09:06:52.554085 16625 tablet_service.cc:1917] Received RequestConsensusVote() RPC: tablet_id: "df59de6fb88345a48cde59cc16d45d34" candidate_uuid: "f8cdfba324d64dbf96d70bf0df08d4f5" candidate_term: 1 candidate_status { last_received { term: 0 index: 0 } } ignore_live_leader: false dest_uuid: "772dff72ba0046ce8463f88dd3b9a543" is_pre_election: true
I20260713 09:06:52.547458 16820 raft_consensus.cc:740] T a09dcdfb598e43d7953b32426409082c P f8ca39c779e04b44b7207559567a5908 [term 0 FOLLOWER]: Becoming Follower/Learner. State: Replica: f8ca39c779e04b44b7207559567a5908, State: Initialized, Role: FOLLOWER
I20260713 09:06:52.556190 16701 raft_consensus.cc:2468] T df59de6fb88345a48cde59cc16d45d34 P f8ca39c779e04b44b7207559567a5908 [term 0 FOLLOWER]: Leader pre-election vote request: Granting yes vote for candidate f8cdfba324d64dbf96d70bf0df08d4f5 in term 0.
W20260713 09:06:52.557328 16740 leader_election.cc:343] T df59de6fb88345a48cde59cc16d45d34 P f8cdfba324d64dbf96d70bf0df08d4f5 [CANDIDATE]: Term 1 pre-election: Tablet error from VoteRequest() call to peer 772dff72ba0046ce8463f88dd3b9a543 (127.16.27.1:41651): Illegal state: must be running to vote when last-logged opid is not known
I20260713 09:06:52.557720 16774 raft_consensus.cc:2468] T 1eb29b3053a84fa38e3317479fbd3077 P f8cdfba324d64dbf96d70bf0df08d4f5 [term 1 FOLLOWER]: Leader election vote request: Granting yes vote for candidate f8ca39c779e04b44b7207559567a5908 in term 1.
I20260713 09:06:52.558121 16739 leader_election.cc:304] T df59de6fb88345a48cde59cc16d45d34 P f8cdfba324d64dbf96d70bf0df08d4f5 [CANDIDATE]: Term 1 pre-election: Election decided. Result: candidate won. Election summary: received 3 responses out of 3 voters: 2 yes votes; 1 no votes. yes voters: f8ca39c779e04b44b7207559567a5908, f8cdfba324d64dbf96d70bf0df08d4f5; no voters: 772dff72ba0046ce8463f88dd3b9a543
I20260713 09:06:52.559423 16821 raft_consensus.cc:359] T 34e8b698ca4d4397b37af3a77bcd0310 P f8cdfba324d64dbf96d70bf0df08d4f5 [term 0 FOLLOWER]: Replica starting. Triggering 0 pending ops. Active config: opid_index: -1 OBSOLETE_local: false peers { permanent_uuid: "772dff72ba0046ce8463f88dd3b9a543" member_type: VOTER last_known_addr { host: "127.16.27.1" port: 41651 } } peers { permanent_uuid: "f8ca39c779e04b44b7207559567a5908" member_type: VOTER last_known_addr { host: "127.16.27.2" port: 35323 } } peers { permanent_uuid: "f8cdfba324d64dbf96d70bf0df08d4f5" member_type: VOTER last_known_addr { host: "127.16.27.3" port: 35245 } }
I20260713 09:06:52.559912 16667 leader_election.cc:304] T 1eb29b3053a84fa38e3317479fbd3077 P f8ca39c779e04b44b7207559567a5908 [CANDIDATE]: Term 1 election: Election decided. Result: candidate won. Election summary: received 3 responses out of 3 voters: 2 yes votes; 1 no votes. yes voters: f8ca39c779e04b44b7207559567a5908, f8cdfba324d64dbf96d70bf0df08d4f5; no voters: 772dff72ba0046ce8463f88dd3b9a543
I20260713 09:06:52.560143 16821 raft_consensus.cc:385] T 34e8b698ca4d4397b37af3a77bcd0310 P f8cdfba324d64dbf96d70bf0df08d4f5 [term 0 FOLLOWER]: Consensus starting up: Expiring failure detector timer to make a prompt election more likely
I20260713 09:06:52.560894 16821 raft_consensus.cc:740] T 34e8b698ca4d4397b37af3a77bcd0310 P f8cdfba324d64dbf96d70bf0df08d4f5 [term 0 FOLLOWER]: Becoming Follower/Learner. State: Replica: f8cdfba324d64dbf96d70bf0df08d4f5, State: Initialized, Role: FOLLOWER
I20260713 09:06:52.560947 16848 raft_consensus.cc:2804] T df59de6fb88345a48cde59cc16d45d34 P f8cdfba324d64dbf96d70bf0df08d4f5 [term 0 FOLLOWER]: Leader pre-election won for term 1
I20260713 09:06:52.561419 16848 raft_consensus.cc:493] T df59de6fb88345a48cde59cc16d45d34 P f8cdfba324d64dbf96d70bf0df08d4f5 [term 0 FOLLOWER]: Starting leader election (no leader contacted us within the election timeout)
I20260713 09:06:52.559865 16819 raft_consensus.cc:359] T df59de6fb88345a48cde59cc16d45d34 P 772dff72ba0046ce8463f88dd3b9a543 [term 0 FOLLOWER]: Replica starting. Triggering 0 pending ops. Active config: opid_index: -1 OBSOLETE_local: false peers { permanent_uuid: "772dff72ba0046ce8463f88dd3b9a543" member_type: VOTER last_known_addr { host: "127.16.27.1" port: 41651 } } peers { permanent_uuid: "f8ca39c779e04b44b7207559567a5908" member_type: VOTER last_known_addr { host: "127.16.27.2" port: 35323 } } peers { permanent_uuid: "f8cdfba324d64dbf96d70bf0df08d4f5" member_type: VOTER last_known_addr { host: "127.16.27.3" port: 35245 } }
I20260713 09:06:52.562333 16819 raft_consensus.cc:385] T df59de6fb88345a48cde59cc16d45d34 P 772dff72ba0046ce8463f88dd3b9a543 [term 0 FOLLOWER]: Consensus starting up: Expiring failure detector timer to make a prompt election more likely
I20260713 09:06:52.562266 16820 consensus_queue.cc:260] T a09dcdfb598e43d7953b32426409082c P f8ca39c779e04b44b7207559567a5908 [NON_LEADER]: Queue going to NON_LEADER mode. State: All replicated index: 0, Majority replicated index: 0, Committed index: 0, Last appended: 0.0, Last appended by leader: 0, Current term: 0, Majority size: -1, State: 0, Mode: NON_LEADER, active raft config: opid_index: -1 OBSOLETE_local: false peers { permanent_uuid: "772dff72ba0046ce8463f88dd3b9a543" member_type: VOTER last_known_addr { host: "127.16.27.1" port: 41651 } } peers { permanent_uuid: "f8ca39c779e04b44b7207559567a5908" member_type: VOTER last_known_addr { host: "127.16.27.2" port: 35323 } } peers { permanent_uuid: "f8cdfba324d64dbf96d70bf0df08d4f5" member_type: VOTER last_known_addr { host: "127.16.27.3" port: 35245 } }
I20260713 09:06:52.562758 16819 raft_consensus.cc:740] T df59de6fb88345a48cde59cc16d45d34 P 772dff72ba0046ce8463f88dd3b9a543 [term 0 FOLLOWER]: Becoming Follower/Learner. State: Replica: 772dff72ba0046ce8463f88dd3b9a543, State: Initialized, Role: FOLLOWER
I20260713 09:06:52.563611 16819 consensus_queue.cc:260] T df59de6fb88345a48cde59cc16d45d34 P 772dff72ba0046ce8463f88dd3b9a543 [NON_LEADER]: Queue going to NON_LEADER mode. State: All replicated index: 0, Majority replicated index: 0, Committed index: 0, Last appended: 0.0, Last appended by leader: 0, Current term: 0, Majority size: -1, State: 0, Mode: NON_LEADER, active raft config: opid_index: -1 OBSOLETE_local: false peers { permanent_uuid: "772dff72ba0046ce8463f88dd3b9a543" member_type: VOTER last_known_addr { host: "127.16.27.1" port: 41651 } } peers { permanent_uuid: "f8ca39c779e04b44b7207559567a5908" member_type: VOTER last_known_addr { host: "127.16.27.2" port: 35323 } } peers { permanent_uuid: "f8cdfba324d64dbf96d70bf0df08d4f5" member_type: VOTER last_known_addr { host: "127.16.27.3" port: 35245 } }
I20260713 09:06:52.561640 16851 raft_consensus.cc:2804] T 1eb29b3053a84fa38e3317479fbd3077 P f8ca39c779e04b44b7207559567a5908 [term 1 FOLLOWER]: Leader election won for term 1
I20260713 09:06:52.561800 16848 raft_consensus.cc:3060] T df59de6fb88345a48cde59cc16d45d34 P f8cdfba324d64dbf96d70bf0df08d4f5 [term 0 FOLLOWER]: Advancing to term 1
I20260713 09:06:52.566223 16819 ts_tablet_manager.cc:1434] T df59de6fb88345a48cde59cc16d45d34 P 772dff72ba0046ce8463f88dd3b9a543: Time spent starting tablet: real 0.013s	user 0.002s	sys 0.004s
I20260713 09:06:52.567265 16819 tablet_bootstrap.cc:492] T a212847a6ef4429a9eff69c3f4a2de26 P 772dff72ba0046ce8463f88dd3b9a543: Bootstrap starting.
I20260713 09:06:52.567390 16821 consensus_queue.cc:260] T 34e8b698ca4d4397b37af3a77bcd0310 P f8cdfba324d64dbf96d70bf0df08d4f5 [NON_LEADER]: Queue going to NON_LEADER mode. State: All replicated index: 0, Majority replicated index: 0, Committed index: 0, Last appended: 0.0, Last appended by leader: 0, Current term: 0, Majority size: -1, State: 0, Mode: NON_LEADER, active raft config: opid_index: -1 OBSOLETE_local: false peers { permanent_uuid: "772dff72ba0046ce8463f88dd3b9a543" member_type: VOTER last_known_addr { host: "127.16.27.1" port: 41651 } } peers { permanent_uuid: "f8ca39c779e04b44b7207559567a5908" member_type: VOTER last_known_addr { host: "127.16.27.2" port: 35323 } } peers { permanent_uuid: "f8cdfba324d64dbf96d70bf0df08d4f5" member_type: VOTER last_known_addr { host: "127.16.27.3" port: 35245 } }
I20260713 09:06:52.568794 16820 ts_tablet_manager.cc:1434] T a09dcdfb598e43d7953b32426409082c P f8ca39c779e04b44b7207559567a5908: Time spent starting tablet: real 0.062s	user 0.008s	sys 0.000s
I20260713 09:06:52.569862 16820 tablet_bootstrap.cc:492] T ea1c202530b741508175b0f98728d361 P f8ca39c779e04b44b7207559567a5908: Bootstrap starting.
I20260713 09:06:52.571079 16848 raft_consensus.cc:515] T df59de6fb88345a48cde59cc16d45d34 P f8cdfba324d64dbf96d70bf0df08d4f5 [term 1 FOLLOWER]: Starting leader election with config: opid_index: -1 OBSOLETE_local: false peers { permanent_uuid: "772dff72ba0046ce8463f88dd3b9a543" member_type: VOTER last_known_addr { host: "127.16.27.1" port: 41651 } } peers { permanent_uuid: "f8ca39c779e04b44b7207559567a5908" member_type: VOTER last_known_addr { host: "127.16.27.2" port: 35323 } } peers { permanent_uuid: "f8cdfba324d64dbf96d70bf0df08d4f5" member_type: VOTER last_known_addr { host: "127.16.27.3" port: 35245 } }
I20260713 09:06:52.574030 16625 tablet_service.cc:1917] Received RequestConsensusVote() RPC: tablet_id: "df59de6fb88345a48cde59cc16d45d34" candidate_uuid: "f8cdfba324d64dbf96d70bf0df08d4f5" candidate_term: 1 candidate_status { last_received { term: 0 index: 0 } } ignore_live_leader: false dest_uuid: "772dff72ba0046ce8463f88dd3b9a543"
I20260713 09:06:52.574610 16625 raft_consensus.cc:3060] T df59de6fb88345a48cde59cc16d45d34 P 772dff72ba0046ce8463f88dd3b9a543 [term 0 FOLLOWER]: Advancing to term 1
I20260713 09:06:52.574971 16819 tablet_bootstrap.cc:654] T a212847a6ef4429a9eff69c3f4a2de26 P 772dff72ba0046ce8463f88dd3b9a543: Neither blocks nor log segments found. Creating new log.
I20260713 09:06:52.575860 16820 tablet_bootstrap.cc:654] T ea1c202530b741508175b0f98728d361 P f8ca39c779e04b44b7207559567a5908: Neither blocks nor log segments found. Creating new log.
I20260713 09:06:52.580039 16821 ts_tablet_manager.cc:1434] T 34e8b698ca4d4397b37af3a77bcd0310 P f8cdfba324d64dbf96d70bf0df08d4f5: Time spent starting tablet: real 0.032s	user 0.006s	sys 0.002s
I20260713 09:06:52.580976 16821 tablet_bootstrap.cc:492] T a212847a6ef4429a9eff69c3f4a2de26 P f8cdfba324d64dbf96d70bf0df08d4f5: Bootstrap starting.
I20260713 09:06:52.583103 16851 raft_consensus.cc:697] T 1eb29b3053a84fa38e3317479fbd3077 P f8ca39c779e04b44b7207559567a5908 [term 1 LEADER]: Becoming Leader. State: Replica: f8ca39c779e04b44b7207559567a5908, State: Running, Role: LEADER
I20260713 09:06:52.584214 16851 consensus_queue.cc:237] T 1eb29b3053a84fa38e3317479fbd3077 P f8ca39c779e04b44b7207559567a5908 [LEADER]: Queue going to LEADER mode. State: All replicated index: 0, Majority replicated index: 0, Committed index: 0, Last appended: 0.0, Last appended by leader: 0, Current term: 1, Majority size: 2, State: 0, Mode: LEADER, active raft config: opid_index: -1 OBSOLETE_local: false peers { permanent_uuid: "772dff72ba0046ce8463f88dd3b9a543" member_type: VOTER last_known_addr { host: "127.16.27.1" port: 41651 } } peers { permanent_uuid: "f8ca39c779e04b44b7207559567a5908" member_type: VOTER last_known_addr { host: "127.16.27.2" port: 35323 } } peers { permanent_uuid: "f8cdfba324d64dbf96d70bf0df08d4f5" member_type: VOTER last_known_addr { host: "127.16.27.3" port: 35245 } }
I20260713 09:06:52.586411 16625 raft_consensus.cc:2468] T df59de6fb88345a48cde59cc16d45d34 P 772dff72ba0046ce8463f88dd3b9a543 [term 1 FOLLOWER]: Leader election vote request: Granting yes vote for candidate f8cdfba324d64dbf96d70bf0df08d4f5 in term 1.
I20260713 09:06:52.587050 16819 tablet_bootstrap.cc:492] T a212847a6ef4429a9eff69c3f4a2de26 P 772dff72ba0046ce8463f88dd3b9a543: No bootstrap required, opened a new log
I20260713 09:06:52.587559 16819 ts_tablet_manager.cc:1403] T a212847a6ef4429a9eff69c3f4a2de26 P 772dff72ba0046ce8463f88dd3b9a543: Time spent bootstrapping tablet: real 0.021s	user 0.006s	sys 0.013s
I20260713 09:06:52.587601 16740 leader_election.cc:304] T df59de6fb88345a48cde59cc16d45d34 P f8cdfba324d64dbf96d70bf0df08d4f5 [CANDIDATE]: Term 1 election: Election decided. Result: candidate won. Election summary: received 2 responses out of 3 voters: 2 yes votes; 0 no votes. yes voters: 772dff72ba0046ce8463f88dd3b9a543, f8cdfba324d64dbf96d70bf0df08d4f5; no voters: 
I20260713 09:06:52.588562 16826 raft_consensus.cc:2804] T df59de6fb88345a48cde59cc16d45d34 P f8cdfba324d64dbf96d70bf0df08d4f5 [term 1 FOLLOWER]: Leader election won for term 1
I20260713 09:06:52.587898 16821 tablet_bootstrap.cc:654] T a212847a6ef4429a9eff69c3f4a2de26 P f8cdfba324d64dbf96d70bf0df08d4f5: Neither blocks nor log segments found. Creating new log.
I20260713 09:06:52.589082 16826 raft_consensus.cc:697] T df59de6fb88345a48cde59cc16d45d34 P f8cdfba324d64dbf96d70bf0df08d4f5 [term 1 LEADER]: Becoming Leader. State: Replica: f8cdfba324d64dbf96d70bf0df08d4f5, State: Running, Role: LEADER
I20260713 09:06:52.590451 16826 consensus_queue.cc:237] T df59de6fb88345a48cde59cc16d45d34 P f8cdfba324d64dbf96d70bf0df08d4f5 [LEADER]: Queue going to LEADER mode. State: All replicated index: 0, Majority replicated index: 0, Committed index: 0, Last appended: 0.0, Last appended by leader: 0, Current term: 1, Majority size: 2, State: 0, Mode: LEADER, active raft config: opid_index: -1 OBSOLETE_local: false peers { permanent_uuid: "772dff72ba0046ce8463f88dd3b9a543" member_type: VOTER last_known_addr { host: "127.16.27.1" port: 41651 } } peers { permanent_uuid: "f8ca39c779e04b44b7207559567a5908" member_type: VOTER last_known_addr { host: "127.16.27.2" port: 35323 } } peers { permanent_uuid: "f8cdfba324d64dbf96d70bf0df08d4f5" member_type: VOTER last_known_addr { host: "127.16.27.3" port: 35245 } }
I20260713 09:06:52.591321 16819 raft_consensus.cc:359] T a212847a6ef4429a9eff69c3f4a2de26 P 772dff72ba0046ce8463f88dd3b9a543 [term 0 FOLLOWER]: Replica starting. Triggering 0 pending ops. Active config: opid_index: -1 OBSOLETE_local: false peers { permanent_uuid: "772dff72ba0046ce8463f88dd3b9a543" member_type: VOTER last_known_addr { host: "127.16.27.1" port: 41651 } } peers { permanent_uuid: "f8ca39c779e04b44b7207559567a5908" member_type: VOTER last_known_addr { host: "127.16.27.2" port: 35323 } } peers { permanent_uuid: "f8cdfba324d64dbf96d70bf0df08d4f5" member_type: VOTER last_known_addr { host: "127.16.27.3" port: 35245 } }
I20260713 09:06:52.592204 16819 raft_consensus.cc:385] T a212847a6ef4429a9eff69c3f4a2de26 P 772dff72ba0046ce8463f88dd3b9a543 [term 0 FOLLOWER]: Consensus starting up: Expiring failure detector timer to make a prompt election more likely
I20260713 09:06:52.594736 16819 raft_consensus.cc:740] T a212847a6ef4429a9eff69c3f4a2de26 P 772dff72ba0046ce8463f88dd3b9a543 [term 0 FOLLOWER]: Becoming Follower/Learner. State: Replica: 772dff72ba0046ce8463f88dd3b9a543, State: Initialized, Role: FOLLOWER
I20260713 09:06:52.605655 16701 tablet_service.cc:1917] Received RequestConsensusVote() RPC: tablet_id: "df59de6fb88345a48cde59cc16d45d34" candidate_uuid: "f8cdfba324d64dbf96d70bf0df08d4f5" candidate_term: 1 candidate_status { last_received { term: 0 index: 0 } } ignore_live_leader: false dest_uuid: "f8ca39c779e04b44b7207559567a5908"
I20260713 09:06:52.606531 16701 raft_consensus.cc:3060] T df59de6fb88345a48cde59cc16d45d34 P f8ca39c779e04b44b7207559567a5908 [term 0 FOLLOWER]: Advancing to term 1
I20260713 09:06:52.602434 16848 leader_election.cc:290] T df59de6fb88345a48cde59cc16d45d34 P f8cdfba324d64dbf96d70bf0df08d4f5 [CANDIDATE]: Term 1 election: Requested vote from peers 772dff72ba0046ce8463f88dd3b9a543 (127.16.27.1:41651), f8ca39c779e04b44b7207559567a5908 (127.16.27.2:35323)
I20260713 09:06:52.604417 16819 consensus_queue.cc:260] T a212847a6ef4429a9eff69c3f4a2de26 P 772dff72ba0046ce8463f88dd3b9a543 [NON_LEADER]: Queue going to NON_LEADER mode. State: All replicated index: 0, Majority replicated index: 0, Committed index: 0, Last appended: 0.0, Last appended by leader: 0, Current term: 0, Majority size: -1, State: 0, Mode: NON_LEADER, active raft config: opid_index: -1 OBSOLETE_local: false peers { permanent_uuid: "772dff72ba0046ce8463f88dd3b9a543" member_type: VOTER last_known_addr { host: "127.16.27.1" port: 41651 } } peers { permanent_uuid: "f8ca39c779e04b44b7207559567a5908" member_type: VOTER last_known_addr { host: "127.16.27.2" port: 35323 } } peers { permanent_uuid: "f8cdfba324d64dbf96d70bf0df08d4f5" member_type: VOTER last_known_addr { host: "127.16.27.3" port: 35245 } }
I20260713 09:06:52.616454 16819 ts_tablet_manager.cc:1434] T a212847a6ef4429a9eff69c3f4a2de26 P 772dff72ba0046ce8463f88dd3b9a543: Time spent starting tablet: real 0.028s	user 0.004s	sys 0.003s
I20260713 09:06:52.617487 16819 tablet_bootstrap.cc:492] T 34e8b698ca4d4397b37af3a77bcd0310 P 772dff72ba0046ce8463f88dd3b9a543: Bootstrap starting.
I20260713 09:06:52.620972 16701 raft_consensus.cc:2468] T df59de6fb88345a48cde59cc16d45d34 P f8ca39c779e04b44b7207559567a5908 [term 1 FOLLOWER]: Leader election vote request: Granting yes vote for candidate f8cdfba324d64dbf96d70bf0df08d4f5 in term 1.
I20260713 09:06:52.624976 16821 tablet_bootstrap.cc:492] T a212847a6ef4429a9eff69c3f4a2de26 P f8cdfba324d64dbf96d70bf0df08d4f5: No bootstrap required, opened a new log
I20260713 09:06:52.625571 16821 ts_tablet_manager.cc:1403] T a212847a6ef4429a9eff69c3f4a2de26 P f8cdfba324d64dbf96d70bf0df08d4f5: Time spent bootstrapping tablet: real 0.045s	user 0.018s	sys 0.005s
I20260713 09:06:52.628073 16820 tablet_bootstrap.cc:492] T ea1c202530b741508175b0f98728d361 P f8ca39c779e04b44b7207559567a5908: No bootstrap required, opened a new log
I20260713 09:06:52.628753 16820 ts_tablet_manager.cc:1403] T ea1c202530b741508175b0f98728d361 P f8ca39c779e04b44b7207559567a5908: Time spent bootstrapping tablet: real 0.059s	user 0.023s	sys 0.006s
I20260713 09:06:52.632977 16820 raft_consensus.cc:359] T ea1c202530b741508175b0f98728d361 P f8ca39c779e04b44b7207559567a5908 [term 0 FOLLOWER]: Replica starting. Triggering 0 pending ops. Active config: opid_index: -1 OBSOLETE_local: false peers { permanent_uuid: "772dff72ba0046ce8463f88dd3b9a543" member_type: VOTER last_known_addr { host: "127.16.27.1" port: 41651 } } peers { permanent_uuid: "f8ca39c779e04b44b7207559567a5908" member_type: VOTER last_known_addr { host: "127.16.27.2" port: 35323 } } peers { permanent_uuid: "f8cdfba324d64dbf96d70bf0df08d4f5" member_type: VOTER last_known_addr { host: "127.16.27.3" port: 35245 } }
I20260713 09:06:52.633347 16821 raft_consensus.cc:359] T a212847a6ef4429a9eff69c3f4a2de26 P f8cdfba324d64dbf96d70bf0df08d4f5 [term 0 FOLLOWER]: Replica starting. Triggering 0 pending ops. Active config: opid_index: -1 OBSOLETE_local: false peers { permanent_uuid: "772dff72ba0046ce8463f88dd3b9a543" member_type: VOTER last_known_addr { host: "127.16.27.1" port: 41651 } } peers { permanent_uuid: "f8ca39c779e04b44b7207559567a5908" member_type: VOTER last_known_addr { host: "127.16.27.2" port: 35323 } } peers { permanent_uuid: "f8cdfba324d64dbf96d70bf0df08d4f5" member_type: VOTER last_known_addr { host: "127.16.27.3" port: 35245 } }
I20260713 09:06:52.633697 16820 raft_consensus.cc:385] T ea1c202530b741508175b0f98728d361 P f8ca39c779e04b44b7207559567a5908 [term 0 FOLLOWER]: Consensus starting up: Expiring failure detector timer to make a prompt election more likely
I20260713 09:06:52.633960 16821 raft_consensus.cc:385] T a212847a6ef4429a9eff69c3f4a2de26 P f8cdfba324d64dbf96d70bf0df08d4f5 [term 0 FOLLOWER]: Consensus starting up: Expiring failure detector timer to make a prompt election more likely
I20260713 09:06:52.634009 16820 raft_consensus.cc:740] T ea1c202530b741508175b0f98728d361 P f8ca39c779e04b44b7207559567a5908 [term 0 FOLLOWER]: Becoming Follower/Learner. State: Replica: f8ca39c779e04b44b7207559567a5908, State: Initialized, Role: FOLLOWER
I20260713 09:06:52.634337 16821 raft_consensus.cc:740] T a212847a6ef4429a9eff69c3f4a2de26 P f8cdfba324d64dbf96d70bf0df08d4f5 [term 0 FOLLOWER]: Becoming Follower/Learner. State: Replica: f8cdfba324d64dbf96d70bf0df08d4f5, State: Initialized, Role: FOLLOWER
I20260713 09:06:52.635998 16821 consensus_queue.cc:260] T a212847a6ef4429a9eff69c3f4a2de26 P f8cdfba324d64dbf96d70bf0df08d4f5 [NON_LEADER]: Queue going to NON_LEADER mode. State: All replicated index: 0, Majority replicated index: 0, Committed index: 0, Last appended: 0.0, Last appended by leader: 0, Current term: 0, Majority size: -1, State: 0, Mode: NON_LEADER, active raft config: opid_index: -1 OBSOLETE_local: false peers { permanent_uuid: "772dff72ba0046ce8463f88dd3b9a543" member_type: VOTER last_known_addr { host: "127.16.27.1" port: 41651 } } peers { permanent_uuid: "f8ca39c779e04b44b7207559567a5908" member_type: VOTER last_known_addr { host: "127.16.27.2" port: 35323 } } peers { permanent_uuid: "f8cdfba324d64dbf96d70bf0df08d4f5" member_type: VOTER last_known_addr { host: "127.16.27.3" port: 35245 } }
I20260713 09:06:52.635558 16820 consensus_queue.cc:260] T ea1c202530b741508175b0f98728d361 P f8ca39c779e04b44b7207559567a5908 [NON_LEADER]: Queue going to NON_LEADER mode. State: All replicated index: 0, Majority replicated index: 0, Committed index: 0, Last appended: 0.0, Last appended by leader: 0, Current term: 0, Majority size: -1, State: 0, Mode: NON_LEADER, active raft config: opid_index: -1 OBSOLETE_local: false peers { permanent_uuid: "772dff72ba0046ce8463f88dd3b9a543" member_type: VOTER last_known_addr { host: "127.16.27.1" port: 41651 } } peers { permanent_uuid: "f8ca39c779e04b44b7207559567a5908" member_type: VOTER last_known_addr { host: "127.16.27.2" port: 35323 } } peers { permanent_uuid: "f8cdfba324d64dbf96d70bf0df08d4f5" member_type: VOTER last_known_addr { host: "127.16.27.3" port: 35245 } }
I20260713 09:06:52.638208 16819 tablet_bootstrap.cc:654] T 34e8b698ca4d4397b37af3a77bcd0310 P 772dff72ba0046ce8463f88dd3b9a543: Neither blocks nor log segments found. Creating new log.
I20260713 09:06:52.641511 16820 ts_tablet_manager.cc:1434] T ea1c202530b741508175b0f98728d361 P f8ca39c779e04b44b7207559567a5908: Time spent starting tablet: real 0.012s	user 0.008s	sys 0.002s
I20260713 09:06:52.642637 16821 ts_tablet_manager.cc:1434] T a212847a6ef4429a9eff69c3f4a2de26 P f8cdfba324d64dbf96d70bf0df08d4f5: Time spent starting tablet: real 0.016s	user 0.007s	sys 0.001s
I20260713 09:06:52.643546 16820 tablet_bootstrap.cc:492] T 34e8b698ca4d4397b37af3a77bcd0310 P f8ca39c779e04b44b7207559567a5908: Bootstrap starting.
I20260713 09:06:52.651796 16821 tablet_bootstrap.cc:492] T d5f52c0bd3e24967a1c2a615ba58678d P f8cdfba324d64dbf96d70bf0df08d4f5: Bootstrap starting.
I20260713 09:06:52.664825 16821 tablet_bootstrap.cc:654] T d5f52c0bd3e24967a1c2a615ba58678d P f8cdfba324d64dbf96d70bf0df08d4f5: Neither blocks nor log segments found. Creating new log.
I20260713 09:06:52.665964 16523 catalog_manager.cc:5697] T 29088b0fdc0c4c7f8c96056bd78aa697 P f8cdfba324d64dbf96d70bf0df08d4f5 reported cstate change: term changed from 0 to 1, leader changed from <none> to f8cdfba324d64dbf96d70bf0df08d4f5 (127.16.27.3). New cstate: current_term: 1 leader_uuid: "f8cdfba324d64dbf96d70bf0df08d4f5" committed_config { opid_index: -1 OBSOLETE_local: false peers { permanent_uuid: "f8ca39c779e04b44b7207559567a5908" member_type: VOTER last_known_addr { host: "127.16.27.2" port: 35323 } health_report { overall_health: UNKNOWN } } peers { permanent_uuid: "f8cdfba324d64dbf96d70bf0df08d4f5" member_type: VOTER last_known_addr { host: "127.16.27.3" port: 35245 } health_report { overall_health: HEALTHY } } peers { permanent_uuid: "772dff72ba0046ce8463f88dd3b9a543" member_type: VOTER last_known_addr { host: "127.16.27.1" port: 41651 } health_report { overall_health: UNKNOWN } } }
I20260713 09:06:52.670073 16820 tablet_bootstrap.cc:654] T 34e8b698ca4d4397b37af3a77bcd0310 P f8ca39c779e04b44b7207559567a5908: Neither blocks nor log segments found. Creating new log.
I20260713 09:06:52.669464 16523 catalog_manager.cc:5697] T df59de6fb88345a48cde59cc16d45d34 P f8cdfba324d64dbf96d70bf0df08d4f5 reported cstate change: term changed from 0 to 1, leader changed from <none> to f8cdfba324d64dbf96d70bf0df08d4f5 (127.16.27.3). New cstate: current_term: 1 leader_uuid: "f8cdfba324d64dbf96d70bf0df08d4f5" committed_config { opid_index: -1 OBSOLETE_local: false peers { permanent_uuid: "772dff72ba0046ce8463f88dd3b9a543" member_type: VOTER last_known_addr { host: "127.16.27.1" port: 41651 } health_report { overall_health: UNKNOWN } } peers { permanent_uuid: "f8ca39c779e04b44b7207559567a5908" member_type: VOTER last_known_addr { host: "127.16.27.2" port: 35323 } health_report { overall_health: UNKNOWN } } peers { permanent_uuid: "f8cdfba324d64dbf96d70bf0df08d4f5" member_type: VOTER last_known_addr { host: "127.16.27.3" port: 35245 } health_report { overall_health: HEALTHY } } }
I20260713 09:06:52.676573 16851 raft_consensus.cc:493] T a09dcdfb598e43d7953b32426409082c P f8ca39c779e04b44b7207559567a5908 [term 0 FOLLOWER]: Starting pre-election (no leader contacted us within the election timeout)
I20260713 09:06:52.677044 16851 raft_consensus.cc:515] T a09dcdfb598e43d7953b32426409082c P f8ca39c779e04b44b7207559567a5908 [term 0 FOLLOWER]: Starting pre-election with config: opid_index: -1 OBSOLETE_local: false peers { permanent_uuid: "772dff72ba0046ce8463f88dd3b9a543" member_type: VOTER last_known_addr { host: "127.16.27.1" port: 41651 } } peers { permanent_uuid: "f8ca39c779e04b44b7207559567a5908" member_type: VOTER last_known_addr { host: "127.16.27.2" port: 35323 } } peers { permanent_uuid: "f8cdfba324d64dbf96d70bf0df08d4f5" member_type: VOTER last_known_addr { host: "127.16.27.3" port: 35245 } }
I20260713 09:06:52.680701 16774 tablet_service.cc:1917] Received RequestConsensusVote() RPC: tablet_id: "a09dcdfb598e43d7953b32426409082c" candidate_uuid: "f8ca39c779e04b44b7207559567a5908" candidate_term: 1 candidate_status { last_received { term: 0 index: 0 } } ignore_live_leader: false dest_uuid: "f8cdfba324d64dbf96d70bf0df08d4f5" is_pre_election: true
I20260713 09:06:52.681466 16625 tablet_service.cc:1917] Received RequestConsensusVote() RPC: tablet_id: "a09dcdfb598e43d7953b32426409082c" candidate_uuid: "f8ca39c779e04b44b7207559567a5908" candidate_term: 1 candidate_status { last_received { term: 0 index: 0 } } ignore_live_leader: false dest_uuid: "772dff72ba0046ce8463f88dd3b9a543" is_pre_election: true
I20260713 09:06:52.682274 16625 raft_consensus.cc:2393] T a09dcdfb598e43d7953b32426409082c P 772dff72ba0046ce8463f88dd3b9a543 [term 1 FOLLOWER]: Leader pre-election vote request: Denying vote to candidate f8ca39c779e04b44b7207559567a5908 in current term 1: Already voted for candidate f8cdfba324d64dbf96d70bf0df08d4f5 in this term.
I20260713 09:06:52.683673 16666 leader_election.cc:304] T a09dcdfb598e43d7953b32426409082c P f8ca39c779e04b44b7207559567a5908 [CANDIDATE]: Term 1 pre-election: Election decided. Result: candidate lost. Election summary: received 3 responses out of 3 voters: 1 yes votes; 2 no votes. yes voters: f8ca39c779e04b44b7207559567a5908; no voters: 772dff72ba0046ce8463f88dd3b9a543, f8cdfba324d64dbf96d70bf0df08d4f5
I20260713 09:06:52.684679 16825 raft_consensus.cc:3060] T a09dcdfb598e43d7953b32426409082c P f8ca39c779e04b44b7207559567a5908 [term 0 FOLLOWER]: Advancing to term 1
I20260713 09:06:52.683336 16524 catalog_manager.cc:5697] T 1eb29b3053a84fa38e3317479fbd3077 P f8ca39c779e04b44b7207559567a5908 reported cstate change: term changed from 0 to 1, leader changed from <none> to f8ca39c779e04b44b7207559567a5908 (127.16.27.2). New cstate: current_term: 1 leader_uuid: "f8ca39c779e04b44b7207559567a5908" committed_config { opid_index: -1 OBSOLETE_local: false peers { permanent_uuid: "772dff72ba0046ce8463f88dd3b9a543" member_type: VOTER last_known_addr { host: "127.16.27.1" port: 41651 } health_report { overall_health: UNKNOWN } } peers { permanent_uuid: "f8ca39c779e04b44b7207559567a5908" member_type: VOTER last_known_addr { host: "127.16.27.2" port: 35323 } health_report { overall_health: HEALTHY } } peers { permanent_uuid: "f8cdfba324d64dbf96d70bf0df08d4f5" member_type: VOTER last_known_addr { host: "127.16.27.3" port: 35245 } health_report { overall_health: UNKNOWN } } }
I20260713 09:06:52.684687 16851 leader_election.cc:290] T a09dcdfb598e43d7953b32426409082c P f8ca39c779e04b44b7207559567a5908 [CANDIDATE]: Term 1 pre-election: Requested pre-vote from peers 772dff72ba0046ce8463f88dd3b9a543 (127.16.27.1:41651), f8cdfba324d64dbf96d70bf0df08d4f5 (127.16.27.3:35245)
I20260713 09:06:52.691802 16825 raft_consensus.cc:2749] T a09dcdfb598e43d7953b32426409082c P f8ca39c779e04b44b7207559567a5908 [term 1 FOLLOWER]: Leader pre-election lost for term 1. Reason: could not achieve majority
I20260713 09:06:52.695569 16819 tablet_bootstrap.cc:492] T 34e8b698ca4d4397b37af3a77bcd0310 P 772dff72ba0046ce8463f88dd3b9a543: No bootstrap required, opened a new log
I20260713 09:06:52.696051 16819 ts_tablet_manager.cc:1403] T 34e8b698ca4d4397b37af3a77bcd0310 P 772dff72ba0046ce8463f88dd3b9a543: Time spent bootstrapping tablet: real 0.079s	user 0.010s	sys 0.025s
I20260713 09:06:52.696837 16821 tablet_bootstrap.cc:492] T d5f52c0bd3e24967a1c2a615ba58678d P f8cdfba324d64dbf96d70bf0df08d4f5: No bootstrap required, opened a new log
